[INFO] cloning repository https://github.com/fsarta/CamDesign
[INFO] running `Command { std: "git" "-c" "credential.helper=" "-c" "credential.helper=/workspace/cargo-home/bin/git-credential-null" "clone" "--bare" "https://github.com/fsarta/CamDesign" "/workspace/cache/git-repos/https%3A%2F%2Fgithub.com%2Ffsarta%2FCamDesign", kill_on_drop: false }`
[INFO] [stderr] Cloning into bare repository '/workspace/cache/git-repos/https%3A%2F%2Fgithub.com%2Ffsarta%2FCamDesign'...
[INFO] running `Command { std: "git" "rev-parse" "HEAD", kill_on_drop: false }`
[INFO] [stdout] 9016bac1575a892599368023f58cc0e0c74e97c1
[INFO] testing fsarta/CamDesign against 1.100.0-beta.1 for beta-1.100-2
[INFO] running `Command { std: "git" "clone" "/workspace/cache/git-repos/https%3A%2F%2Fgithub.com%2Ffsarta%2FCamDesign" "/workspace/builds/worker-7-tc2/source", kill_on_drop: false }`
[INFO] [stderr] Cloning into '/workspace/builds/worker-7-tc2/source'...
[INFO] [stderr] done.
[INFO] [stderr] Updating files:   5% (4416/76789)
Updating files:   6% (4608/76789)
Updating files:   7% (5376/76789)
Updating files:   8% (6144/76789)
Updating files:   9% (6912/76789)
Updating files:   9% (7497/76789)
Updating files:  10% (7679/76789)
Updating files:  11% (8447/76789)
Updating files:  12% (9215/76789)
Updating files:  13% (9983/76789)
Updating files:  13% (10575/76789)
Updating files:  14% (10751/76789)
Updating files:  15% (11519/76789)
Updating files:  16% (12287/76789)
Updating files:  17% (13055/76789)
Updating files:  18% (13823/76789)
Updating files:  19% (14590/76789)
Updating files:  20% (15358/76789)
Updating files:  21% (16126/76789)
Updating files:  22% (16894/76789)
Updating files:  23% (17662/76789)
Updating files:  24% (18430/76789)
Updating files:  25% (19198/76789)
Updating files:  26% (19966/76789)
Updating files:  26% (20648/76789)
Updating files:  27% (20734/76789)
Updating files:  28% (21501/76789)
Updating files:  29% (22269/76789)
Updating files:  30% (23037/76789)
Updating files:  31% (23805/76789)
Updating files:  32% (24573/76789)
Updating files:  33% (25341/76789)
Updating files:  34% (26109/76789)
Updating files:  35% (26877/76789)
Updating files:  36% (27645/76789)
Updating files:  37% (28412/76789)
Updating files:  38% (29180/76789)
Updating files:  39% (29948/76789)
Updating files:  39% (30711/76789)
Updating files:  40% (30716/76789)
Updating files:  41% (31484/76789)
Updating files:  42% (32252/76789)
Updating files:  43% (33020/76789)
Updating files:  44% (33788/76789)
Updating files:  45% (34556/76789)
Updating files:  46% (35323/76789)
Updating files:  47% (36091/76789)
Updating files:  48% (36859/76789)
Updating files:  49% (37627/76789)
Updating files:  50% (38395/76789)
Updating files:  51% (39163/76789)
Updating files:  52% (39931/76789)
Updating files:  52% (40329/76789)
Updating files:  53% (40699/76789)
Updating files:  54% (41467/76789)
Updating files:  55% (42234/76789)
Updating files:  56% (43002/76789)
Updating files:  57% (43770/76789)
Updating files:  58% (44538/76789)
Updating files:  59% (45306/76789)
Updating files:  60% (46074/76789)
Updating files:  61% (46842/76789)
Updating files:  62% (47610/76789)
Updating files:  63% (48378/76789)
Updating files:  64% (49145/76789)
Updating files:  65% (49913/76789)
Updating files:  66% (50681/76789)
Updating files:  67% (51449/76789)
Updating files:  67% (52133/76789)
Updating files:  68% (52217/76789)
Updating files:  69% (52985/76789)
Updating files:  70% (53753/76789)
Updating files:  71% (54521/76789)
Updating files:  72% (55289/76789)
Updating files:  73% (56056/76789)
Updating files:  74% (56824/76789)
Updating files:  75% (57592/76789)
Updating files:  76% (58360/76789)
Updating files:  77% (59128/76789)
Updating files:  78% (59896/76789)
Updating files:  79% (60664/76789)
Updating files:  80% (61432/76789)
Updating files:  80% (61790/76789)
Updating files:  81% (62200/76789)
Updating files:  82% (62967/76789)
Updating files:  83% (63735/76789)
Updating files:  84% (64503/76789)
Updating files:  85% (65271/76789)
Updating files:  86% (66039/76789)
Updating files:  87% (66807/76789)
Updating files:  88% (67575/76789)
Updating files:  89% (68343/76789)
Updating files:  90% (69111/76789)
Updating files:  90% (69291/76789)
Updating files:  91% (69878/76789)
Updating files:  92% (70646/76789)
Updating files:  93% (71414/76789)
Updating files:  94% (72182/76789)
Updating files:  95% (72950/76789)
Updating files:  96% (73718/76789)
Updating files:  96% (74386/76789)
Updating files:  97% (74486/76789)
Updating files:  97% (74630/76789)
Updating files:  97% (74797/76789)
Updating files:  97% (74927/76789)
Updating files:  97% (74982/76789)
Updating files:  97% (75086/76789)
Updating files:  98% (75254/76789)
Updating files:  98% (75316/76789)
Updating files:  98% (75767/76789)
Updating files:  99% (76022/76789)
Updating files:  99% (76366/76789)
Updating files:  99% (76744/76789)
Updating files: 100% (76789/76789)
Updating files: 100% (76789/76789), done.
[INFO] started tweaking git repo https://github.com/fsarta/CamDesign
[INFO] finished tweaking git repo https://github.com/fsarta/CamDesign
[INFO] tweaked toml for git repo https://github.com/fsarta/CamDesign written to /workspace/builds/worker-7-tc2/source/Cargo.toml
[INFO] validating manifest of git repo https://github.com/fsarta/CamDesign on toolchain 1.100.0-beta.1
[INFO] running `Command { std: CARGO_HOME="/workspace/cargo-home" RUSTUP_HOME="/workspace/rustup-home" "/workspace/cargo-home/bin/cargo" "+1.100.0-beta.1" "metadata" "--manifest-path" "Cargo.toml" "--no-deps", kill_on_drop: false }`
[INFO] crate git repo https://github.com/fsarta/CamDesign already has a lockfile, it will not be regenerated
[INFO] running `Command { std: CARGO_HOME="/workspace/cargo-home" RUSTUP_HOME="/workspace/rustup-home" "/workspace/cargo-home/bin/cargo" "+1.100.0-beta.1" "fetch" "--manifest-path" "Cargo.toml", kill_on_drop: false }`
[INFO] running `Command { std: "docker" "create" "-v" "/var/lib/crater-agent-workspace/builds/worker-7-tc2/source:/opt/rustwide/workdir:ro,Z" "-v" "/var/lib/crater-agent-workspace/builds/worker-7-tc2/target:/opt/rustwide/target:rw,Z" "-v" "/var/lib/crater-agent-workspace/cargo-home:/opt/rustwide/cargo-home:ro,Z" "-v" "/var/lib/crater-agent-workspace/rustup-home:/opt/rustwide/rustup-home:ro,Z" "-m" "1610612736" "--network" "none" "ghcr.io/rust-lang/crates-build-env/linux@sha256:3111399a4047eeb3a02b7a90e478d715f38a8c6669b5c4b49d30a17385265909" "sleep" "infinity", kill_on_drop: false }`
[INFO] [stdout] fa7cece4d20aaf796c02dfc42df9f83651cdd7f4700f2ad4d4402d74be892745
[INFO] running `Command { std: "docker" "start" "fa7cece4d20aaf796c02dfc42df9f83651cdd7f4700f2ad4d4402d74be892745", kill_on_drop: false }`
[INFO] running `Command { std: "docker" "inspect" "fa7cece4d20aaf796c02dfc42df9f83651cdd7f4700f2ad4d4402d74be892745", kill_on_drop: false }`
[INFO] running `Command { std: "docker" "exec" "-e" "SOURCE_DIR=/opt/rustwide/workdir" "-e" "CARGO_HOME=/opt/rustwide/cargo-home" "-e" "RUSTUP_HOME=/opt/rustwide/rustup-home" "-e" "CARGO_TARGET_DIR=/opt/rustwide/target" "-w" "/opt/rustwide/workdir" "--user" "0:0" "fa7cece4d20aaf796c02dfc42df9f83651cdd7f4700f2ad4d4402d74be892745" "/opt/rustwide/cargo-home/bin/cargo" "+1.100.0-beta.1" "metadata" "--no-deps" "--format-version=1", kill_on_drop: false }`
[INFO] running `Command { std: "docker" "inspect" "fa7cece4d20aaf796c02dfc42df9f83651cdd7f4700f2ad4d4402d74be892745", kill_on_drop: false }`
[INFO] running `Command { std: "docker" "exec" "-e" "SOURCE_DIR=/opt/rustwide/workdir" "-e" "CARGO_HOME=/opt/rustwide/cargo-home" "-e" "RUSTUP_HOME=/opt/rustwide/rustup-home" "-e" "CARGO_TARGET_DIR=/opt/rustwide/target" "-e" "CARGO_INCREMENTAL=0" "-e" "RUST_BACKTRACE=full" "-e" "RUSTFLAGS=--cap-lints=warn" "-e" "RUSTDOCFLAGS=--cap-lints=warn" "-w" "/opt/rustwide/workdir" "--user" "0:0" "fa7cece4d20aaf796c02dfc42df9f83651cdd7f4700f2ad4d4402d74be892745" "/opt/rustwide/cargo-home/bin/cargo" "+1.100.0-beta.1" "build" "--frozen" "--message-format=json", kill_on_drop: false }`
[INFO] [stderr]    Compiling unicode-ident v1.0.24
[INFO] [stderr]    Compiling proc-macro2 v1.0.106
[INFO] [stderr]    Compiling quote v1.0.44
[INFO] [stderr]    Compiling serde v1.0.228
[INFO] [stderr]    Compiling cfg-if v1.0.4
[INFO] [stderr]    Compiling libc v0.2.182
[INFO] [stderr]    Compiling serde_core v1.0.228
[INFO] [stderr]    Compiling autocfg v1.5.0
[INFO] [stderr]    Compiling typenum v1.19.0
[INFO] [stderr]    Compiling stable_deref_trait v1.2.1
[INFO] [stderr]    Compiling version_check v0.9.5
[INFO] [stderr]    Compiling itoa v1.0.17
[INFO] [stderr]    Compiling pin-project-lite v0.2.17
[INFO] [stderr]    Compiling parking_lot_core v0.9.12
[INFO] [stderr]    Compiling bytes v1.11.1
[INFO] [stderr]    Compiling futures-core v0.3.32
[INFO] [stderr]    Compiling generic-array v0.14.7
[INFO] [stderr]    Compiling litemap v0.8.1
[INFO] [stderr]    Compiling writeable v0.6.2
[INFO] [stderr]    Compiling lock_api v0.4.14
[INFO] [stderr]    Compiling once_cell v1.21.3
[INFO] [stderr]    Compiling icu_normalizer_data v2.1.1
[INFO] [stderr]    Compiling subtle v2.6.1
[INFO] [stderr]    Compiling icu_properties_data v2.1.2
[INFO] [stderr]    Compiling num-traits v0.2.19
[INFO] [stderr]    Compiling syn v2.0.117
[INFO] [stderr]    Compiling memchr v2.8.0
[INFO] [stderr]    Compiling futures-sink v0.3.32
[INFO] [stderr]    Compiling zmij v1.0.21
[INFO] [stderr]    Compiling serde_json v1.0.149
[INFO] [stderr]    Compiling percent-encoding v2.3.2
[INFO] [stderr]    Compiling socket2 v0.6.2
[INFO] [stderr]    Compiling mio v1.1.1
[INFO] [stderr]    Compiling block-buffer v0.10.4
[INFO] [stderr]    Compiling crossbeam-utils v0.8.21
[INFO] [stderr]    Compiling tracing-core v0.1.36
[INFO] [stderr]    Compiling utf8_iter v1.0.4
[INFO] [stderr]    Compiling log v0.4.29
[INFO] [stderr]    Compiling crypto-common v0.1.7
[INFO] [stderr]    Compiling errno v0.3.14
[INFO] [stderr]    Compiling futures-task v0.3.32
[INFO] [stderr]    Compiling futures-io v0.3.32
[INFO] [stderr]    Compiling slab v0.4.12
[INFO] [stderr]    Compiling zerocopy v0.8.40
[INFO] [stderr]    Compiling equivalent v1.0.2
[INFO] [stderr]    Compiling futures-util v0.3.32
[INFO] [stderr]    Compiling signal-hook-registry v1.4.8
[INFO] [stderr]    Compiling digest v0.10.7
[INFO] [stderr]    Compiling foldhash v0.1.5
[INFO] [stderr]    Compiling thiserror v2.0.18
[INFO] [stderr]    Compiling allocator-api2 v0.2.21
[INFO] [stderr]    Compiling iana-time-zone v0.1.65
[INFO] [stderr]    Compiling cpufeatures v0.2.17
[INFO] [stderr]    Compiling wasm-bindgen-shared v0.2.114
[INFO] [stderr]    Compiling concurrent-queue v2.5.0
[INFO] [stderr]    Compiling hashbrown v0.15.5
[INFO] [stderr]    Compiling getrandom v0.2.17
[INFO] [stderr]    Compiling hashbrown v0.16.1
[INFO] [stderr]    Compiling parking v2.2.1
[INFO] [stderr]    Compiling crc-catalog v2.4.0
[INFO] [stderr]    Compiling getrandom v0.4.1
[INFO] [stderr]    Compiling rustversion v1.0.22
[INFO] [stderr]    Compiling tinyvec v1.10.0
[INFO] [stderr]    Compiling crc v3.4.0
[INFO] [stderr]    Compiling event-listener v5.4.1
[INFO] [stderr]    Compiling indexmap v2.13.0
[INFO] [stderr]    Compiling rand_core v0.6.4
[INFO] [stderr]    Compiling hashlink v0.10.0
[INFO] [stderr]    Compiling crossbeam-queue v0.3.12
[INFO] [stderr]    Compiling http v1.4.0
[INFO] [stderr]    Compiling unicode-normalization v0.1.25
[INFO] [stderr]    Compiling tokio v1.49.0
[INFO] [stderr]    Compiling form_urlencoded v1.2.2
[INFO] [stderr]    Compiling bitflags v2.11.0
[INFO] [stderr]    Compiling unicode-bidi v0.3.18
[INFO] [stderr]    Compiling bumpalo v3.20.2
[INFO] [stderr]    Compiling unicode-properties v0.1.4
[INFO] [stderr]    Compiling http-body v1.0.1
[INFO] [stderr]    Compiling chrono v0.4.44
[INFO] [stderr]    Compiling stringprep v0.1.5
[INFO] [stderr]    Compiling wasm-bindgen v0.2.114
[INFO] [stderr]    Compiling synstructure v0.13.2
[INFO] [stderr]    Compiling wasm-bindgen-macro-support v0.2.114
[INFO] [stderr]    Compiling uuid v1.21.0
[INFO] [stderr]    Compiling sha2 v0.10.9
[INFO] [stderr]    Compiling hmac v0.12.1
[INFO] [stderr]    Compiling futures-channel v0.3.32
[INFO] [stderr]    Compiling whoami v1.6.1
[INFO] [stderr]    Compiling paste v1.0.15
[INFO] [stderr]    Compiling home v0.5.12
[INFO] [stderr]    Compiling bytemuck v1.25.0
[INFO] [stderr]    Compiling tower-service v0.3.3
[INFO] [stderr]    Compiling httparse v1.10.1
[INFO] [stderr]    Compiling byteorder v1.5.0
[INFO] [stderr]    Compiling safe_arch v0.7.4
[INFO] [stderr]    Compiling hkdf v0.12.4
[INFO] [stderr]    Compiling atoi v2.0.0
[INFO] [stderr]    Compiling md-5 v0.10.6
[INFO] [stderr]    Compiling matrixmultiply v0.3.10
[INFO] [stderr]    Compiling tower-layer v0.3.3
[INFO] [stderr]    Compiling wide v0.7.33
[INFO] [stderr]    Compiling serde_derive v1.0.228
[INFO] [stderr]    Compiling zerofrom-derive v0.1.6
[INFO] [stderr]    Compiling yoke-derive v0.8.1
[INFO] [stderr]    Compiling zerovec-derive v0.11.2
[INFO] [stderr]    Compiling displaydoc v0.2.5
[INFO] [stderr]    Compiling tracing-attributes v0.1.31
[INFO] [stderr]    Compiling tokio-macros v2.6.0
[INFO] [stderr]    Compiling zerofrom v0.1.6
[INFO] [stderr]    Compiling yoke v0.8.1
[INFO] [stderr]    Compiling thiserror-impl v2.0.18
[INFO] [stderr]    Compiling zerovec v0.11.5
[INFO] [stderr]    Compiling zerotrie v0.2.3
[INFO] [stderr]    Compiling ppv-lite86 v0.2.21
[INFO] [stderr]    Compiling tokio-stream v0.1.18
[INFO] [stderr]    Compiling tinystr v0.8.2
[INFO] [stderr]    Compiling potential_utf v0.1.4
[INFO] [stderr]    Compiling icu_collections v2.1.1
[INFO] [stderr]    Compiling tracing v0.1.44
[INFO] [stderr]    Compiling icu_locale_core v2.1.1
[INFO] [stderr]    Compiling rand_chacha v0.3.1
[INFO] [stderr]    Compiling wasm-bindgen-macro v0.2.114
[INFO] [stderr]    Compiling rand v0.8.5
[INFO] [stderr]    Compiling approx v0.5.1
[INFO] [stderr]    Compiling num-integer v0.1.46
[INFO] [stderr]    Compiling num-complex v0.4.6
[INFO] [stderr]    Compiling httpdate v1.0.3
[INFO] [stderr]    Compiling icu_provider v2.1.1
[INFO] [stderr]    Compiling heck v0.5.0
[INFO] [stderr]    Compiling sync_wrapper v1.0.2
[INFO] [stderr]    Compiling rawpointer v0.2.1
[INFO] [stderr]    Compiling atomic-waker v1.1.2
[INFO] [stderr]    Compiling icu_properties v2.1.2
[INFO] [stderr]    Compiling simba v0.9.1
[INFO] [stderr]    Compiling num-rational v0.4.2
[INFO] [stderr]    Compiling nalgebra-macros v0.3.0
[INFO] [stderr]    Compiling http-body-util v0.1.3
[INFO] [stderr]    Compiling smallvec v1.15.1
[INFO] [stderr]    Compiling either v1.15.0
[INFO] [stderr]    Compiling mime v0.3.17
[INFO] [stderr]    Compiling ryu v1.0.23
[INFO] [stderr]    Compiling axum-core v0.5.6
[INFO] [stderr]    Compiling js-sys v0.3.91
[INFO] [stderr]    Compiling serde_path_to_error v0.1.20
[INFO] [stderr]    Compiling icu_normalizer v2.1.1
[INFO] [stderr]    Compiling parking_lot v0.12.5
[INFO] [stderr]    Compiling idna_adapter v1.2.1
[INFO] [stderr]    Compiling idna v1.1.0
[INFO] [stderr]    Compiling futures-intrusive v0.5.0
[INFO] [stderr]    Compiling url v2.5.8
[INFO] [stderr]    Compiling sqlx-core v0.8.6
[INFO] [stderr]    Compiling serde_urlencoded v0.7.1
[INFO] [stderr]    Compiling matchit v0.8.4
[INFO] [stderr]    Compiling console_error_panic_hook v0.1.7
[INFO] [stderr]    Compiling tower-http v0.6.8
[INFO] [stderr]    Compiling motus_cli v0.1.0 (/opt/rustwide/workdir/crates/motus_cli)
[INFO] [stderr]    Compiling nalgebra v0.34.1
[INFO] [stderr]    Compiling sqlx-postgres v0.8.6
[INFO] [stderr]    Compiling hyper v1.8.1
[INFO] [stderr]    Compiling tower v0.5.3
[INFO] [stderr]    Compiling hyper-util v0.1.20
[INFO] [stderr]    Compiling axum v0.8.8
[INFO] [stderr]    Compiling serde-wasm-bindgen v0.6.5
[INFO] [stderr]    Compiling sqlx-macros-core v0.8.6
[INFO] [stderr]    Compiling motus_core v0.1.0 (/opt/rustwide/workdir/crates/motus_core)
[INFO] [stderr]    Compiling sqlx-macros v0.8.6
[INFO] [stderr]    Compiling motus_wasm v0.1.0 (/opt/rustwide/workdir/crates/motus_wasm)
[INFO] [stdout] warning: unused imports: `CamContourResult` and `LinearCamContourResult`
[INFO] [stdout]  --> crates/motus_wasm/src/lib.rs:7:28
[INFO] [stdout]   |
[INFO] [stdout] 7 |     calculate_cam_contour, CamContourResult,
[INFO] [stdout]   |                            ^^^^^^^^^^^^^^^^
[INFO] [stdout] 8 |     calculate_linear_cam_contour, LinearCamContourResult,
[INFO] [stdout]   |                                   ^^^^^^^^^^^^^^^^^^^^^^
[INFO] [stdout]   |
[INFO] [stdout]   = note: `#[warn(unused_imports)]` (part of `#[warn(unused)]`) on by default
[INFO] [stdout] 
[INFO] [stdout] 
[INFO] [stderr]    Compiling sqlx v0.8.6
[INFO] [stderr]    Compiling motus_backend v0.1.0 (/opt/rustwide/workdir/crates/motus_backend)
[INFO] [stdout] error: error communicating with database: Connection refused (os error 111)
[INFO] [stdout]   --> crates/motus_backend/src/routes_projects.rs:26:20
[INFO] [stdout]    |
[INFO] [stdout] 26 |       let projects = sqlx::query_as!(
[INFO] [stdout]    |  ____________________^
[INFO] [stdout] 27 | |         Project,
[INFO] [stdout] 28 | |         "SELECT id, name, description FROM projects ORDER BY created_at DESC"
[INFO] [stdout] 29 | |     )
[INFO] [stdout]    | |_____^
[INFO] [stdout]    |
[INFO] [stdout]    = note: this error originates in the macro `$crate::sqlx_macros::expand_query` which comes from the expansion of the macro `sqlx::query_as` (in Nightly builds, run with -Z macro-backtrace for more info)
[INFO] [stdout] 
[INFO] [stdout] 
[INFO] [stdout] error: error communicating with database: Connection refused (os error 111)
[INFO] [stdout]   --> crates/motus_backend/src/routes_projects.rs:46:19
[INFO] [stdout]    |
[INFO] [stdout] 46 |       let project = sqlx::query_as!(
[INFO] [stdout]    |  ___________________^
[INFO] [stdout] 47 | |         Project,
[INFO] [stdout] 48 | |         "SELECT id, name, description FROM projects WHERE id = $1",
[INFO] [stdout] 49 | |         id
[INFO] [stdout] 50 | |     )
[INFO] [stdout]    | |_____^
[INFO] [stdout]    |
[INFO] [stdout]    = note: this error originates in the macro `$crate::sqlx_macros::expand_query` which comes from the expansion of the macro `sqlx::query_as` (in Nightly builds, run with -Z macro-backtrace for more info)
[INFO] [stdout] 
[INFO] [stdout] 
[INFO] [stdout] error: error communicating with database: Connection refused (os error 111)
[INFO] [stdout]   --> crates/motus_backend/src/routes_projects.rs:78:19
[INFO] [stdout]    |
[INFO] [stdout] 78 |       let project = sqlx::query_as!(
[INFO] [stdout]    |  ___________________^
[INFO] [stdout] 79 | |         Project,
[INFO] [stdout] 80 | |         r#"
[INFO] [stdout] 81 | |         INSERT INTO projects (workspace_id, name, description)
[INFO] [stdout] ...  |
[INFO] [stdout] 87 | |         payload.description
[INFO] [stdout] 88 | |     )
[INFO] [stdout]    | |_____^
[INFO] [stdout]    |
[INFO] [stdout]    = note: this error originates in the macro `$crate::sqlx_macros::expand_query` which comes from the expansion of the macro `sqlx::query_as` (in Nightly builds, run with -Z macro-backtrace for more info)
[INFO] [stdout] 
[INFO] [stdout] 
[INFO] [stdout] warning: unused imports: `post` and `response::IntoResponse`
[INFO] [stdout]  --> crates/motus_backend/src/routes_projects.rs:4:5
[INFO] [stdout]   |
[INFO] [stdout] 4 |     response::IntoResponse,
[INFO] [stdout]   |     ^^^^^^^^^^^^^^^^^^^^^^
[INFO] [stdout] 5 |     routing::{get, post},
[INFO] [stdout]   |                    ^^^^
[INFO] [stdout]   |
[INFO] [stdout]   = note: `#[warn(unused_imports)]` (part of `#[warn(unused)]`) on by default
[INFO] [stdout] 
[INFO] [stdout] 
[INFO] [stderr] error: could not compile `motus_backend` (bin "motus_backend") due to 3 previous errors; 1 warning emitted
[INFO] [stderr] warning: unused dependency `nalgebra`
[INFO] [stderr]  --> crates/motus_core/Cargo.toml:8:1
[INFO] [stderr]   |
[INFO] [stderr] 8 | nalgebra = "0.34.1"
[INFO] [stderr]   | ^^^^^^^^^^^^^^^^^^^
[INFO] [stderr]   |
[INFO] [stderr]   = note: `cargo::unused_dependencies` is set to `warn` by default
[INFO] [stderr] help: consider removing the dependency on `nalgebra`
[INFO] [stderr] warning: unused dependency `serde_json`
[INFO] [stderr]   --> crates/motus_core/Cargo.toml:11:1
[INFO] [stderr]    |
[INFO] [stderr] 11 | serde_json = "1.0.149"
[INFO] [stderr]    | ^^^^^^^^^^^^^^^^^^^^^^
[INFO] [stderr]    |
[INFO] [stderr] help: consider removing the dependency on `serde_json`
[INFO] [stderr] warning: `motus_core` (manifest) generated 2 warnings
[INFO] running `Command { std: "docker" "inspect" "fa7cece4d20aaf796c02dfc42df9f83651cdd7f4700f2ad4d4402d74be892745", kill_on_drop: false }`
[INFO] running `Command { std: "docker" "rm" "-f" "fa7cece4d20aaf796c02dfc42df9f83651cdd7f4700f2ad4d4402d74be892745", kill_on_drop: false }`
[INFO] [stdout] fa7cece4d20aaf796c02dfc42df9f83651cdd7f4700f2ad4d4402d74be892745
