[INFO] cloning repository https://github.com/fs0cietyx/torry
[INFO] running `Command { std: "git" "-c" "credential.helper=" "-c" "credential.helper=/workspace/cargo-home/bin/git-credential-null" "clone" "--bare" "https://github.com/fs0cietyx/torry" "/workspace/cache/git-repos/https%3A%2F%2Fgithub.com%2Ffs0cietyx%2Ftorry", kill_on_drop: false }`
[INFO] [stderr] Cloning into bare repository '/workspace/cache/git-repos/https%3A%2F%2Fgithub.com%2Ffs0cietyx%2Ftorry'...
[INFO] running `Command { std: "git" "rev-parse" "HEAD", kill_on_drop: false }`
[INFO] [stdout] b72c922c2906e1e3f0cc69c46f0caa4e9b13f775
[INFO] testing fs0cietyx/torry against 1.99.0-beta.8 for beta-1.100-2
[INFO] running `Command { std: "git" "clone" "/workspace/cache/git-repos/https%3A%2F%2Fgithub.com%2Ffs0cietyx%2Ftorry" "/workspace/builds/worker-2-tc1/source", kill_on_drop: false }`
[INFO] [stderr] Cloning into '/workspace/builds/worker-2-tc1/source'...
[INFO] [stderr] done.
[INFO] started tweaking git repo https://github.com/fs0cietyx/torry
[INFO] finished tweaking git repo https://github.com/fs0cietyx/torry
[INFO] tweaked toml for git repo https://github.com/fs0cietyx/torry written to /workspace/builds/worker-2-tc1/source/Cargo.toml
[INFO] validating manifest of git repo https://github.com/fs0cietyx/torry on toolchain 1.99.0-beta.8
[INFO] running `Command { std: CARGO_HOME="/workspace/cargo-home" RUSTUP_HOME="/workspace/rustup-home" "/workspace/cargo-home/bin/cargo" "+1.99.0-beta.8" "metadata" "--manifest-path" "Cargo.toml" "--no-deps", kill_on_drop: false }`
[INFO] crate git repo https://github.com/fs0cietyx/torry already has a lockfile, it will not be regenerated
[INFO] running `Command { std: CARGO_HOME="/workspace/cargo-home" RUSTUP_HOME="/workspace/rustup-home" "/workspace/cargo-home/bin/cargo" "+1.99.0-beta.8" "fetch" "--manifest-path" "Cargo.toml", kill_on_drop: false }`
[INFO] [stderr]     Updating crates.io index
[INFO] [stderr]  Downloading crates ...
[INFO] [stderr]   Downloaded serde_bencode v0.2.4
[INFO] [stderr]   Downloaded redox_syscall v0.9.0
[INFO] [stderr]   Downloaded napi-derive-backend v1.0.75
[INFO] [stderr]   Downloaded num-bigint v0.4.7
[INFO] [stderr]   Downloaded napi-sys v2.4.0
[INFO] [stderr]   Downloaded napi-derive v2.16.13
[INFO] [stderr]   Downloaded napi v2.16.17
[INFO] [stderr]   Downloaded mainline v7.0.0
[INFO] [stderr]   Downloaded ed25519-dalek v3.0.0-rc.1
[INFO] [stderr]   Downloaded curve25519-dalek v5.0.0-rc.1
[INFO] [stderr]   Downloaded napi-build v2.3.2
[INFO] [stderr]   Downloaded async-utp v0.8.0-alpha1
[INFO] running `Command { std: "docker" "create" "-v" "/var/lib/crater-agent-workspace/builds/worker-2-tc1/source:/opt/rustwide/workdir:ro,Z" "-v" "/var/lib/crater-agent-workspace/builds/worker-2-tc1/target:/opt/rustwide/target:rw,Z" "-v" "/var/lib/crater-agent-workspace/cargo-home:/opt/rustwide/cargo-home:ro,Z" "-v" "/var/lib/crater-agent-workspace/rustup-home:/opt/rustwide/rustup-home:ro,Z" "-m" "1610612736" "--network" "none" "ghcr.io/rust-lang/crates-build-env/linux@sha256:3111399a4047eeb3a02b7a90e478d715f38a8c6669b5c4b49d30a17385265909" "sleep" "infinity", kill_on_drop: false }`
[INFO] [stdout] 4d40cec2b9b7d3fe2c2cfa9058b1fae7f916b5c87f5cfcf71053c5aa48d7094b
[INFO] running `Command { std: "docker" "start" "4d40cec2b9b7d3fe2c2cfa9058b1fae7f916b5c87f5cfcf71053c5aa48d7094b", kill_on_drop: false }`
[INFO] running `Command { std: "docker" "inspect" "4d40cec2b9b7d3fe2c2cfa9058b1fae7f916b5c87f5cfcf71053c5aa48d7094b", kill_on_drop: false }`
[INFO] running `Command { std: "docker" "exec" "-e" "SOURCE_DIR=/opt/rustwide/workdir" "-e" "CARGO_HOME=/opt/rustwide/cargo-home" "-e" "RUSTUP_HOME=/opt/rustwide/rustup-home" "-e" "CARGO_TARGET_DIR=/opt/rustwide/target" "-w" "/opt/rustwide/workdir" "--user" "0:0" "4d40cec2b9b7d3fe2c2cfa9058b1fae7f916b5c87f5cfcf71053c5aa48d7094b" "/opt/rustwide/cargo-home/bin/cargo" "+1.99.0-beta.8" "metadata" "--no-deps" "--format-version=1", kill_on_drop: false }`
[INFO] running `Command { std: "docker" "inspect" "4d40cec2b9b7d3fe2c2cfa9058b1fae7f916b5c87f5cfcf71053c5aa48d7094b", kill_on_drop: false }`
[INFO] running `Command { std: "docker" "exec" "-e" "SOURCE_DIR=/opt/rustwide/workdir" "-e" "CARGO_HOME=/opt/rustwide/cargo-home" "-e" "RUSTUP_HOME=/opt/rustwide/rustup-home" "-e" "CARGO_TARGET_DIR=/opt/rustwide/target" "-e" "CARGO_INCREMENTAL=0" "-e" "RUST_BACKTRACE=full" "-e" "RUSTFLAGS=--cap-lints=warn" "-e" "RUSTDOCFLAGS=--cap-lints=warn" "-w" "/opt/rustwide/workdir" "--user" "0:0" "4d40cec2b9b7d3fe2c2cfa9058b1fae7f916b5c87f5cfcf71053c5aa48d7094b" "/opt/rustwide/cargo-home/bin/cargo" "+1.99.0-beta.8" "build" "--frozen" "--message-format=json", kill_on_drop: false }`
[INFO] [stderr]    Compiling quote v1.0.46
[INFO] [stderr]    Compiling bytes v1.12.0
[INFO] [stderr]    Compiling memchr v2.8.2
[INFO] [stderr]    Compiling futures-sink v0.3.32
[INFO] [stderr]    Compiling cc v1.2.65
[INFO] [stderr]    Compiling serde_core v1.0.228
[INFO] [stderr]    Compiling slab v0.4.12
[INFO] [stderr]    Compiling mio v1.2.1
[INFO] [stderr]    Compiling socket2 v0.6.4
[INFO] [stderr]    Compiling parking_lot_core v0.9.12
[INFO] [stderr]    Compiling log v0.4.33
[INFO] [stderr]    Compiling smallvec v1.15.2
[INFO] [stderr]    Compiling crossbeam-utils v0.8.21
[INFO] [stderr]    Compiling typenum v1.20.1
[INFO] [stderr]    Compiling num-traits v0.2.19
[INFO] [stderr]    Compiling spin v0.9.8
[INFO] [stderr]    Compiling vcpkg v0.2.15
[INFO] [stderr]    Compiling semver v1.0.28
[INFO] [stderr]    Compiling parking_lot v0.12.5
[INFO] [stderr]    Compiling syn v2.0.118
[INFO] [stderr]    Compiling futures-util v0.3.32
[INFO] [stderr]    Compiling concurrent-queue v2.5.0
[INFO] [stderr]    Compiling crossbeam-queue v0.3.12
[INFO] [stderr]    Compiling hybrid-array v0.4.13
[INFO] [stderr]    Compiling subtle v2.6.1
[INFO] [stderr]    Compiling generic-array v0.14.7
[INFO] [stderr]    Compiling http v1.4.2
[INFO] [stderr]    Compiling tokio v1.52.3
[INFO] [stderr]    Compiling rustls-pki-types v1.15.0
[INFO] [stderr]    Compiling event-listener v5.4.1
[INFO] [stderr]    Compiling futures-channel v0.3.32
[INFO] [stderr]    Compiling zerocopy v0.8.52
[INFO] [stderr]    Compiling crypto-common v0.1.7
[INFO] [stderr]    Compiling futures-intrusive v0.5.0
[INFO] [stderr]    Compiling rustc_version v0.4.1
[INFO] [stderr]    Compiling flume v0.11.1
[INFO] [stderr]    Compiling rustls v0.23.41
[INFO] [stderr]    Compiling curve25519-dalek v5.0.0-rc.1
[INFO] [stderr]    Compiling digest v0.10.7
[INFO] [stderr]    Compiling aho-corasick v1.1.4
[INFO] [stderr]    Compiling regex-syntax v0.8.11
[INFO] [stderr]    Compiling sha2 v0.10.9
[INFO] [stderr]    Compiling block-buffer v0.10.4
[INFO] [stderr]    Compiling unicode-segmentation v1.13.3
[INFO] [stderr]    Compiling http-body v1.0.1
[INFO] [stderr]    Compiling block-buffer v0.12.1
[INFO] [stderr]    Compiling crypto-common v0.2.2
[INFO] [stderr]    Compiling ring v0.17.14
[INFO] [stderr]    Compiling libsqlite3-sys v0.30.1
[INFO] [stderr]    Compiling dotenvy v0.15.7
[INFO] [stderr]    Compiling signature v3.0.0
[INFO] [stderr]    Compiling bitflags v2.13.0
[INFO] [stderr]    Compiling atoi v2.0.0
[INFO] [stderr]    Compiling hex v0.4.3
[INFO] [stderr]    Compiling ed25519 v3.0.0
[INFO] [stderr]    Compiling convert_case v0.6.0
[INFO] [stderr]    Compiling webpki-roots v1.0.8
[INFO] [stderr]    Compiling option-ext v0.2.0
[INFO] [stderr]    Compiling fastrand v2.4.1
[INFO] [stderr]    Compiling dirs-sys v0.4.1
[INFO] [stderr]    Compiling getrandom v0.4.3
[INFO] [stderr]    Compiling http-body-util v0.1.3
[INFO] [stderr]    Compiling num-traits v0.1.43
[INFO] [stderr]    Compiling futures-executor v0.3.32
[INFO] [stderr]    Compiling num-integer v0.1.46
[INFO] [stderr]    Compiling serde_json v1.0.150
[INFO] [stderr]    Compiling serde_bytes v0.11.19
[INFO] [stderr]    Compiling futures-lite v2.6.1
[INFO] [stderr]    Compiling digest v0.11.3
[INFO] [stderr]    Compiling flume v0.12.0
[INFO] [stderr]    Compiling dyn-clone v1.0.20
[INFO] [stderr]    Compiling lru v0.16.4
[INFO] [stderr]    Compiling sha2 v0.11.0
[INFO] [stderr]    Compiling napi-sys v2.4.0
[INFO] [stderr]    Compiling napi-build v2.3.2
[INFO] [stderr]    Compiling regex-automata v0.4.14
[INFO] [stderr]    Compiling sha1_smol v1.0.1
[INFO] [stderr]    Compiling num-bigint v0.4.7
[INFO] [stderr]    Compiling torry-binding v0.1.0 (/opt/rustwide/workdir/packages/binding)
[INFO] [stderr]    Compiling directories v5.0.1
[INFO] [stderr]    Compiling arc-swap v1.9.2
[INFO] [stderr]    Compiling socket2 v0.5.10
[INFO] [stderr]    Compiling memmap2 v0.9.11
[INFO] [stderr]    Compiling fs2 v0.4.3
[INFO] [stderr]    Compiling ppv-lite86 v0.2.21
[INFO] [stderr]    Compiling rand_chacha v0.3.1
[INFO] [stderr]    Compiling regex v1.12.4
[INFO] [stderr]    Compiling tokio-stream v0.1.18
[INFO] [stderr]    Compiling synstructure v0.13.2
[INFO] [stderr]    Compiling rand v0.8.6
[INFO] [stderr]    Compiling napi-derive-backend v1.0.75
[INFO] [stderr]    Compiling zerovec-derive v0.11.3
[INFO] [stderr]    Compiling displaydoc v0.2.6
[INFO] [stderr]    Compiling tracing-attributes v0.1.31
[INFO] [stderr]    Compiling tokio-macros v2.7.0
[INFO] [stderr]    Compiling serde_derive v1.0.228
[INFO] [stderr]    Compiling thiserror-impl v2.0.18
[INFO] [stderr]    Compiling curve25519-dalek-derive v0.1.1
[INFO] [stderr]    Compiling pin-project-internal v1.1.13
[INFO] [stderr]    Compiling ctor v0.2.9
[INFO] [stderr]    Compiling zerofrom-derive v0.1.7
[INFO] [stderr]    Compiling yoke-derive v0.8.2
[INFO] [stderr]    Compiling rustls-webpki v0.103.13
[INFO] [stderr]    Compiling napi-derive v2.16.13
[INFO] [stderr]    Compiling tracing v0.1.44
[INFO] [stderr]    Compiling pin-project v1.1.13
[INFO] [stderr]    Compiling zerofrom v0.1.8
[INFO] [stderr]    Compiling thiserror v2.0.18
[INFO] [stderr]    Compiling ed25519-dalek v3.0.0-rc.1
[INFO] [stderr]    Compiling yoke v0.8.3
[INFO] [stderr]    Compiling tracing-futures v0.2.5
[INFO] [stderr]    Compiling zerovec v0.11.6
[INFO] [stderr]    Compiling zerotrie v0.2.4
[INFO] [stderr]    Compiling tinystr v0.8.3
[INFO] [stderr]    Compiling potential_utf v0.1.5
[INFO] [stderr]    Compiling serde v1.0.228
[INFO] [stderr]    Compiling icu_locale_core v2.2.0
[INFO] [stderr]    Compiling icu_collections v2.2.0
[INFO] [stderr]    Compiling icu_provider v2.2.0
[INFO] [stderr]    Compiling either v1.16.0
[INFO] [stderr]    Compiling serde_urlencoded v0.7.1
[INFO] [stderr]    Compiling serde_bencode v0.2.4
[INFO] [stderr]    Compiling icu_properties v2.2.0
[INFO] [stderr]    Compiling icu_normalizer v2.2.0
[INFO] [stderr]    Compiling mainline v7.0.0
[INFO] [stderr]    Compiling hyper v1.10.1
[INFO] [stderr]    Compiling tower v0.5.3
[INFO] [stderr]    Compiling napi v2.16.17
[INFO] [stderr]    Compiling async-utp v0.8.0-alpha1
[INFO] [stderr]    Compiling tokio-rustls v0.26.4
[INFO] [stderr]    Compiling hyper-util v0.1.20
[INFO] [stderr]    Compiling idna_adapter v1.2.2
[INFO] [stderr]    Compiling idna v1.1.0
[INFO] [stderr]    Compiling url v2.5.8
[INFO] [stderr]    Compiling sqlx-core v0.8.6
[INFO] [stderr]    Compiling tower-http v0.6.11
[INFO] [stderr]    Compiling hyper-rustls v0.27.9
[INFO] [stderr]    Compiling reqwest v0.12.28
[INFO] [stderr]    Compiling sqlx-sqlite v0.8.6
[INFO] [stderr]    Compiling sqlx-macros-core v0.8.6
[INFO] [stderr]    Compiling sqlx-macros v0.8.6
[INFO] [stderr]    Compiling sqlx v0.8.6
[INFO] [stderr]    Compiling torry-core v0.1.0 (/opt/rustwide/workdir/crates/core)
[INFO] [stdout] warning: unused import: `AsyncWriteExt`
[INFO] [stdout]  --> crates/core/src/peer/actor.rs:3:31
[INFO] [stdout]   |
[INFO] [stdout] 3 | use tokio::io::{AsyncReadExt, AsyncWriteExt};
[INFO] [stdout]   |                               ^^^^^^^^^^^^^
[INFO] [stdout]   |
[INFO] [stdout]   = note: `#[warn(unused_imports)]` (part of `#[warn(unused)]`) on by default
[INFO] [stdout] 
[INFO] [stdout] 
[INFO] [stdout] warning: unused import: `AsyncReadExt`
[INFO] [stdout]  --> crates/core/src/peer/actor.rs:3:17
[INFO] [stdout]   |
[INFO] [stdout] 3 | use tokio::io::{AsyncReadExt, AsyncWriteExt};
[INFO] [stdout]   |                 ^^^^^^^^^^^^
[INFO] [stdout] 
[INFO] [stdout] 
[INFO] [stderr]     Finished `dev` profile [unoptimized + debuginfo] target(s) in 1m 29s
[INFO] running `Command { std: "docker" "inspect" "4d40cec2b9b7d3fe2c2cfa9058b1fae7f916b5c87f5cfcf71053c5aa48d7094b", kill_on_drop: false }`
[INFO] running `Command { std: "docker" "exec" "-e" "SOURCE_DIR=/opt/rustwide/workdir" "-e" "CARGO_HOME=/opt/rustwide/cargo-home" "-e" "RUSTUP_HOME=/opt/rustwide/rustup-home" "-e" "CARGO_TARGET_DIR=/opt/rustwide/target" "-e" "CARGO_INCREMENTAL=0" "-e" "RUST_BACKTRACE=full" "-e" "RUSTFLAGS=--cap-lints=warn" "-e" "RUSTDOCFLAGS=--cap-lints=warn" "-w" "/opt/rustwide/workdir" "--user" "0:0" "4d40cec2b9b7d3fe2c2cfa9058b1fae7f916b5c87f5cfcf71053c5aa48d7094b" "/opt/rustwide/cargo-home/bin/cargo" "+1.99.0-beta.8" "test" "--frozen" "--no-run" "--message-format=json", kill_on_drop: false }`
[INFO] [stderr]    Compiling tokio v1.52.3
[INFO] [stderr]    Compiling tokio-stream v0.1.18
[INFO] [stderr]    Compiling hyper v1.10.1
[INFO] [stderr]    Compiling tower v0.5.3
[INFO] [stderr]    Compiling tokio-rustls v0.26.4
[INFO] [stderr]    Compiling napi v2.16.17
[INFO] [stderr]    Compiling async-utp v0.8.0-alpha1
[INFO] [stderr]    Compiling tower-http v0.6.11
[INFO] [stderr]    Compiling sqlx-core v0.8.6
[INFO] [stderr]    Compiling hyper-util v0.1.20
[INFO] [stderr]    Compiling hyper-rustls v0.27.9
[INFO] [stderr]    Compiling reqwest v0.12.28
[INFO] [stderr]    Compiling sqlx-sqlite v0.8.6
[INFO] [stderr]    Compiling sqlx v0.8.6
[INFO] [stderr]    Compiling torry-core v0.1.0 (/opt/rustwide/workdir/crates/core)
[INFO] [stdout] warning: unused import: `AsyncWriteExt`
[INFO] [stdout]  --> crates/core/src/peer/actor.rs:3:31
[INFO] [stdout]   |
[INFO] [stdout] 3 | use tokio::io::{AsyncReadExt, AsyncWriteExt};
[INFO] [stdout]   |                               ^^^^^^^^^^^^^
[INFO] [stdout]   |
[INFO] [stdout]   = note: `#[warn(unused_imports)]` (part of `#[warn(unused)]`) on by default
[INFO] [stdout] 
[INFO] [stdout] 
[INFO] [stdout] warning: unused import: `AsyncReadExt`
[INFO] [stdout]  --> crates/core/src/peer/actor.rs:3:17
[INFO] [stdout]   |
[INFO] [stdout] 3 | use tokio::io::{AsyncReadExt, AsyncWriteExt};
[INFO] [stdout]   |                 ^^^^^^^^^^^^
[INFO] [stdout] 
[INFO] [stdout] 
[INFO] [stdout] warning: unused import: `AsyncWriteExt`
[INFO] [stdout]  --> crates/core/src/peer/actor.rs:3:31
[INFO] [stdout]   |
[INFO] [stdout] 3 | use tokio::io::{AsyncReadExt, AsyncWriteExt};
[INFO] [stdout]   |                               ^^^^^^^^^^^^^
[INFO] [stdout]   |
[INFO] [stdout]   = note: `#[warn(unused_imports)]` (part of `#[warn(unused)]`) on by default
[INFO] [stdout] 
[INFO] [stdout] 
[INFO] [stdout] warning: unused import: `AsyncReadExt`
[INFO] [stdout]  --> crates/core/src/peer/actor.rs:3:17
[INFO] [stdout]   |
[INFO] [stdout] 3 | use tokio::io::{AsyncReadExt, AsyncWriteExt};
[INFO] [stdout]   |                 ^^^^^^^^^^^^
[INFO] [stdout] 
[INFO] [stdout] 
[INFO] [stderr]    Compiling torry-binding v0.1.0 (/opt/rustwide/workdir/packages/binding)
[INFO] [stdout] error: linking with `cc` failed: exit status: 1
[INFO] [stdout]   |
[INFO] [stdout]   = note:  "cc" "-m64" "/opt/rustwide/target/debug/deps/rustcwgTBTl/symbols.o" "<2 object files omitted>" "-Wl,--as-needed" "-Wl,-Bstatic" "/opt/rustwide/target/debug/deps/{libtorry_core-b39cac0ca95d95a1,libsocket2-b92ce3818e705409,libmemmap2-43007a6d512377d3,libreqwest-dcdadb8be16af5e7,libhyper_rustls-0b4b12143d4fa391,libwebpki_roots-3743bd0f28194fc9,libtokio_rustls-1733a134290e2bd0,librustls-789cff61fb75a229,libwebpki-bc0ebfcdb89c2921,libring-dbcf4b88b06e9c4d,libuntrusted-b2f816886faf2178,librustls_pki_types-89bafef9e014889a,libzeroize-37b2a6e0a2742c6a,libtower_http-298351368672fa34,libtower-aa0e29f4ad16b33c,libtower_layer-d908dd771b239ecd,libhyper_util-c9a3fe167b5daf98,libipnet-61ca7a5e1c2863d4,libtower_service-3fb88d28c2218805,libhyper-39c8bd6e034e6539,libwant-7a6260b9c50f1479,libtry_lock-8fa2f6971035be84,libhttparse-8c9b827b8f345444,libatomic_waker-06950c8c08d2b8fa,libhttp_body_util-e36a9964dc5d0ba7,libhttp_body-eafc967753803508,libhttp-faa531d1f5c77dc0,libsync_wrapper-6bdfbc29c4269203,libmainline-0c9db730f86c620f,libserde_bencode-23fe4589df8f099c,libgetrandom-c13452f45e7d3932,libfutures_lite-c61c6f6b08c67ea4,libfastrand-dcb8b1f6fb3d085b,libdyn_clone-319e7691ef78165b,liblru-efa3877d41fdca4d,libflume-7c38d3adb004c143,libed25519_dalek-024d8042474a0f20,libsha2-71da4c6b0ed27b19,libcurve25519_dalek-390cd35f53be005d,libcpufeatures-6c1f78f4142e3013,libsubtle-f6e5f95380b8ab7d,libdigest-5f08e722d99d6224,libcrypto_common-75984ed5c0f85c3a,libblock_buffer-fe90de4d1af458b0,libhybrid_array-5c0e7ce008d0e7e3,libed25519-71aa1d368b9f6182,libsignature-fc2170921e524873,libserde_bytes-5b50c7d16a957cf7,libsha1_smol-a320b1639232fa11,libcrc-c7d92037d8a82253,libcrc_catalog-229f3d571887ef81,libfs2-40aa2c9e543a889a,libdirectories-deb67ca3a1d560bd,libdirs_sys-35571c8e0e8ec812,liboption_ext-61303ef911796993,libutp-af86933e4aa2b778,libnum_traits-47a79ce64ab13101,libnum_bigint-70022b30aca8a24b,libnum_integer-3242497c441c9502,librand-e42e64dcb0ce16d2,librand_chacha-443fbb46f572c3b0,libppv_lite86-777369bdcdfa9d1d,libzerocopy-75aa8ee85b4f20a8,librand_core-86e43b95b9d88fa9,libgetrandom-f25a51f78d9871ba,libsqlx-b8c883e4bbbbdc9d,libsqlx_sqlite-a1aa616cb763e7af,libfutures_executor-b30a4e32116bfbde,libflume-710708fbbb423ab1,libspin-a10f8ca15d1a6a27,libserde_urlencoded-515ce25f30dac4e4,libryu-1f4f40e4352371e5,libfutures_channel-98286f337f8c2629,libfutures_intrusive-e8f2d470cc1af5a2,liblibsqlite3_sys-01c5821e734bbec1,libatoi-6f0e805e0b5c1e40,libnum_traits-888f07a85755f3c0,libsqlx_core-e96a2f306d437797,libthiserror-c87dffb594157b3e,libindexmap-b92bb9c25241b995,libhashbrown-d7214d631586fd51,libbase64-32787b0325ea6df8,libsha2-c73221978d88cd51,libcpufeatures-e04321643d03190d,libdigest-ac3dd89bf6c01a5b,libblock_buffer-2a52351ae749aaa6,libcrypto_common-5ae6c2d9f313774f,libgeneric_array-db891871e5606a95,libtypenum-8cba24ab4904c632,libhashlink-f007fbd3ee912335,libhashbrown-621f4a290160b487,libfoldhash-07f233db1c671507,libequivalent-6a754676e6af62ae,liballocator_api2-8d9c1e895dea53bd,libserde_json-269ccfae0588e20b,libitoa-5de11b3b23bfe572,libzmij-ef63f1da73704b4c,liburl-af4fd49db46f257a,libidna-bea5ef071bc07cd0,libidna_adapter-70350b72b4ad044b,libicu_properties-4ddc08a49a8e9d11,libicu_properties_data-e6cf238fc98dd59d,libicu_normalizer-6ea4c2d8b3ad9012,libicu_normalizer_data-8fea05bee0bb4e49,libicu_collections-d97ef5a36c81bc7c,libutf8_iter-51566bbad89f3a68,libpotential_utf-579c7637db1b1b1f,libicu_provider-337d0cfde5f21791,libicu_locale_core-b8bf0404759a40e5,libtinystr-2ffcd29900d38280,liblitemap-dc288f07f8f61193,libwriteable-48b3e52227924bb5,libzerovec-506e8a8f02a6d7c1,libzerotrie-3019fd812f81190c,libyoke-82d80b75b1bece8d,libstable_deref_trait-63cbf3f3d3f94e56,libzerofrom-45b0d4c4e399d17c,libform_urlencoded-58b0f0edb59b40d2,libpercent_encoding-fa055ecaa1e57cfa,libtracing-1011246d590db066,liblog-64a74e931fbdff63,libtracing_core-89b602bc4a7d7f8a,libcrossbeam_queue-7c6dbf82c0535e67,libcrossbeam_utils-076f45bf81d9c2d2,libeither-733eaf6cd6a0692c,libserde-6bc94601ff52d8b2,libserde_core-49c5f0449f9ff544,libevent_listener-ab3faf5dd5c5db1b,libparking-a9ae72c6c16ee980,libfutures_util-0f1c7fe55dff5117,libmemchr-2857f5b45a031ab1,libfutures_io-3814ffd654d7040e,libslab-ed301aba3460fb05,libfutures_sink-799228b77d0964c7,libfutures_task-36f327cfab86eddc,libfutures_core-1121ff913ed87f93}.rlib" "<sysroot>/lib/rustlib/x86_64-unknown-linux-gnu/lib/{libtest-*,libgetopts-*,librustc_std_workspace_std-*}.rlib" "/opt/rustwide/target/debug/deps/{libnapi-203375228d49904e,libnapi_sys-531232144fc37ed0,libbitflags-c11c4f5488569199,libonce_cell-b5bdc597ed9676b3,libtokio-dd58915ba4de4a79,libsignal_hook_registry-97fb91977beb15cc,liberrno-40a43d7c8a9b8122,libsocket2-73b9b85db3553b3d,libbytes-8d3fe75014eb498b,libmio-43415d66e2ceb9f1,libparking_lot-055e48606f9dbc88,libparking_lot_core-4b8ca3fd72428851,liblibc-612664c2206eec43,libcfg_if-83060ec5685761ae,libsmallvec-3e75e18e66140be0,liblock_api-16d46fed645f7bff,libscopeguard-7ec2214574194454,libpin_project_lite-0a15d51c77964692}.rlib" "<sysroot>/lib/rustlib/x86_64-unknown-linux-gnu/lib/{libstd-*,libpanic_unwind-*,libobject-*,libmemchr-*,libaddr2line-*,libgimli-*,libcfg_if-*,librustc_demangle-*,libstd_detect-*,libhashbrown-*,librustc_std_workspace_alloc-*,libminiz_oxide-*,libadler2-*,libunwind-*,liblibc-*,librustc_std_workspace_core-*,liballoc-*,libcore-*,libcompiler_builtins-*}.rlib" "-Wl,-Bdynamic" "-lgcc_s" "-lutil" "-lrt" "-lpthread" "-lm" "-ldl" "-lc" "-L" "/opt/rustwide/target/debug/deps/rustcwgTBTl/raw-dylibs" "-B<sysroot>/lib/rustlib/x86_64-unknown-linux-gnu/bin/gcc-ld" "-fuse-ld=lld" "-Wl,--eh-frame-hdr" "-Wl,-z,noexecstack" "-L" "/opt/rustwide/target/debug/build/ring-9b96a5dabc1fea26/out" "-L" "/opt/rustwide/target/debug/build/libsqlite3-sys-c7a7430bb0a9a53c/out" "-L" "<sysroot>/lib/rustlib/x86_64-unknown-linux-gnu/lib" "-o" "/opt/rustwide/target/debug/deps/torry_binding-f1f30a0bec680835" "-Wl,--gc-sections" "-pie" "-Wl,-z,relro,-z,now" "-nodefaultlibs" "-Wl,-z,nodelete"
[INFO] [stdout]   = note: some arguments are omitted. use `--verbose` to show all linker arguments
[INFO] [stdout]   = note: rust-lld: error: undefined symbol: napi_unwrap
[INFO] [stdout]           >>> referenced by callback_info.rs:259 (/opt/rustwide/cargo-home/registry/src/index.crates.io-1949cf8c6b5b557f/napi-2.16.17/src/bindgen_runtime/callback_info.rs:259)
[INFO] [stdout]           >>>               torry_core-b39cac0ca95d95a1.torry_core.c923e022fb07c914-cgu.04.rcgu.o:(<napi::bindgen_runtime::callback_info::CallbackInfo<0>>::unwrap_raw::<torry_core::profile::RuntimeContext>) in archive /opt/rustwide/target/debug/deps/libtorry_core-b39cac0ca95d95a1.rlib
[INFO] [stdout]           >>> referenced by callback_info.rs:259 (/opt/rustwide/cargo-home/registry/src/index.crates.io-1949cf8c6b5b557f/napi-2.16.17/src/bindgen_runtime/callback_info.rs:259)
[INFO] [stdout]           >>>               torry_core-b39cac0ca95d95a1.torry_core.c923e022fb07c914-cgu.04.rcgu.o:(<napi::bindgen_runtime::callback_info::CallbackInfo<1>>::unwrap_raw::<torry_core::profile::RuntimeContext>) in archive /opt/rustwide/target/debug/deps/libtorry_core-b39cac0ca95d95a1.rlib
[INFO] [stdout]           >>> referenced by callback_info.rs:259 (/opt/rustwide/cargo-home/registry/src/index.crates.io-1949cf8c6b5b557f/napi-2.16.17/src/bindgen_runtime/callback_info.rs:259)
[INFO] [stdout]           >>>               torry_core-b39cac0ca95d95a1.torry_core.c923e022fb07c914-cgu.04.rcgu.o:(<napi::bindgen_runtime::callback_info::CallbackInfo<2>>::unwrap_raw::<torry_core::profile::RuntimeContext>) in archive /opt/rustwide/target/debug/deps/libtorry_core-b39cac0ca95d95a1.rlib
[INFO] [stdout]           
[INFO] [stdout]           rust-lld: error: undefined symbol: napi_wrap
[INFO] [stdout]           >>> referenced by callback_info.rs:109 (/opt/rustwide/cargo-home/registry/src/index.crates.io-1949cf8c6b5b557f/napi-2.16.17/src/bindgen_runtime/callback_info.rs:109)
[INFO] [stdout]           >>>               torry_core-b39cac0ca95d95a1.torry_core.c923e022fb07c914-cgu.04.rcgu.o:(<napi::bindgen_runtime::callback_info::CallbackInfo<1>>::_construct::<false, torry_core::profile::RuntimeContext>) in archive /opt/rustwide/target/debug/deps/libtorry_core-b39cac0ca95d95a1.rlib
[INFO] [stdout]           
[INFO] [stdout]           rust-lld: error: undefined symbol: napi_set_element
[INFO] [stdout]           >>> referenced by array.rs:50 (/opt/rustwide/cargo-home/registry/src/index.crates.io-1949cf8c6b5b557f/napi-2.16.17/src/bindgen_runtime/js_values/array.rs:50)
[INFO] [stdout]           >>>               torry_core-b39cac0ca95d95a1.torry_core.c923e022fb07c914-cgu.04.rcgu.o:(<napi::bindgen_runtime::js_values::array::Array>::set::<alloc::string::String>) in archive /opt/rustwide/target/debug/deps/libtorry_core-b39cac0ca95d95a1.rlib
[INFO] [stdout]           >>> referenced by array.rs:50 (/opt/rustwide/cargo-home/registry/src/index.crates.io-1949cf8c6b5b557f/napi-2.16.17/src/bindgen_runtime/js_values/array.rs:50)
[INFO] [stdout]           >>>               torry_core-b39cac0ca95d95a1.torry_core.c923e022fb07c914-cgu.04.rcgu.o:(<napi::bindgen_runtime::js_values::array::Array>::set::<torry_core::state::PeerStateSnapshot>) in archive /opt/rustwide/target/debug/deps/libtorry_core-b39cac0ca95d95a1.rlib
[INFO] [stdout]           >>> referenced by array.rs:50 (src/bindgen_runtime/js_values/array.rs:50)
[INFO] [stdout]           >>>               napi-203375228d49904e.napi.55fab264356a53b6-cgu.15.rcgu.o:(<napi::bindgen_runtime::js_values::array::Array>::set::<u32>) in archive /opt/rustwide/target/debug/deps/libnapi-203375228d49904e.rlib
[INFO] [stdout]           
[INFO] [stdout]           rust-lld: error: undefined symbol: napi_delete_reference
[INFO] [stdout]           >>> referenced by mod.rs:62 (/opt/rustwide/cargo-home/registry/src/index.crates.io-1949cf8c6b5b557f/napi-2.16.17/src/bindgen_runtime/mod.rs:62)
[INFO] [stdout]           >>>               torry_core-b39cac0ca95d95a1.torry_core.c923e022fb07c914-cgu.04.rcgu.o:(napi::bindgen_runtime::raw_finalize_unchecked::<torry_core::profile::RuntimeContext>) in archive /opt/rustwide/target/debug/deps/libtorry_core-b39cac0ca95d95a1.rlib
[INFO] [stdout]           >>> referenced by value_ref.rs:66 (/opt/rustwide/cargo-home/registry/src/index.crates.io-1949cf8c6b5b557f/napi-2.16.17/src/bindgen_runtime/js_values/value_ref.rs:66)
[INFO] [stdout]           >>>               torry_core-b39cac0ca95d95a1.torry_core.c923e022fb07c914-cgu.04.rcgu.o:(<napi::bindgen_runtime::js_values::value_ref::Reference<torry_core::profile::RuntimeContext>>::add_ref::{closure#0}) in archive /opt/rustwide/target/debug/deps/libtorry_core-b39cac0ca95d95a1.rlib
[INFO] [stdout]           >>> referenced by error.rs:234 (src/error.rs:234)
[INFO] [stdout]           >>>               napi-203375228d49904e.napi.55fab264356a53b6-cgu.08.rcgu.o:(<napi::error::JsError>::into_value) in archive /opt/rustwide/target/debug/deps/libnapi-203375228d49904e.rlib
[INFO] [stdout]           
[INFO] [stdout]           rust-lld: error: undefined symbol: napi_get_cb_info
[INFO] [stdout]           >>> referenced by callback_info.rs:42 (/opt/rustwide/cargo-home/registry/src/index.crates.io-1949cf8c6b5b557f/napi-2.16.17/src/bindgen_runtime/callback_info.rs:42)
[INFO] [stdout]           >>>               torry_core-b39cac0ca95d95a1.torry_core.c923e022fb07c914-cgu.04.rcgu.o:(<napi::bindgen_runtime::callback_info::CallbackInfo<0>>::new) in archive /opt/rustwide/target/debug/deps/libtorry_core-b39cac0ca95d95a1.rlib
[INFO] [stdout]           >>> referenced by callback_info.rs:42 (/opt/rustwide/cargo-home/registry/src/index.crates.io-1949cf8c6b5b557f/napi-2.16.17/src/bindgen_runtime/callback_info.rs:42)
[INFO] [stdout]           >>>               torry_core-b39cac0ca95d95a1.torry_core.c923e022fb07c914-cgu.04.rcgu.o:(<napi::bindgen_runtime::callback_info::CallbackInfo<1>>::new) in archive /opt/rustwide/target/debug/deps/libtorry_core-b39cac0ca95d95a1.rlib
[INFO] [stdout]           >>> referenced by callback_info.rs:42 (/opt/rustwide/cargo-home/registry/src/index.crates.io-1949cf8c6b5b557f/napi-2.16.17/src/bindgen_runtime/callback_info.rs:42)
[INFO] [stdout]           >>>               torry_core-b39cac0ca95d95a1.torry_core.c923e022fb07c914-cgu.04.rcgu.o:(<napi::bindgen_runtime::callback_info::CallbackInfo<2>>::new) in archive /opt/rustwide/target/debug/deps/libtorry_core-b39cac0ca95d95a1.rlib
[INFO] [stdout]           
[INFO] [stdout]           rust-lld: error: undefined symbol: napi_create_reference
[INFO] [stdout]           >>> referenced by callback_info.rs:70 (/opt/rustwide/cargo-home/registry/src/index.crates.io-1949cf8c6b5b557f/napi-2.16.17/src/bindgen_runtime/callback_info.rs:70)
[INFO] [stdout]           >>>               torry_core-b39cac0ca95d95a1.torry_core.c923e022fb07c914-cgu.04.rcgu.o:(<napi::bindgen_runtime::callback_info::CallbackInfo<0>>::new) in archive /opt/rustwide/target/debug/deps/libtorry_core-b39cac0ca95d95a1.rlib
[INFO] [stdout]           >>> referenced by callback_info.rs:70 (/opt/rustwide/cargo-home/registry/src/index.crates.io-1949cf8c6b5b557f/napi-2.16.17/src/bindgen_runtime/callback_info.rs:70)
[INFO] [stdout]           >>>               torry_core-b39cac0ca95d95a1.torry_core.c923e022fb07c914-cgu.04.rcgu.o:(<napi::bindgen_runtime::callback_info::CallbackInfo<1>>::new) in archive /opt/rustwide/target/debug/deps/libtorry_core-b39cac0ca95d95a1.rlib
[INFO] [stdout]           >>> referenced by callback_info.rs:70 (/opt/rustwide/cargo-home/registry/src/index.crates.io-1949cf8c6b5b557f/napi-2.16.17/src/bindgen_runtime/callback_info.rs:70)
[INFO] [stdout]           >>>               torry_core-b39cac0ca95d95a1.torry_core.c923e022fb07c914-cgu.04.rcgu.o:(<napi::bindgen_runtime::callback_info::CallbackInfo<2>>::new) in archive /opt/rustwide/target/debug/deps/libtorry_core-b39cac0ca95d95a1.rlib
[INFO] [stdout]           >>> referenced 1 more times
[INFO] [stdout]           
[INFO] [stdout]           rust-lld: error: undefined symbol: napi_create_function
[INFO] [stdout]           >>> referenced by magnet.rs:13 (crates/core/src/magnet.rs:13)
[INFO] [stdout]           >>>               torry_core-b39cac0ca95d95a1.torry_core.c923e022fb07c914-cgu.04.rcgu.o:(torry_core::magnet::parse_magnet_uri_js_function) in archive /opt/rustwide/target/debug/deps/libtorry_core-b39cac0ca95d95a1.rlib
[INFO] [stdout]           
[INFO] [stdout]           rust-lld: error: undefined symbol: napi_create_object
[INFO] [stdout]           >>> referenced by session.rs:4 (crates/core/src/session.rs:4)
[INFO] [stdout]           >>>               torry_core-b39cac0ca95d95a1.torry_core.c923e022fb07c914-cgu.04.rcgu.o:(torry_core::session::__register__enum__SessionState_callback__) in archive /opt/rustwide/target/debug/deps/libtorry_core-b39cac0ca95d95a1.rlib
[INFO] [stdout]           >>> referenced by env.rs:227 (src/env.rs:227)
[INFO] [stdout]           >>>               napi-203375228d49904e.napi.55fab264356a53b6-cgu.14.rcgu.o:(<napi::env::Env>::create_object) in archive /opt/rustwide/target/debug/deps/libnapi-203375228d49904e.rlib
[INFO] [stdout]           
[INFO] [stdout]           rust-lld: error: undefined symbol: napi_set_named_property
[INFO] [stdout]           >>> referenced by session.rs:4 (crates/core/src/session.rs:4)
[INFO] [stdout]           >>>               torry_core-b39cac0ca95d95a1.torry_core.c923e022fb07c914-cgu.04.rcgu.o:(torry_core::session::__register__enum__SessionState_callback__) in archive /opt/rustwide/target/debug/deps/libtorry_core-b39cac0ca95d95a1.rlib
[INFO] [stdout]           >>> referenced by session.rs:4 (crates/core/src/session.rs:4)
[INFO] [stdout]           >>>               torry_core-b39cac0ca95d95a1.torry_core.c923e022fb07c914-cgu.04.rcgu.o:(torry_core::session::__register__enum__SessionState_callback__) in archive /opt/rustwide/target/debug/deps/libtorry_core-b39cac0ca95d95a1.rlib
[INFO] [stdout]           >>> referenced by session.rs:4 (crates/core/src/session.rs:4)
[INFO] [stdout]           >>>               torry_core-b39cac0ca95d95a1.torry_core.c923e022fb07c914-cgu.04.rcgu.o:(torry_core::session::__register__enum__SessionState_callback__) in archive /opt/rustwide/target/debug/deps/libtorry_core-b39cac0ca95d95a1.rlib
[INFO] [stdout]           >>> referenced 7 more times
[INFO] [stdout]           
[INFO] [stdout]           rust-lld: error: undefined symbol: napi_typeof
[INFO] [stdout]           >>> referenced by js_values.rs:207 (/opt/rustwide/cargo-home/registry/src/index.crates.io-1949cf8c6b5b557f/napi-2.16.17/src/bindgen_runtime/js_values.rs:207)
[INFO] [stdout]           >>>               torry_core-b39cac0ca95d95a1.torry_core.c923e022fb07c914-cgu.14.rcgu.o:(<core::option::Option<alloc::string::String> as napi::bindgen_runtime::js_values::FromNapiValue>::from_napi_value) in archive /opt/rustwide/target/debug/deps/libtorry_core-b39cac0ca95d95a1.rlib
[INFO] [stdout]           >>> referenced by lib.rs:117 (src/lib.rs:117)
[INFO] [stdout]           >>>               napi-203375228d49904e.napi.55fab264356a53b6-cgu.07.rcgu.o:(<f64 as napi::bindgen_runtime::js_values::FromNapiValue>::from_napi_value) in archive /opt/rustwide/target/debug/deps/libnapi-203375228d49904e.rlib
[INFO] [stdout]           >>> referenced by lib.rs:117 (src/lib.rs:117)
[INFO] [stdout]           >>>               napi-203375228d49904e.napi.55fab264356a53b6-cgu.10.rcgu.o:(<alloc::string::String as napi::bindgen_runtime::js_values::FromNapiValue>::from_napi_value) in archive /opt/rustwide/target/debug/deps/libnapi-203375228d49904e.rlib
[INFO] [stdout]           >>> referenced 1 more times
[INFO] [stdout]           
[INFO] [stdout]           rust-lld: error: undefined symbol: napi_get_null
[INFO] [stdout]           >>> referenced by js_values.rs:228 (/opt/rustwide/cargo-home/registry/src/index.crates.io-1949cf8c6b5b557f/napi-2.16.17/src/bindgen_runtime/js_values.rs:228)
[INFO] [stdout]           >>>               torry_core-b39cac0ca95d95a1.torry_core.c923e022fb07c914-cgu.14.rcgu.o:(<core::option::Option<alloc::string::String> as napi::bindgen_runtime::js_values::ToNapiValue>::to_napi_value) in archive /opt/rustwide/target/debug/deps/libtorry_core-b39cac0ca95d95a1.rlib
[INFO] [stdout]           
[INFO] [stdout]           rust-lld: error: undefined symbol: napi_call_function
[INFO] [stdout]           >>> referenced by function.rs:60 (src/js_values/function.rs:60)
[INFO] [stdout]           >>>               napi-203375228d49904e.napi.55fab264356a53b6-cgu.04.rcgu.o:(<napi::js_values::function::JsFunction>::call::<napi::js_values::object::JsObject>) in archive /opt/rustwide/target/debug/deps/libnapi-203375228d49904e.rlib
[INFO] [stdout]           
[INFO] [stdout]           rust-lld: error: undefined symbol: napi_get_and_clear_last_exception
[INFO] [stdout]           >>> referenced by error.rs:450 (src/error.rs:450)
[INFO] [stdout]           >>>               napi-203375228d49904e.napi.55fab264356a53b6-cgu.04.rcgu.o:(<napi::js_values::function::JsFunction>::call::<napi::js_values::object::JsObject>) in archive /opt/rustwide/target/debug/deps/libnapi-203375228d49904e.rlib
[INFO] [stdout]           >>> referenced by error.rs:450 (src/error.rs:450)
[INFO] [stdout]           >>>               napi-203375228d49904e.napi.55fab264356a53b6-cgu.04.rcgu.o:(<napi::js_values::function::JsFunction>::name) in archive /opt/rustwide/target/debug/deps/libnapi-203375228d49904e.rlib
[INFO] [stdout]           >>> referenced by error.rs:306 (src/error.rs:306)
[INFO] [stdout]           >>>               napi-203375228d49904e.napi.55fab264356a53b6-cgu.08.rcgu.o:(<napi::error::JsError>::throw_into) in archive /opt/rustwide/target/debug/deps/libnapi-203375228d49904e.rlib
[INFO] [stdout]           
[INFO] [stdout]           rust-lld: error: undefined symbol: napi_get_named_property
[INFO] [stdout]           >>> referenced by function.rs:129 (src/js_values/function.rs:129)
[INFO] [stdout]           >>>               napi-203375228d49904e.napi.55fab264356a53b6-cgu.04.rcgu.o:(<napi::js_values::function::JsFunction>::name) in archive /opt/rustwide/target/debug/deps/libnapi-203375228d49904e.rlib
[INFO] [stdout]           >>> referenced by mod.rs:378 (src/js_values/mod.rs:378)
[INFO] [stdout]           >>>               napi-203375228d49904e.napi.55fab264356a53b6-cgu.12.rcgu.o:(<napi::js_values::global::JsGlobal>::get_named_property_unchecked::<napi::js_values::global::JSON>) in archive /opt/rustwide/target/debug/deps/libnapi-203375228d49904e.rlib
[INFO] [stdout]           >>> referenced by mod.rs:378 (src/js_values/mod.rs:378)
[INFO] [stdout]           >>>               napi-203375228d49904e.napi.55fab264356a53b6-cgu.12.rcgu.o:(<napi::js_values::global::JSON>::get_named_property_unchecked::<napi::js_values::function::JsFunction>) in archive /opt/rustwide/target/debug/deps/libnapi-203375228d49904e.rlib
[INFO] [stdout]           
[INFO] [stdout]           rust-lld: error: undefined symbol: napi_get_value_string_utf8
[INFO] [stdout]           >>> referenced by mod.rs:36 (src/js_values/string/mod.rs:36)
[INFO] [stdout]           >>>               napi-203375228d49904e.napi.55fab264356a53b6-cgu.07.rcgu.o:(<napi::js_values::string::JsString>::utf8_len) in archive /opt/rustwide/target/debug/deps/libnapi-203375228d49904e.rlib
[INFO] [stdout]           >>> referenced by mod.rs:63 (src/js_values/string/mod.rs:63)
[INFO] [stdout]           >>>               napi-203375228d49904e.napi.55fab264356a53b6-cgu.07.rcgu.o:(<napi::js_values::string::JsString>::into_utf8) in archive /opt/rustwide/target/debug/deps/libnapi-203375228d49904e.rlib
[INFO] [stdout]           >>> referenced by string.rs:49 (src/bindgen_runtime/js_values/string.rs:49)
[INFO] [stdout]           >>>               napi-203375228d49904e.napi.55fab264356a53b6-cgu.10.rcgu.o:(<alloc::string::String as napi::bindgen_runtime::js_values::FromNapiValue>::from_napi_value) in archive /opt/rustwide/target/debug/deps/libnapi-203375228d49904e.rlib
[INFO] [stdout]           >>> referenced 1 more times
[INFO] [stdout]           
[INFO] [stdout]           rust-lld: error: undefined symbol: napi_get_reference_value
[INFO] [stdout]           >>> referenced by error.rs:229 (src/error.rs:229)
[INFO] [stdout]           >>>               napi-203375228d49904e.napi.55fab264356a53b6-cgu.08.rcgu.o:(<napi::error::JsError>::into_value) in archive /opt/rustwide/target/debug/deps/libnapi-203375228d49904e.rlib
[INFO] [stdout]           
[INFO] [stdout]           rust-lld: error: undefined symbol: napi_is_error
[INFO] [stdout]           >>> referenced by error.rs:240 (src/error.rs:240)
[INFO] [stdout]           >>>               napi-203375228d49904e.napi.55fab264356a53b6-cgu.08.rcgu.o:(<napi::error::JsError>::into_value) in archive /opt/rustwide/target/debug/deps/libnapi-203375228d49904e.rlib
[INFO] [stdout]           
[INFO] [stdout]           rust-lld: error: undefined symbol: napi_create_string_utf8
[INFO] [stdout]           >>> referenced by error.rs:258 (src/error.rs:258)
[INFO] [stdout]           >>>               napi-203375228d49904e.napi.55fab264356a53b6-cgu.08.rcgu.o:(<napi::error::JsError>::into_value) in archive /opt/rustwide/target/debug/deps/libnapi-203375228d49904e.rlib
[INFO] [stdout]           >>> referenced by error.rs:267 (src/error.rs:267)
[INFO] [stdout]           >>>               napi-203375228d49904e.napi.55fab264356a53b6-cgu.08.rcgu.o:(<napi::error::JsError>::into_value) in archive /opt/rustwide/target/debug/deps/libnapi-203375228d49904e.rlib
[INFO] [stdout]           >>> referenced by string.rs:26 (src/bindgen_runtime/js_values/string.rs:26)
[INFO] [stdout]           >>>               napi-203375228d49904e.napi.55fab264356a53b6-cgu.10.rcgu.o:(<&alloc::string::String as napi::bindgen_runtime::js_values::ToNapiValue>::to_napi_value) in archive /opt/rustwide/target/debug/deps/libnapi-203375228d49904e.rlib
[INFO] [stdout]           
[INFO] [stdout]           rust-lld: error: undefined symbol: napi_create_error
[INFO] [stdout]           >>> referenced by error.rs:275 (src/error.rs:275)
[INFO] [stdout]           >>>               napi-203375228d49904e.napi.55fab264356a53b6-cgu.08.rcgu.o:(<napi::error::JsError>::into_value) in archive /opt/rustwide/target/debug/deps/libnapi-203375228d49904e.rlib
[INFO] [stdout]           
[INFO] [stdout]           rust-lld: error: undefined symbol: napi_is_exception_pending
[INFO] [stdout]           >>> referenced by error.rs:299 (src/error.rs:299)
[INFO] [stdout]           >>>               napi-203375228d49904e.napi.55fab264356a53b6-cgu.08.rcgu.o:(<napi::error::JsError>::throw_into) in archive /opt/rustwide/target/debug/deps/libnapi-203375228d49904e.rlib
[INFO] [stdout]           
[INFO] [stdout]           rust-lld: error: too many errors emitted, stopping now (use --error-limit=0 to see all errors)
[INFO] [stdout]           collect2: error: ld returned 1 exit status
[INFO] [stdout]           
[INFO] [stdout] 
[INFO] [stdout] 
[INFO] [stderr] error: could not compile `torry-binding` (lib test) due to 1 previous error
[INFO] running `Command { std: "docker" "inspect" "4d40cec2b9b7d3fe2c2cfa9058b1fae7f916b5c87f5cfcf71053c5aa48d7094b", kill_on_drop: false }`
[INFO] running `Command { std: "docker" "rm" "-f" "4d40cec2b9b7d3fe2c2cfa9058b1fae7f916b5c87f5cfcf71053c5aa48d7094b", kill_on_drop: false }`
[INFO] [stdout] 4d40cec2b9b7d3fe2c2cfa9058b1fae7f916b5c87f5cfcf71053c5aa48d7094b
