[INFO] cloning repository https://github.com/franRappazzini/icrc7_nft
[INFO] running `Command { std: "git" "-c" "credential.helper=" "-c" "credential.helper=/workspace/cargo-home/bin/git-credential-null" "clone" "--bare" "https://github.com/franRappazzini/icrc7_nft" "/workspace/cache/git-repos/https%3A%2F%2Fgithub.com%2FfranRappazzini%2Ficrc7_nft", kill_on_drop: false }`
[INFO] [stderr] Cloning into bare repository '/workspace/cache/git-repos/https%3A%2F%2Fgithub.com%2FfranRappazzini%2Ficrc7_nft'...
[INFO] running `Command { std: "git" "rev-parse" "HEAD", kill_on_drop: false }`
[INFO] [stdout] a7ee91f93bfbf8f94dac442f7cfa48efb869cf91
[INFO] testing franRappazzini/icrc7_nft against 1.99.0-beta.8 for beta-1.100-2
[INFO] running `Command { std: "git" "clone" "/workspace/cache/git-repos/https%3A%2F%2Fgithub.com%2FfranRappazzini%2Ficrc7_nft" "/workspace/builds/worker-3-tc1/source", kill_on_drop: false }`
[INFO] [stderr] Cloning into '/workspace/builds/worker-3-tc1/source'...
[INFO] [stderr] done.
[INFO] started tweaking git repo https://github.com/franRappazzini/icrc7_nft
[INFO] finished tweaking git repo https://github.com/franRappazzini/icrc7_nft
[INFO] tweaked toml for git repo https://github.com/franRappazzini/icrc7_nft written to /workspace/builds/worker-3-tc1/source/Cargo.toml
[INFO] validating manifest of git repo https://github.com/franRappazzini/icrc7_nft on toolchain 1.99.0-beta.8
[INFO] running `Command { std: CARGO_HOME="/workspace/cargo-home" RUSTUP_HOME="/workspace/rustup-home" "/workspace/cargo-home/bin/cargo" "+1.99.0-beta.8" "metadata" "--manifest-path" "Cargo.toml" "--no-deps", kill_on_drop: false }`
[INFO] crate git repo https://github.com/franRappazzini/icrc7_nft already has a lockfile, it will not be regenerated
[INFO] running `Command { std: CARGO_HOME="/workspace/cargo-home" RUSTUP_HOME="/workspace/rustup-home" "/workspace/cargo-home/bin/cargo" "+1.99.0-beta.8" "fetch" "--manifest-path" "Cargo.toml", kill_on_drop: false }`
[INFO] [stderr]     Updating crates.io index
[INFO] [stderr]  Downloading crates ...
[INFO] [stderr]   Downloaded quote v1.0.35
[INFO] [stderr]   Downloaded libredox v0.0.1
[INFO] [stderr]   Downloaded typed-arena v2.0.2
[INFO] [stderr]   Downloaded lalrpop-util v0.20.0
[INFO] [stderr]   Downloaded redox_users v0.4.4
[INFO] [stderr]   Downloaded icrc-ledger-types v0.1.4
[INFO] [stderr]   Downloaded leb128 v0.2.5
[INFO] [stderr]   Downloaded unicode-xid v0.2.4
[INFO] [stderr]   Downloaded string_cache v0.8.7
[INFO] [stderr]   Downloaded new_debug_unreachable v1.0.4
[INFO] [stderr]   Downloaded pico-args v0.5.0
[INFO] [stderr]   Downloaded thiserror-impl v1.0.56
[INFO] [stderr]   Downloaded stacker v0.1.15
[INFO] [stderr]   Downloaded pretty v0.12.3
[INFO] [stderr]   Downloaded thiserror v1.0.56
[INFO] [stderr]   Downloaded psm v0.1.21
[INFO] [stderr]   Downloaded rustversion v1.0.14
[INFO] [stderr]   Downloaded proc-macro2 v1.0.76
[INFO] [stderr]   Downloaded smallvec v1.11.2
[INFO] [stderr]   Downloaded is-terminal v0.4.10
[INFO] [stderr]   Downloaded getrandom v0.2.11
[INFO] [stderr]   Downloaded serde_derive v1.0.195
[INFO] [stderr]   Downloaded ena v0.14.2
[INFO] [stderr]   Downloaded serde v1.0.195
[INFO] [stderr]   Downloaded candid_derive v0.6.4
[INFO] [stderr]   Downloaded data-encoding v2.5.0
[INFO] [stderr]   Downloaded ciborium-io v0.2.1
[INFO] [stderr]   Downloaded indexmap v2.1.0
[INFO] [stderr]   Downloaded termcolor v1.4.0
[INFO] [stderr]   Downloaded binread_derive v2.1.0
[INFO] [stderr]   Downloaded base32 v0.4.0
[INFO] [stderr]   Downloaded ic-cdk-macros v0.8.1
[INFO] [stderr]   Downloaded ic0 v0.21.1
[INFO] [stderr]   Downloaded candid v0.9.11
[INFO] [stderr]   Downloaded binread v2.2.0
[INFO] [stderr]   Downloaded ic_principal v0.1.1
[INFO] [stderr]   Downloaded serde_tokenstream v0.1.7
[INFO] [stderr]   Downloaded ic-cdk v0.11.3
[INFO] [stderr]   Downloaded ciborium-ll v0.2.1
[INFO] [stderr]   Downloaded memchr v2.7.1
[INFO] [stderr]   Downloaded unicode-segmentation v1.10.1
[INFO] [stderr]   Downloaded anyhow v1.0.79
[INFO] [stderr]   Downloaded ciborium v0.2.1
[INFO] [stderr]   Downloaded half v1.8.2
[INFO] [stderr]   Downloaded syn v2.0.48
[INFO] [stderr]   Downloaded winnow v0.5.33
[INFO] [stderr]   Downloaded petgraph v0.6.4
[INFO] [stderr]   Downloaded lalrpop v0.20.0
[INFO] [stderr]   Downloaded regex-syntax v0.7.5
[INFO] [stderr]   Downloaded ic-stable-structures v0.6.1
[INFO] running `Command { std: "docker" "create" "-v" "/var/lib/crater-agent-workspace/builds/worker-3-tc1/source:/opt/rustwide/workdir:ro,Z" "-v" "/var/lib/crater-agent-workspace/builds/worker-3-tc1/target:/opt/rustwide/target:rw,Z" "-v" "/var/lib/crater-agent-workspace/cargo-home:/opt/rustwide/cargo-home:ro,Z" "-v" "/var/lib/crater-agent-workspace/rustup-home:/opt/rustwide/rustup-home:ro,Z" "-m" "1610612736" "--network" "none" "ghcr.io/rust-lang/crates-build-env/linux@sha256:3111399a4047eeb3a02b7a90e478d715f38a8c6669b5c4b49d30a17385265909" "sleep" "infinity", kill_on_drop: false }`
[INFO] [stdout] 413eb6477913b7580ca15d7485f4981d7e6c067b36a8972dcb24731e44f61111
[INFO] running `Command { std: "docker" "start" "413eb6477913b7580ca15d7485f4981d7e6c067b36a8972dcb24731e44f61111", kill_on_drop: false }`
[INFO] running `Command { std: "docker" "inspect" "413eb6477913b7580ca15d7485f4981d7e6c067b36a8972dcb24731e44f61111", kill_on_drop: false }`
[INFO] running `Command { std: "docker" "exec" "-e" "SOURCE_DIR=/opt/rustwide/workdir" "-e" "CARGO_HOME=/opt/rustwide/cargo-home" "-e" "RUSTUP_HOME=/opt/rustwide/rustup-home" "-e" "CARGO_TARGET_DIR=/opt/rustwide/target" "-w" "/opt/rustwide/workdir" "--user" "0:0" "413eb6477913b7580ca15d7485f4981d7e6c067b36a8972dcb24731e44f61111" "/opt/rustwide/cargo-home/bin/cargo" "+1.99.0-beta.8" "metadata" "--no-deps" "--format-version=1", kill_on_drop: false }`
[INFO] running `Command { std: "docker" "inspect" "413eb6477913b7580ca15d7485f4981d7e6c067b36a8972dcb24731e44f61111", kill_on_drop: false }`
[INFO] running `Command { std: "docker" "exec" "-e" "SOURCE_DIR=/opt/rustwide/workdir" "-e" "CARGO_HOME=/opt/rustwide/cargo-home" "-e" "RUSTUP_HOME=/opt/rustwide/rustup-home" "-e" "CARGO_TARGET_DIR=/opt/rustwide/target" "-e" "CARGO_INCREMENTAL=0" "-e" "RUST_BACKTRACE=full" "-e" "RUSTFLAGS=--cap-lints=warn" "-e" "RUSTDOCFLAGS=--cap-lints=warn" "-w" "/opt/rustwide/workdir" "--user" "0:0" "413eb6477913b7580ca15d7485f4981d7e6c067b36a8972dcb24731e44f61111" "/opt/rustwide/cargo-home/bin/cargo" "+1.99.0-beta.8" "build" "--frozen" "--message-format=json", kill_on_drop: false }`
[INFO] [stderr]    Compiling proc-macro2 v1.0.76
[INFO] [stderr]    Compiling unicode-ident v1.0.12
[INFO] [stderr]    Compiling libc v0.2.151
[INFO] [stderr]    Compiling autocfg v1.1.0
[INFO] [stderr]    Compiling cfg-if v1.0.0
[INFO] [stderr]    Compiling hashbrown v0.14.3
[INFO] [stderr]    Compiling equivalent v1.0.1
[INFO] [stderr]    Compiling typenum v1.17.0
[INFO] [stderr]    Compiling version_check v0.9.4
[INFO] [stderr]    Compiling once_cell v1.19.0
[INFO] [stderr]    Compiling either v1.9.0
[INFO] [stderr]    Compiling parking_lot_core v0.9.9
[INFO] [stderr]    Compiling syn v1.0.109
[INFO] [stderr]    Compiling num-traits v0.2.17
[INFO] [stderr]    Compiling generic-array v0.14.7
[INFO] [stderr]    Compiling lock_api v0.4.11
[INFO] [stderr]    Compiling num-integer v0.1.45
[INFO] [stderr]    Compiling smallvec v1.11.2
[INFO] [stderr]    Compiling winnow v0.5.33
[INFO] [stderr]    Compiling regex-syntax v0.8.2
[INFO] [stderr]    Compiling quote v1.0.35
[INFO] [stderr]    Compiling cc v1.0.83
[INFO] [stderr]    Compiling dirs-sys-next v0.1.2
[INFO] [stderr]    Compiling rustix v0.38.28
[INFO] [stderr]    Compiling syn v2.0.48
[INFO] [stderr]    Compiling indexmap v2.1.0
[INFO] [stderr]    Compiling crunchy v0.2.2
[INFO] [stderr]    Compiling toml_datetime v0.6.5
[INFO] [stderr]    Compiling scopeguard v1.2.0
[INFO] [stderr]    Compiling dirs-next v2.0.0
[INFO] [stderr]    Compiling num-bigint v0.4.4
[INFO] [stderr]    Compiling tiny-keccak v2.0.2
[INFO] [stderr]    Compiling serde v1.0.195
[INFO] [stderr]    Compiling linux-raw-sys v0.4.12
[INFO] [stderr]    Compiling psm v0.1.21
[INFO] [stderr]    Compiling siphasher v0.3.11
[INFO] [stderr]    Compiling bitflags v2.4.1
[INFO] [stderr]    Compiling rustversion v1.0.14
[INFO] [stderr]    Compiling phf_shared v0.10.0
[INFO] [stderr]    Compiling stacker v0.1.15
[INFO] [stderr]    Compiling parking_lot v0.12.1
[INFO] [stderr]    Compiling regex-automata v0.4.3
[INFO] [stderr]    Compiling block-buffer v0.10.4
[INFO] [stderr]    Compiling toml_edit v0.19.15
[INFO] [stderr]    Compiling crypto-common v0.1.6
[INFO] [stderr]    Compiling term v0.7.0
[INFO] [stderr]    Compiling new_debug_unreachable v1.0.4
[INFO] [stderr]    Compiling thiserror v1.0.56
[INFO] [stderr]    Compiling fixedbitset v0.4.2
[INFO] [stderr]    Compiling anyhow v1.0.79
[INFO] [stderr]    Compiling paste v1.0.14
[INFO] [stderr]    Compiling bit-vec v0.6.3
[INFO] [stderr]    Compiling log v0.4.20
[INFO] [stderr]    Compiling precomputed-hash v0.1.1
[INFO] [stderr]    Compiling crc32fast v1.3.2
[INFO] [stderr]    Compiling unicode-width v0.1.11
[INFO] [stderr]    Compiling lazy_static v1.4.0
[INFO] [stderr]    Compiling ena v0.14.2
[INFO] [stderr]    Compiling bit-set v0.5.3
[INFO] [stderr]    Compiling string_cache v0.8.7
[INFO] [stderr]    Compiling petgraph v0.6.4
[INFO] [stderr]    Compiling ascii-canvas v3.0.0
[INFO] [stderr]    Compiling is-terminal v0.4.10
[INFO] [stderr]    Compiling digest v0.10.7
[INFO] [stderr]    Compiling itertools v0.10.5
[INFO] [stderr]    Compiling unicode-xid v0.2.4
[INFO] [stderr]    Compiling diff v0.1.13
[INFO] [stderr]    Compiling regex-syntax v0.7.5
[INFO] [stderr]    Compiling cpufeatures v0.2.12
[INFO] [stderr]    Compiling arrayvec v0.5.2
[INFO] [stderr]    Compiling regex-syntax v0.6.29
[INFO] [stderr]    Compiling proc-macro-crate v1.3.1
[INFO] [stderr]    Compiling regex v1.10.2
[INFO] [stderr]    Compiling beef v0.5.2
[INFO] [stderr]    Compiling termcolor v1.4.0
[INFO] [stderr]    Compiling pico-args v0.5.0
[INFO] [stderr]    Compiling lalrpop-util v0.20.0
[INFO] [stderr]    Compiling typed-arena v2.0.2
[INFO] [stderr]    Compiling pretty v0.12.3
[INFO] [stderr]    Compiling codespan-reporting v0.11.1
[INFO] [stderr]    Compiling sha2 v0.10.8
[INFO] [stderr]    Compiling serde_derive v1.0.195
[INFO] [stderr]    Compiling num_enum_derive v0.6.1
[INFO] [stderr]    Compiling thiserror-impl v1.0.56
[INFO] [stderr]    Compiling lalrpop v0.20.0
[INFO] [stderr]    Compiling candid_derive v0.6.4
[INFO] [stderr]    Compiling num_enum v0.6.1
[INFO] [stderr]    Compiling logos-codegen v0.13.0
[INFO] [stderr]    Compiling binread_derive v2.1.0
[INFO] [stderr]    Compiling leb128 v0.2.5
[INFO] [stderr]    Compiling byteorder v1.5.0
[INFO] [stderr]    Compiling data-encoding v2.5.0
[INFO] [stderr]    Compiling unicode-segmentation v1.10.1
[INFO] [stderr]    Compiling candid v0.9.11
[INFO] [stderr]    Compiling convert_case v0.6.0
[INFO] [stderr]    Compiling ic0 v0.21.1
[INFO] [stderr]    Compiling half v1.8.2
[INFO] [stderr]    Compiling base32 v0.4.0
[INFO] [stderr]    Compiling ciborium-io v0.2.1
[INFO] [stderr]    Compiling ciborium-ll v0.2.1
[INFO] [stderr]    Compiling ic_principal v0.1.1
[INFO] [stderr]    Compiling ic-stable-structures v0.6.1
[INFO] [stderr]    Compiling logos-derive v0.13.0
[INFO] [stderr]    Compiling binread v2.2.0
[INFO] [stderr]    Compiling logos v0.13.0
[INFO] [stderr]    Compiling serde_bytes v0.11.14
[INFO] [stderr]    Compiling ciborium v0.2.1
[INFO] [stderr]    Compiling serde_tokenstream v0.1.7
[INFO] [stderr]    Compiling ic-cdk-macros v0.8.1
[INFO] [stderr]    Compiling icrc-ledger-types v0.1.4
[INFO] [stderr]    Compiling ic-cdk v0.11.3
[INFO] [stderr]    Compiling factory v0.1.0 (/opt/rustwide/workdir/factory)
[INFO] [stderr]    Compiling transaction_log v0.1.0 (/opt/rustwide/workdir/transaction_log)
[INFO] [stderr]    Compiling icrc7 v0.1.0 (/opt/rustwide/workdir/icrc7)
[INFO] [stdout] error: couldn't read `factory/src/./../../wasm_files/icrc7.wasm.gz`: No such file or directory (os error 2)
[INFO] [stdout]   --> factory/src/lib.rs:10:31
[INFO] [stdout]    |
[INFO] [stdout] 10 | pub const ICRC7_WASM: &[u8] = std::include_bytes!("./../../wasm_files/icrc7.wasm.gz");
[INFO] [stdout]    |                               ^^^^^^^^^^^^^^^^^^^^^^^^^^^^^^^^^^^^^^^^^^^^^^^^^^^^^^^
[INFO] [stdout] 
[INFO] [stdout] 
[INFO] [stderr] error: could not compile `factory` (lib) due to 1 previous error
[INFO] [stderr] warning: build failed, waiting for other jobs to finish...
[INFO] [stdout] warning: hiding a lifetime that's elided elsewhere is confusing
[INFO] [stdout]   --> transaction_log/src/state.rs:22:17
[INFO] [stdout]    |
[INFO] [stdout] 22 |     fn to_bytes(&self) -> std::borrow::Cow<[u8]> {
[INFO] [stdout]    |                 ^^^^^     ^^^^^^^^^^^^^^^^^^^^^^ the same lifetime is hidden here
[INFO] [stdout]    |                 |
[INFO] [stdout]    |                 the lifetime is elided here
[INFO] [stdout]    |
[INFO] [stdout]    = help: the same lifetime is referred to in inconsistent ways, making the signature confusing
[INFO] [stdout]    = note: `#[warn(mismatched_lifetime_syntaxes)]` on by default
[INFO] [stdout] help: use `'_` for type paths
[INFO] [stdout]    |
[INFO] [stdout] 22 |     fn to_bytes(&self) -> std::borrow::Cow<'_, [u8]> {
[INFO] [stdout]    |                                            +++
[INFO] [stdout] 
[INFO] [stdout] 
[INFO] [stdout] error: linking with `cc` failed: exit status: 1
[INFO] [stdout]   |
[INFO] [stdout]   = note:  "cc" "-Wl,--version-script=/opt/rustwide/target/debug/deps/rustccHUKA3/list" "-Wl,--no-undefined-version" "-m64" "/opt/rustwide/target/debug/deps/rustccHUKA3/symbols.o" "<2 object files omitted>" "-Wl,--as-needed" "-Wl,-Bstatic" "/opt/rustwide/target/debug/deps/{libic_cdk-c49d27a6dc89351d,libic0-79a8909626322a3c,libic_stable_structures-bf331eea08abea00,libic_principal-7c8ddb8c13ecae66,libcandid-01ee2a17ed59d940,libstacker-30a2360cfab7c2f5,libpsm-31facab696c85d70,liblibc-6d05f80e439c2e2e,libcrc32fast-b1b13fb2b4f6e9b8,libdata_encoding-12b8151122438183,libserde_bytes-5317e44a8ee9221d,libhex-13e08b3b00984ab7,libconvert_case-8efb19fa9afcad30,libunicode_segmentation-1b2e0d1adea94940,liblogos-059e0605f9cf3f1c,libleb128-7759971397ea6ba0,libbyteorder-8f59b6d1bfdaa844,libsha2-e10c187d22ff944e,libcpufeatures-926366d381e17465,libcfg_if-3e7fc4e38d4a72b5,libdigest-0c759a101fb02f6f,libblock_buffer-13c6334aa7ee32a4,libcrypto_common-89e9b6af79403afb,libgeneric_array-afac002e3e8998b8,libtypenum-44a2840d4152a259,libnum_bigint-aa7da09abb591dc8,libnum_integer-6ec66de5dcdfa8b2,libnum_traits-1c7cf315bf5dff1b,libanyhow-76d518f6d39d7dbe,libnum_enum-4305fcdc208717ec,libpretty-bdc0b31e579a1c30,libarrayvec-d564b1181ab8b533,libtyped_arena-76aa4bfb127f070d,libbinread-9c609d6c839300b2,liblazy_static-af860367908b8176,liblalrpop_util-cd71609c2449f464,libthiserror-d9e87e0bd85ad361,libcodespan_reporting-d0d0bbf82402b029,libunicode_width-affb1d25ef114124,libtermcolor-084638a5c188913f,libserde-b4838e53aee54954}.rlib" "<sysroot>/lib/rustlib/x86_64-unknown-linux-gnu/lib/{libstd-*,libpanic_unwind-*,libobject-*,libmemchr-*,libaddr2line-*,libgimli-*,libcfg_if-*,librustc_demangle-*,libstd_detect-*,libhashbrown-*,librustc_std_workspace_alloc-*,libminiz_oxide-*,libadler2-*,libunwind-*,liblibc-*,librustc_std_workspace_core-*,liballoc-*,libcore-*,libcompiler_builtins-*}.rlib" "-Wl,-Bdynamic" "-lgcc_s" "-lutil" "-lrt" "-lpthread" "-lm" "-ldl" "-lc" "-L" "/opt/rustwide/target/debug/deps/rustccHUKA3/raw-dylibs" "-B<sysroot>/lib/rustlib/x86_64-unknown-linux-gnu/bin/gcc-ld" "-fuse-ld=lld" "-Wl,--eh-frame-hdr" "-Wl,-z,noexecstack" "-L" "/opt/rustwide/target/debug/build/psm-cd33a7adaf1cb90c/out" "-L" "<sysroot>/lib/rustlib/x86_64-unknown-linux-gnu/lib" "-o" "/opt/rustwide/target/debug/deps/libtransaction_log.so" "-Wl,--gc-sections" "-shared" "-Wl,-z,relro,-z,now" "-nodefaultlibs"
[INFO] [stdout]   = note: some arguments are omitted. use `--verbose` to show all linker arguments
[INFO] [stdout]   = note: rust-lld: error: /opt/rustwide/target/debug/deps/rustccHUKA3/list:4: ; expected, but got __get_candid_interface_tmp_hack
[INFO] [stdout]           >>>     canister_query __get_candid_interface_tmp_hack;
[INFO] [stdout]           >>>                    ^
[INFO] [stdout]           collect2: error: ld returned 1 exit status
[INFO] [stdout]           
[INFO] [stdout] 
[INFO] [stdout] 
[INFO] [stderr] error: could not compile `transaction_log` (lib) due to 1 previous error; 1 warning emitted
[INFO] [stdout] warning: hiding a lifetime that's elided elsewhere is confusing
[INFO] [stdout]   --> icrc7/src/icrc7_types.rs:51:17
[INFO] [stdout]    |
[INFO] [stdout] 51 |     fn to_bytes(&self) -> std::borrow::Cow<[u8]> {
[INFO] [stdout]    |                 ^^^^^     ^^^^^^^^^^^^^^^^^^^^^^ the same lifetime is hidden here
[INFO] [stdout]    |                 |
[INFO] [stdout]    |                 the lifetime is elided here
[INFO] [stdout]    |
[INFO] [stdout]    = help: the same lifetime is referred to in inconsistent ways, making the signature confusing
[INFO] [stdout]    = note: `#[warn(mismatched_lifetime_syntaxes)]` on by default
[INFO] [stdout] help: use `'_` for type paths
[INFO] [stdout]    |
[INFO] [stdout] 51 |     fn to_bytes(&self) -> std::borrow::Cow<'_, [u8]> {
[INFO] [stdout]    |                                            +++
[INFO] [stdout] 
[INFO] [stdout] 
[INFO] [stdout] warning: hiding a lifetime that's elided elsewhere is confusing
[INFO] [stdout]    --> icrc7/src/icrc7_types.rs:164:17
[INFO] [stdout]     |
[INFO] [stdout] 164 |     fn to_bytes(&self) -> std::borrow::Cow<[u8]> {
[INFO] [stdout]     |                 ^^^^^     ^^^^^^^^^^^^^^^^^^^^^^ the same lifetime is hidden here
[INFO] [stdout]     |                 |
[INFO] [stdout]     |                 the lifetime is elided here
[INFO] [stdout]     |
[INFO] [stdout]     = help: the same lifetime is referred to in inconsistent ways, making the signature confusing
[INFO] [stdout] help: use `'_` for type paths
[INFO] [stdout]     |
[INFO] [stdout] 164 |     fn to_bytes(&self) -> std::borrow::Cow<'_, [u8]> {
[INFO] [stdout]     |                                            +++
[INFO] [stdout] 
[INFO] [stdout] 
[INFO] [stdout] warning: hiding a lifetime that's elided elsewhere is confusing
[INFO] [stdout]   --> icrc7/src/state.rs:47:17
[INFO] [stdout]    |
[INFO] [stdout] 47 |     fn to_bytes(&self) -> std::borrow::Cow<[u8]> {
[INFO] [stdout]    |                 ^^^^^     ^^^^^^^^^^^^^^^^^^^^^^ the same lifetime is hidden here
[INFO] [stdout]    |                 |
[INFO] [stdout]    |                 the lifetime is elided here
[INFO] [stdout]    |
[INFO] [stdout]    = help: the same lifetime is referred to in inconsistent ways, making the signature confusing
[INFO] [stdout] help: use `'_` for type paths
[INFO] [stdout]    |
[INFO] [stdout] 47 |     fn to_bytes(&self) -> std::borrow::Cow<'_, [u8]> {
[INFO] [stdout]    |                                            +++
[INFO] [stdout] 
[INFO] [stdout] 
[INFO] [stdout] error: linking with `cc` failed: exit status: 1
[INFO] [stdout]   |
[INFO] [stdout]   = note:  "cc" "-Wl,--version-script=/opt/rustwide/target/debug/deps/rustcRYFveF/list" "-Wl,--no-undefined-version" "-m64" "/opt/rustwide/target/debug/deps/rustcRYFveF/symbols.o" "<11 object files omitted>" "-Wl,--as-needed" "-Wl,-Bstatic" "/opt/rustwide/target/debug/deps/{libciborium-9ed34aac607ace40,libciborium_ll-8c16680022225cfe,libhalf-ab7070883a656f8b,libciborium_io-b187a5036e39f50b,libic_cdk-c49d27a6dc89351d,libic0-79a8909626322a3c,libicrc_ledger_types-d80f49ff6c2f80dd,libbase32-af1dde7dcf605cef,libic_stable_structures-bf331eea08abea00,libic_principal-7c8ddb8c13ecae66,libcandid-01ee2a17ed59d940,libstacker-30a2360cfab7c2f5,libpsm-31facab696c85d70,liblibc-6d05f80e439c2e2e,libcrc32fast-b1b13fb2b4f6e9b8,libdata_encoding-12b8151122438183,libserde_bytes-5317e44a8ee9221d,libhex-13e08b3b00984ab7,libconvert_case-8efb19fa9afcad30,libunicode_segmentation-1b2e0d1adea94940,liblogos-059e0605f9cf3f1c,libleb128-7759971397ea6ba0,libbyteorder-8f59b6d1bfdaa844,libsha2-e10c187d22ff944e,libcpufeatures-926366d381e17465,libcfg_if-3e7fc4e38d4a72b5,libdigest-0c759a101fb02f6f,libblock_buffer-13c6334aa7ee32a4,libcrypto_common-89e9b6af79403afb,libgeneric_array-afac002e3e8998b8,libtypenum-44a2840d4152a259,libnum_bigint-aa7da09abb591dc8,libnum_integer-6ec66de5dcdfa8b2,libnum_traits-1c7cf315bf5dff1b,libanyhow-76d518f6d39d7dbe,libnum_enum-4305fcdc208717ec,libpretty-bdc0b31e579a1c30,libarrayvec-d564b1181ab8b533,libtyped_arena-76aa4bfb127f070d,libbinread-9c609d6c839300b2,liblazy_static-af860367908b8176,liblalrpop_util-cd71609c2449f464,libthiserror-d9e87e0bd85ad361,libcodespan_reporting-d0d0bbf82402b029,libunicode_width-affb1d25ef114124,libtermcolor-084638a5c188913f,libserde-b4838e53aee54954}.rlib" "<sysroot>/lib/rustlib/x86_64-unknown-linux-gnu/lib/{libstd-*,libpanic_unwind-*,libobject-*,libmemchr-*,libaddr2line-*,libgimli-*,libcfg_if-*,librustc_demangle-*,libstd_detect-*,libhashbrown-*,librustc_std_workspace_alloc-*,libminiz_oxide-*,libadler2-*,libunwind-*,liblibc-*,librustc_std_workspace_core-*,liballoc-*,libcore-*,libcompiler_builtins-*}.rlib" "-Wl,-Bdynamic" "-lgcc_s" "-lutil" "-lrt" "-lpthread" "-lm" "-ldl" "-lc" "-L" "/opt/rustwide/target/debug/deps/rustcRYFveF/raw-dylibs" "-B<sysroot>/lib/rustlib/x86_64-unknown-linux-gnu/bin/gcc-ld" "-fuse-ld=lld" "-Wl,--eh-frame-hdr" "-Wl,-z,noexecstack" "-L" "/opt/rustwide/target/debug/build/psm-cd33a7adaf1cb90c/out" "-L" "<sysroot>/lib/rustlib/x86_64-unknown-linux-gnu/lib" "-o" "/opt/rustwide/target/debug/deps/libicrc7.so" "-Wl,--gc-sections" "-shared" "-Wl,-z,relro,-z,now" "-nodefaultlibs"
[INFO] [stdout]   = note: some arguments are omitted. use `--verbose` to show all linker arguments
[INFO] [stdout]   = note: rust-lld: error: /opt/rustwide/target/debug/deps/rustcRYFveF/list:6: ; expected, but got __get_candid_interface_tmp_hack
[INFO] [stdout]           >>>     canister_query __get_candid_interface_tmp_hack;
[INFO] [stdout]           >>>                    ^
[INFO] [stdout]           collect2: error: ld returned 1 exit status
[INFO] [stdout]           
[INFO] [stdout] 
[INFO] [stdout] 
[INFO] [stderr] error: could not compile `icrc7` (lib) due to 1 previous error; 3 warnings emitted
[INFO] running `Command { std: "docker" "inspect" "413eb6477913b7580ca15d7485f4981d7e6c067b36a8972dcb24731e44f61111", kill_on_drop: false }`
[INFO] running `Command { std: "docker" "rm" "-f" "413eb6477913b7580ca15d7485f4981d7e6c067b36a8972dcb24731e44f61111", kill_on_drop: false }`
[INFO] [stdout] 413eb6477913b7580ca15d7485f4981d7e6c067b36a8972dcb24731e44f61111
