[INFO] cloning repository https://github.com/flyingzl/chrome-password-unlock
[INFO] running `Command { std: "git" "-c" "credential.helper=" "-c" "credential.helper=/workspace/cargo-home/bin/git-credential-null" "clone" "--bare" "https://github.com/flyingzl/chrome-password-unlock" "/workspace/cache/git-repos/https%3A%2F%2Fgithub.com%2Fflyingzl%2Fchrome-password-unlock", kill_on_drop: false }`
[INFO] [stderr] Cloning into bare repository '/workspace/cache/git-repos/https%3A%2F%2Fgithub.com%2Fflyingzl%2Fchrome-password-unlock'...
[INFO] running `Command { std: "git" "rev-parse" "HEAD", kill_on_drop: false }`
[INFO] [stdout] 491bdbb1bf0055d4a75893d52ff0888a4d75bf2e
[INFO] testing flyingzl/chrome-password-unlock against 1.99.0-beta.8 for beta-1.100-2
[INFO] running `Command { std: "git" "clone" "/workspace/cache/git-repos/https%3A%2F%2Fgithub.com%2Fflyingzl%2Fchrome-password-unlock" "/workspace/builds/worker-4-tc1/source", kill_on_drop: false }`
[INFO] [stderr] Cloning into '/workspace/builds/worker-4-tc1/source'...
[INFO] [stderr] done.
[INFO] started tweaking git repo https://github.com/flyingzl/chrome-password-unlock
[INFO] finished tweaking git repo https://github.com/flyingzl/chrome-password-unlock
[INFO] tweaked toml for git repo https://github.com/flyingzl/chrome-password-unlock written to /workspace/builds/worker-4-tc1/source/Cargo.toml
[INFO] validating manifest of git repo https://github.com/flyingzl/chrome-password-unlock on toolchain 1.99.0-beta.8
[INFO] running `Command { std: CARGO_HOME="/workspace/cargo-home" RUSTUP_HOME="/workspace/rustup-home" "/workspace/cargo-home/bin/cargo" "+1.99.0-beta.8" "metadata" "--manifest-path" "Cargo.toml" "--no-deps", kill_on_drop: false }`
[INFO] crate git repo https://github.com/flyingzl/chrome-password-unlock already has a lockfile, it will not be regenerated
[INFO] running `Command { std: CARGO_HOME="/workspace/cargo-home" RUSTUP_HOME="/workspace/rustup-home" "/workspace/cargo-home/bin/cargo" "+1.99.0-beta.8" "fetch" "--manifest-path" "Cargo.toml", kill_on_drop: false }`
[INFO] [stderr]     Updating crates.io index
[INFO] [stderr]  Downloading crates ...
[INFO] [stderr]   Downloaded unicode-ident v1.0.23
[INFO] [stderr]   Downloaded clap_lex v0.7.7
[INFO] [stderr]   Downloaded cc v1.2.55
[INFO] [stderr]   Downloaded block-padding v0.3.3
[INFO] [stderr]   Downloaded dirs v5.0.1
[INFO] [stderr]   Downloaded cbc v0.1.2
[INFO] [stderr]   Downloaded clap v4.5.57
[INFO] [stderr]   Downloaded anyhow v1.0.101
[INFO] [stderr]   Downloaded zerocopy-derive v0.8.39
[INFO] [stderr]   Downloaded clap_builder v4.5.57
[INFO] [stderr]   Downloaded syn v2.0.114
[INFO] [stderr]   Downloaded zerocopy v0.8.39
[INFO] [stderr]   Downloaded libc v0.2.180
[INFO] running `Command { std: "docker" "create" "-v" "/var/lib/crater-agent-workspace/builds/worker-4-tc1/source:/opt/rustwide/workdir:ro,Z" "-v" "/var/lib/crater-agent-workspace/builds/worker-4-tc1/target:/opt/rustwide/target:rw,Z" "-v" "/var/lib/crater-agent-workspace/cargo-home:/opt/rustwide/cargo-home:ro,Z" "-v" "/var/lib/crater-agent-workspace/rustup-home:/opt/rustwide/rustup-home:ro,Z" "-m" "1610612736" "--network" "none" "ghcr.io/rust-lang/crates-build-env/linux@sha256:3111399a4047eeb3a02b7a90e478d715f38a8c6669b5c4b49d30a17385265909" "sleep" "infinity", kill_on_drop: false }`
[INFO] [stdout] 255cb2de9f409132e43fa57d5702c0c74a75d97256deb29a55444f78887ec47d
[INFO] running `Command { std: "docker" "start" "255cb2de9f409132e43fa57d5702c0c74a75d97256deb29a55444f78887ec47d", kill_on_drop: false }`
[INFO] running `Command { std: "docker" "inspect" "255cb2de9f409132e43fa57d5702c0c74a75d97256deb29a55444f78887ec47d", kill_on_drop: false }`
[INFO] running `Command { std: "docker" "exec" "-e" "SOURCE_DIR=/opt/rustwide/workdir" "-e" "CARGO_HOME=/opt/rustwide/cargo-home" "-e" "RUSTUP_HOME=/opt/rustwide/rustup-home" "-e" "CARGO_TARGET_DIR=/opt/rustwide/target" "-w" "/opt/rustwide/workdir" "--user" "0:0" "255cb2de9f409132e43fa57d5702c0c74a75d97256deb29a55444f78887ec47d" "/opt/rustwide/cargo-home/bin/cargo" "+1.99.0-beta.8" "metadata" "--no-deps" "--format-version=1", kill_on_drop: false }`
[INFO] running `Command { std: "docker" "inspect" "255cb2de9f409132e43fa57d5702c0c74a75d97256deb29a55444f78887ec47d", kill_on_drop: false }`
[INFO] running `Command { std: "docker" "exec" "-e" "SOURCE_DIR=/opt/rustwide/workdir" "-e" "CARGO_HOME=/opt/rustwide/cargo-home" "-e" "RUSTUP_HOME=/opt/rustwide/rustup-home" "-e" "CARGO_TARGET_DIR=/opt/rustwide/target" "-e" "CARGO_INCREMENTAL=0" "-e" "RUST_BACKTRACE=full" "-e" "RUSTFLAGS=--cap-lints=warn" "-e" "RUSTDOCFLAGS=--cap-lints=warn" "-w" "/opt/rustwide/workdir" "--user" "0:0" "255cb2de9f409132e43fa57d5702c0c74a75d97256deb29a55444f78887ec47d" "/opt/rustwide/cargo-home/bin/cargo" "+1.99.0-beta.8" "build" "--frozen" "--message-format=json", kill_on_drop: false }`
[INFO] [stderr]    Compiling typenum v1.19.0
[INFO] [stderr]    Compiling quote v1.0.44
[INFO] [stderr]    Compiling unicode-ident v1.0.23
[INFO] [stderr]    Compiling libc v0.2.180
[INFO] [stderr]    Compiling once_cell v1.21.3
[INFO] [stderr]    Compiling zerocopy v0.8.39
[INFO] [stderr]    Compiling smallvec v1.15.1
[INFO] [stderr]    Compiling bitflags v2.10.0
[INFO] [stderr]    Compiling proc-macro2 v1.0.106
[INFO] [stderr]    Compiling cc v1.2.55
[INFO] [stderr]    Compiling rustix v1.1.3
[INFO] [stderr]    Compiling subtle v2.6.1
[INFO] [stderr]    Compiling tracing-core v0.1.36
[INFO] [stderr]    Compiling anstyle-parse v0.2.7
[INFO] [stderr]    Compiling zmij v1.0.20
[INFO] [stderr]    Compiling colorchoice v1.0.4
[INFO] [stderr]    Compiling linux-raw-sys v0.11.0
[INFO] [stderr]    Compiling anstyle v1.0.13
[INFO] [stderr]    Compiling syn v2.0.114
[INFO] [stderr]    Compiling core-foundation-sys v0.8.7
[INFO] [stderr]    Compiling is_terminal_polyfill v1.70.2
[INFO] [stderr]    Compiling anstyle-query v1.1.5
[INFO] [stderr]    Compiling regex-syntax v0.8.9
[INFO] [stderr]    Compiling anstream v0.6.21
[INFO] [stderr]    Compiling generic-array v0.14.7
[INFO] [stderr]    Compiling pin-project-lite v0.2.16
[INFO] [stderr]    Compiling anyhow v1.0.101
[INFO] [stderr]    Compiling parking_lot_core v0.9.12
[INFO] [stderr]    Compiling serde_json v1.0.149
[INFO] [stderr]    Compiling clap_lex v0.7.7
[INFO] [stderr]    Compiling crypto-common v0.1.7
[INFO] [stderr]    Compiling block-padding v0.3.3
[INFO] [stderr]    Compiling block-buffer v0.10.4
[INFO] [stderr]    Compiling parking_lot v0.12.5
[INFO] [stderr]    Compiling libsqlite3-sys v0.30.1
[INFO] [stderr]    Compiling inout v0.1.4
[INFO] [stderr]    Compiling digest v0.10.7
[INFO] [stderr]    Compiling cipher v0.4.4
[INFO] [stderr]    Compiling log v0.4.29
[INFO] [stderr]    Compiling hmac v0.12.1
[INFO] [stderr]    Compiling crossterm v0.29.0
[INFO] [stderr]    Compiling tracing-log v0.2.0
[INFO] [stderr]    Compiling clap_builder v4.5.57
[INFO] [stderr]    Compiling sharded-slab v0.1.7
[INFO] [stderr]    Compiling regex-automata v0.4.14
[INFO] [stderr]    Compiling core-foundation v0.9.4
[INFO] [stderr]    Compiling dirs-sys v0.4.1
[INFO] [stderr]    Compiling security-framework-sys v2.15.0
[INFO] [stderr]    Compiling thread_local v1.1.9
[INFO] [stderr]    Compiling itoa v1.0.17
[INFO] [stderr]    Compiling nu-ansi-term v0.50.3
[INFO] [stderr]    Compiling memchr v2.8.0
[INFO] [stderr]    Compiling unicode-segmentation v1.12.0
[INFO] [stderr]    Compiling fallible-streaming-iterator v0.1.9
[INFO] [stderr]    Compiling fallible-iterator v0.3.0
[INFO] [stderr]    Compiling comfy-table v7.2.2
[INFO] [stderr]    Compiling security-framework v2.11.1
[INFO] [stderr]    Compiling dirs v5.0.1
[INFO] [stderr]    Compiling ahash v0.8.12
[INFO] [stderr]    Compiling matchers v0.2.0
[INFO] [stderr]    Compiling cbc v0.1.2
[INFO] [stderr]    Compiling hashbrown v0.14.5
[INFO] [stderr]    Compiling aes v0.8.4
[INFO] [stderr]    Compiling pbkdf2 v0.12.2
[INFO] [stderr]    Compiling sha1 v0.10.6
[INFO] [stderr]    Compiling glob v0.3.3
[INFO] [stderr]    Compiling hashlink v0.9.1
[INFO] [stderr]    Compiling tracing-attributes v0.1.31
[INFO] [stderr]    Compiling clap_derive v4.5.55
[INFO] [stderr]    Compiling thiserror-impl v2.0.18
[INFO] [stderr]    Compiling serde_derive v1.0.228
[INFO] [stderr]    Compiling tracing v0.1.44
[INFO] [stderr]    Compiling tracing-subscriber v0.3.22
[INFO] [stderr]    Compiling thiserror v2.0.18
[INFO] [stderr]    Compiling clap v4.5.57
[INFO] [stderr]    Compiling serde v1.0.228
[INFO] [stderr]    Compiling rusqlite v0.32.1
[INFO] [stderr]    Compiling chrome-password-unlock v0.1.0 (/opt/rustwide/workdir)
[INFO] [stdout] error: linking with `cc` failed: exit status: 1
[INFO] [stdout]   |
[INFO] [stdout]   = note:  "cc" "-m64" "/opt/rustwide/target/debug/deps/rustc48WLCx/symbols.o" "<3 object files omitted>" "-Wl,--as-needed" "-Wl,-Bstatic" "/opt/rustwide/target/debug/deps/{libtracing_subscriber-b41d5aff700e4d5a,libsharded_slab-bd3e89e1e50b7c87,liblazy_static-3674be3f4245d19b,libmatchers-14744b64434e3625,libregex_automata-90367e934a99fd05,libregex_syntax-fb7c29a9ca6db691,libnu_ansi_term-745c727bb3e87c52,libthread_local-b4f6fe44d641c0b1,libtracing_log-ec4da570862f46db,liblog-b262261d47bd2eba,libclap-c34ae582344f2acc,libclap_builder-d315de1b92239f60,libstrsim-4d1ed08a123238dc,libanstream-8abea42649d55d0c,libanstyle_query-635080b1d6343734,libis_terminal_polyfill-3ca4268cb2568267,libcolorchoice-8e2615b3451b028d,libanstyle_parse-2b179629a907e4e4,libutf8parse-92d0158219063202,libclap_lex-3d90c62a36aac03c,libanstyle-fe219cdab7346aa5,libchrome_password_unlock-d502d1e3d38585c7,libserde_json-184e3a5b9dd4dca1,libmemchr-ba3829a276830806,libitoa-f3a70a1441f7f89b,libzmij-23a40d44d8b24e10,libdirs-c155e9e59ba64789,libdirs_sys-46fb4fa430eb4a55,liboption_ext-61303ef911796993,libsha1-470390a6d99a0bb7,libpbkdf2-adad8fcfbf32b6de,libhmac-cd7a37938e839740,libdigest-55f2c16e3612c500,libsubtle-2ae6a7038b9a0630,libblock_buffer-ceb5bfb4b62e5dc4,libthiserror-18ddc9fdbe835dbe,libserde-d6a29bd75ee14b76,libserde_core-2c928ee17a7447a4,libtracing-7bbdd8e43524bb70,libpin_project_lite-72bf04572caa1c84,libtracing_core-4cc82aeb094c2c39,libcomfy_table-078613b382bc42eb,libunicode_segmentation-421de088ab714999,libcrossterm-93f1486317bda5b8,librustix-c74e2c729cc23f9d,liblinux_raw_sys-7c0af75954695899,libparking_lot-e76c050a0e81fca2,libparking_lot_core-d931b4e092d23735,liblock_api-16d46fed645f7bff,libscopeguard-7ec2214574194454,libunicode_width-c0be3735b741df1b,libsecurity_framework-01e5744a8ea01383,libsecurity_framework_sys-6b518c8cb8ff5491,libcore_foundation-e1a0f24497192a31,liblibc-11f5a30dc24875fb,libcore_foundation_sys-85f8216142847bf5,librusqlite-cd24c5910b5d5327,libbitflags-9362e66b8880981a,libsmallvec-c4b0763233bab5f9,libfallible_streaming_iterator-4b12442690f53239,libfallible_iterator-6e888fb96d72e3e0,libhashlink-860c1ac7963aaf41,libhashbrown-a6312d5ceda5abd7,libahash-afc77f98c8b327c5,libonce_cell-e9252a7b5119f3eb,libzerocopy-04d31f9721d0da51,liblibsqlite3_sys-226770bda3dc8c19,libcbc-6008a0689988ea38,libaes-f530b6e1e1021595,libcpufeatures-e04321643d03190d,libcfg_if-83060ec5685761ae,libcipher-497627a1b325d572,libinout-96f980d5001fdfad,libblock_padding-e9e9c51f9bb1210d,libcrypto_common-56b940ef3ee0385e,libgeneric_array-3399f74876fb1fa9,libtypenum-973adb5204d6e560,libanyhow-53b8711d31ddb145}.rlib" "<sysroot>/lib/rustlib/x86_64-unknown-linux-gnu/lib/{libstd-*,libpanic_unwind-*,libobject-*,libmemchr-*,libaddr2line-*,libgimli-*,libcfg_if-*,librustc_demangle-*,libstd_detect-*,libhashbrown-*,librustc_std_workspace_alloc-*,libminiz_oxide-*,libadler2-*,libunwind-*,liblibc-*,librustc_std_workspace_core-*,liballoc-*,libcore-*,libcompiler_builtins-*}.rlib" "-Wl,-Bdynamic" "-lgcc_s" "-lutil" "-lrt" "-lpthread" "-lm" "-ldl" "-lc" "-L" "/opt/rustwide/target/debug/deps/rustc48WLCx/raw-dylibs" "-B<sysroot>/lib/rustlib/x86_64-unknown-linux-gnu/bin/gcc-ld" "-fuse-ld=lld" "-Wl,--eh-frame-hdr" "-Wl,-z,noexecstack" "-L" "/opt/rustwide/target/debug/build/libsqlite3-sys-6b623f6b4d7fc45e/out" "-L" "<sysroot>/lib/rustlib/x86_64-unknown-linux-gnu/lib" "-o" "/opt/rustwide/target/debug/deps/chrome_password_unlock-411845c2803c5eef" "-Wl,--gc-sections" "-pie" "-Wl,-z,relro,-z,now" "-nodefaultlibs"
[INFO] [stdout]   = note: some arguments are omitted. use `--verbose` to show all linker arguments
[INFO] [stdout]   = note: rust-lld: error: undefined symbol: CFDataGetLength
[INFO] [stdout]           >>> referenced by data.rs:90 (/opt/rustwide/cargo-home/registry/src/index.crates.io-1949cf8c6b5b557f/core-foundation-0.9.4/src/data.rs:90)
[INFO] [stdout]           >>>               security_framework-01e5744a8ea01383.security_framework.7af725f5bfcf09dc-cgu.0.rcgu.o:(<core_foundation::data::CFData>::len) in archive /opt/rustwide/target/debug/deps/libsecurity_framework-01e5744a8ea01383.rlib
[INFO] [stdout]           
[INFO] [stdout]           rust-lld: error: undefined symbol: CFDataGetBytePtr
[INFO] [stdout]           >>> referenced by data.rs:84 (/opt/rustwide/cargo-home/registry/src/index.crates.io-1949cf8c6b5b557f/core-foundation-0.9.4/src/data.rs:84)
[INFO] [stdout]           >>>               security_framework-01e5744a8ea01383.security_framework.7af725f5bfcf09dc-cgu.0.rcgu.o:(<core_foundation::data::CFData>::bytes) in archive /opt/rustwide/target/debug/deps/libsecurity_framework-01e5744a8ea01383.rlib
[INFO] [stdout]           
[INFO] [stdout]           rust-lld: error: undefined symbol: kSecClass
[INFO] [stdout]           >>> referenced by passwords_options.rs:53 (src/passwords_options.rs:53)
[INFO] [stdout]           >>>               security_framework-01e5744a8ea01383.security_framework.7af725f5bfcf09dc-cgu.0.rcgu.o:(<security_framework::passwords_options::PasswordOptions>::new_generic_password) in archive /opt/rustwide/target/debug/deps/libsecurity_framework-01e5744a8ea01383.rlib
[INFO] [stdout]           >>> referenced by passwords_options.rs:53 (src/passwords_options.rs:53)
[INFO] [stdout]           >>>               security_framework-01e5744a8ea01383.security_framework.7af725f5bfcf09dc-cgu.0.rcgu.o:(<security_framework::passwords_options::PasswordOptions>::new_generic_password) in archive /opt/rustwide/target/debug/deps/libsecurity_framework-01e5744a8ea01383.rlib
[INFO] [stdout]           
[INFO] [stdout]           rust-lld: error: undefined symbol: kSecClassGenericPassword
[INFO] [stdout]           >>> referenced by passwords_options.rs:54 (src/passwords_options.rs:54)
[INFO] [stdout]           >>>               security_framework-01e5744a8ea01383.security_framework.7af725f5bfcf09dc-cgu.0.rcgu.o:(<security_framework::passwords_options::PasswordOptions>::new_generic_password) in archive /opt/rustwide/target/debug/deps/libsecurity_framework-01e5744a8ea01383.rlib
[INFO] [stdout]           >>> referenced by passwords_options.rs:54 (src/passwords_options.rs:54)
[INFO] [stdout]           >>>               security_framework-01e5744a8ea01383.security_framework.7af725f5bfcf09dc-cgu.0.rcgu.o:(<security_framework::passwords_options::PasswordOptions>::new_generic_password) in archive /opt/rustwide/target/debug/deps/libsecurity_framework-01e5744a8ea01383.rlib
[INFO] [stdout]           
[INFO] [stdout]           rust-lld: error: undefined symbol: kSecAttrService
[INFO] [stdout]           >>> referenced by passwords_options.rs:57 (src/passwords_options.rs:57)
[INFO] [stdout]           >>>               security_framework-01e5744a8ea01383.security_framework.7af725f5bfcf09dc-cgu.0.rcgu.o:(<security_framework::passwords_options::PasswordOptions>::new_generic_password) in archive /opt/rustwide/target/debug/deps/libsecurity_framework-01e5744a8ea01383.rlib
[INFO] [stdout]           >>> referenced by passwords_options.rs:57 (src/passwords_options.rs:57)
[INFO] [stdout]           >>>               security_framework-01e5744a8ea01383.security_framework.7af725f5bfcf09dc-cgu.0.rcgu.o:(<security_framework::passwords_options::PasswordOptions>::new_generic_password) in archive /opt/rustwide/target/debug/deps/libsecurity_framework-01e5744a8ea01383.rlib
[INFO] [stdout]           
[INFO] [stdout]           rust-lld: error: undefined symbol: kSecAttrAccount
[INFO] [stdout]           >>> referenced by passwords_options.rs:61 (src/passwords_options.rs:61)
[INFO] [stdout]           >>>               security_framework-01e5744a8ea01383.security_framework.7af725f5bfcf09dc-cgu.0.rcgu.o:(<security_framework::passwords_options::PasswordOptions>::new_generic_password) in archive /opt/rustwide/target/debug/deps/libsecurity_framework-01e5744a8ea01383.rlib
[INFO] [stdout]           >>> referenced by passwords_options.rs:61 (src/passwords_options.rs:61)
[INFO] [stdout]           >>>               security_framework-01e5744a8ea01383.security_framework.7af725f5bfcf09dc-cgu.0.rcgu.o:(<security_framework::passwords_options::PasswordOptions>::new_generic_password) in archive /opt/rustwide/target/debug/deps/libsecurity_framework-01e5744a8ea01383.rlib
[INFO] [stdout]           
[INFO] [stdout]           rust-lld: error: undefined symbol: kCFAllocatorDefault
[INFO] [stdout]           >>> referenced by dictionary.rs:55 (/opt/rustwide/cargo-home/registry/src/index.crates.io-1949cf8c6b5b557f/core-foundation-0.9.4/src/dictionary.rs:55)
[INFO] [stdout]           >>>               security_framework-01e5744a8ea01383.security_framework.7af725f5bfcf09dc-cgu.0.rcgu.o:(<core_foundation::dictionary::CFDictionary<core_foundation::string::CFString, core_foundation::base::CFType>>::from_CFType_pairs) in archive /opt/rustwide/target/debug/deps/libsecurity_framework-01e5744a8ea01383.rlib
[INFO] [stdout]           >>> referenced by dictionary.rs:55 (/opt/rustwide/cargo-home/registry/src/index.crates.io-1949cf8c6b5b557f/core-foundation-0.9.4/src/dictionary.rs:55)
[INFO] [stdout]           >>>               security_framework-01e5744a8ea01383.security_framework.7af725f5bfcf09dc-cgu.0.rcgu.o:(<core_foundation::dictionary::CFDictionary<core_foundation::string::CFString, core_foundation::base::CFType>>::from_CFType_pairs) in archive /opt/rustwide/target/debug/deps/libsecurity_framework-01e5744a8ea01383.rlib
[INFO] [stdout]           >>> referenced by string.rs:120 (/opt/rustwide/cargo-home/registry/src/index.crates.io-1949cf8c6b5b557f/core-foundation-0.9.4/src/string.rs:120)
[INFO] [stdout]           >>>               security_framework-01e5744a8ea01383.security_framework.7af725f5bfcf09dc-cgu.0.rcgu.o:(<core_foundation::string::CFString>::new) in archive /opt/rustwide/target/debug/deps/libsecurity_framework-01e5744a8ea01383.rlib
[INFO] [stdout]           >>> referenced 1 more times
[INFO] [stdout]           
[INFO] [stdout]           rust-lld: error: undefined symbol: kCFTypeDictionaryKeyCallBacks
[INFO] [stdout]           >>> referenced by dictionary.rs:59 (/opt/rustwide/cargo-home/registry/src/index.crates.io-1949cf8c6b5b557f/core-foundation-0.9.4/src/dictionary.rs:59)
[INFO] [stdout]           >>>               security_framework-01e5744a8ea01383.security_framework.7af725f5bfcf09dc-cgu.0.rcgu.o:(<core_foundation::dictionary::CFDictionary<core_foundation::string::CFString, core_foundation::base::CFType>>::from_CFType_pairs) in archive /opt/rustwide/target/debug/deps/libsecurity_framework-01e5744a8ea01383.rlib
[INFO] [stdout]           >>> referenced by dictionary.rs:54 (/opt/rustwide/cargo-home/registry/src/index.crates.io-1949cf8c6b5b557f/core-foundation-0.9.4/src/dictionary.rs:54)
[INFO] [stdout]           >>>               security_framework-01e5744a8ea01383.security_framework.7af725f5bfcf09dc-cgu.0.rcgu.o:(<core_foundation::dictionary::CFDictionary<core_foundation::string::CFString, core_foundation::base::CFType>>::from_CFType_pairs) in archive /opt/rustwide/target/debug/deps/libsecurity_framework-01e5744a8ea01383.rlib
[INFO] [stdout]           
[INFO] [stdout]           rust-lld: error: undefined symbol: kCFTypeDictionaryValueCallBacks
[INFO] [stdout]           >>> referenced by dictionary.rs:60 (/opt/rustwide/cargo-home/registry/src/index.crates.io-1949cf8c6b5b557f/core-foundation-0.9.4/src/dictionary.rs:60)
[INFO] [stdout]           >>>               security_framework-01e5744a8ea01383.security_framework.7af725f5bfcf09dc-cgu.0.rcgu.o:(<core_foundation::dictionary::CFDictionary<core_foundation::string::CFString, core_foundation::base::CFType>>::from_CFType_pairs) in archive /opt/rustwide/target/debug/deps/libsecurity_framework-01e5744a8ea01383.rlib
[INFO] [stdout]           >>> referenced by dictionary.rs:54 (/opt/rustwide/cargo-home/registry/src/index.crates.io-1949cf8c6b5b557f/core-foundation-0.9.4/src/dictionary.rs:54)
[INFO] [stdout]           >>>               security_framework-01e5744a8ea01383.security_framework.7af725f5bfcf09dc-cgu.0.rcgu.o:(<core_foundation::dictionary::CFDictionary<core_foundation::string::CFString, core_foundation::base::CFType>>::from_CFType_pairs) in archive /opt/rustwide/target/debug/deps/libsecurity_framework-01e5744a8ea01383.rlib
[INFO] [stdout]           
[INFO] [stdout]           rust-lld: error: undefined symbol: CFDictionaryCreate
[INFO] [stdout]           >>> referenced by dictionary.rs:54 (/opt/rustwide/cargo-home/registry/src/index.crates.io-1949cf8c6b5b557f/core-foundation-0.9.4/src/dictionary.rs:54)
[INFO] [stdout]           >>>               security_framework-01e5744a8ea01383.security_framework.7af725f5bfcf09dc-cgu.0.rcgu.o:(<core_foundation::dictionary::CFDictionary<core_foundation::string::CFString, core_foundation::base::CFType>>::from_CFType_pairs) in archive /opt/rustwide/target/debug/deps/libsecurity_framework-01e5744a8ea01383.rlib
[INFO] [stdout]           
[INFO] [stdout]           rust-lld: error: undefined symbol: CFStringCreateWithBytes
[INFO] [stdout]           >>> referenced by string.rs:119 (/opt/rustwide/cargo-home/registry/src/index.crates.io-1949cf8c6b5b557f/core-foundation-0.9.4/src/string.rs:119)
[INFO] [stdout]           >>>               security_framework-01e5744a8ea01383.security_framework.7af725f5bfcf09dc-cgu.0.rcgu.o:(<core_foundation::string::CFString>::new) in archive /opt/rustwide/target/debug/deps/libsecurity_framework-01e5744a8ea01383.rlib
[INFO] [stdout]           
[INFO] [stdout]           rust-lld: error: undefined symbol: SecCopyErrorMessageString
[INFO] [stdout]           >>> referenced by base.rs:52 (src/base.rs:52)
[INFO] [stdout]           >>>               security_framework-01e5744a8ea01383.security_framework.7af725f5bfcf09dc-cgu.0.rcgu.o:(<security_framework::base::Error>::inner_message) in archive /opt/rustwide/target/debug/deps/libsecurity_framework-01e5744a8ea01383.rlib
[INFO] [stdout]           
[INFO] [stdout]           rust-lld: error: undefined symbol: kSecReturnData
[INFO] [stdout]           >>> referenced by passwords.rs:35 (src/passwords.rs:35)
[INFO] [stdout]           >>>               security_framework-01e5744a8ea01383.security_framework.7af725f5bfcf09dc-cgu.0.rcgu.o:(security_framework::passwords::get_generic_password) in archive /opt/rustwide/target/debug/deps/libsecurity_framework-01e5744a8ea01383.rlib
[INFO] [stdout]           >>> referenced by passwords.rs:35 (src/passwords.rs:35)
[INFO] [stdout]           >>>               security_framework-01e5744a8ea01383.security_framework.7af725f5bfcf09dc-cgu.0.rcgu.o:(security_framework::passwords::get_generic_password) in archive /opt/rustwide/target/debug/deps/libsecurity_framework-01e5744a8ea01383.rlib
[INFO] [stdout]           
[INFO] [stdout]           rust-lld: error: undefined symbol: SecItemCopyMatching
[INFO] [stdout]           >>> referenced by passwords.rs:40 (src/passwords.rs:40)
[INFO] [stdout]           >>>               security_framework-01e5744a8ea01383.security_framework.7af725f5bfcf09dc-cgu.0.rcgu.o:(security_framework::passwords::get_generic_password) in archive /opt/rustwide/target/debug/deps/libsecurity_framework-01e5744a8ea01383.rlib
[INFO] [stdout]           
[INFO] [stdout]           rust-lld: error: undefined symbol: CFGetTypeID
[INFO] [stdout]           >>> referenced by passwords.rs:159 (src/passwords.rs:159)
[INFO] [stdout]           >>>               security_framework-01e5744a8ea01383.security_framework.7af725f5bfcf09dc-cgu.0.rcgu.o:(security_framework::passwords::get_password_and_release) in archive /opt/rustwide/target/debug/deps/libsecurity_framework-01e5744a8ea01383.rlib
[INFO] [stdout]           
[INFO] [stdout]           rust-lld: error: undefined symbol: CFRelease
[INFO] [stdout]           >>> referenced by passwords.rs:171 (src/passwords.rs:171)
[INFO] [stdout]           >>>               security_framework-01e5744a8ea01383.security_framework.7af725f5bfcf09dc-cgu.0.rcgu.o:(security_framework::passwords::get_password_and_release) in archive /opt/rustwide/target/debug/deps/libsecurity_framework-01e5744a8ea01383.rlib
[INFO] [stdout]           >>> referenced by dictionary.rs:33 (/opt/rustwide/cargo-home/registry/src/index.crates.io-1949cf8c6b5b557f/core-foundation-0.9.4/src/dictionary.rs:33)
[INFO] [stdout]           >>>               security_framework-01e5744a8ea01383.security_framework.7af725f5bfcf09dc-cgu.0.rcgu.o:(<core_foundation::dictionary::CFDictionary<core_foundation::string::CFString, core_foundation::base::CFType> as core::ops::drop::Drop>::drop) in archive /opt/rustwide/target/debug/deps/libsecurity_framework-01e5744a8ea01383.rlib
[INFO] [stdout]           >>> referenced by lib.rs:67 (src/lib.rs:67)
[INFO] [stdout]           >>>               core_foundation-e1a0f24497192a31.core_foundation.600f781e29aeda12-cgu.0.rcgu.o:(<core_foundation::data::CFData as core::ops::drop::Drop>::drop) in archive /opt/rustwide/target/debug/deps/libcore_foundation-e1a0f24497192a31.rlib
[INFO] [stdout]           >>> referenced 3 more times
[INFO] [stdout]           
[INFO] [stdout]           rust-lld: error: undefined symbol: CFDataGetTypeID
[INFO] [stdout]           >>> referenced by lib.rs:119 (/opt/rustwide/cargo-home/registry/src/index.crates.io-1949cf8c6b5b557f/core-foundation-0.9.4/src/lib.rs:119)
[INFO] [stdout]           >>>               security_framework-01e5744a8ea01383.security_framework.7af725f5bfcf09dc-cgu.0.rcgu.o:(<core_foundation::data::CFData as core_foundation::base::TCFType>::type_id) in archive /opt/rustwide/target/debug/deps/libsecurity_framework-01e5744a8ea01383.rlib
[INFO] [stdout]           
[INFO] [stdout]           rust-lld: error: undefined symbol: CFRetain
[INFO] [stdout]           >>> referenced by lib.rs:99 (/opt/rustwide/cargo-home/registry/src/index.crates.io-1949cf8c6b5b557f/core-foundation-0.9.4/src/lib.rs:99)
[INFO] [stdout]           >>>               security_framework-01e5744a8ea01383.security_framework.7af725f5bfcf09dc-cgu.0.rcgu.o:(<core_foundation::string::CFString as core_foundation::base::TCFType>::wrap_under_get_rule) in archive /opt/rustwide/target/debug/deps/libsecurity_framework-01e5744a8ea01383.rlib
[INFO] [stdout]           >>> referenced by lib.rs:99 (src/lib.rs:99)
[INFO] [stdout]           >>>               core_foundation-e1a0f24497192a31.core_foundation.600f781e29aeda12-cgu.0.rcgu.o:(<core_foundation::boolean::CFBoolean as core_foundation::base::TCFType>::wrap_under_get_rule) in archive /opt/rustwide/target/debug/deps/libcore_foundation-e1a0f24497192a31.rlib
[INFO] [stdout]           
[INFO] [stdout]           rust-lld: error: undefined symbol: kCFBooleanTrue
[INFO] [stdout]           >>> referenced by boolean.rs:29 (src/boolean.rs:29)
[INFO] [stdout]           >>>               core_foundation-e1a0f24497192a31.core_foundation.600f781e29aeda12-cgu.0.rcgu.o:(<core_foundation::boolean::CFBoolean>::true_value) in archive /opt/rustwide/target/debug/deps/libcore_foundation-e1a0f24497192a31.rlib
[INFO] [stdout]           >>> referenced by boolean.rs:29 (src/boolean.rs:29)
[INFO] [stdout]           >>>               core_foundation-e1a0f24497192a31.core_foundation.600f781e29aeda12-cgu.0.rcgu.o:(<core_foundation::boolean::CFBoolean>::true_value) in archive /opt/rustwide/target/debug/deps/libcore_foundation-e1a0f24497192a31.rlib
[INFO] [stdout]           
[INFO] [stdout]           rust-lld: error: undefined symbol: kCFBooleanFalse
[INFO] [stdout]           >>> referenced by boolean.rs:33 (src/boolean.rs:33)
[INFO] [stdout]           >>>               core_foundation-e1a0f24497192a31.core_foundation.600f781e29aeda12-cgu.0.rcgu.o:(<core_foundation::boolean::CFBoolean>::false_value) in archive /opt/rustwide/target/debug/deps/libcore_foundation-e1a0f24497192a31.rlib
[INFO] [stdout]           >>> referenced by boolean.rs:33 (src/boolean.rs:33)
[INFO] [stdout]           >>>               core_foundation-e1a0f24497192a31.core_foundation.600f781e29aeda12-cgu.0.rcgu.o:(<core_foundation::boolean::CFBoolean>::false_value) in archive /opt/rustwide/target/debug/deps/libcore_foundation-e1a0f24497192a31.rlib
[INFO] [stdout]           
[INFO] [stdout]           rust-lld: error: too many errors emitted, stopping now (use --error-limit=0 to see all errors)
[INFO] [stdout]           collect2: error: ld returned 1 exit status
[INFO] [stdout]           
[INFO] [stdout] 
[INFO] [stdout] 
[INFO] [stderr] error: could not compile `chrome-password-unlock` (bin "chrome-password-unlock") due to 1 previous error
[INFO] running `Command { std: "docker" "inspect" "255cb2de9f409132e43fa57d5702c0c74a75d97256deb29a55444f78887ec47d", kill_on_drop: false }`
[INFO] running `Command { std: "docker" "rm" "-f" "255cb2de9f409132e43fa57d5702c0c74a75d97256deb29a55444f78887ec47d", kill_on_drop: false }`
[INFO] [stdout] 255cb2de9f409132e43fa57d5702c0c74a75d97256deb29a55444f78887ec47d
