[INFO] cloning repository https://github.com/flyaruu/esp32-mqtt
[INFO] running `Command { std: "git" "-c" "credential.helper=" "-c" "credential.helper=/workspace/cargo-home/bin/git-credential-null" "clone" "--bare" "https://github.com/flyaruu/esp32-mqtt" "/workspace/cache/git-repos/https%3A%2F%2Fgithub.com%2Fflyaruu%2Fesp32-mqtt", kill_on_drop: false }`
[INFO] [stderr] Cloning into bare repository '/workspace/cache/git-repos/https%3A%2F%2Fgithub.com%2Fflyaruu%2Fesp32-mqtt'...
[INFO] running `Command { std: "git" "rev-parse" "HEAD", kill_on_drop: false }`
[INFO] [stdout] a1e9a32e9dcc4bdffc4bb3d5e3d31e87295a91ff
[INFO] testing flyaruu/esp32-mqtt against 1.99.0-beta.8 for beta-1.100-2
[INFO] running `Command { std: "git" "clone" "/workspace/cache/git-repos/https%3A%2F%2Fgithub.com%2Fflyaruu%2Fesp32-mqtt" "/workspace/builds/worker-6-tc1/source", kill_on_drop: false }`
[INFO] [stderr] Cloning into '/workspace/builds/worker-6-tc1/source'...
[INFO] [stderr] done.
[INFO] removed /workspace/builds/worker-6-tc1/source/.cargo/config.toml
[INFO] removed /workspace/builds/worker-6-tc1/source/rust-toolchain.toml
[INFO] started tweaking git repo https://github.com/flyaruu/esp32-mqtt
[INFO] finished tweaking git repo https://github.com/flyaruu/esp32-mqtt
[INFO] tweaked toml for git repo https://github.com/flyaruu/esp32-mqtt written to /workspace/builds/worker-6-tc1/source/Cargo.toml
[INFO] validating manifest of git repo https://github.com/flyaruu/esp32-mqtt on toolchain 1.99.0-beta.8
[INFO] running `Command { std: CARGO_HOME="/workspace/cargo-home" RUSTUP_HOME="/workspace/rustup-home" "/workspace/cargo-home/bin/cargo" "+1.99.0-beta.8" "metadata" "--manifest-path" "Cargo.toml" "--no-deps", kill_on_drop: false }`
[INFO] crate git repo https://github.com/flyaruu/esp32-mqtt already has a lockfile, it will not be regenerated
[INFO] running `Command { std: CARGO_HOME="/workspace/cargo-home" RUSTUP_HOME="/workspace/rustup-home" "/workspace/cargo-home/bin/cargo" "+1.99.0-beta.8" "fetch" "--manifest-path" "Cargo.toml", kill_on_drop: false }`
[INFO] [stderr]     Blocking waiting for file lock on package cache
[INFO] [stderr]     Updating crates.io index
[INFO] [stderr]     Blocking waiting for file lock on package cache
[INFO] [stderr]  Downloading crates ...
[INFO] [stderr]   Downloaded esp-hal-embassy v0.1.0
[INFO] [stderr]   Downloaded embedded-can v0.4.1
[INFO] [stderr]   Downloaded document-features v0.2.8
[INFO] [stderr]   Downloaded smoltcp v0.11.0
[INFO] [stderr]   Downloaded toml-cfg v0.2.0
[INFO] [stderr]   Downloaded darling_macro v0.20.9
[INFO] [stderr]   Downloaded no-std-net v0.6.0
[INFO] [stderr]   Downloaded bitfield v0.15.0
[INFO] [stderr]   Downloaded serde_derive v1.0.203
[INFO] [stderr]   Downloaded embassy-executor v0.5.0
[INFO] [stderr]   Downloaded as-slice v0.1.5
[INFO] [stderr]   Downloaded portable_atomic_enum v0.3.1
[INFO] [stderr]   Downloaded esp-metadata v0.1.1
[INFO] [stderr]   Downloaded esp-riscv-rt v0.8.0
[INFO] [stderr]   Downloaded esp-hal-procmacros v0.11.0
[INFO] [stderr]   Downloaded esp-build v0.1.0
[INFO] [stderr]   Downloaded embassy-sync v0.5.0
[INFO] [stderr]   Downloaded embassy-futures v0.1.1
[INFO] [stderr]   Downloaded delegate v0.12.0
[INFO] [stderr]   Downloaded embassy-time-driver v0.1.0
[INFO] [stderr]   Downloaded embassy-time-queue-driver v0.1.0
[INFO] [stderr]   Downloaded embassy-executor-macros v0.4.1
[INFO] [stderr]   Downloaded embassy-net-driver v0.2.0
[INFO] [stderr]   Downloaded esp-println v0.9.1
[INFO] [stderr]   Downloaded esp-alloc v0.4.0
[INFO] [stderr]   Downloaded embedded-nal-async v0.7.1
[INFO] [stderr]   Downloaded embedded-nal v0.8.0
[INFO] [stderr]   Downloaded atomic-pool v1.0.1
[INFO] [stderr]   Downloaded embedded-io-async v0.6.1
[INFO] [stderr]   Downloaded portable_atomic_enum_macros v0.2.1
[INFO] [stderr]   Downloaded riscv v0.11.1
[INFO] [stderr]   Downloaded riscv-rt-macros v0.2.1
[INFO] [stderr]   Downloaded embassy-usb-synopsys-otg v0.1.0
[INFO] [stderr]   Downloaded embassy-usb-driver v0.1.0
[INFO] [stderr]   Downloaded embassy-time v0.3.1
[INFO] [stderr]   Downloaded embassy-net v0.4.0
[INFO] [stderr]   Downloaded generic-array v0.13.3
[INFO] [stderr]   Downloaded rust-mqtt v0.3.0
[INFO] [stderr]   Downloaded basic-toml v0.1.9
[INFO] [stderr]   Downloaded darling v0.20.9
[INFO] [stderr]   Downloaded embassy-sync v0.6.0
[INFO] [stderr]   Downloaded toml v0.8.14
[INFO] [stderr]   Downloaded darling_core v0.20.9
[INFO] [stderr]   Downloaded esp-wifi v0.6.0
[INFO] [stderr]   Downloaded serde v1.0.203
[INFO] [stderr]   Downloaded winnow v0.6.13
[INFO] [stderr]   Downloaded toml_edit v0.22.14
[INFO] [stderr]   Downloaded minijinja v1.0.21
[INFO] [stderr]   Downloaded regex v1.10.5
[INFO] [stderr]   Downloaded syn v2.0.68
[INFO] [stderr]   Downloaded esp32c3 v0.23.0
[INFO] [stderr]   Downloaded esp-hal v0.18.0
[INFO] [stderr]   Downloaded esp-backtrace v0.12.1
[INFO] [stderr]   Downloaded esp-wifi-sys v0.3.0
[INFO] running `Command { std: "docker" "create" "-v" "/var/lib/crater-agent-workspace/builds/worker-6-tc1/source:/opt/rustwide/workdir:ro,Z" "-v" "/var/lib/crater-agent-workspace/builds/worker-6-tc1/target:/opt/rustwide/target:rw,Z" "-v" "/var/lib/crater-agent-workspace/cargo-home:/opt/rustwide/cargo-home:ro,Z" "-v" "/var/lib/crater-agent-workspace/rustup-home:/opt/rustwide/rustup-home:ro,Z" "-m" "1610612736" "--network" "none" "ghcr.io/rust-lang/crates-build-env/linux@sha256:3111399a4047eeb3a02b7a90e478d715f38a8c6669b5c4b49d30a17385265909" "sleep" "infinity", kill_on_drop: false }`
[INFO] [stdout] 6331ba36e02108d234aaf97a4b8071adb70f16f989b8d27a05c997b47487981f
[INFO] running `Command { std: "docker" "start" "6331ba36e02108d234aaf97a4b8071adb70f16f989b8d27a05c997b47487981f", kill_on_drop: false }`
[INFO] running `Command { std: "docker" "inspect" "6331ba36e02108d234aaf97a4b8071adb70f16f989b8d27a05c997b47487981f", kill_on_drop: false }`
[INFO] running `Command { std: "docker" "exec" "-e" "SOURCE_DIR=/opt/rustwide/workdir" "-e" "CARGO_HOME=/opt/rustwide/cargo-home" "-e" "RUSTUP_HOME=/opt/rustwide/rustup-home" "-e" "CARGO_TARGET_DIR=/opt/rustwide/target" "-w" "/opt/rustwide/workdir" "--user" "0:0" "6331ba36e02108d234aaf97a4b8071adb70f16f989b8d27a05c997b47487981f" "/opt/rustwide/cargo-home/bin/cargo" "+1.99.0-beta.8" "metadata" "--no-deps" "--format-version=1", kill_on_drop: false }`
[INFO] running `Command { std: "docker" "inspect" "6331ba36e02108d234aaf97a4b8071adb70f16f989b8d27a05c997b47487981f", kill_on_drop: false }`
[INFO] running `Command { std: "docker" "exec" "-e" "SOURCE_DIR=/opt/rustwide/workdir" "-e" "CARGO_HOME=/opt/rustwide/cargo-home" "-e" "RUSTUP_HOME=/opt/rustwide/rustup-home" "-e" "CARGO_TARGET_DIR=/opt/rustwide/target" "-e" "CARGO_INCREMENTAL=0" "-e" "RUST_BACKTRACE=full" "-e" "RUSTFLAGS=--cap-lints=warn" "-e" "RUSTDOCFLAGS=--cap-lints=warn" "-w" "/opt/rustwide/workdir" "--user" "0:0" "6331ba36e02108d234aaf97a4b8071adb70f16f989b8d27a05c997b47487981f" "/opt/rustwide/cargo-home/bin/cargo" "+1.99.0-beta.8" "build" "--frozen" "--message-format=json", kill_on_drop: false }`
[INFO] [stderr]    Compiling syn v2.0.68
[INFO] [stderr]    Compiling serde v1.0.203
[INFO] [stderr]    Compiling portable-atomic v1.6.0
[INFO] [stderr]    Compiling stable_deref_trait v1.2.0
[INFO] [stderr]    Compiling critical-section v1.1.2
[INFO] [stderr]    Compiling byteorder v1.5.0
[INFO] [stderr]    Compiling termcolor v1.4.1
[INFO] [stderr]    Compiling fnv v1.0.7
[INFO] [stderr]    Compiling heapless v0.8.0
[INFO] [stderr]    Compiling indexmap v2.2.6
[INFO] [stderr]    Compiling embedded-io-async v0.6.1
[INFO] [stderr]    Compiling embedded-io v0.6.1
[INFO] [stderr]    Compiling nb v1.1.0
[INFO] [stderr]    Compiling futures-sink v0.3.30
[INFO] [stderr]    Compiling pin-utils v0.1.0
[INFO] [stderr]    Compiling pin-project-lite v0.2.14
[INFO] [stderr]    Compiling futures-task v0.3.30
[INFO] [stderr]    Compiling litrs v0.4.1
[INFO] [stderr]    Compiling cfg-if v1.0.0
[INFO] [stderr]    Compiling embassy-time-driver v0.1.0
[INFO] [stderr]    Compiling lazy_static v1.5.0
[INFO] [stderr]    Compiling typenum v1.17.0
[INFO] [stderr]    Compiling embassy-time-queue-driver v0.1.0
[INFO] [stderr]    Compiling embedded-hal v1.0.0
[INFO] [stderr]    Compiling syn v1.0.109
[INFO] [stderr]    Compiling embassy-sync v0.5.0
[INFO] [stderr]    Compiling semver v1.0.23
[INFO] [stderr]    Compiling embedded-hal-async v1.0.0
[INFO] [stderr]    Compiling void v1.0.2
[INFO] [stderr]    Compiling winnow v0.6.13
[INFO] [stderr]    Compiling hash32 v0.3.1
[INFO] [stderr]    Compiling anyhow v1.0.86
[INFO] [stderr]    Compiling proc-macro-error-attr v1.0.4
[INFO] [stderr]    Compiling generic-array v0.14.7
[INFO] [stderr]    Compiling embassy-sync v0.6.0
[INFO] [stderr]    Compiling log v0.4.22
[INFO] [stderr]    Compiling riscv v0.11.1
[INFO] [stderr]    Compiling esp32c3 v0.23.0
[INFO] [stderr]    Compiling lock_api v0.4.12
[INFO] [stderr]    Compiling embassy-usb-driver v0.1.0
[INFO] [stderr]    Compiling scopeguard v1.2.0
[INFO] [stderr]    Compiling rand_core v0.6.4
[INFO] [stderr]    Compiling heck v0.4.1
[INFO] [stderr]    Compiling atomic-polyfill v1.0.3
[INFO] [stderr]    Compiling vcell v0.1.3
[INFO] [stderr]    Compiling gcd v2.3.0
[INFO] [stderr]    Compiling smoltcp v0.11.0
[INFO] [stderr]    Compiling no-std-net v0.6.0
[INFO] [stderr]    Compiling embassy-executor v0.5.0
[INFO] [stdout] error: cfg(portable_atomic_unsafe_assume_single_core) does not compatible with this target;
[INFO] [stdout]        if you need cfg(portable_atomic_unsafe_assume_single_core) support for this target,
[INFO] [stdout]        please submit an issue at <https://github.com/taiki-e/portable-atomic>
[INFO] [stdout]    --> /opt/rustwide/cargo-home/registry/src/index.crates.io-1949cf8c6b5b557f/portable-atomic-1.6.0/src/lib.rs:362:1
[INFO] [stdout]     |
[INFO] [stdout] 362 | / compile_error!(
[INFO] [stdout] 363 | |     "cfg(portable_atomic_unsafe_assume_single_core) does not compatible with this target;\n\
[INFO] [stdout] 364 | |      if you need cfg(portable_atomic_unsafe_assume_single_core) support for this target,\n\
[INFO] [stdout] 365 | |      please submit an issue at <https://github.com/taiki-e/portable-atomic>"
[INFO] [stdout] 366 | | );
[INFO] [stdout]     | |_^
[INFO] [stdout] 
[INFO] [stdout] 
[INFO] [stderr]    Compiling rustc_version v0.4.0
[INFO] [stdout] error[E0432]: unresolved import `super::core_atomic`
[INFO] [stdout]   --> /opt/rustwide/cargo-home/registry/src/index.crates.io-1949cf8c6b5b557f/portable-atomic-1.6.0/src/imp/x86.rs:19:12
[INFO] [stdout]    |
[INFO] [stdout] 19 | use super::core_atomic::{
[INFO] [stdout]    |            ^^^^^^^^^^^ could not find `core_atomic` in `super`
[INFO] [stdout]    |
[INFO] [stdout] note: found an item that was configured out
[INFO] [stdout]   --> /opt/rustwide/cargo-home/registry/src/index.crates.io-1949cf8c6b5b557f/portable-atomic-1.6.0/src/imp/mod.rs:29:5
[INFO] [stdout]    |
[INFO] [stdout]  6 |   #[cfg(not(any(
[INFO] [stdout]    |  __________-
[INFO] [stdout]  7 | |     all(
[INFO] [stdout]  8 | |         portable_atomic_no_atomic_load_store,
[INFO] [stdout]  9 | |         not(all(target_arch = "bpf", not(feature = "critical-section"))),
[INFO] [stdout] ...  |
[INFO] [stdout] 13 | |     target_arch = "msp430",
[INFO] [stdout] 14 | | )))]
[INFO] [stdout]    | |__- the item is gated here
[INFO] [stdout] ...
[INFO] [stdout] 29 |   mod core_atomic;
[INFO] [stdout]    |       ^^^^^^^^^^^
[INFO] [stdout] 
[INFO] [stdout] 
[INFO] [stderr]    Compiling fugit v0.3.7
[INFO] [stderr]    Compiling embedded-hal-nb v1.0.0
[INFO] [stderr]    Compiling document-features v0.2.8
[INFO] [stderr]    Compiling embedded-dma v0.2.0
[INFO] [stdout] error[E0282]: type annotations needed
[INFO] [stdout]     --> /opt/rustwide/cargo-home/registry/src/index.crates.io-1949cf8c6b5b557f/portable-atomic-1.6.0/src/lib.rs:1421:26
[INFO] [stdout]      |
[INFO] [stdout] 1421 |         fmt::Debug::fmt(&self.load(Ordering::Relaxed), f)
[INFO] [stdout]      |                          ^^^^ cannot infer type for type parameter `T`
[INFO] [stdout] 
[INFO] [stdout] 
[INFO] [stdout] error[E0282]: type annotations needed
[INFO] [stdout]     --> /opt/rustwide/cargo-home/registry/src/index.crates.io-1949cf8c6b5b557f/portable-atomic-1.6.0/src/lib.rs:1429:28
[INFO] [stdout]      |
[INFO] [stdout] 1429 |         fmt::Pointer::fmt(&self.load(Ordering::Relaxed), f)
[INFO] [stdout]      |                            ^^^^ cannot infer type for type parameter `T`
[INFO] [stdout] 
[INFO] [stdout] 
[INFO] [stderr]    Compiling num-traits v0.2.19
[INFO] [stdout] error[E0282]: type annotations needed
[INFO] [stdout]     --> /opt/rustwide/cargo-home/registry/src/index.crates.io-1949cf8c6b5b557f/portable-atomic-1.6.0/src/lib.rs:1964:13
[INFO] [stdout]      |
[INFO] [stdout] 1964 |             self.as_atomic_usize().fetch_add(val, order) as *mut T
[INFO] [stdout]      |             ^^^^ cannot infer type for type parameter `T`
[INFO] [stdout] 
[INFO] [stdout] 
[INFO] [stderr]    Compiling esp-wifi-sys v0.3.0
[INFO] [stdout] error[E0282]: type annotations needed
[INFO] [stdout]     --> /opt/rustwide/cargo-home/registry/src/index.crates.io-1949cf8c6b5b557f/portable-atomic-1.6.0/src/lib.rs:2008:13
[INFO] [stdout]      |
[INFO] [stdout] 2008 |             self.as_atomic_usize().fetch_sub(val, order) as *mut T
[INFO] [stdout]      |             ^^^^ cannot infer type for type parameter `T`
[INFO] [stdout] 
[INFO] [stdout] 
[INFO] [stdout] error[E0282]: type annotations needed
[INFO] [stdout]     --> /opt/rustwide/cargo-home/registry/src/index.crates.io-1949cf8c6b5b557f/portable-atomic-1.6.0/src/lib.rs:2067:13
[INFO] [stdout]      |
[INFO] [stdout] 2067 |             self.as_atomic_usize().fetch_or(val, order) as *mut T
[INFO] [stdout]      |             ^^^^ cannot infer type for type parameter `T`
[INFO] [stdout] 
[INFO] [stdout] 
[INFO] [stdout] error[E0282]: type annotations needed
[INFO] [stdout]     --> /opt/rustwide/cargo-home/registry/src/index.crates.io-1949cf8c6b5b557f/portable-atomic-1.6.0/src/lib.rs:2124:13
[INFO] [stdout]      |
[INFO] [stdout] 2124 |             self.as_atomic_usize().fetch_and(val, order) as *mut T
[INFO] [stdout]      |             ^^^^ cannot infer type for type parameter `T`
[INFO] [stdout] 
[INFO] [stdout] 
[INFO] [stdout] error[E0282]: type annotations needed
[INFO] [stdout]     --> /opt/rustwide/cargo-home/registry/src/index.crates.io-1949cf8c6b5b557f/portable-atomic-1.6.0/src/lib.rs:2180:13
[INFO] [stdout]      |
[INFO] [stdout] 2180 |             self.as_atomic_usize().fetch_xor(val, order) as *mut T
[INFO] [stdout]      |             ^^^^ cannot infer type for type parameter `T`
[INFO] [stdout] 
[INFO] [stdout] 
[INFO] [stdout] error[E0282]: type annotations needed
[INFO] [stdout]     --> /opt/rustwide/cargo-home/registry/src/index.crates.io-1949cf8c6b5b557f/portable-atomic-1.6.0/src/lib.rs:2228:13
[INFO] [stdout]      |
[INFO] [stdout] 2228 |             self.as_atomic_usize().bit_set(bit, order)
[INFO] [stdout]      |             ^^^^ cannot infer type for type parameter `T`
[INFO] [stdout] 
[INFO] [stdout] 
[INFO] [stdout] error[E0282]: type annotations needed
[INFO] [stdout]     --> /opt/rustwide/cargo-home/registry/src/index.crates.io-1949cf8c6b5b557f/portable-atomic-1.6.0/src/lib.rs:2273:13
[INFO] [stdout]      |
[INFO] [stdout] 2273 |             self.as_atomic_usize().bit_clear(bit, order)
[INFO] [stdout]      |             ^^^^ cannot infer type for type parameter `T`
[INFO] [stdout] 
[INFO] [stdout] 
[INFO] [stdout] error[E0282]: type annotations needed
[INFO] [stdout]     --> /opt/rustwide/cargo-home/registry/src/index.crates.io-1949cf8c6b5b557f/portable-atomic-1.6.0/src/lib.rs:2318:13
[INFO] [stdout]      |
[INFO] [stdout] 2318 |             self.as_atomic_usize().bit_toggle(bit, order)
[INFO] [stdout]      |             ^^^^ cannot infer type for type parameter `T`
[INFO] [stdout] 
[INFO] [stdout] 
[INFO] [stderr]    Compiling embedded-can v0.4.1
[INFO] [stderr]    Compiling proc-macro-error v1.0.4
[INFO] [stderr]    Compiling nb v0.1.3
[INFO] [stderr]    Compiling esp-println v0.9.1
[INFO] [stderr]    Compiling libm v0.2.8
[INFO] [stderr]    Compiling heapless v0.7.17
[INFO] [stderr]    Compiling bitflags v2.6.0
[INFO] [stderr]    Compiling embedded-nal-async v0.7.1
[INFO] [stderr]    Compiling bitfield v0.15.0
[INFO] [stdout] Some errors have detailed explanations: E0282, E0432.
[INFO] [stdout] 
[INFO] [stdout] For more information about an error, try `rustc --explain E0282`.
[INFO] [stdout] 
[INFO] [stderr] error: could not compile `portable-atomic` (lib) due to 12 previous errors
[INFO] [stderr] warning: build failed, waiting for other jobs to finish...
[INFO] running `Command { std: "docker" "inspect" "6331ba36e02108d234aaf97a4b8071adb70f16f989b8d27a05c997b47487981f", kill_on_drop: false }`
[INFO] running `Command { std: "docker" "rm" "-f" "6331ba36e02108d234aaf97a4b8071adb70f16f989b8d27a05c997b47487981f", kill_on_drop: false }`
[INFO] [stdout] 6331ba36e02108d234aaf97a4b8071adb70f16f989b8d27a05c997b47487981f
