[INFO] cloning repository https://github.com/flaviu-toader/rbe-tetris
[INFO] running `Command { std: "git" "-c" "credential.helper=" "-c" "credential.helper=/workspace/cargo-home/bin/git-credential-null" "clone" "--bare" "https://github.com/flaviu-toader/rbe-tetris" "/workspace/cache/git-repos/https%3A%2F%2Fgithub.com%2Fflaviu-toader%2Frbe-tetris", kill_on_drop: false }`
[INFO] [stderr] Cloning into bare repository '/workspace/cache/git-repos/https%3A%2F%2Fgithub.com%2Fflaviu-toader%2Frbe-tetris'...
[INFO] running `Command { std: "git" "rev-parse" "HEAD", kill_on_drop: false }`
[INFO] [stdout] c4ce90c2ef5ee9924834b05bba541cc150b8da42
[INFO] testing flaviu-toader/rbe-tetris against 1.100.0-beta.1 for beta-1.100-2
[INFO] running `Command { std: "git" "clone" "/workspace/cache/git-repos/https%3A%2F%2Fgithub.com%2Fflaviu-toader%2Frbe-tetris" "/workspace/builds/worker-7-tc2/source", kill_on_drop: false }`
[INFO] [stderr] Cloning into '/workspace/builds/worker-7-tc2/source'...
[INFO] [stderr] done.
[INFO] started tweaking git repo https://github.com/flaviu-toader/rbe-tetris
[INFO] finished tweaking git repo https://github.com/flaviu-toader/rbe-tetris
[INFO] tweaked toml for git repo https://github.com/flaviu-toader/rbe-tetris written to /workspace/builds/worker-7-tc2/source/Cargo.toml
[INFO] validating manifest of git repo https://github.com/flaviu-toader/rbe-tetris on toolchain 1.100.0-beta.1
[INFO] running `Command { std: CARGO_HOME="/workspace/cargo-home" RUSTUP_HOME="/workspace/rustup-home" "/workspace/cargo-home/bin/cargo" "+1.100.0-beta.1" "metadata" "--manifest-path" "Cargo.toml" "--no-deps", kill_on_drop: false }`
[INFO] crate git repo https://github.com/flaviu-toader/rbe-tetris already has a lockfile, it will not be regenerated
[INFO] running `Command { std: CARGO_HOME="/workspace/cargo-home" RUSTUP_HOME="/workspace/rustup-home" "/workspace/cargo-home/bin/cargo" "+1.100.0-beta.1" "fetch" "--manifest-path" "Cargo.toml", kill_on_drop: false }`
[INFO] [stderr] warning: Cargo.toml: `package.edition` is unspecified, defaulting to `2015` while the latest is `2024`
[INFO] [stderr] warning: `tetris` (manifest) generated 1 warning
[INFO] running `Command { std: "docker" "create" "-v" "/var/lib/crater-agent-workspace/builds/worker-7-tc2/source:/opt/rustwide/workdir:ro,Z" "-v" "/var/lib/crater-agent-workspace/builds/worker-7-tc2/target:/opt/rustwide/target:rw,Z" "-v" "/var/lib/crater-agent-workspace/cargo-home:/opt/rustwide/cargo-home:ro,Z" "-v" "/var/lib/crater-agent-workspace/rustup-home:/opt/rustwide/rustup-home:ro,Z" "-m" "1610612736" "--network" "none" "ghcr.io/rust-lang/crates-build-env/linux@sha256:3111399a4047eeb3a02b7a90e478d715f38a8c6669b5c4b49d30a17385265909" "sleep" "infinity", kill_on_drop: false }`
[INFO] [stdout] 661c0dc4d2f64fb6799a2149eb79266a9c0960bb815457ad93d0ff0196062a0b
[INFO] running `Command { std: "docker" "start" "661c0dc4d2f64fb6799a2149eb79266a9c0960bb815457ad93d0ff0196062a0b", kill_on_drop: false }`
[INFO] running `Command { std: "docker" "inspect" "661c0dc4d2f64fb6799a2149eb79266a9c0960bb815457ad93d0ff0196062a0b", kill_on_drop: false }`
[INFO] running `Command { std: "docker" "exec" "-e" "SOURCE_DIR=/opt/rustwide/workdir" "-e" "CARGO_HOME=/opt/rustwide/cargo-home" "-e" "RUSTUP_HOME=/opt/rustwide/rustup-home" "-e" "CARGO_TARGET_DIR=/opt/rustwide/target" "-w" "/opt/rustwide/workdir" "--user" "0:0" "661c0dc4d2f64fb6799a2149eb79266a9c0960bb815457ad93d0ff0196062a0b" "/opt/rustwide/cargo-home/bin/cargo" "+1.100.0-beta.1" "metadata" "--no-deps" "--format-version=1", kill_on_drop: false }`
[INFO] running `Command { std: "docker" "inspect" "661c0dc4d2f64fb6799a2149eb79266a9c0960bb815457ad93d0ff0196062a0b", kill_on_drop: false }`
[INFO] running `Command { std: "docker" "exec" "-e" "SOURCE_DIR=/opt/rustwide/workdir" "-e" "CARGO_HOME=/opt/rustwide/cargo-home" "-e" "RUSTUP_HOME=/opt/rustwide/rustup-home" "-e" "CARGO_TARGET_DIR=/opt/rustwide/target" "-e" "CARGO_INCREMENTAL=0" "-e" "RUST_BACKTRACE=full" "-e" "RUSTFLAGS=--cap-lints=warn" "-e" "RUSTDOCFLAGS=--cap-lints=warn" "-w" "/opt/rustwide/workdir" "--user" "0:0" "661c0dc4d2f64fb6799a2149eb79266a9c0960bb815457ad93d0ff0196062a0b" "/opt/rustwide/cargo-home/bin/cargo" "+1.100.0-beta.1" "build" "--frozen" "--message-format=json", kill_on_drop: false }`
[INFO] [stderr] warning: Cargo.toml: `package.edition` is unspecified, defaulting to `2015` while the latest is `2024`
[INFO] [stderr] warning: `tetris` (manifest) generated 1 warning
[INFO] [stderr]    Compiling num-traits v0.2.5
[INFO] [stderr]    Compiling num-integer v0.1.39
[INFO] [stderr]    Compiling libc v0.2.42
[INFO] [stderr]    Compiling num-iter v0.1.37
[INFO] [stderr]    Compiling sdl2-sys v0.30.0
[INFO] [stderr]    Compiling tetris v0.0.1 (/opt/rustwide/workdir)
[INFO] [stderr]    Compiling bitflags v0.7.0
[INFO] [stderr]    Compiling lazy_static v0.2.11
[INFO] [stderr]    Compiling rand v0.4.2
[INFO] [stderr]    Compiling rand v0.3.22
[INFO] [stderr]    Compiling num v0.1.42
[INFO] [stderr]    Compiling sdl2 v0.30.0
[INFO] [stdout] warning: unused imports: `INIT_JPG`, `INIT_PNG`, and `LoadTexture`
[INFO] [stdout]  --> src/main.rs:5:19
[INFO] [stdout]   |
[INFO] [stdout] 5 | use sdl2::image::{LoadTexture, INIT_JPG, INIT_PNG};
[INFO] [stdout]   |                   ^^^^^^^^^^^  ^^^^^^^^  ^^^^^^^^
[INFO] [stdout]   |
[INFO] [stdout]   = note: `#[warn(unused_imports)]` (part of `#[warn(unused)]`) on by default
[INFO] [stdout] 
[INFO] [stdout] 
[INFO] [stdout] error: linking with `cc` failed: exit status: 1
[INFO] [stdout]   |
[INFO] [stdout]   = note:  "cc" "-m64" "/opt/rustwide/target/debug/build/tetris/2352bed951adb76b/out/rustcB2PxQ9/symbols.o" "<4 object files omitted>" "-Wl,--as-needed" "-Wl,-Bstatic" "/opt/rustwide/target/debug/build/sdl2/94f0de441d5aec36/out/libsdl2-94f0de441d5aec36.rlib" "/opt/rustwide/target/debug/build/sdl2-sys/3b73fe1e1ec9628e/out/libsdl2_sys-3b73fe1e1ec9628e.rlib" "/opt/rustwide/target/debug/build/bitflags/7ba9f91ea1bab136/out/libbitflags-7ba9f91ea1bab136.rlib" "/opt/rustwide/target/debug/build/lazy_static/b753bb378fbdd6b0/out/liblazy_static-b753bb378fbdd6b0.rlib" "/opt/rustwide/target/debug/build/num/a1ebdf7af182cefb/out/libnum-a1ebdf7af182cefb.rlib" "/opt/rustwide/target/debug/build/num-iter/2f8cbbea57dc250c/out/libnum_iter-2f8cbbea57dc250c.rlib" "/opt/rustwide/target/debug/build/num-integer/24abb6cc8d9c861d/out/libnum_integer-24abb6cc8d9c861d.rlib" "/opt/rustwide/target/debug/build/num-traits/cfdab3f4e67be918/out/libnum_traits-cfdab3f4e67be918.rlib" "/opt/rustwide/target/debug/build/rand/e01ea1a328e8826c/out/librand-e01ea1a328e8826c.rlib" "/opt/rustwide/target/debug/build/rand/b2221838216a0d14/out/librand-b2221838216a0d14.rlib" "/opt/rustwide/target/debug/build/libc/fdc3371998a5de8c/out/liblibc-fdc3371998a5de8c.rlib" "<sysroot>/lib/rustlib/x86_64-unknown-linux-gnu/lib/{libstd-*,libpanic_unwind-*,libobject-*,libmemchr-*,libaddr2line-*,libgimli-*,libcfg_if-*,librustc_demangle-*,libstd_detect-*,libhashbrown-*,librustc_std_workspace_alloc-*,libminiz_oxide-*,libadler2-*,libunwind-*,liblibc-*,librustc_std_workspace_core-*,liballoc-*,libcore-*,libcompiler_builtins-*}.rlib" "-Wl,-Bdynamic" "-lSDL2_ttf" "-lSDL2_image" "-lSDL2" "-lutil" "-lgcc_s" "-lutil" "-lrt" "-lpthread" "-lm" "-ldl" "-lc" "-L" "/opt/rustwide/target/debug/build/tetris/2352bed951adb76b/out/rustcB2PxQ9/raw-dylibs" "-B<sysroot>/lib/rustlib/x86_64-unknown-linux-gnu/bin/gcc-ld" "-fuse-ld=lld" "-Wl,--eh-frame-hdr" "-Wl,-z,noexecstack" "-L" "<sysroot>/lib/rustlib/x86_64-unknown-linux-gnu/lib" "-o" "/opt/rustwide/target/debug/build/tetris/2352bed951adb76b/out/tetris" "-Wl,--gc-sections" "-pie" "-Wl,-z,relro,-z,now" "-nodefaultlibs"
[INFO] [stdout]   = note: some arguments are omitted. use `--verbose` to show all linker arguments
[INFO] [stdout]   = note: rust-lld: error: unable to find library -lSDL2_ttf
[INFO] [stdout]           rust-lld: error: unable to find library -lSDL2_image
[INFO] [stdout]           collect2: error: ld returned 1 exit status
[INFO] [stdout]           
[INFO] [stdout] 
[INFO] [stdout] 
[INFO] [stderr] error: could not compile `tetris` (bin "tetris") due to 1 previous error; 1 warning emitted
[INFO] running `Command { std: "docker" "inspect" "661c0dc4d2f64fb6799a2149eb79266a9c0960bb815457ad93d0ff0196062a0b", kill_on_drop: false }`
[INFO] running `Command { std: "docker" "rm" "-f" "661c0dc4d2f64fb6799a2149eb79266a9c0960bb815457ad93d0ff0196062a0b", kill_on_drop: false }`
[INFO] [stdout] 661c0dc4d2f64fb6799a2149eb79266a9c0960bb815457ad93d0ff0196062a0b
