[INFO] cloning repository https://github.com/ferrouschain/ferrouscore
[INFO] running `Command { std: "git" "-c" "credential.helper=" "-c" "credential.helper=/workspace/cargo-home/bin/git-credential-null" "clone" "--bare" "https://github.com/ferrouschain/ferrouscore" "/workspace/cache/git-repos/https%3A%2F%2Fgithub.com%2Fferrouschain%2Fferrouscore", kill_on_drop: false }`
[INFO] [stderr] Cloning into bare repository '/workspace/cache/git-repos/https%3A%2F%2Fgithub.com%2Fferrouschain%2Fferrouscore'...
[INFO] running `Command { std: "git" "rev-parse" "HEAD", kill_on_drop: false }`
[INFO] [stdout] 50ecf879259c9612b7073e6710ac62f6d9b0b82b
[INFO] testing ferrouschain/ferrouscore against 1.100.0-beta.1 for beta-1.100-2
[INFO] running `Command { std: "git" "clone" "/workspace/cache/git-repos/https%3A%2F%2Fgithub.com%2Fferrouschain%2Fferrouscore" "/workspace/builds/worker-4-tc2/source", kill_on_drop: false }`
[INFO] [stderr] Cloning into '/workspace/builds/worker-4-tc2/source'...
[INFO] [stderr] done.
[INFO] removed /workspace/builds/worker-4-tc2/source/.cargo/config.toml
[INFO] started tweaking git repo https://github.com/ferrouschain/ferrouscore
[INFO] removed 0 missing examples
[INFO] finished tweaking git repo https://github.com/ferrouschain/ferrouscore
[INFO] tweaked toml for git repo https://github.com/ferrouschain/ferrouscore written to /workspace/builds/worker-4-tc2/source/Cargo.toml
[INFO] validating manifest of git repo https://github.com/ferrouschain/ferrouscore on toolchain 1.100.0-beta.1
[INFO] running `Command { std: CARGO_HOME="/workspace/cargo-home" RUSTUP_HOME="/workspace/rustup-home" "/workspace/cargo-home/bin/cargo" "+1.100.0-beta.1" "metadata" "--manifest-path" "Cargo.toml" "--no-deps", kill_on_drop: false }`
[INFO] crate git repo https://github.com/ferrouschain/ferrouscore already has a lockfile, it will not be regenerated
[INFO] running `Command { std: CARGO_HOME="/workspace/cargo-home" RUSTUP_HOME="/workspace/rustup-home" "/workspace/cargo-home/bin/cargo" "+1.100.0-beta.1" "fetch" "--manifest-path" "Cargo.toml", kill_on_drop: false }`
[INFO] [stderr]     Blocking waiting for file lock on package cache
[INFO] [stderr]     Blocking waiting for file lock on package cache
[INFO] running `Command { std: "docker" "create" "-v" "/var/lib/crater-agent-workspace/builds/worker-4-tc2/source:/opt/rustwide/workdir:ro,Z" "-v" "/var/lib/crater-agent-workspace/builds/worker-4-tc2/target:/opt/rustwide/target:rw,Z" "-v" "/var/lib/crater-agent-workspace/cargo-home:/opt/rustwide/cargo-home:ro,Z" "-v" "/var/lib/crater-agent-workspace/rustup-home:/opt/rustwide/rustup-home:ro,Z" "-m" "1610612736" "--network" "none" "ghcr.io/rust-lang/crates-build-env/linux@sha256:3111399a4047eeb3a02b7a90e478d715f38a8c6669b5c4b49d30a17385265909" "sleep" "infinity", kill_on_drop: false }`
[INFO] [stdout] 6d8bdb0b3f20d0fc69af04bff8184ba9cd3d4322f572b861279aa1cbf0dba765
[INFO] running `Command { std: "docker" "start" "6d8bdb0b3f20d0fc69af04bff8184ba9cd3d4322f572b861279aa1cbf0dba765", kill_on_drop: false }`
[INFO] running `Command { std: "docker" "inspect" "6d8bdb0b3f20d0fc69af04bff8184ba9cd3d4322f572b861279aa1cbf0dba765", kill_on_drop: false }`
[INFO] running `Command { std: "docker" "exec" "-e" "SOURCE_DIR=/opt/rustwide/workdir" "-e" "CARGO_HOME=/opt/rustwide/cargo-home" "-e" "RUSTUP_HOME=/opt/rustwide/rustup-home" "-e" "CARGO_TARGET_DIR=/opt/rustwide/target" "-w" "/opt/rustwide/workdir" "--user" "0:0" "6d8bdb0b3f20d0fc69af04bff8184ba9cd3d4322f572b861279aa1cbf0dba765" "/opt/rustwide/cargo-home/bin/cargo" "+1.100.0-beta.1" "metadata" "--no-deps" "--format-version=1", kill_on_drop: false }`
[INFO] running `Command { std: "docker" "inspect" "6d8bdb0b3f20d0fc69af04bff8184ba9cd3d4322f572b861279aa1cbf0dba765", kill_on_drop: false }`
[INFO] running `Command { std: "docker" "exec" "-e" "SOURCE_DIR=/opt/rustwide/workdir" "-e" "CARGO_HOME=/opt/rustwide/cargo-home" "-e" "RUSTUP_HOME=/opt/rustwide/rustup-home" "-e" "CARGO_TARGET_DIR=/opt/rustwide/target" "-e" "CARGO_INCREMENTAL=0" "-e" "RUST_BACKTRACE=full" "-e" "RUSTFLAGS=--cap-lints=warn" "-e" "RUSTDOCFLAGS=--cap-lints=warn" "-w" "/opt/rustwide/workdir" "--user" "0:0" "6d8bdb0b3f20d0fc69af04bff8184ba9cd3d4322f572b861279aa1cbf0dba765" "/opt/rustwide/cargo-home/bin/cargo" "+1.100.0-beta.1" "build" "--frozen" "--message-format=json", kill_on_drop: false }`
[INFO] [stderr]    Compiling libc v0.2.184
[INFO] [stderr]    Compiling typenum v1.20.0
[INFO] [stderr]    Compiling memchr v2.8.0
[INFO] [stderr]    Compiling either v1.15.0
[INFO] [stderr]    Compiling regex-syntax v0.8.10
[INFO] [stderr]    Compiling minimal-lexical v0.2.1
[INFO] [stderr]    Compiling libloading v0.8.9
[INFO] [stderr]    Compiling cmov v0.5.3
[INFO] [stderr]    Compiling clang-sys v1.8.1
[INFO] [stderr]    Compiling bitflags v2.11.0
[INFO] [stderr]    Compiling bindgen v0.72.1
[INFO] [stderr]    Compiling getrandom v0.4.2
[INFO] [stderr]    Compiling num-traits v0.2.19
[INFO] [stderr]    Compiling zeroize v1.8.2
[INFO] [stderr]    Compiling syn v2.0.117
[INFO] [stderr]    Compiling rustc-hash v2.1.2
[INFO] [stderr]    Compiling bindgen v0.69.5
[INFO] [stderr]    Compiling ctutils v0.4.2
[INFO] [stderr]    Compiling zerocopy v0.8.48
[INFO] [stderr]    Compiling lazycell v1.3.0
[INFO] [stderr]    Compiling signal-hook v0.3.18
[INFO] [stderr]    Compiling lazy_static v1.5.0
[INFO] [stderr]    Compiling rustc-hash v1.1.0
[INFO] [stderr]    Compiling serde_core v1.0.228
[INFO] [stderr]    Compiling crossbeam-epoch v0.9.18
[INFO] [stderr]    Compiling itertools v0.13.0
[INFO] [stderr]    Compiling itertools v0.12.1
[INFO] [stderr]    Compiling rayon-core v1.13.0
[INFO] [stderr]    Compiling const-oid v0.10.2
[INFO] [stderr]    Compiling smallvec v1.15.1
[INFO] [stderr]    Compiling anstyle-parse v1.0.0
[INFO] [stderr]    Compiling anstyle v1.0.14
[INFO] [stderr]    Compiling colorchoice v1.0.5
[INFO] [stderr]    Compiling crossbeam-deque v0.8.6
[INFO] [stderr]    Compiling castaway v0.2.4
[INFO] [stderr]    Compiling anstream v1.0.0
[INFO] [stderr]    Compiling keccak v0.2.0
[INFO] [stderr]    Compiling unicode-segmentation v1.13.2
[INFO] [stderr]    Compiling serde_json v1.0.149
[INFO] [stderr]    Compiling nom v7.1.3
[INFO] [stderr]    Compiling aho-corasick v1.1.4
[INFO] [stderr]    Compiling clap_lex v1.1.0
[INFO] [stderr]    Compiling rustix v1.1.4
[INFO] [stderr]    Compiling generic-array v0.14.7
[INFO] [stderr]    Compiling hybrid-array v0.4.12
[INFO] [stderr]    Compiling clap_builder v4.6.0
[INFO] [stderr]    Compiling rayon v1.11.0
[INFO] [stderr]    Compiling regex-automata v0.4.14
[INFO] [stderr]    Compiling jobserver v0.1.34
[INFO] [stderr]    Compiling getrandom v0.2.17
[INFO] [stderr]    Compiling rand_core v0.6.4
[INFO] [stderr]    Compiling cc v1.2.59
[INFO] [stderr]    Compiling crypto-common v0.1.7
[INFO] [stderr]    Compiling block-buffer v0.10.4
[INFO] [stderr]    Compiling errno v0.3.14
[INFO] [stderr]    Compiling digest v0.10.7
[INFO] [stderr]    Compiling inout v0.1.4
[INFO] [stderr]    Compiling signal-hook-registry v1.4.8
[INFO] [stderr]    Compiling parking_lot_core v0.9.12
[INFO] [stderr]    Compiling crypto-common v0.2.1
[INFO] [stderr]    Compiling block-buffer v0.12.0
[INFO] [stderr]    Compiling mio v0.8.11
[INFO] [stderr]    Compiling parking_lot v0.12.5
[INFO] [stderr]    Compiling cipher v0.4.4
[INFO] [stderr]    Compiling universal-hash v0.5.1
[INFO] [stderr]    Compiling chacha20 v0.9.1
[INFO] [stderr]    Compiling signal-hook-mio v0.2.5
[INFO] [stderr]    Compiling cexpr v0.6.0
[INFO] [stderr]    Compiling digest v0.11.3
[INFO] [stderr]    Compiling der v0.8.0
[INFO] [stderr]    Compiling crossterm v0.27.0
[INFO] [stderr]    Compiling sha3 v0.11.0
[INFO] [stderr]    Compiling signature v3.0.0
[INFO] [stderr]    Compiling regex v1.12.3
[INFO] [stderr]    Compiling cmake v0.1.58
[INFO] [stderr]    Compiling poly1305 v0.8.0
[INFO] [stderr]    Compiling hmac v0.12.1
[INFO] [stderr]    Compiling module-lattice v0.2.3
[INFO] [stderr]    Compiling aead v0.5.2
[INFO] [stderr]    Compiling is-terminal v0.4.17
[INFO] [stderr]    Compiling unicode-truncate v1.1.0
[INFO] [stderr]    Compiling num-integer v0.1.46
[INFO] [stderr]    Compiling compact_str v0.7.1
[INFO] [stderr]    Compiling arrayvec v0.7.6
[INFO] [stderr]    Compiling termcolor v1.4.1
[INFO] [stderr]    Compiling constant_time_eq v0.4.2
[INFO] [stderr]    Compiling bitflags v1.3.2
[INFO] [stderr]    Compiling ascii v1.1.0
[INFO] [stderr]    Compiling humantime v2.3.0
[INFO] [stderr]    Compiling arrayref v0.3.9
[INFO] [stderr]    Compiling chunked_transfer v1.5.0
[INFO] [stderr]    Compiling chrono v0.4.44
[INFO] [stderr]    Compiling tempfile v3.27.0
[INFO] [stderr]    Compiling bzip2-sys v0.1.13+1.0.8
[INFO] [stderr]    Compiling lz4-sys v1.11.1+lz4-1.10.0
[INFO] [stderr]    Compiling libz-sys v1.1.28
[INFO] [stderr]    Compiling secp256k1-sys v0.10.1
[INFO] [stderr]    Compiling ppv-lite86 v0.2.21
[INFO] [stderr]    Compiling randomx-rs v1.4.1
[INFO] [stderr]    Compiling spki v0.8.0
[INFO] [stderr]    Compiling blake3 v1.8.5
[INFO] [stderr]    Compiling pkcs8 v0.11.0
[INFO] [stderr]    Compiling rand_chacha v0.3.1
[INFO] [stderr]    Compiling ml-dsa v0.1.0-rc.11
[INFO] [stderr]    Compiling tiny_http v0.12.0
[INFO] [stderr]    Compiling sysinfo v0.30.13
[INFO] [stderr]    Compiling strum_macros v0.26.4
[INFO] [stderr]    Compiling thiserror-impl v1.0.69
[INFO] [stderr]    Compiling serde_derive v1.0.228
[INFO] [stderr]    Compiling rand v0.8.5
[INFO] [stderr]    Compiling stability v0.2.1
[INFO] [stderr]    Compiling clap_derive v4.6.0
[INFO] [stderr]    Compiling thiserror v1.0.69
[INFO] [stderr]    Compiling env_logger v0.10.2
[INFO] [stderr]    Compiling num-bigint v0.4.6
[INFO] [stderr]    Compiling chacha20poly1305 v0.10.1
[INFO] [stderr]    Compiling pbkdf2 v0.12.2
[INFO] [stderr]    Compiling ripemd v0.1.3
[INFO] [stderr]    Compiling sha2 v0.10.9
[INFO] [stderr]    Compiling num_cpus v1.17.0
[INFO] [stderr]    Compiling strum v0.26.3
[INFO] [stderr]    Compiling bs58 v0.5.1
[INFO] [stderr]    Compiling ratatui v0.26.3
[INFO] [stderr]    Compiling hex v0.4.3
[INFO] [stderr]    Compiling bech32 v0.11.1
[INFO] [stderr]    Compiling clap v4.6.0
[INFO] [stderr] error: could not compile `bindgen` (lib)
[INFO] [stderr] 
[INFO] [stderr] Caused by:
[INFO] [stderr]   process didn't exit successfully: `/opt/rustwide/rustup-home/toolchains/1.100.0-beta.1-x86_64-unknown-linux-gnu/bin/rustc --crate-name bindgen --edition=2021 /opt/rustwide/cargo-home/registry/src/index.crates.io-1949cf8c6b5b557f/bindgen-0.72.1/lib.rs --error-format=json --json=diagnostic-rendered-ansi,artifacts,future-incompat,unused-externs-silent --crate-type lib --emit=dep-info,metadata,link -C embed-bitcode=no --cfg 'feature="runtime"' --check-cfg 'cfg(docsrs,test)' --check-cfg 'cfg(feature, values("__cli", "__testing_only_extra_assertions", "__testing_only_libclang_16", "__testing_only_libclang_9", "default", "experimental", "logging", "prettyplease", "runtime", "static"))' -C metadata=015741bf92628033 -C extra-filename=-aabc4d55b0e6a308 --out-dir /opt/rustwide/target/debug/build/bindgen/aabc4d55b0e6a308/out -L dependency=/opt/rustwide/target/debug/build/cfg-if/83060ec5685761ae/out -L dependency=/opt/rustwide/target/debug/build/either/3fc894d320d177af/out -L dependency=/opt/rustwide/target/debug/build/glob/ea04e56e1495cd4b/out -L dependency=/opt/rustwide/target/debug/build/libc/3394320f0eefe0b4/out -L dependency=/opt/rustwide/target/debug/build/libloading/b88ed07a8c9d4e98/out -L dependency=/opt/rustwide/target/debug/build/memchr/ba3829a276830806/out -L dependency=/opt/rustwide/target/debug/build/minimal-lexical/5c460c37ff8bd65d/out -L dependency=/opt/rustwide/target/debug/build/nom/03857fda0237374a/out -L dependency=/opt/rustwide/target/debug/build/proc-macro2/154be7f81f34ed1b/out -L dependency=/opt/rustwide/target/debug/build/quote/a87dd5cb7e80719c/out -L dependency=/opt/rustwide/target/debug/build/regex-automata/a29531792962ba53/out -L dependency=/opt/rustwide/target/debug/build/regex-syntax/ee3ccf9777ee8e3b/out -L dependency=/opt/rustwide/target/debug/build/unicode-ident/86faa6b6bcc5b157/out --extern bitflags=/opt/rustwide/target/debug/build/bitflags/c8ed395e0a416653/out/libbitflags-c8ed395e0a416653.rmeta --extern cexpr=/opt/rustwide/target/debug/build/cexpr/14ddb0df89741827/out/libcexpr-14ddb0df89741827.rmeta --extern clang_sys=/opt/rustwide/target/debug/build/clang-sys/31f7b72c8f9302c1/out/libclang_sys-31f7b72c8f9302c1.rmeta --extern itertools=/opt/rustwide/target/debug/build/itertools/304327a98bc00503/out/libitertools-304327a98bc00503.rmeta --extern proc_macro2=/opt/rustwide/target/debug/build/proc-macro2/154be7f81f34ed1b/out/libproc_macro2-154be7f81f34ed1b.rmeta --extern quote=/opt/rustwide/target/debug/build/quote/a87dd5cb7e80719c/out/libquote-a87dd5cb7e80719c.rmeta --extern regex=/opt/rustwide/target/debug/build/regex/10339d70e694c670/out/libregex-10339d70e694c670.rmeta --extern rustc_hash=/opt/rustwide/target/debug/build/rustc-hash/488abaea0f7aa267/out/librustc_hash-488abaea0f7aa267.rmeta --extern shlex=/opt/rustwide/target/debug/build/shlex/d42f9967807a45e2/out/libshlex-d42f9967807a45e2.rmeta --extern syn=/opt/rustwide/target/debug/build/syn/7ee39066a9cf46b3/out/libsyn-7ee39066a9cf46b3.rmeta --cap-lints allow --cap-lints=warn --force-warn=unused_crate_dependencies` (signal: 9, SIGKILL: kill)
[INFO] [stderr] warning: build failed, waiting for other jobs to finish...
[INFO] [stderr] error: could not compile `serde_derive` (lib)
[INFO] [stderr] 
[INFO] [stderr] Caused by:
[INFO] [stderr]   process didn't exit successfully: `/opt/rustwide/rustup-home/toolchains/1.100.0-beta.1-x86_64-unknown-linux-gnu/bin/rustc --crate-name serde_derive --edition=2021 /opt/rustwide/cargo-home/registry/src/index.crates.io-1949cf8c6b5b557f/serde_derive-1.0.228/src/lib.rs --error-format=json --json=diagnostic-rendered-ansi,artifacts,future-incompat,unused-externs-silent --crate-type proc-macro --emit=dep-info,link -C prefer-dynamic -C embed-bitcode=no --cfg 'feature="default"' --check-cfg 'cfg(docsrs,test)' --check-cfg 'cfg(feature, values("default", "deserialize_in_place"))' -C metadata=841729c82642e79d -C extra-filename=-b7e5686a2ce3a85b --out-dir /opt/rustwide/target/debug/build/serde_derive/b7e5686a2ce3a85b/out -L dependency=/opt/rustwide/target/debug/build/proc-macro2/154be7f81f34ed1b/out -L dependency=/opt/rustwide/target/debug/build/quote/a87dd5cb7e80719c/out -L dependency=/opt/rustwide/target/debug/build/unicode-ident/86faa6b6bcc5b157/out --extern proc_macro2=/opt/rustwide/target/debug/build/proc-macro2/154be7f81f34ed1b/out/libproc_macro2-154be7f81f34ed1b.rlib --extern quote=/opt/rustwide/target/debug/build/quote/a87dd5cb7e80719c/out/libquote-a87dd5cb7e80719c.rlib --extern syn=/opt/rustwide/target/debug/build/syn/7ee39066a9cf46b3/out/libsyn-7ee39066a9cf46b3.rlib --extern proc_macro --cap-lints allow --cap-lints=warn --force-warn=unused_crate_dependencies` (signal: 9, SIGKILL: kill)
[INFO] [stderr] error: could not compile `bindgen` (lib)
[INFO] [stderr] 
[INFO] [stderr] Caused by:
[INFO] [stderr]   process didn't exit successfully: `/opt/rustwide/rustup-home/toolchains/1.100.0-beta.1-x86_64-unknown-linux-gnu/bin/rustc --crate-name bindgen --edition=2018 /opt/rustwide/cargo-home/registry/src/index.crates.io-1949cf8c6b5b557f/bindgen-0.69.5/lib.rs --error-format=json --json=diagnostic-rendered-ansi,artifacts,future-incompat,unused-externs-silent --crate-type lib --emit=dep-info,metadata,link -C embed-bitcode=no --cfg 'feature="runtime"' --check-cfg 'cfg(docsrs,test)' --check-cfg 'cfg(feature, values("__cli", "__testing_only_extra_assertions", "__testing_only_libclang_16", "__testing_only_libclang_9", "default", "experimental", "logging", "prettyplease", "runtime", "static", "which-rustfmt"))' -C metadata=8f97c8e67c136ebe -C extra-filename=-9ed09d42a79c8d16 --out-dir /opt/rustwide/target/debug/build/bindgen/9ed09d42a79c8d16/out -L dependency=/opt/rustwide/target/debug/build/cfg-if/83060ec5685761ae/out -L dependency=/opt/rustwide/target/debug/build/either/3fc894d320d177af/out -L dependency=/opt/rustwide/target/debug/build/glob/ea04e56e1495cd4b/out -L dependency=/opt/rustwide/target/debug/build/libc/3394320f0eefe0b4/out -L dependency=/opt/rustwide/target/debug/build/libloading/b88ed07a8c9d4e98/out -L dependency=/opt/rustwide/target/debug/build/memchr/ba3829a276830806/out -L dependency=/opt/rustwide/target/debug/build/minimal-lexical/5c460c37ff8bd65d/out -L dependency=/opt/rustwide/target/debug/build/nom/03857fda0237374a/out -L dependency=/opt/rustwide/target/debug/build/proc-macro2/154be7f81f34ed1b/out -L dependency=/opt/rustwide/target/debug/build/quote/a87dd5cb7e80719c/out -L dependency=/opt/rustwide/target/debug/build/regex-automata/a29531792962ba53/out -L dependency=/opt/rustwide/target/debug/build/regex-syntax/ee3ccf9777ee8e3b/out -L dependency=/opt/rustwide/target/debug/build/unicode-ident/86faa6b6bcc5b157/out --extern bitflags=/opt/rustwide/target/debug/build/bitflags/c8ed395e0a416653/out/libbitflags-c8ed395e0a416653.rmeta --extern cexpr=/opt/rustwide/target/debug/build/cexpr/14ddb0df89741827/out/libcexpr-14ddb0df89741827.rmeta --extern clang_sys=/opt/rustwide/target/debug/build/clang-sys/31f7b72c8f9302c1/out/libclang_sys-31f7b72c8f9302c1.rmeta --extern itertools=/opt/rustwide/target/debug/build/itertools/2bdabe3e534d17aa/out/libitertools-2bdabe3e534d17aa.rmeta --extern lazy_static=/opt/rustwide/target/debug/build/lazy_static/52f92367a1466f0a/out/liblazy_static-52f92367a1466f0a.rmeta --extern lazycell=/opt/rustwide/target/debug/build/lazycell/089c1e2726d3acc9/out/liblazycell-089c1e2726d3acc9.rmeta --extern proc_macro2=/opt/rustwide/target/debug/build/proc-macro2/154be7f81f34ed1b/out/libproc_macro2-154be7f81f34ed1b.rmeta --extern quote=/opt/rustwide/target/debug/build/quote/a87dd5cb7e80719c/out/libquote-a87dd5cb7e80719c.rmeta --extern regex=/opt/rustwide/target/debug/build/regex/10339d70e694c670/out/libregex-10339d70e694c670.rmeta --extern rustc_hash=/opt/rustwide/target/debug/build/rustc-hash/61722fad59b5c085/out/librustc_hash-61722fad59b5c085.rmeta --extern shlex=/opt/rustwide/target/debug/build/shlex/d42f9967807a45e2/out/libshlex-d42f9967807a45e2.rmeta --extern syn=/opt/rustwide/target/debug/build/syn/7ee39066a9cf46b3/out/libsyn-7ee39066a9cf46b3.rmeta --cap-lints allow --cap-lints=warn --force-warn=unused_crate_dependencies` (signal: 9, SIGKILL: kill)
[INFO] [stderr] error: could not compile `ratatui` (lib)
[INFO] [stderr] 
[INFO] [stderr] Caused by:
[INFO] [stderr]   process didn't exit successfully: `/opt/rustwide/rustup-home/toolchains/1.100.0-beta.1-x86_64-unknown-linux-gnu/bin/rustc --crate-name ratatui --edition=2021 /opt/rustwide/cargo-home/registry/src/index.crates.io-1949cf8c6b5b557f/ratatui-0.26.3/src/lib.rs --error-format=json --json=diagnostic-rendered-ansi,artifacts,future-incompat,unused-externs-silent --crate-type lib --emit=dep-info,metadata,link -C embed-bitcode=no -C debuginfo=2 --cfg 'feature="crossterm"' --cfg 'feature="default"' --cfg 'feature="underline-color"' --check-cfg 'cfg(docsrs,test)' --check-cfg 'cfg(feature, values("all-widgets", "crossterm", "default", "document-features", "macros", "serde", "termion", "termwiz", "underline-color", "unstable", "unstable-rendered-line-info", "unstable-widget-ref", "widget-calendar"))' -C metadata=faa1d46a1ef8e226 -C extra-filename=-1cbef68fb88b5568 --out-dir /opt/rustwide/target/debug/build/ratatui/1cbef68fb88b5568/out -L dependency=/opt/rustwide/target/debug/build/allocator-api2/8d9c1e895dea53bd/out -L dependency=/opt/rustwide/target/debug/build/bitflags/19bd3a07fb167555/out -L dependency=/opt/rustwide/target/debug/build/castaway/ed2f41f7ce181af7/out -L dependency=/opt/rustwide/target/debug/build/cfg-if/83060ec5685761ae/out -L dependency=/opt/rustwide/target/debug/build/either/e5ea87bd27ac73a9/out -L dependency=/opt/rustwide/target/debug/build/equivalent/6a754676e6af62ae/out -L dependency=/opt/rustwide/target/debug/build/errno/55a6aecf5b377c05/out -L dependency=/opt/rustwide/target/debug/build/foldhash/07f233db1c671507/out -L dependency=/opt/rustwide/target/debug/build/hashbrown/621f4a290160b487/out -L dependency=/opt/rustwide/target/debug/build/itertools/d4fb7b10298c11cf/out -L dependency=/opt/rustwide/target/debug/build/itoa/5de11b3b23bfe572/out -L dependency=/opt/rustwide/target/debug/build/libc/3394320f0eefe0b4/out -L dependency=/opt/rustwide/target/debug/build/lock_api/16d46fed645f7bff/out -L dependency=/opt/rustwide/target/debug/build/log/b262261d47bd2eba/out -L dependency=/opt/rustwide/target/debug/build/mio/b8db88537b5f70b0/out -L dependency=/opt/rustwide/target/debug/build/parking_lot/929d8aea1c6012b6/out -L dependency=/opt/rustwide/target/debug/build/parking_lot_core/011e67790f52d816/out -L dependency=/opt/rustwide/target/debug/build/rustversion/0fe8e9afe386a651/out -L dependency=/opt/rustwide/target/debug/build/ryu/1f4f40e4352371e5/out -L dependency=/opt/rustwide/target/debug/build/scopeguard/7ec2214574194454/out -L dependency=/opt/rustwide/target/debug/build/signal-hook-mio/a0f6f28d0e82f06e/out -L dependency=/opt/rustwide/target/debug/build/signal-hook-registry/82934c0b8de84392/out -L dependency=/opt/rustwide/target/debug/build/signal-hook/98f5bfbd5dbd0402/out -L dependency=/opt/rustwide/target/debug/build/smallvec/c4b0763233bab5f9/out -L dependency=/opt/rustwide/target/debug/build/static_assertions/f0217ecdd817a834/out -L dependency=/opt/rustwide/target/debug/build/strum_macros/9828e0e4f0bcad5d/out -L dependency=/opt/rustwide/target/debug/build/unicode-segmentation/63c0e35c356241ee/out -L dependency=/opt/rustwide/target/debug/build/unicode-width/b1bc0d6c10c00ecc/out --extern bitflags=/opt/rustwide/target/debug/build/bitflags/19bd3a07fb167555/out/libbitflags-19bd3a07fb167555.rmeta --extern cassowary=/opt/rustwide/target/debug/build/cassowary/12d00e585f48d567/out/libcassowary-12d00e585f48d567.rmeta --extern compact_str=/opt/rustwide/target/debug/build/compact_str/5e4b6aeecc8415cc/out/libcompact_str-5e4b6aeecc8415cc.rmeta --extern crossterm=/opt/rustwide/target/debug/build/crossterm/1dcc5af2c26a9cfc/out/libcrossterm-1dcc5af2c26a9cfc.rmeta --extern itertools=/opt/rustwide/target/debug/build/itertools/144f4b3efc3ba30a/out/libitertools-144f4b3efc3ba30a.rmeta --extern lru=/opt/rustwide/target/debug/build/lru/3af40d5519ef5719/out/liblru-3af40d5519ef5719.rmeta --extern paste=/opt/rustwide/target/debug/build/paste/93bf70849a6c6f92/out/libpaste-93bf70849a6c6f92.so --extern stability=/opt/rustwide/target/debug/build/stability/2396bee04ece503a/out/libstability-2396bee04ece503a.so --extern strum=/opt/rustwide/target/debug/build/strum/027f53bfaae3ade5/out/libstrum-027f53bfaae3ade5.rmeta --extern unicode_segmentation=/opt/rustwide/target/debug/build/unicode-segmentation/63c0e35c356241ee/out/libunicode_segmentation-63c0e35c356241ee.rmeta --extern unicode_truncate=/opt/rustwide/target/debug/build/unicode-truncate/3ac426136ab76109/out/libunicode_truncate-3ac426136ab76109.rmeta --extern unicode_width=/opt/rustwide/target/debug/build/unicode-width/b1bc0d6c10c00ecc/out/libunicode_width-b1bc0d6c10c00ecc.rmeta --cap-lints allow --cap-lints=warn --force-warn=unused_crate_dependencies` (signal: 9, SIGKILL: kill)
[INFO] [stderr] error: failed to run custom build command for `randomx-rs v1.4.1`
[INFO] [stderr] note: To improve backtraces for build dependencies, set the CARGO_PROFILE_DEV_BUILD_OVERRIDE_DEBUG=true environment variable to enable debug information generation.
[INFO] [stderr] 
[INFO] [stderr] Caused by:
[INFO] [stderr]   process didn't exit successfully: `/opt/rustwide/target/debug/build/randomx-rs/b82638e2cf284c2f/out/build_script_build` (exit status: 101)
[INFO] [stderr]   --- stdout
[INFO] [stderr]   CMAKE_TOOLCHAIN_FILE_x86_64-unknown-linux-gnu = None
[INFO] [stderr]   CMAKE_TOOLCHAIN_FILE_x86_64_unknown_linux_gnu = None
[INFO] [stderr]   HOST_CMAKE_TOOLCHAIN_FILE = None
[INFO] [stderr]   CMAKE_TOOLCHAIN_FILE = None
[INFO] [stderr]   CMAKE_GENERATOR_x86_64-unknown-linux-gnu = None
[INFO] [stderr]   CMAKE_GENERATOR_x86_64_unknown_linux_gnu = None
[INFO] [stderr]   HOST_CMAKE_GENERATOR = None
[INFO] [stderr]   CMAKE_GENERATOR = None
[INFO] [stderr]   CMAKE_PREFIX_PATH_x86_64-unknown-linux-gnu = None
[INFO] [stderr]   CMAKE_PREFIX_PATH_x86_64_unknown_linux_gnu = None
[INFO] [stderr]   HOST_CMAKE_PREFIX_PATH = None
[INFO] [stderr]   CMAKE_PREFIX_PATH = None
[INFO] [stderr]   CMAKE_x86_64-unknown-linux-gnu = None
[INFO] [stderr]   CMAKE_x86_64_unknown_linux_gnu = None
[INFO] [stderr]   HOST_CMAKE = None
[INFO] [stderr]   CMAKE = None
[INFO] [stderr]   -- The C compiler identification is GNU 15.2.0
[INFO] [stderr]   -- The CXX compiler identification is GNU 15.2.0
[INFO] [stderr]   -- Detecting C compiler ABI info
[INFO] [stderr]   -- Detecting C compiler ABI info - done
[INFO] [stderr]   -- Check for working C compiler: /usr/bin/cc - skipped
[INFO] [stderr]   -- Detecting C compile features
[INFO] [stderr]   -- Detecting C compile features - done
[INFO] [stderr]   -- Detecting CXX compiler ABI info
[INFO] [stderr]   -- Detecting CXX compiler ABI info - done
[INFO] [stderr]   -- Check for working CXX compiler: /usr/bin/c++ - skipped
[INFO] [stderr]   -- Detecting CXX compile features
[INFO] [stderr]   -- Detecting CXX compile features - done
[INFO] [stderr]   -- Performing Test _maes_cxx
[INFO] [stderr]   -- Performing Test _maes_cxx - Success
[INFO] [stderr]   -- Setting CXX flag -maes
[INFO] [stderr]   -- Performing Test _maes_c
[INFO] [stderr]   -- Performing Test _maes_c - Success
[INFO] [stderr]   -- Setting C flag -maes
[INFO] [stderr]   -- Performing Test HAVE_SSSE3
[INFO] [stderr]   -- Performing Test HAVE_SSSE3 - Success
[INFO] [stderr]   -- Performing Test HAVE_AVX2
[INFO] [stderr]   -- Performing Test HAVE_AVX2 - Success
[INFO] [stderr]   -- Performing Test CMAKE_HAVE_LIBC_PTHREAD
[INFO] [stderr]   -- Performing Test CMAKE_HAVE_LIBC_PTHREAD - Success
[INFO] [stderr]   -- Found Threads: TRUE
[INFO] [stderr]   -- Performing Test HAVE_CXX_ATOMICS
[INFO] [stderr]   -- Performing Test HAVE_CXX_ATOMICS - Success
[INFO] [stderr]   -- Configuring done (12.2s)
[INFO] [stderr]   -- Generating done (0.1s)
[INFO] [stderr]   -- Build files have been written to: /opt/rustwide/target/debug/build/randomx-rs/7c2d11a25be598d6/out/build
[INFO] [stderr]   [  2%] Building CXX object CMakeFiles/randomx.dir/src/aes_hash.cpp.o
[INFO] [stderr]   [  5%] Building C object CMakeFiles/randomx.dir/src/argon2_ref.c.o
[INFO] [stderr]   [  8%] Building C object CMakeFiles/randomx.dir/src/argon2_ssse3.c.o
[INFO] [stderr]   [ 11%] Building C object CMakeFiles/randomx.dir/src/argon2_avx2.c.o
[INFO] [stderr]   [ 14%] Building CXX object CMakeFiles/randomx.dir/src/bytecode_machine.cpp.o
[INFO] [stderr]   [ 17%] Building CXX object CMakeFiles/randomx.dir/src/cpu.cpp.o
[INFO] [stderr]   [ 20%] Building CXX object CMakeFiles/randomx.dir/src/dataset.cpp.o
[INFO] [stderr]   [ 23%] Building CXX object CMakeFiles/randomx.dir/src/soft_aes.cpp.o
[INFO] [stderr]   [ 26%] Building C object CMakeFiles/randomx.dir/src/virtual_memory.c.o
[INFO] [stderr]   [ 29%] Building CXX object CMakeFiles/randomx.dir/src/vm_interpreted.cpp.o
[INFO] [stderr]   [ 32%] Building CXX object CMakeFiles/randomx.dir/src/allocator.cpp.o
[INFO] [stderr]   [ 35%] Building CXX object CMakeFiles/randomx.dir/src/assembly_generator_x86.cpp.o
[INFO] [stderr]   [ 38%] Building CXX object CMakeFiles/randomx.dir/src/randomx.cpp.o
[INFO] [stderr]   [ 41%] Building CXX object CMakeFiles/randomx.dir/src/instruction.cpp.o
[INFO] [stderr]   [ 44%] Building CXX object CMakeFiles/randomx.dir/src/superscalar.cpp.o
[INFO] [stderr]   [ 47%] Building CXX object CMakeFiles/randomx.dir/src/vm_compiled.cpp.o
[INFO] [stderr]   [ 50%] Building CXX object CMakeFiles/randomx.dir/src/vm_interpreted_light.cpp.o
[INFO] [stderr]   [ 52%] Building C object CMakeFiles/randomx.dir/src/argon2_core.c.o
[INFO] [stderr]   [ 55%] Building CXX object CMakeFiles/randomx.dir/src/blake2_generator.cpp.o
[INFO] [stderr]   [ 58%] Building C object CMakeFiles/randomx.dir/src/reciprocal.c.o
[INFO] [stderr]   [ 61%] Building CXX object CMakeFiles/randomx.dir/src/instructions_portable.cpp.o
[INFO] [stderr]   [ 64%] Building CXX object CMakeFiles/randomx.dir/src/virtual_machine.cpp.o
[INFO] [stderr]   [ 67%] Building CXX object CMakeFiles/randomx.dir/src/vm_compiled_light.cpp.o
[INFO] [stderr]   [ 70%] Building C object CMakeFiles/randomx.dir/src/blake2/blake2b.c.o
[INFO] [stderr]   [ 73%] Building CXX object CMakeFiles/randomx.dir/src/jit_compiler_x86.cpp.o
[INFO] [stderr]   [ 76%] Building C object CMakeFiles/randomx.dir/src/jit_compiler_x86_static.S.o
[INFO] [stderr] 
[INFO] [stderr]   --- stderr
[INFO] [stderr]   running: cd "/opt/rustwide/target/debug/build/randomx-rs/7c2d11a25be598d6/out/build" && CMAKE_PREFIX_PATH="" LC_ALL="C" "cmake" "/opt/rustwide/cargo-home/registry/src/index.crates.io-1949cf8c6b5b557f/randomx-rs-1.4.1/RandomX" "-B" "/opt/rustwide/target/debug/build/randomx-rs/7c2d11a25be598d6/out/build" "-DDARCH=native" "-DCMAKE_INSTALL_PREFIX=/opt/rustwide/target/debug/build/randomx-rs/7c2d11a25be598d6/out" "-DCMAKE_C_FLAGS= -ffunction-sections -fdata-sections -fPIC -m64 -w" "-DCMAKE_C_COMPILER=/usr/bin/cc" "-DCMAKE_CXX_FLAGS= -ffunction-sections -fdata-sections -fPIC -m64 -w" "-DCMAKE_CXX_COMPILER=/usr/bin/c++" "-DCMAKE_ASM_FLAGS= -ffunction-sections -fdata-sections -fPIC -m64 -w" "-DCMAKE_ASM_COMPILER=/usr/bin/cc" "-DCMAKE_BUILD_TYPE=Debug"
[INFO] [stderr]   CMake Deprecation Warning at CMakeLists.txt:29 (cmake_minimum_required):
[INFO] [stderr]     Compatibility with CMake < 3.10 will be removed from a future version of
[INFO] [stderr]     CMake.
[INFO] [stderr] 
[INFO] [stderr]     Update the VERSION argument <min> value.  Or, use the <min>...<max> syntax
[INFO] [stderr]     to tell CMake that the project requires at least <min> but has been updated
[INFO] [stderr]     to work with policies introduced by <max> or earlier.
[INFO] [stderr] 
[INFO] [stderr] 
[INFO] [stderr]   CMake Warning:
[INFO] [stderr]     Manually-specified variables were not used by the project:
[INFO] [stderr] 
[INFO] [stderr]       CMAKE_ASM_COMPILER
[INFO] [stderr]       CMAKE_ASM_FLAGS
[INFO] [stderr]       DARCH
[INFO] [stderr] 
[INFO] [stderr] 
[INFO] [stderr]   running: cd "/opt/rustwide/target/debug/build/randomx-rs/7c2d11a25be598d6/out/build" && LC_ALL="C" MAKEFLAGS="-j --jobserver-fds=4,5 --jobserver-auth=4,5" "cmake" "--build" "/opt/rustwide/target/debug/build/randomx-rs/7c2d11a25be598d6/out/build" "--target" "install" "--config" "Debug"
[INFO] [stderr]   c++: fatal error: Killed signal terminated program cc1plus
[INFO] [stderr]   compilation terminated.
[INFO] [stderr]   gmake[2]: *** [CMakeFiles/randomx.dir/build.make:163: CMakeFiles/randomx.dir/src/dataset.cpp.o] Error 1
[INFO] [stderr]   gmake[2]: *** Waiting for unfinished jobs....
[INFO] [stderr]   gmake[1]: *** [CMakeFiles/Makefile2:96: CMakeFiles/randomx.dir/all] Error 2
[INFO] [stderr]   gmake: *** [Makefile:136: all] Error 2
[INFO] [stderr] 
[INFO] [stderr]   thread 'main' (1385) panicked at /opt/rustwide/cargo-home/registry/src/index.crates.io-1949cf8c6b5b557f/cmake-0.1.58/src/lib.rs:1132:5:
[INFO] [stderr] 
[INFO] [stderr]   command did not execute successfully, got: exit status: 2
[INFO] [stderr] 
[INFO] [stderr]   build script failed, must exit now
[INFO] [stderr]   stack backtrace:
[INFO] [stderr]      0:     0x55ab27674701 - std[617be2ca0a6fd877]::backtrace_rs::backtrace::libunwind::trace
[INFO] [stderr]                                  at /rustc/e3feeb59cd1bdd011a2bfcc0747b55125d9b8527/library/std/src/../../backtrace/src/backtrace/libunwind.rs:117:9
[INFO] [stderr]      1:     0x55ab27674701 - std[617be2ca0a6fd877]::backtrace_rs::backtrace::trace_unsynchronized::<std[617be2ca0a6fd877]::sys::backtrace::_print_fmt::{closure#1}>
[INFO] [stderr]                                  at /rustc/e3feeb59cd1bdd011a2bfcc0747b55125d9b8527/library/std/src/../../backtrace/src/backtrace/mod.rs:66:14
[INFO] [stderr]      2:     0x55ab27674701 - std[617be2ca0a6fd877]::sys::backtrace::_print_fmt
[INFO] [stderr]                                  at /rustc/e3feeb59cd1bdd011a2bfcc0747b55125d9b8527/library/std/src/sys/backtrace.rs:74:9
[INFO] [stderr]      3:     0x55ab27674701 - <<std[617be2ca0a6fd877]::sys::backtrace::BacktraceLock>::print::DisplayBacktrace as core[a373ad73a504971]::fmt::Display>::fmt
[INFO] [stderr]                                  at /rustc/e3feeb59cd1bdd011a2bfcc0747b55125d9b8527/library/std/src/sys/backtrace.rs:44:26
[INFO] [stderr]      4:     0x55ab2768869a - <core[a373ad73a504971]::fmt::rt::Argument>::fmt
[INFO] [stderr]                                  at /rustc/e3feeb59cd1bdd011a2bfcc0747b55125d9b8527/library/core/src/fmt/rt.rs:152:76
[INFO] [stderr]      5:     0x55ab2768869a - core[a373ad73a504971]::fmt::write
[INFO] [stderr]      6:     0x55ab27679eec - core[a373ad73a504971]::io::write::default_write_fmt::<std[617be2ca0a6fd877]::sys::stdio::unix::Stderr>
[INFO] [stderr]                                  at /rustc/e3feeb59cd1bdd011a2bfcc0747b55125d9b8527/library/core/src/io/write.rs:402:11
[INFO] [stderr]      7:     0x55ab27679eec - <std[617be2ca0a6fd877]::sys::stdio::unix::Stderr as core[a373ad73a504971]::io::write::Write>::write_fmt
[INFO] [stderr]                                  at /rustc/e3feeb59cd1bdd011a2bfcc0747b55125d9b8527/library/core/src/io/write.rs:335:13
[INFO] [stderr]      8:     0x55ab27653c76 - <std[617be2ca0a6fd877]::sys::backtrace::BacktraceLock>::print
[INFO] [stderr]                                  at /rustc/e3feeb59cd1bdd011a2bfcc0747b55125d9b8527/library/std/src/sys/backtrace.rs:47:9
[INFO] [stderr]      9:     0x55ab27653c76 - std[617be2ca0a6fd877]::panicking::default_hook::{closure#0}
[INFO] [stderr]                                  at /rustc/e3feeb59cd1bdd011a2bfcc0747b55125d9b8527/library/std/src/panicking.rs:289:27
[INFO] [stderr]     10:     0x55ab2766f421 - std[617be2ca0a6fd877]::panicking::default_hook
[INFO] [stderr]                                  at /rustc/e3feeb59cd1bdd011a2bfcc0747b55125d9b8527/library/std/src/panicking.rs:316:9
[INFO] [stderr]     11:     0x55ab2766f5db - std[617be2ca0a6fd877]::panicking::panic_with_hook
[INFO] [stderr]                                  at /rustc/e3feeb59cd1bdd011a2bfcc0747b55125d9b8527/library/std/src/panicking.rs:811:13
[INFO] [stderr]     12:     0x55ab27653d22 - std[617be2ca0a6fd877]::panicking::panic_handler::{closure#0}
[INFO] [stderr]                                  at /rustc/e3feeb59cd1bdd011a2bfcc0747b55125d9b8527/library/std/src/panicking.rs:685:13
[INFO] [stderr]     13:     0x55ab2764c999 - std[617be2ca0a6fd877]::sys::backtrace::__rust_end_short_backtrace::<std[617be2ca0a6fd877]::panicking::panic_handler::{closure#0}, !>
[INFO] [stderr]                                  at /rustc/e3feeb59cd1bdd011a2bfcc0747b55125d9b8527/library/std/src/sys/backtrace.rs:182:18
[INFO] [stderr]     14:     0x55ab2765450d - __rustc[ea4f61d10b84890b]::rust_begin_unwind
[INFO] [stderr]                                  at /rustc/e3feeb59cd1bdd011a2bfcc0747b55125d9b8527/library/std/src/panicking.rs:676:5
[INFO] [stderr]     15:     0x55ab27688e8c - core[a373ad73a504971]::panicking::panic_fmt
[INFO] [stderr]                                  at /rustc/e3feeb59cd1bdd011a2bfcc0747b55125d9b8527/library/core/src/panicking.rs:80:14
[INFO] [stderr]     16:     0x55ab275ddfd7 - cmake[edfb88489837cf97]::fail
[INFO] [stderr]     17:     0x55ab275ddc63 - cmake[edfb88489837cf97]::run
[INFO] [stderr]     18:     0x55ab275e3c35 - <cmake[edfb88489837cf97]::Config>::build
[INFO] [stderr]     19:     0x55ab275cff5a - build_script_build[ac33e00174784321]::main
[INFO] [stderr]     20:     0x55ab275d0973 - <fn() as core[a373ad73a504971]::ops::function::FnOnce<()>>::call_once
[INFO] [stderr]     21:     0x55ab275cfdc6 - std[617be2ca0a6fd877]::sys::backtrace::__rust_begin_short_backtrace::<fn(), ()>
[INFO] [stderr]     22:     0x55ab275cfdd9 - std[617be2ca0a6fd877]::rt::lang_start::<()>::{closure#0}
[INFO] [stderr]     23:     0x55ab2766e728 - <&dyn core[a373ad73a504971]::ops::function::Fn<(), Output = i32> + core[a373ad73a504971]::marker::Sync + core[a373ad73a504971]::panic::unwind_safe::RefUnwindSafe as core[a373ad73a504971]::ops::function::FnOnce<()>>::call_once
[INFO] [stderr]                                  at /rustc/e3feeb59cd1bdd011a2bfcc0747b55125d9b8527/library/core/src/ops/function.rs:287:21
[INFO] [stderr]     24:     0x55ab2766e728 - std[617be2ca0a6fd877]::panicking::catch_unwind::do_call::<&dyn core[a373ad73a504971]::ops::function::Fn<(), Output = i32> + core[a373ad73a504971]::marker::Sync + core[a373ad73a504971]::panic::unwind_safe::RefUnwindSafe, i32>
[INFO] [stderr]                                  at /rustc/e3feeb59cd1bdd011a2bfcc0747b55125d9b8527/library/std/src/panicking.rs:573:43
[INFO] [stderr]     25:     0x55ab2766e728 - std[617be2ca0a6fd877]::panicking::catch_unwind::<i32, &dyn core[a373ad73a504971]::ops::function::Fn<(), Output = i32> + core[a373ad73a504971]::marker::Sync + core[a373ad73a504971]::panic::unwind_safe::RefUnwindSafe>
[INFO] [stderr]                                  at /rustc/e3feeb59cd1bdd011a2bfcc0747b55125d9b8527/library/std/src/panicking.rs:541:19
[INFO] [stderr]     26:     0x55ab2766e728 - std[617be2ca0a6fd877]::panic::catch_unwind::<&dyn core[a373ad73a504971]::ops::function::Fn<(), Output = i32> + core[a373ad73a504971]::marker::Sync + core[a373ad73a504971]::panic::unwind_safe::RefUnwindSafe, i32>
[INFO] [stderr]                                  at /rustc/e3feeb59cd1bdd011a2bfcc0747b55125d9b8527/library/std/src/panic.rs:359:14
[INFO] [stderr]     27:     0x55ab2766e728 - std[617be2ca0a6fd877]::rt::lang_start_internal::{closure#0}
[INFO] [stderr]                                  at /rustc/e3feeb59cd1bdd011a2bfcc0747b55125d9b8527/library/std/src/rt.rs:175:24
[INFO] [stderr]     28:     0x55ab2766e728 - std[617be2ca0a6fd877]::panicking::catch_unwind::do_call::<std[617be2ca0a6fd877]::rt::lang_start_internal::{closure#0}, isize>
[INFO] [stderr]                                  at /rustc/e3feeb59cd1bdd011a2bfcc0747b55125d9b8527/library/std/src/panicking.rs:573:43
[INFO] [stderr]     29:     0x55ab2766e728 - std[617be2ca0a6fd877]::panicking::catch_unwind::<isize, std[617be2ca0a6fd877]::rt::lang_start_internal::{closure#0}>
[INFO] [stderr]                                  at /rustc/e3feeb59cd1bdd011a2bfcc0747b55125d9b8527/library/std/src/panicking.rs:541:19
[INFO] [stderr]     30:     0x55ab2766e728 - std[617be2ca0a6fd877]::panic::catch_unwind::<std[617be2ca0a6fd877]::rt::lang_start_internal::{closure#0}, isize>
[INFO] [stderr]                                  at /rustc/e3feeb59cd1bdd011a2bfcc0747b55125d9b8527/library/std/src/panic.rs:359:14
[INFO] [stderr]     31:     0x55ab2766e728 - std[617be2ca0a6fd877]::rt::lang_start_internal
[INFO] [stderr]                                  at /rustc/e3feeb59cd1bdd011a2bfcc0747b55125d9b8527/library/std/src/rt.rs:171:5
[INFO] [stderr]     32:     0x55ab275cf951 - std[617be2ca0a6fd877]::rt::lang_start::<()>
[INFO] [stderr]     33:     0x55ab275d09e5 - main
[INFO] [stderr]     34:     0x7dd3ae20c601 - <unknown>
[INFO] [stderr]     35:     0x7dd3ae20c718 - __libc_start_main
[INFO] [stderr]     36:     0x55ab275cecf5 - _start
[INFO] [stderr]     37:                0x0 - <unknown>
[INFO] running `Command { std: "docker" "inspect" "6d8bdb0b3f20d0fc69af04bff8184ba9cd3d4322f572b861279aa1cbf0dba765", kill_on_drop: false }`
[INFO] running `Command { std: "docker" "rm" "-f" "6d8bdb0b3f20d0fc69af04bff8184ba9cd3d4322f572b861279aa1cbf0dba765", kill_on_drop: false }`
[INFO] [stdout] 6d8bdb0b3f20d0fc69af04bff8184ba9cd3d4322f572b861279aa1cbf0dba765
