[INFO] cloning repository https://github.com/div02-afk/recent-apps
[INFO] running `Command { std: "git" "-c" "credential.helper=" "-c" "credential.helper=/workspace/cargo-home/bin/git-credential-null" "clone" "--bare" "https://github.com/div02-afk/recent-apps" "/workspace/cache/git-repos/https%3A%2F%2Fgithub.com%2Fdiv02-afk%2Frecent-apps", kill_on_drop: false }`
[INFO] [stderr] Cloning into bare repository '/workspace/cache/git-repos/https%3A%2F%2Fgithub.com%2Fdiv02-afk%2Frecent-apps'...
[INFO] running `Command { std: "git" "rev-parse" "HEAD", kill_on_drop: false }`
[INFO] [stdout] cc6a010bf49f201de1ce340550500738d86f8bfa
[INFO] testing div02-afk/recent-apps against 1.100.0-beta.1 for beta-1.100-2
[INFO] running `Command { std: "git" "clone" "/workspace/cache/git-repos/https%3A%2F%2Fgithub.com%2Fdiv02-afk%2Frecent-apps" "/workspace/builds/worker-0-tc2/source", kill_on_drop: false }`
[INFO] [stderr] Cloning into '/workspace/builds/worker-0-tc2/source'...
[INFO] [stderr] done.
[INFO] started tweaking git repo https://github.com/div02-afk/recent-apps
[INFO] finished tweaking git repo https://github.com/div02-afk/recent-apps
[INFO] tweaked toml for git repo https://github.com/div02-afk/recent-apps written to /workspace/builds/worker-0-tc2/source/Cargo.toml
[INFO] validating manifest of git repo https://github.com/div02-afk/recent-apps on toolchain 1.100.0-beta.1
[INFO] running `Command { std: CARGO_HOME="/workspace/cargo-home" RUSTUP_HOME="/workspace/rustup-home" "/workspace/cargo-home/bin/cargo" "+1.100.0-beta.1" "metadata" "--manifest-path" "Cargo.toml" "--no-deps", kill_on_drop: false }`
[INFO] crate git repo https://github.com/div02-afk/recent-apps already has a lockfile, it will not be regenerated
[INFO] running `Command { std: CARGO_HOME="/workspace/cargo-home" RUSTUP_HOME="/workspace/rustup-home" "/workspace/cargo-home/bin/cargo" "+1.100.0-beta.1" "fetch" "--manifest-path" "Cargo.toml", kill_on_drop: false }`
[INFO] running `Command { std: "docker" "create" "-v" "/var/lib/crater-agent-workspace/builds/worker-0-tc2/source:/opt/rustwide/workdir:ro,Z" "-v" "/var/lib/crater-agent-workspace/builds/worker-0-tc2/target:/opt/rustwide/target:rw,Z" "-v" "/var/lib/crater-agent-workspace/cargo-home:/opt/rustwide/cargo-home:ro,Z" "-v" "/var/lib/crater-agent-workspace/rustup-home:/opt/rustwide/rustup-home:ro,Z" "-m" "1610612736" "--network" "none" "ghcr.io/rust-lang/crates-build-env/linux@sha256:3111399a4047eeb3a02b7a90e478d715f38a8c6669b5c4b49d30a17385265909" "sleep" "infinity", kill_on_drop: false }`
[INFO] [stdout] 6a59f57700ed3539d3d15381dbf3fe3c6f49683be5cc54370ecb4720d1d7ad09
[INFO] running `Command { std: "docker" "start" "6a59f57700ed3539d3d15381dbf3fe3c6f49683be5cc54370ecb4720d1d7ad09", kill_on_drop: false }`
[INFO] running `Command { std: "docker" "inspect" "6a59f57700ed3539d3d15381dbf3fe3c6f49683be5cc54370ecb4720d1d7ad09", kill_on_drop: false }`
[INFO] running `Command { std: "docker" "exec" "-e" "SOURCE_DIR=/opt/rustwide/workdir" "-e" "CARGO_HOME=/opt/rustwide/cargo-home" "-e" "RUSTUP_HOME=/opt/rustwide/rustup-home" "-e" "CARGO_TARGET_DIR=/opt/rustwide/target" "-w" "/opt/rustwide/workdir" "--user" "0:0" "6a59f57700ed3539d3d15381dbf3fe3c6f49683be5cc54370ecb4720d1d7ad09" "/opt/rustwide/cargo-home/bin/cargo" "+1.100.0-beta.1" "metadata" "--no-deps" "--format-version=1", kill_on_drop: false }`
[INFO] running `Command { std: "docker" "inspect" "6a59f57700ed3539d3d15381dbf3fe3c6f49683be5cc54370ecb4720d1d7ad09", kill_on_drop: false }`
[INFO] running `Command { std: "docker" "exec" "-e" "SOURCE_DIR=/opt/rustwide/workdir" "-e" "CARGO_HOME=/opt/rustwide/cargo-home" "-e" "RUSTUP_HOME=/opt/rustwide/rustup-home" "-e" "CARGO_TARGET_DIR=/opt/rustwide/target" "-e" "CARGO_INCREMENTAL=0" "-e" "RUST_BACKTRACE=full" "-e" "RUSTFLAGS=--cap-lints=warn" "-e" "RUSTDOCFLAGS=--cap-lints=warn" "-w" "/opt/rustwide/workdir" "--user" "0:0" "6a59f57700ed3539d3d15381dbf3fe3c6f49683be5cc54370ecb4720d1d7ad09" "/opt/rustwide/cargo-home/bin/cargo" "+1.100.0-beta.1" "build" "--frozen" "--message-format=json", kill_on_drop: false }`
[INFO] [stderr]    Compiling proc-macro2 v1.0.95
[INFO] [stderr]    Compiling unicode-ident v1.0.18
[INFO] [stderr]    Compiling libc v0.2.174
[INFO] [stderr]    Compiling smallvec v1.15.1
[INFO] [stderr]    Compiling winnow v0.7.12
[INFO] [stderr]    Compiling equivalent v1.0.2
[INFO] [stderr]    Compiling hashbrown v0.15.4
[INFO] [stderr]    Compiling crossbeam-utils v0.8.21
[INFO] [stderr]    Compiling rustix v1.0.8
[INFO] [stderr]    Compiling toml_datetime v0.6.11
[INFO] [stderr]    Compiling libloading v0.8.8
[INFO] [stderr]    Compiling linux-raw-sys v0.9.4
[INFO] [stderr]    Compiling rustix v0.38.44
[INFO] [stderr]    Compiling quote v1.0.40
[INFO] [stderr]    Compiling linux-raw-sys v0.4.15
[INFO] [stderr]    Compiling concurrent-queue v2.5.0
[INFO] [stderr]    Compiling endi v1.1.0
[INFO] [stderr]    Compiling syn v2.0.104
[INFO] [stderr]    Compiling dlib v0.5.2
[INFO] [stderr]    Compiling indexmap v2.10.0
[INFO] [stderr]    Compiling wayland-sys v0.31.6
[INFO] [stderr]    Compiling cc v1.2.30
[INFO] [stderr]    Compiling event-listener v5.4.0
[INFO] [stderr]    Compiling event-listener-strategy v0.5.4
[INFO] [stderr]    Compiling toml_edit v0.22.27
[INFO] [stderr]    Compiling downcast-rs v1.2.1
[INFO] [stderr]    Compiling scoped-tls v1.0.1
[INFO] [stderr]    Compiling futures-lite v2.6.0
[INFO] [stderr]    Compiling quick-xml v0.37.5
[INFO] [stderr]    Compiling wayland-client v0.31.10
[INFO] [stderr]    Compiling windows-link v0.1.3
[INFO] [stderr]    Compiling wayland-scanner v0.31.6
[INFO] [stderr]    Compiling signal-hook-registry v1.4.5
[INFO] [stderr]    Compiling wayland-backend v0.3.10
[INFO] [stderr]    Compiling async-lock v3.4.0
[INFO] [stderr]    Compiling async-task v4.7.1
[INFO] [stderr]    Compiling async-channel v2.5.0
[INFO] [stderr]    Compiling proc-macro-crate v3.3.0
[INFO] [stderr]    Compiling nix v0.30.1
[INFO] [stderr]    Compiling khronos_api v3.1.0
[INFO] [stderr]    Compiling piper v0.2.4
[INFO] [stderr]    Compiling windows-result v0.3.4
[INFO] [stderr]    Compiling ttf-parser v0.25.1
[INFO] [stderr]    Compiling ahash v0.8.12
[INFO] [stderr]    Compiling blocking v1.6.2
[INFO] [stderr]    Compiling async-executor v1.13.2
[INFO] [stderr]    Compiling async-broadcast v0.7.2
[INFO] [stderr]    Compiling synstructure v0.13.2
[INFO] [stderr]    Compiling ordered-stream v0.2.0
[INFO] [stderr]    Compiling xml-rs v0.8.27
[INFO] [stderr]    Compiling ab_glyph_rasterizer v0.1.9
[INFO] [stderr]    Compiling getrandom v0.3.3
[INFO] [stderr]    Compiling polling v3.9.0
[INFO] [stderr]    Compiling gl_generator v0.14.0
[INFO] [stderr]    Compiling async-io v2.5.0
[INFO] [stderr]    Compiling x11-dl v2.21.0
[INFO] [stderr]    Compiling smithay-client-toolkit v0.19.2
[INFO] [stderr]    Compiling xcursor v0.3.10
[INFO] [stderr]    Compiling cursor-icon v1.2.0
[INFO] [stderr]    Compiling xkeysym v0.2.1
[INFO] [stderr]    Compiling async-signal v0.2.12
[INFO] [stderr]    Compiling owned_ttf_parser v0.25.1
[INFO] [stderr]    Compiling async-process v2.4.0
[INFO] [stderr]    Compiling ab_glyph v0.2.31
[INFO] [stderr]    Compiling serde_derive v1.0.219
[INFO] [stderr]    Compiling enumflags2_derive v0.7.12
[INFO] [stderr]    Compiling zerofrom-derive v0.1.6
[INFO] [stderr]    Compiling yoke-derive v0.8.0
[INFO] [stderr]    Compiling bytemuck_derive v1.10.0
[INFO] [stderr]    Compiling zerovec-derive v0.11.1
[INFO] [stderr]    Compiling thiserror-impl v1.0.69
[INFO] [stderr]    Compiling displaydoc v0.2.5
[INFO] [stderr]    Compiling tracing-attributes v0.1.30
[INFO] [stderr]    Compiling zerofrom v0.1.6
[INFO] [stderr]    Compiling bytemuck v1.23.1
[INFO] [stderr]    Compiling yoke v0.8.0
[INFO] [stderr]    Compiling zerovec v0.11.2
[INFO] [stderr]    Compiling windows-interface v0.59.1
[INFO] [stderr]    Compiling async-trait v0.1.88
[INFO] [stderr]    Compiling thiserror v1.0.69
[INFO] [stderr]    Compiling serde_repr v0.1.20
[INFO] [stderr]    Compiling tracing v0.1.41
[INFO] [stderr]    Compiling calloop v0.13.0
[INFO] [stderr]    Compiling zerotrie v0.2.2
[INFO] [stderr]    Compiling wayland-csd-frame v0.3.0
[INFO] [stderr]    Compiling parking_lot_core v0.9.11
[INFO] [stderr]    Compiling memmap2 v0.9.7
[INFO] [stderr]    Compiling accesskit v0.19.0
[INFO] [stderr]    Compiling strict-num v0.1.1
[INFO] [stderr]    Compiling parking_lot v0.12.4
[INFO] [stderr]    Compiling tinystr v0.8.1
[INFO] [stderr]    Compiling potential_utf v0.1.2
[INFO] [stderr]    Compiling tiny-skia-path v0.11.4
[INFO] [stderr]    Compiling icu_collections v2.0.0
[INFO] [stderr]    Compiling icu_locale_core v2.0.0
[INFO] [stderr]    Compiling wayland-protocols v0.32.8
[INFO] [stderr]    Compiling wayland-cursor v0.31.10
[INFO] [stderr]    Compiling calloop-wayland-source v0.3.0
[INFO] [stderr]    Compiling serde v1.0.219
[INFO] [stderr]    Compiling as-raw-xcb-connection v1.0.1
[INFO] [stderr]    Compiling x11rb-protocol v0.13.1
[INFO] [stderr]    Compiling icu_provider v2.0.0
[INFO] [stderr]    Compiling miniz_oxide v0.8.9
[INFO] [stderr]    Compiling icu_properties v2.0.1
[INFO] [stderr]    Compiling icu_normalizer v2.0.0
[INFO] [stderr]    Compiling tiny-skia v0.11.4
[INFO] [stderr]    Compiling crc32fast v1.5.0
[INFO] [stderr]    Compiling emath v0.32.0
[INFO] [stderr]    Compiling windows-implement v0.59.0
[INFO] [stderr]    Compiling windows-strings v0.3.1
[INFO] [stderr]    Compiling winit v0.30.11
[INFO] [stderr]    Compiling num-traits v0.2.19
[INFO] [stderr]    Compiling raw-window-handle v0.6.2
[INFO] [stderr]    Compiling windows-core v0.60.1
[INFO] [stderr]    Compiling idna_adapter v1.2.1
[INFO] [stderr]    Compiling ecolor v0.32.0
[INFO] [stderr]    Compiling flate2 v1.1.2
[INFO] [stderr]    Compiling accesskit_consumer v0.28.0
[INFO] [stderr]    Compiling fdeflate v0.3.7
[INFO] [stderr]    Compiling xkbcommon-dl v0.4.2
[INFO] [stderr]    Compiling zvariant_utils v3.2.0
[INFO] [stderr]    Compiling enumflags2 v0.7.12
[INFO] [stderr]    Compiling quick-xml v0.36.2
[INFO] [stderr]    Compiling futures-macro v0.3.31
[INFO] [stderr]    Compiling windows-implement v0.60.0
[INFO] [stderr]    Compiling zvariant_derive v5.6.0
[INFO] [stderr]    Compiling glutin_egl_sys v0.7.1
[INFO] [stderr]    Compiling glutin_glx_sys v0.6.1
[INFO] [stderr]    Compiling windows-strings v0.4.2
[INFO] [stderr]    Compiling nohash-hasher v0.2.0
[INFO] [stderr]    Compiling epaint_default_fonts v0.32.0
[INFO] [stderr]    Compiling smol_str v0.2.2
[INFO] [stderr]    Compiling profiling v1.0.17
[INFO] [stderr]    Compiling dpi v0.1.2
[INFO] [stderr]    Compiling epaint v0.32.0
[INFO] [stderr]    Compiling zvariant v5.6.0
[INFO] [stderr]    Compiling futures-util v0.3.31
[INFO] [stderr]    Compiling idna v1.0.3
[INFO] [stderr]    Compiling windows-core v0.61.2
[INFO] [stderr]    Compiling wayland-protocols-wlr v0.3.8
[INFO] [stderr]    Compiling wayland-protocols-plasma v0.3.8
[INFO] [stderr]    Compiling zbus_names v4.2.0
[INFO] [stderr]    Compiling png v0.17.16
[INFO] [stderr]    Compiling zbus_xml v5.0.2
[INFO] [stderr]    Compiling zbus_macros v5.9.0
[INFO] [stderr]    Compiling zbus-lockstep v0.5.1
[INFO] [stderr]    Compiling sctk-adwaita v0.10.1
[INFO] [stderr]    Compiling form_urlencoded v1.2.1
[INFO] [stderr]    Compiling glutin v0.32.3
[INFO] [stderr]    Compiling syn v1.0.109
[INFO] [stderr]    Compiling zbus-lockstep-macros v0.5.1
[INFO] [stderr]    Compiling rustversion v1.0.21
[INFO] [stderr]    Compiling byteorder-lite v0.1.0
[INFO] [stderr]    Compiling egui v0.32.0
[INFO] [stderr]    Compiling url v2.5.4
[INFO] [stderr]    Compiling image v0.25.6
[INFO] [stderr]    Compiling glutin-winit v0.5.0
[INFO] [stderr]    Compiling x11 v2.21.0
[INFO] [stderr]    Compiling webbrowser v1.0.5
[INFO] [stderr]    Compiling smithay-clipboard v0.7.2
[INFO] [stderr]    Compiling windows-numerics v0.1.1
[INFO] [stderr]    Compiling windows-future v0.1.1
[INFO] [stderr]    Compiling windows-collections v0.1.1
[INFO] [stderr]    Compiling zbus v5.9.0
[INFO] [stderr]    Compiling enum-map-derive v0.17.0
[INFO] [stderr]    Compiling windows-threading v0.1.0
[INFO] [stderr]    Compiling inotify-sys v0.1.5
[INFO] [stderr]    Compiling glow v0.16.0
[INFO] [stderr]    Compiling heck v0.4.1
[INFO] [stderr]    Compiling web-time v1.1.0
[INFO] [stderr]    Compiling litrs v0.4.2
[INFO] [stderr]    Compiling document-features v0.2.11
[INFO] [stderr]    Compiling inotify v0.10.2
[INFO] [stderr]    Compiling enum-map v2.7.3
[INFO] [stderr]    Compiling x11rb v0.13.1
[INFO] [stderr]    Compiling windows-future v0.2.1
[INFO] [stderr]    Compiling windows v0.60.0
[INFO] [stdout] error[E0425]: cannot find type `IMarshal` in module `windows_core::imp`
[INFO] [stdout]   --> /opt/rustwide/cargo-home/registry/src/index.crates.io-1949cf8c6b5b557f/windows-future-0.2.1/src/bindings.rs:89:51
[INFO] [stdout]    |
[INFO] [stdout] 89 |             } else if *iid == <windows_core::imp::IMarshal as windows_core::Interface>::IID {
[INFO] [stdout]    |                                                   ^^^^^^^^ not found in `windows_core::imp`
[INFO] [stdout] 
[INFO] [stdout] 
[INFO] [stdout] error[E0425]: cannot find function `marshaler` in module `windows_core::imp`
[INFO] [stdout]   --> /opt/rustwide/cargo-home/registry/src/index.crates.io-1949cf8c6b5b557f/windows-future-0.2.1/src/bindings.rs:91:43
[INFO] [stdout]    |
[INFO] [stdout] 91 |                 return windows_core::imp::marshaler(
[INFO] [stdout]    |                                           ^^^^^^^^^ not found in `windows_core::imp`
[INFO] [stdout] 
[INFO] [stdout] 
[INFO] [stdout] error[E0425]: cannot find type `IMarshal` in module `windows_core::imp`
[INFO] [stdout]    --> /opt/rustwide/cargo-home/registry/src/index.crates.io-1949cf8c6b5b557f/windows-future-0.2.1/src/bindings.rs:257:51
[INFO] [stdout]     |
[INFO] [stdout] 257 |             } else if *iid == <windows_core::imp::IMarshal as windows_core::Interface>::IID {
[INFO] [stdout]     |                                                   ^^^^^^^^ not found in `windows_core::imp`
[INFO] [stdout] 
[INFO] [stdout] 
[INFO] [stdout] error[E0425]: cannot find function `marshaler` in module `windows_core::imp`
[INFO] [stdout]    --> /opt/rustwide/cargo-home/registry/src/index.crates.io-1949cf8c6b5b557f/windows-future-0.2.1/src/bindings.rs:259:43
[INFO] [stdout]     |
[INFO] [stdout] 259 |                 return windows_core::imp::marshaler(
[INFO] [stdout]     |                                           ^^^^^^^^^ not found in `windows_core::imp`
[INFO] [stdout] 
[INFO] [stdout] 
[INFO] [stdout] error[E0425]: cannot find type `IMarshal` in module `windows_core::imp`
[INFO] [stdout]    --> /opt/rustwide/cargo-home/registry/src/index.crates.io-1949cf8c6b5b557f/windows-future-0.2.1/src/bindings.rs:424:364
[INFO] [stdout]     |
[INFO] [stdout] 424 | ... _ } else if * iid == < windows_core::imp::IMarshal as windows_core::Interface >::IID { ( * this ) . count . add_ref ( ) ; retur...
[INFO] [stdout]     |                                               ^^^^^^^^ not found in `windows_core::imp`
[INFO] [stdout] 
[INFO] [stdout] 
[INFO] [stdout] error[E0425]: cannot find function `marshaler` in module `windows_core::imp`
[INFO] [stdout]    --> /opt/rustwide/cargo-home/registry/src/index.crates.io-1949cf8c6b5b557f/windows-future-0.2.1/src/bindings.rs:424:470
[INFO] [stdout]     |
[INFO] [stdout] 424 | ... . add_ref ( ) ; return windows_core::imp::marshaler ( core::mem::transmute ( & mut ( * this ) . vtable as * mut _ as * mut core...
[INFO] [stdout]     |                                               ^^^^^^^^^ not found in `windows_core::imp`
[INFO] [stdout] 
[INFO] [stdout] 
[INFO] [stdout] error[E0425]: cannot find type `IMarshal` in module `windows_core::imp`
[INFO] [stdout]    --> /opt/rustwide/cargo-home/registry/src/index.crates.io-1949cf8c6b5b557f/windows-future-0.2.1/src/bindings.rs:583:51
[INFO] [stdout]     |
[INFO] [stdout] 583 |             } else if *iid == <windows_core::imp::IMarshal as windows_core::Interface>::IID {
[INFO] [stdout]     |                                                   ^^^^^^^^ not found in `windows_core::imp`
[INFO] [stdout] 
[INFO] [stdout] 
[INFO] [stdout] error[E0425]: cannot find function `marshaler` in module `windows_core::imp`
[INFO] [stdout]    --> /opt/rustwide/cargo-home/registry/src/index.crates.io-1949cf8c6b5b557f/windows-future-0.2.1/src/bindings.rs:585:43
[INFO] [stdout]     |
[INFO] [stdout] 585 |                 return windows_core::imp::marshaler(
[INFO] [stdout]     |                                           ^^^^^^^^^ not found in `windows_core::imp`
[INFO] [stdout] 
[INFO] [stdout] 
[INFO] [stdout] error[E0425]: cannot find type `IMarshal` in module `windows_core::imp`
[INFO] [stdout]    --> /opt/rustwide/cargo-home/registry/src/index.crates.io-1949cf8c6b5b557f/windows-future-0.2.1/src/bindings.rs:763:364
[INFO] [stdout]     |
[INFO] [stdout] 763 | ... _ } else if * iid == < windows_core::imp::IMarshal as windows_core::Interface >::IID { ( * this ) . count . add_ref ( ) ; retur...
[INFO] [stdout]     |                                               ^^^^^^^^ not found in `windows_core::imp`
[INFO] [stdout] 
[INFO] [stdout] 
[INFO] [stdout] error[E0425]: cannot find function `marshaler` in module `windows_core::imp`
[INFO] [stdout]    --> /opt/rustwide/cargo-home/registry/src/index.crates.io-1949cf8c6b5b557f/windows-future-0.2.1/src/bindings.rs:763:470
[INFO] [stdout]     |
[INFO] [stdout] 763 | ... . add_ref ( ) ; return windows_core::imp::marshaler ( core::mem::transmute ( & mut ( * this ) . vtable as * mut _ as * mut core...
[INFO] [stdout]     |                                               ^^^^^^^^^ not found in `windows_core::imp`
[INFO] [stdout] 
[INFO] [stdout] 
[INFO] [stdout] error[E0425]: cannot find type `IMarshal` in module `windows_core::imp`
[INFO] [stdout]    --> /opt/rustwide/cargo-home/registry/src/index.crates.io-1949cf8c6b5b557f/windows-future-0.2.1/src/bindings.rs:938:377
[INFO] [stdout]     |
[INFO] [stdout] 938 | ... _ } else if * iid == < windows_core::imp::IMarshal as windows_core::Interface >::IID { ( * this ) . count . add_ref ( ) ; retur...
[INFO] [stdout]     |                                               ^^^^^^^^ not found in `windows_core::imp`
[INFO] [stdout] 
[INFO] [stdout] 
[INFO] [stdout] error[E0425]: cannot find function `marshaler` in module `windows_core::imp`
[INFO] [stdout]    --> /opt/rustwide/cargo-home/registry/src/index.crates.io-1949cf8c6b5b557f/windows-future-0.2.1/src/bindings.rs:938:483
[INFO] [stdout]     |
[INFO] [stdout] 938 | ... . add_ref ( ) ; return windows_core::imp::marshaler ( core::mem::transmute ( & mut ( * this ) . vtable as * mut _ as * mut core...
[INFO] [stdout]     |                                               ^^^^^^^^^ not found in `windows_core::imp`
[INFO] [stdout] 
[INFO] [stdout] 
[INFO] [stdout] For more information about this error, try `rustc --explain E0425`.
[INFO] [stdout] 
[INFO] [stderr] error: could not compile `windows-future` (lib) due to 12 previous errors
[INFO] [stderr] warning: build failed, waiting for other jobs to finish...
[INFO] running `Command { std: "docker" "inspect" "6a59f57700ed3539d3d15381dbf3fe3c6f49683be5cc54370ecb4720d1d7ad09", kill_on_drop: false }`
[INFO] running `Command { std: "docker" "rm" "-f" "6a59f57700ed3539d3d15381dbf3fe3c6f49683be5cc54370ecb4720d1d7ad09", kill_on_drop: false }`
[INFO] [stdout] 6a59f57700ed3539d3d15381dbf3fe3c6f49683be5cc54370ecb4720d1d7ad09
