[INFO] cloning repository https://github.com/danielneustadter/fossroot
[INFO] running `Command { std: "git" "-c" "credential.helper=" "-c" "credential.helper=/workspace/cargo-home/bin/git-credential-null" "clone" "--bare" "https://github.com/danielneustadter/fossroot" "/workspace/cache/git-repos/https%3A%2F%2Fgithub.com%2Fdanielneustadter%2Ffossroot", kill_on_drop: false }`
[INFO] [stderr] Cloning into bare repository '/workspace/cache/git-repos/https%3A%2F%2Fgithub.com%2Fdanielneustadter%2Ffossroot'...
[INFO] running `Command { std: "git" "rev-parse" "HEAD", kill_on_drop: false }`
[INFO] [stdout] 90988276246840234ae171e1156ba12802e05d0a
[INFO] testing danielneustadter/fossroot against 1.100.0-beta.1 for beta-1.100-2
[INFO] running `Command { std: "git" "clone" "/workspace/cache/git-repos/https%3A%2F%2Fgithub.com%2Fdanielneustadter%2Ffossroot" "/workspace/builds/worker-1-tc2/source", kill_on_drop: false }`
[INFO] [stderr] Cloning into '/workspace/builds/worker-1-tc2/source'...
[INFO] [stderr] done.
[INFO] started tweaking git repo https://github.com/danielneustadter/fossroot
[INFO] finished tweaking git repo https://github.com/danielneustadter/fossroot
[INFO] tweaked toml for git repo https://github.com/danielneustadter/fossroot written to /workspace/builds/worker-1-tc2/source/Cargo.toml
[INFO] validating manifest of git repo https://github.com/danielneustadter/fossroot on toolchain 1.100.0-beta.1
[INFO] running `Command { std: CARGO_HOME="/workspace/cargo-home" RUSTUP_HOME="/workspace/rustup-home" "/workspace/cargo-home/bin/cargo" "+1.100.0-beta.1" "metadata" "--manifest-path" "Cargo.toml" "--no-deps", kill_on_drop: false }`
[INFO] crate git repo https://github.com/danielneustadter/fossroot already has a lockfile, it will not be regenerated
[INFO] running `Command { std: CARGO_HOME="/workspace/cargo-home" RUSTUP_HOME="/workspace/rustup-home" "/workspace/cargo-home/bin/cargo" "+1.100.0-beta.1" "fetch" "--manifest-path" "Cargo.toml", kill_on_drop: false }`
[INFO] [stderr]     Blocking waiting for file lock on package cache
[INFO] [stderr]     Blocking waiting for file lock on package cache
[ERROR] error running command: no output for 300 seconds
[INFO] testing danielneustadter/fossroot against 1.100.0-beta.1 for beta-1.100-2
[INFO] running `Command { std: "git" "clone" "/workspace/cache/git-repos/https%3A%2F%2Fgithub.com%2Fdanielneustadter%2Ffossroot" "/workspace/builds/worker-1-tc2/source", kill_on_drop: false }`
[INFO] [stderr] Cloning into '/workspace/builds/worker-1-tc2/source'...
[INFO] [stderr] done.
[INFO] started tweaking git repo https://github.com/danielneustadter/fossroot
[INFO] finished tweaking git repo https://github.com/danielneustadter/fossroot
[INFO] tweaked toml for git repo https://github.com/danielneustadter/fossroot written to /workspace/builds/worker-1-tc2/source/Cargo.toml
[INFO] validating manifest of git repo https://github.com/danielneustadter/fossroot on toolchain 1.100.0-beta.1
[INFO] running `Command { std: CARGO_HOME="/workspace/cargo-home" RUSTUP_HOME="/workspace/rustup-home" "/workspace/cargo-home/bin/cargo" "+1.100.0-beta.1" "metadata" "--manifest-path" "Cargo.toml" "--no-deps", kill_on_drop: false }`
[INFO] crate git repo https://github.com/danielneustadter/fossroot already has a lockfile, it will not be regenerated
[INFO] running `Command { std: CARGO_HOME="/workspace/cargo-home" RUSTUP_HOME="/workspace/rustup-home" "/workspace/cargo-home/bin/cargo" "+1.100.0-beta.1" "fetch" "--manifest-path" "Cargo.toml", kill_on_drop: false }`
[INFO] [stderr]     Blocking waiting for file lock on package cache
[INFO] [stderr]     Blocking waiting for file lock on package cache
[ERROR] error running command: no output for 300 seconds
[INFO] testing danielneustadter/fossroot against 1.100.0-beta.1 for beta-1.100-2
[INFO] running `Command { std: "git" "clone" "/workspace/cache/git-repos/https%3A%2F%2Fgithub.com%2Fdanielneustadter%2Ffossroot" "/workspace/builds/worker-1-tc2/source", kill_on_drop: false }`
[INFO] [stderr] Cloning into '/workspace/builds/worker-1-tc2/source'...
[INFO] [stderr] done.
[INFO] started tweaking git repo https://github.com/danielneustadter/fossroot
[INFO] finished tweaking git repo https://github.com/danielneustadter/fossroot
[INFO] tweaked toml for git repo https://github.com/danielneustadter/fossroot written to /workspace/builds/worker-1-tc2/source/Cargo.toml
[INFO] validating manifest of git repo https://github.com/danielneustadter/fossroot on toolchain 1.100.0-beta.1
[INFO] running `Command { std: CARGO_HOME="/workspace/cargo-home" RUSTUP_HOME="/workspace/rustup-home" "/workspace/cargo-home/bin/cargo" "+1.100.0-beta.1" "metadata" "--manifest-path" "Cargo.toml" "--no-deps", kill_on_drop: false }`
[INFO] crate git repo https://github.com/danielneustadter/fossroot already has a lockfile, it will not be regenerated
[INFO] running `Command { std: CARGO_HOME="/workspace/cargo-home" RUSTUP_HOME="/workspace/rustup-home" "/workspace/cargo-home/bin/cargo" "+1.100.0-beta.1" "fetch" "--manifest-path" "Cargo.toml", kill_on_drop: false }`
[INFO] [stderr]     Blocking waiting for file lock on package cache
[INFO] [stderr]     Blocking waiting for file lock on package cache
[ERROR] error running command: no output for 300 seconds
[INFO] testing danielneustadter/fossroot against 1.100.0-beta.1 for beta-1.100-2
[INFO] running `Command { std: "git" "clone" "/workspace/cache/git-repos/https%3A%2F%2Fgithub.com%2Fdanielneustadter%2Ffossroot" "/workspace/builds/worker-1-tc2/source", kill_on_drop: false }`
[INFO] [stderr] Cloning into '/workspace/builds/worker-1-tc2/source'...
[INFO] [stderr] done.
[INFO] started tweaking git repo https://github.com/danielneustadter/fossroot
[INFO] finished tweaking git repo https://github.com/danielneustadter/fossroot
[INFO] tweaked toml for git repo https://github.com/danielneustadter/fossroot written to /workspace/builds/worker-1-tc2/source/Cargo.toml
[INFO] validating manifest of git repo https://github.com/danielneustadter/fossroot on toolchain 1.100.0-beta.1
[INFO] running `Command { std: CARGO_HOME="/workspace/cargo-home" RUSTUP_HOME="/workspace/rustup-home" "/workspace/cargo-home/bin/cargo" "+1.100.0-beta.1" "metadata" "--manifest-path" "Cargo.toml" "--no-deps", kill_on_drop: false }`
[INFO] crate git repo https://github.com/danielneustadter/fossroot already has a lockfile, it will not be regenerated
[INFO] running `Command { std: CARGO_HOME="/workspace/cargo-home" RUSTUP_HOME="/workspace/rustup-home" "/workspace/cargo-home/bin/cargo" "+1.100.0-beta.1" "fetch" "--manifest-path" "Cargo.toml", kill_on_drop: false }`
[INFO] [stderr]     Blocking waiting for file lock on package cache
[INFO] [stderr]     Blocking waiting for file lock on package cache
[ERROR] error running command: no output for 300 seconds
[INFO] testing danielneustadter/fossroot against 1.100.0-beta.1 for beta-1.100-2
[INFO] running `Command { std: "git" "clone" "/workspace/cache/git-repos/https%3A%2F%2Fgithub.com%2Fdanielneustadter%2Ffossroot" "/workspace/builds/worker-1-tc2/source", kill_on_drop: false }`
[INFO] [stderr] Cloning into '/workspace/builds/worker-1-tc2/source'...
[INFO] [stderr] done.
[INFO] started tweaking git repo https://github.com/danielneustadter/fossroot
[INFO] finished tweaking git repo https://github.com/danielneustadter/fossroot
[INFO] tweaked toml for git repo https://github.com/danielneustadter/fossroot written to /workspace/builds/worker-1-tc2/source/Cargo.toml
[INFO] validating manifest of git repo https://github.com/danielneustadter/fossroot on toolchain 1.100.0-beta.1
[INFO] running `Command { std: CARGO_HOME="/workspace/cargo-home" RUSTUP_HOME="/workspace/rustup-home" "/workspace/cargo-home/bin/cargo" "+1.100.0-beta.1" "metadata" "--manifest-path" "Cargo.toml" "--no-deps", kill_on_drop: false }`
[INFO] crate git repo https://github.com/danielneustadter/fossroot already has a lockfile, it will not be regenerated
[INFO] running `Command { std: CARGO_HOME="/workspace/cargo-home" RUSTUP_HOME="/workspace/rustup-home" "/workspace/cargo-home/bin/cargo" "+1.100.0-beta.1" "fetch" "--manifest-path" "Cargo.toml", kill_on_drop: false }`
[INFO] [stderr]     Blocking waiting for file lock on package cache
[INFO] [stderr]     Blocking waiting for file lock on package cache
[INFO] [stderr]  Downloading crates ...
[INFO] [stderr]   Downloaded x509-cert v0.2.5
[INFO] [stderr]   Downloaded flagset v0.4.7
[INFO] [stderr]   Downloaded winresource v0.1.31
[INFO] [stderr]   Downloaded tls_codec_derive v0.4.2
[INFO] [stderr]   Downloaded der_derive v0.7.3
[INFO] [stderr]   Downloaded tls_codec v0.4.2
[INFO] [stderr]   Downloaded cc v1.3.0
[INFO] [stderr]   Downloaded cms v0.2.3
[INFO] [stderr]   Downloaded egui_extras v0.29.1
[INFO] [stderr]   Downloaded epaint v0.29.1
[INFO] [stderr]   Downloaded ecolor v0.29.1
[INFO] [stderr]   Downloaded emath v0.29.1
[INFO] [stderr]   Downloaded accesskit v0.16.3
[INFO] [stderr]   Downloaded eframe v0.29.1
[INFO] [stderr]   Downloaded egui v0.29.1
[INFO] [stderr]   Downloaded epaint_default_fonts v0.29.1
[INFO] [stderr]   Downloaded wayland-backend v0.3.16
[INFO] [stderr]   Downloaded glow v0.14.2
[INFO] [stderr]   Downloaded egui_glow v0.29.1
[INFO] [stderr]   Downloaded egui-winit v0.29.1
[INFO] [stderr]   Downloaded webbrowser v1.2.1
[INFO] [stderr]   Downloaded immutable-chunkmap v2.1.3
[INFO] [stderr]   Downloaded accesskit_winit v0.22.4
[INFO] [stderr]   Downloaded accesskit_windows v0.23.2
[INFO] [stderr]   Downloaded accesskit_consumer v0.24.3
[INFO] [stderr]   Downloaded accesskit_unix v0.12.3
[INFO] [stderr]   Downloaded egui-wgpu v0.29.1
[INFO] [stderr]   Downloaded accesskit_macos v0.17.4
[INFO] [stderr]   Downloaded bit-vec v0.7.0
[INFO] [stderr]   Downloaded accesskit_atspi_common v0.9.3
[INFO] [stderr]   Downloaded wgpu v22.1.0
[INFO] [stderr]   Downloaded gpu-allocator v0.26.0
[INFO] [stderr]   Downloaded wgpu-types v22.0.0
[INFO] [stderr]   Downloaded widestring v1.2.1
[INFO] [stderr]   Downloaded wgpu-hal v22.0.0
[INFO] [stderr]   Downloaded bit-set v0.6.0
[INFO] [stderr]   Downloaded wgpu-core v22.1.0
[INFO] [stderr]   Downloaded naga v22.1.0
[INFO] [stderr]   Downloaded clap_complete v4.6.8
[INFO] running `Command { std: "docker" "create" "-v" "/var/lib/crater-agent-workspace/builds/worker-1-tc2/source:/opt/rustwide/workdir:ro,Z" "-v" "/var/lib/crater-agent-workspace/builds/worker-1-tc2/target:/opt/rustwide/target:rw,Z" "-v" "/var/lib/crater-agent-workspace/cargo-home:/opt/rustwide/cargo-home:ro,Z" "-v" "/var/lib/crater-agent-workspace/rustup-home:/opt/rustwide/rustup-home:ro,Z" "-m" "1610612736" "--network" "none" "ghcr.io/rust-lang/crates-build-env/linux@sha256:3111399a4047eeb3a02b7a90e478d715f38a8c6669b5c4b49d30a17385265909" "sleep" "infinity", kill_on_drop: false }`
[INFO] [stdout] 4f7be9b849a3204aa8207c51a4f3365736c473792757a3f0973eb7ad37556e0a
[INFO] running `Command { std: "docker" "start" "4f7be9b849a3204aa8207c51a4f3365736c473792757a3f0973eb7ad37556e0a", kill_on_drop: false }`
[INFO] running `Command { std: "docker" "inspect" "4f7be9b849a3204aa8207c51a4f3365736c473792757a3f0973eb7ad37556e0a", kill_on_drop: false }`
[INFO] running `Command { std: "docker" "exec" "-e" "SOURCE_DIR=/opt/rustwide/workdir" "-e" "CARGO_HOME=/opt/rustwide/cargo-home" "-e" "RUSTUP_HOME=/opt/rustwide/rustup-home" "-e" "CARGO_TARGET_DIR=/opt/rustwide/target" "-w" "/opt/rustwide/workdir" "--user" "0:0" "4f7be9b849a3204aa8207c51a4f3365736c473792757a3f0973eb7ad37556e0a" "/opt/rustwide/cargo-home/bin/cargo" "+1.100.0-beta.1" "metadata" "--no-deps" "--format-version=1", kill_on_drop: false }`
[INFO] running `Command { std: "docker" "inspect" "4f7be9b849a3204aa8207c51a4f3365736c473792757a3f0973eb7ad37556e0a", kill_on_drop: false }`
[INFO] running `Command { std: "docker" "exec" "-e" "SOURCE_DIR=/opt/rustwide/workdir" "-e" "CARGO_HOME=/opt/rustwide/cargo-home" "-e" "RUSTUP_HOME=/opt/rustwide/rustup-home" "-e" "CARGO_TARGET_DIR=/opt/rustwide/target" "-e" "CARGO_INCREMENTAL=0" "-e" "RUST_BACKTRACE=full" "-e" "RUSTFLAGS=--cap-lints=warn" "-e" "RUSTDOCFLAGS=--cap-lints=warn" "-w" "/opt/rustwide/workdir" "--user" "0:0" "4f7be9b849a3204aa8207c51a4f3365736c473792757a3f0973eb7ad37556e0a" "/opt/rustwide/cargo-home/bin/cargo" "+1.100.0-beta.1" "build" "--frozen" "--message-format=json", kill_on_drop: false }`
[INFO] [stderr]    Compiling libc v0.2.189
[INFO] [stderr]    Compiling log v0.4.33
[INFO] [stderr]    Compiling smallvec v1.15.2
[INFO] [stderr]    Compiling rustix v1.1.4
[INFO] [stderr]    Compiling linux-raw-sys v0.12.1
[INFO] [stderr]    Compiling const-oid v0.9.6
[INFO] [stderr]    Compiling subtle v2.6.1
[INFO] [stderr]    Compiling generic-array v0.14.9
[INFO] [stderr]    Compiling cc v1.3.0
[INFO] [stderr]    Compiling pkg-config v0.3.33
[INFO] [stderr]    Compiling libloading v0.8.9
[INFO] [stderr]    Compiling zerocopy v0.8.55
[INFO] [stderr]    Compiling syn v2.0.119
[INFO] [stderr]    Compiling syn v3.0.3
[INFO] [stderr]    Compiling cfg_aliases v0.2.2
[INFO] [stderr]    Compiling crossbeam-utils v0.8.22
[INFO] [stderr]    Compiling winnow v1.0.4
[INFO] [stderr]    Compiling dlib v0.5.3
[INFO] [stderr]    Compiling quick-xml v0.41.0
[INFO] [stderr]    Compiling toml_datetime v1.1.1+spec-1.1.0
[INFO] [stderr]    Compiling futures-core v0.3.33
[INFO] [stderr]    Compiling wayland-client v0.31.15
[INFO] [stderr]    Compiling tracing-core v0.1.36
[INFO] [stderr]    Compiling futures-io v0.3.33
[INFO] [stderr]    Compiling base64ct v1.8.3
[INFO] [stderr]    Compiling endi v1.1.1
[INFO] [stderr]    Compiling memoffset v0.9.1
[INFO] [stderr]    Compiling futures-lite v2.6.1
[INFO] [stderr]    Compiling flagset v0.4.7
[INFO] [stderr]    Compiling concurrent-queue v2.5.0
[INFO] [stderr]    Compiling piper v0.2.5
[INFO] [stderr]    Compiling nix v0.29.0
[INFO] [stderr]    Compiling wayland-sys v0.31.11
[INFO] [stderr]    Compiling pem-rfc7468 v0.7.0
[INFO] [stderr]    Compiling event-listener v5.4.1
[INFO] [stderr]    Compiling ttf-parser v0.25.1
[INFO] [stderr]    Compiling khronos_api v3.1.0
[INFO] [stderr]    Compiling libm v0.2.16
[INFO] [stderr]    Compiling getrandom v0.3.4
[INFO] [stderr]    Compiling crypto-common v0.1.6
[INFO] [stderr]    Compiling block-buffer v0.10.4
[INFO] [stderr]    Compiling event-listener-strategy v0.5.4
[INFO] [stderr]    Compiling async-channel v2.5.0
[INFO] [stderr]    Compiling async-lock v3.4.2
[INFO] [stderr]    Compiling num-traits v0.2.19
[INFO] [stderr]    Compiling ahash v0.8.12
[INFO] [stderr]    Compiling toml_parser v1.1.2+spec-1.1.0
[INFO] [stderr]    Compiling rustix v0.38.44
[INFO] [stderr]    Compiling ab_glyph_rasterizer v0.1.10
[INFO] [stderr]    Compiling futures-task v0.3.33
[INFO] [stderr]    Compiling futures-sink v0.3.33
[INFO] [stderr]    Compiling async-broadcast v0.7.2
[INFO] [stderr]    Compiling digest v0.10.7
[INFO] [stderr]    Compiling toml_edit v0.25.13+spec-1.1.0
[INFO] [stderr]    Compiling wayland-scanner v0.31.11
[INFO] [stderr]    Compiling blocking v1.6.2
[INFO] [stderr]    Compiling async-fs v2.2.0
[INFO] [stderr]    Compiling async-executor v1.14.0
[INFO] [stderr]    Compiling sha1 v0.10.7
[INFO] [stderr]    Compiling ordered-stream v0.2.0
[INFO] [stderr]    Compiling xml-rs v0.8.28
[INFO] [stderr]    Compiling cursor-icon v1.2.0
[INFO] [stderr]    Compiling linux-raw-sys v0.4.15
[INFO] [stderr]    Compiling wayland-backend v0.3.16
[INFO] [stderr]    Compiling xcursor v0.3.10
[INFO] [stderr]    Compiling xkeysym v0.2.1
[INFO] [stderr]    Compiling x11-dl v2.21.0
[INFO] [stderr]    Compiling simd-adler32 v0.3.10
[INFO] [stderr]    Compiling accesskit v0.16.3
[INFO] [stderr]    Compiling hmac v0.12.1
[INFO] [stderr]    Compiling getrandom v0.2.17
[INFO] [stderr]    Compiling proc-macro-crate v3.5.0
[INFO] [stderr]    Compiling xdg-home v1.3.0
[INFO] [stderr]    Compiling rand_core v0.6.4
[INFO] [stderr]    Compiling gl_generator v0.14.0
[INFO] [stderr]    Compiling memmap2 v0.9.11
[INFO] [stderr]    Compiling parking_lot_core v0.9.12
[INFO] [stderr]    Compiling strict-num v0.1.1
[INFO] [stderr]    Compiling arrayref v0.3.9
[INFO] [stderr]    Compiling smithay-client-toolkit v0.19.2
[INFO] [stderr]    Compiling thiserror v2.0.19
[INFO] [stderr]    Compiling parking_lot v0.12.5
[INFO] [stderr]    Compiling ff v0.13.1
[INFO] [stderr]    Compiling ring v0.17.14
[INFO] [stderr]    Compiling base16ct v0.2.0
[INFO] [stderr]    Compiling x11rb-protocol v0.13.2
[INFO] [stderr]    Compiling as-raw-xcb-connection v1.0.1
[INFO] [stderr]    Compiling miniz_oxide v0.8.9
[INFO] [stderr]    Compiling group v0.13.0
[INFO] [stderr]    Compiling crypto-bigint v0.5.5
[INFO] [stderr]    Compiling hkdf v0.12.4
[INFO] [stderr]    Compiling form_urlencoded v1.2.2
[INFO] [stderr]    Compiling immutable-chunkmap v2.1.3
[INFO] [stderr]    Compiling winit v0.30.13
[INFO] [stderr]    Compiling rustls-pki-types v1.15.0
[INFO] [stderr]    Compiling owned_ttf_parser v0.25.1
[INFO] [stderr] error: could not compile `zerocopy` (lib)
[INFO] [stderr] 
[INFO] [stderr] Caused by:
[INFO] [stderr]   process didn't exit successfully: `/opt/rustwide/rustup-home/toolchains/1.100.0-beta.1-x86_64-unknown-linux-gnu/bin/rustc --crate-name zerocopy --edition=2021 /opt/rustwide/cargo-home/registry/src/index.crates.io-1949cf8c6b5b557f/zerocopy-0.8.55/src/lib.rs --error-format=json --json=diagnostic-rendered-ansi,artifacts,future-incompat,unused-externs-silent --crate-type lib --emit=dep-info,metadata,link -C embed-bitcode=no -C debuginfo=2 --cfg 'feature="simd"' --check-cfg 'cfg(docsrs,test)' --check-cfg 'cfg(feature, values("__internal_use_only_features_that_work_on_stable", "alloc", "derive", "float-nightly", "simd", "simd-nightly", "std", "zerocopy-derive"))' -C metadata=e9cef10e261a7fc5 -C extra-filename=-b946e089fb397e52 --out-dir /opt/rustwide/target/debug/build/zerocopy/b946e089fb397e52/out --cap-lints allow --cap-lints=warn --force-warn=unused_crate_dependencies --check-cfg 'cfg(no_zerocopy_simd_x86_avx12_1_89_0)' --check-cfg 'cfg(rust, values("1.89.0"))' --check-cfg 'cfg(no_zerocopy_core_error_1_81_0)' --check-cfg 'cfg(rust, values("1.81.0"))' --check-cfg 'cfg(no_zerocopy_diagnostic_on_unimplemented_1_78_0)' --check-cfg 'cfg(rust, values("1.78.0"))' --check-cfg 'cfg(no_zerocopy_generic_bounds_in_const_fn_1_61_0)' --check-cfg 'cfg(rust, values("1.61.0"))' --check-cfg 'cfg(no_zerocopy_target_has_atomics_1_60_0)' --check-cfg 'cfg(rust, values("1.60.0"))' --check-cfg 'cfg(no_zerocopy_aarch64_simd_1_59_0)' --check-cfg 'cfg(rust, values("1.59.0"))' --check-cfg 'cfg(no_zerocopy_aarch64_simd_be_1_87_0)' --check-cfg 'cfg(rust, values("1.87.0"))' --check-cfg 'cfg(no_zerocopy_panic_in_const_and_vec_try_reserve_1_57_0)' --check-cfg 'cfg(rust, values("1.57.0"))' --check-cfg 'cfg(doc_cfg)' --check-cfg 'cfg(kani)' --check-cfg 'cfg(__ZEROCOPY_INTERNAL_USE_ONLY_NIGHTLY_FEATURES_IN_TESTS)' --check-cfg 'cfg(__ZEROCOPY_INTERNAL_USE_ONLY_DEV_MODE)' --check-cfg 'cfg(coverage_nightly)' --check-cfg 'cfg(zerocopy_inline_always)' --check-cfg 'cfg(zerocopy_unstable_ptr)' --check-cfg 'cfg(zerocopy_unstable_linux)' --check-cfg 'cfg(no_fp_fmt_parse)'` (signal: 9, SIGKILL: kill)
[INFO] [stderr] warning: build failed, waiting for other jobs to finish...
[INFO] running `Command { std: "docker" "inspect" "4f7be9b849a3204aa8207c51a4f3365736c473792757a3f0973eb7ad37556e0a", kill_on_drop: false }`
[INFO] running `Command { std: "docker" "rm" "-f" "4f7be9b849a3204aa8207c51a4f3365736c473792757a3f0973eb7ad37556e0a", kill_on_drop: false }`
[INFO] [stdout] 4f7be9b849a3204aa8207c51a4f3365736c473792757a3f0973eb7ad37556e0a
