[INFO] cloning repository https://github.com/bookamp/DisplayHop
[INFO] running `Command { std: "git" "-c" "credential.helper=" "-c" "credential.helper=/workspace/cargo-home/bin/git-credential-null" "clone" "--bare" "https://github.com/bookamp/DisplayHop" "/workspace/cache/git-repos/https%3A%2F%2Fgithub.com%2Fbookamp%2FDisplayHop", kill_on_drop: false }`
[INFO] [stderr] Cloning into bare repository '/workspace/cache/git-repos/https%3A%2F%2Fgithub.com%2Fbookamp%2FDisplayHop'...
[INFO] running `Command { std: "git" "rev-parse" "HEAD", kill_on_drop: false }`
[INFO] [stdout] d1bcd45be916c0c2ea31ff8e4fe3060cea5c5162
[INFO] testing bookamp/DisplayHop against 1.99.0-beta.8 for beta-1.100-2
[INFO] running `Command { std: "git" "clone" "/workspace/cache/git-repos/https%3A%2F%2Fgithub.com%2Fbookamp%2FDisplayHop" "/workspace/builds/worker-1-tc1/source", kill_on_drop: false }`
[INFO] [stderr] Cloning into '/workspace/builds/worker-1-tc1/source'...
[INFO] [stderr] done.
[INFO] started tweaking git repo https://github.com/bookamp/DisplayHop
[INFO] finished tweaking git repo https://github.com/bookamp/DisplayHop
[INFO] tweaked toml for git repo https://github.com/bookamp/DisplayHop written to /workspace/builds/worker-1-tc1/source/Cargo.toml
[INFO] validating manifest of git repo https://github.com/bookamp/DisplayHop on toolchain 1.99.0-beta.8
[INFO] running `Command { std: CARGO_HOME="/workspace/cargo-home" RUSTUP_HOME="/workspace/rustup-home" "/workspace/cargo-home/bin/cargo" "+1.99.0-beta.8" "metadata" "--manifest-path" "Cargo.toml" "--no-deps", kill_on_drop: false }`
[INFO] crate git repo https://github.com/bookamp/DisplayHop already has a lockfile, it will not be regenerated
[INFO] running `Command { std: CARGO_HOME="/workspace/cargo-home" RUSTUP_HOME="/workspace/rustup-home" "/workspace/cargo-home/bin/cargo" "+1.99.0-beta.8" "fetch" "--manifest-path" "Cargo.toml", kill_on_drop: false }`
[INFO] running `Command { std: "docker" "create" "-v" "/var/lib/crater-agent-workspace/builds/worker-1-tc1/source:/opt/rustwide/workdir:ro,Z" "-v" "/var/lib/crater-agent-workspace/builds/worker-1-tc1/target:/opt/rustwide/target:rw,Z" "-v" "/var/lib/crater-agent-workspace/cargo-home:/opt/rustwide/cargo-home:ro,Z" "-v" "/var/lib/crater-agent-workspace/rustup-home:/opt/rustwide/rustup-home:ro,Z" "-m" "1610612736" "--network" "none" "ghcr.io/rust-lang/crates-build-env/linux@sha256:3111399a4047eeb3a02b7a90e478d715f38a8c6669b5c4b49d30a17385265909" "sleep" "infinity", kill_on_drop: false }`
[INFO] [stdout] 3936760b60d8ac5b8c7c8753cfcbe8f3b4dbc2832aeba10a15bc794d95c6df01
[INFO] running `Command { std: "docker" "start" "3936760b60d8ac5b8c7c8753cfcbe8f3b4dbc2832aeba10a15bc794d95c6df01", kill_on_drop: false }`
[INFO] running `Command { std: "docker" "inspect" "3936760b60d8ac5b8c7c8753cfcbe8f3b4dbc2832aeba10a15bc794d95c6df01", kill_on_drop: false }`
[INFO] running `Command { std: "docker" "exec" "-e" "SOURCE_DIR=/opt/rustwide/workdir" "-e" "CARGO_HOME=/opt/rustwide/cargo-home" "-e" "RUSTUP_HOME=/opt/rustwide/rustup-home" "-e" "CARGO_TARGET_DIR=/opt/rustwide/target" "-w" "/opt/rustwide/workdir" "--user" "0:0" "3936760b60d8ac5b8c7c8753cfcbe8f3b4dbc2832aeba10a15bc794d95c6df01" "/opt/rustwide/cargo-home/bin/cargo" "+1.99.0-beta.8" "metadata" "--no-deps" "--format-version=1", kill_on_drop: false }`
[INFO] running `Command { std: "docker" "inspect" "3936760b60d8ac5b8c7c8753cfcbe8f3b4dbc2832aeba10a15bc794d95c6df01", kill_on_drop: false }`
[INFO] running `Command { std: "docker" "exec" "-e" "SOURCE_DIR=/opt/rustwide/workdir" "-e" "CARGO_HOME=/opt/rustwide/cargo-home" "-e" "RUSTUP_HOME=/opt/rustwide/rustup-home" "-e" "CARGO_TARGET_DIR=/opt/rustwide/target" "-e" "CARGO_INCREMENTAL=0" "-e" "RUST_BACKTRACE=full" "-e" "RUSTFLAGS=--cap-lints=warn" "-e" "RUSTDOCFLAGS=--cap-lints=warn" "-w" "/opt/rustwide/workdir" "--user" "0:0" "3936760b60d8ac5b8c7c8753cfcbe8f3b4dbc2832aeba10a15bc794d95c6df01" "/opt/rustwide/cargo-home/bin/cargo" "+1.99.0-beta.8" "build" "--frozen" "--message-format=json", kill_on_drop: false }`
[INFO] [stderr]    Compiling proc-macro2 v1.0.107
[INFO] [stderr]    Compiling windows_x86_64_gnu v0.52.6
[INFO] [stderr]    Compiling unicode-ident v1.0.24
[INFO] [stderr]    Compiling quote v1.0.47
[INFO] [stderr]    Compiling windows-targets v0.52.6
[INFO] [stderr]    Compiling windows-result v0.2.0
[INFO] [stderr]    Compiling windows-strings v0.1.0
[INFO] [stderr]    Compiling syn v2.0.119
[INFO] [stderr]    Compiling windows-interface v0.58.0
[INFO] [stderr]    Compiling windows-implement v0.58.0
[INFO] [stderr]    Compiling windows-core v0.58.0
[INFO] [stderr]    Compiling windows v0.58.0
[INFO] [stderr]    Compiling window-display-swapper v0.1.0 (/opt/rustwide/workdir)
[INFO] [stdout] error[E0433]: cannot find `Win32` in `windows`
[INFO] [stdout]  --> src/companion_ui.rs:4:14
[INFO] [stdout]   |
[INFO] [stdout] 4 | use windows::Win32::Foundation::{BOOL, COLORREF, HINSTANCE, HWND, LPARAM, LRESULT, POINT, RECT, WPARAM};
[INFO] [stdout]   |              ^^^^^ could not find `Win32` in `windows`
[INFO] [stdout] 
[INFO] [stdout] 
[INFO] [stdout] error[E0433]: cannot find `Win32` in `windows`
[INFO] [stdout]  --> src/companion_ui.rs:5:14
[INFO] [stdout]   |
[INFO] [stdout] 5 | use windows::Win32::Graphics::Dwm::{
[INFO] [stdout]   |              ^^^^^ could not find `Win32` in `windows`
[INFO] [stdout] 
[INFO] [stdout] 
[INFO] [stdout] error[E0433]: cannot find `Win32` in `windows`
[INFO] [stdout]  --> src/companion_ui.rs:9:14
[INFO] [stdout]   |
[INFO] [stdout] 9 | use windows::Win32::Graphics::Gdi::{
[INFO] [stdout]   |              ^^^^^ could not find `Win32` in `windows`
[INFO] [stdout] 
[INFO] [stdout] 
[INFO] [stdout] error[E0433]: cannot find `Win32` in `windows`
[INFO] [stdout]   --> src/companion_ui.rs:15:14
[INFO] [stdout]    |
[INFO] [stdout] 15 | use windows::Win32::UI::Input::KeyboardAndMouse::{TrackMouseEvent, TRACKMOUSEEVENT, TME_LEAVE};
[INFO] [stdout]    |              ^^^^^ could not find `Win32` in `windows`
[INFO] [stdout] 
[INFO] [stdout] 
[INFO] [stdout] error[E0433]: cannot find `Win32` in `windows`
[INFO] [stdout]   --> src/companion_ui.rs:16:14
[INFO] [stdout]    |
[INFO] [stdout] 16 | use windows::Win32::UI::WindowsAndMessaging::{
[INFO] [stdout]    |              ^^^^^ could not find `Win32` in `windows`
[INFO] [stdout] 
[INFO] [stdout] 
[INFO] [stdout] error[E0433]: cannot find `Win32` in `windows`
[INFO] [stdout]    --> src/companion_ui.rs:496:22
[INFO] [stdout]     |
[INFO] [stdout] 496 |         use windows::Win32::UI::Input::KeyboardAndMouse::{keybd_event, KEYEVENTF_KEYUP, VK_ESCAPE};
[INFO] [stdout]     |                      ^^^^^ could not find `Win32` in `windows`
[INFO] [stdout] 
[INFO] [stdout] 
[INFO] [stdout] error[E0433]: cannot find `Win32` in `windows`
[INFO] [stdout]  --> src/monitor.rs:1:14
[INFO] [stdout]   |
[INFO] [stdout] 1 | use windows::Win32::Foundation::{BOOL, HWND, LPARAM, POINT, RECT};
[INFO] [stdout]   |              ^^^^^ could not find `Win32` in `windows`
[INFO] [stdout] 
[INFO] [stdout] 
[INFO] [stdout] error[E0433]: cannot find `Win32` in `windows`
[INFO] [stdout]  --> src/monitor.rs:2:14
[INFO] [stdout]   |
[INFO] [stdout] 2 | use windows::Win32::Graphics::Gdi::{
[INFO] [stdout]   |              ^^^^^ could not find `Win32` in `windows`
[INFO] [stdout] 
[INFO] [stdout] 
[INFO] [stdout] error[E0433]: cannot find `Win32` in `windows`
[INFO] [stdout]  --> src/mover.rs:1:14
[INFO] [stdout]   |
[INFO] [stdout] 1 | use windows::Win32::Foundation::{HWND, LPARAM, RECT, WPARAM};
[INFO] [stdout]   |              ^^^^^ could not find `Win32` in `windows`
[INFO] [stdout] 
[INFO] [stdout] 
[INFO] [stdout] error[E0433]: cannot find `Win32` in `windows`
[INFO] [stdout]  --> src/mover.rs:2:14
[INFO] [stdout]   |
[INFO] [stdout] 2 | use windows::Win32::UI::WindowsAndMessaging::{
[INFO] [stdout]   |              ^^^^^ could not find `Win32` in `windows`
[INFO] [stdout] 
[INFO] [stdout] 
[INFO] [stdout] error[E0433]: cannot find `Win32` in `windows`
[INFO] [stdout]   --> src/mover.rs:10:14
[INFO] [stdout]    |
[INFO] [stdout] 10 | use windows::Win32::System::Threading::GetCurrentThreadId;
[INFO] [stdout]    |              ^^^^^ could not find `Win32` in `windows`
[INFO] [stdout] 
[INFO] [stdout] 
[INFO] [stdout] error[E0433]: cannot find `Win32` in `windows`
[INFO] [stdout]   --> src/mover.rs:11:14
[INFO] [stdout]    |
[INFO] [stdout] 11 | use windows::Win32::UI::Input::KeyboardAndMouse::{
[INFO] [stdout]    |              ^^^^^ could not find `Win32` in `windows`
[INFO] [stdout] 
[INFO] [stdout] 
[INFO] [stdout] error[E0433]: cannot find `Win32` in `windows`
[INFO] [stdout]  --> src/taskbar.rs:2:14
[INFO] [stdout]   |
[INFO] [stdout] 2 | use windows::Win32::Foundation::{BOOL, CloseHandle, HINSTANCE, HWND, LPARAM, LRESULT, POINT, RECT, WPARAM};
[INFO] [stdout]   |              ^^^^^ could not find `Win32` in `windows`
[INFO] [stdout] 
[INFO] [stdout] 
[INFO] [stdout] error[E0433]: cannot find `Win32` in `windows`
[INFO] [stdout]  --> src/taskbar.rs:3:14
[INFO] [stdout]   |
[INFO] [stdout] 3 | use windows::Win32::System::Com::{CoCreateInstance, CoInitializeEx, CLSCTX_INPROC_SERVER, COINIT_MULTITHREADED};
[INFO] [stdout]   |              ^^^^^ could not find `Win32` in `windows`
[INFO] [stdout] 
[INFO] [stdout] 
[INFO] [stdout] error[E0433]: cannot find `Win32` in `windows`
[INFO] [stdout]  --> src/taskbar.rs:4:14
[INFO] [stdout]   |
[INFO] [stdout] 4 | use windows::Win32::System::LibraryLoader::GetModuleHandleW;
[INFO] [stdout]   |              ^^^^^ could not find `Win32` in `windows`
[INFO] [stdout] 
[INFO] [stdout] 
[INFO] [stdout] error[E0433]: cannot find `Win32` in `windows`
[INFO] [stdout]  --> src/taskbar.rs:5:14
[INFO] [stdout]   |
[INFO] [stdout] 5 | use windows::Win32::System::Threading::{
[INFO] [stdout]   |              ^^^^^ could not find `Win32` in `windows`
[INFO] [stdout] 
[INFO] [stdout] 
[INFO] [stdout] error[E0433]: cannot find `Win32` in `windows`
[INFO] [stdout]  --> src/taskbar.rs:8:14
[INFO] [stdout]   |
[INFO] [stdout] 8 | use windows::Win32::UI::Accessibility::{
[INFO] [stdout]   |              ^^^^^ could not find `Win32` in `windows`
[INFO] [stdout] 
[INFO] [stdout] 
[INFO] [stdout] error[E0433]: cannot find `Win32` in `windows`
[INFO] [stdout]   --> src/taskbar.rs:11:14
[INFO] [stdout]    |
[INFO] [stdout] 11 | use windows::Win32::UI::WindowsAndMessaging::{
[INFO] [stdout]    |              ^^^^^ could not find `Win32` in `windows`
[INFO] [stdout] 
[INFO] [stdout] 
[INFO] [stdout] error[E0432]: unresolved import `windows::core`
[INFO] [stdout]  --> src/companion_ui.rs:3:14
[INFO] [stdout]   |
[INFO] [stdout] 3 | use windows::core::{w, PCWSTR};
[INFO] [stdout]   |              ^^^^ could not find `core` in `windows`
[INFO] [stdout] 
[INFO] [stdout] 
[INFO] [stdout] error[E0433]: cannot find `Win32` in `windows`
[INFO] [stdout]  --> src/tray.rs:3:14
[INFO] [stdout]   |
[INFO] [stdout] 3 | use windows::Win32::Foundation::{HWND, LPARAM, POINT};
[INFO] [stdout]   |              ^^^^^ could not find `Win32` in `windows`
[INFO] [stdout] 
[INFO] [stdout] 
[INFO] [stdout] error[E0433]: cannot find `Win32` in `windows`
[INFO] [stdout]  --> src/tray.rs:4:14
[INFO] [stdout]   |
[INFO] [stdout] 4 | use windows::Win32::System::Registry::{
[INFO] [stdout]   |              ^^^^^ could not find `Win32` in `windows`
[INFO] [stdout] 
[INFO] [stdout] 
[INFO] [stdout] error[E0433]: cannot find `Win32` in `windows`
[INFO] [stdout]  --> src/tray.rs:8:14
[INFO] [stdout]   |
[INFO] [stdout] 8 | use windows::Win32::UI::Shell::{
[INFO] [stdout]   |              ^^^^^ could not find `Win32` in `windows`
[INFO] [stdout] 
[INFO] [stdout] 
[INFO] [stdout] error[E0433]: cannot find `Win32` in `windows`
[INFO] [stdout]   --> src/tray.rs:12:14
[INFO] [stdout]    |
[INFO] [stdout] 12 | use windows::Win32::UI::WindowsAndMessaging::{
[INFO] [stdout]    |              ^^^^^ could not find `Win32` in `windows`
[INFO] [stdout] 
[INFO] [stdout] 
[INFO] [stdout] error[E0433]: cannot find `Win32` in `windows`
[INFO] [stdout]  --> src/lib.rs:9:18
[INFO] [stdout]   |
[INFO] [stdout] 9 |     use windows::Win32::System::SystemInformation::GetLocalTime;
[INFO] [stdout]   |                  ^^^^^ could not find `Win32` in `windows`
[INFO] [stdout] 
[INFO] [stdout] 
[INFO] [stdout] error[E0432]: unresolved import `windows::core`
[INFO] [stdout]  --> src/tray.rs:2:14
[INFO] [stdout]   |
[INFO] [stdout] 2 | use windows::core::{w, PCWSTR};
[INFO] [stdout]   |              ^^^^ could not find `core` in `windows`
[INFO] [stdout] 
[INFO] [stdout] 
[INFO] [stdout] error[E0433]: cannot find `Win32` in `windows`
[INFO] [stdout]   --> src/companion_ui.rs:48:43
[INFO] [stdout]    |
[INFO] [stdout] 48 |         let instance = HINSTANCE(windows::Win32::System::LibraryLoader::GetModuleHandleW(None).unwrap().0);
[INFO] [stdout]    |                                           ^^^^^ could not find `Win32` in `windows`
[INFO] [stdout] 
[INFO] [stdout] 
[INFO] [stdout] error[E0433]: cannot find `Win32` in `windows`
[INFO] [stdout]   --> src/companion_ui.rs:58:39
[INFO] [stdout]    |
[INFO] [stdout] 58 |             hCursor: HCURSOR(windows::Win32::UI::WindowsAndMessaging::LoadCursorW(None, IDC_ARROW).unwrap().0),
[INFO] [stdout]    |                                       ^^^^^ could not find `Win32` in `windows`
[INFO] [stdout] 
[INFO] [stdout] 
[INFO] [stdout] error[E0433]: cannot find `Win32` in `windows`
[INFO] [stdout]   --> src/companion_ui.rs:73:39
[INFO] [stdout]    |
[INFO] [stdout] 73 |             hCursor: HCURSOR(windows::Win32::UI::WindowsAndMessaging::LoadCursorW(None, IDC_ARROW).unwrap().0),
[INFO] [stdout]    |                                       ^^^^^ could not find `Win32` in `windows`
[INFO] [stdout] 
[INFO] [stdout] 
[INFO] [stdout] error[E0433]: cannot find `Win32` in `windows`
[INFO] [stdout]    --> src/companion_ui.rs:237:28
[INFO] [stdout]     |
[INFO] [stdout] 237 |         let dpi = windows::Win32::UI::HiDpi::GetDpiForWindow(hwnd);
[INFO] [stdout]     |                            ^^^^^ could not find `Win32` in `windows`
[INFO] [stdout] 
[INFO] [stdout] 
[INFO] [stdout] error[E0433]: cannot find `Win32` in `windows`
[INFO] [stdout]    --> src/companion_ui.rs:484:34
[INFO] [stdout]     |
[INFO] [stdout] 484 |                 let _ = windows::Win32::UI::WindowsAndMessaging::PostMessageW(
[INFO] [stdout]     |                                  ^^^^^ could not find `Win32` in `windows`
[INFO] [stdout] 
[INFO] [stdout] 
[INFO] [stdout] error[E0433]: cannot find `Win32` in `windows`
[INFO] [stdout]    --> src/companion_ui.rs:486:30
[INFO] [stdout]     |
[INFO] [stdout] 486 |                     windows::Win32::UI::WindowsAndMessaging::WM_CLOSE,
[INFO] [stdout]     |                              ^^^^^ could not find `Win32` in `windows`
[INFO] [stdout] 
[INFO] [stdout] 
[INFO] [stdout] error[E0433]: cannot find `Win32` in `windows`
[INFO] [stdout]    --> src/companion_ui.rs:487:30
[INFO] [stdout]     |
[INFO] [stdout] 487 |                     windows::Win32::Foundation::WPARAM(0),
[INFO] [stdout]     |                              ^^^^^ could not find `Win32` in `windows`
[INFO] [stdout] 
[INFO] [stdout] 
[INFO] [stdout] error[E0433]: cannot find `Win32` in `windows`
[INFO] [stdout]    --> src/companion_ui.rs:488:30
[INFO] [stdout]     |
[INFO] [stdout] 488 |                     windows::Win32::Foundation::LPARAM(0),
[INFO] [stdout]     |                              ^^^^^ could not find `Win32` in `windows`
[INFO] [stdout] 
[INFO] [stdout] 
[INFO] [stdout] error[E0433]: cannot find `Win32` in `windows`
[INFO] [stdout]   --> src/mover.rs:20:27
[INFO] [stdout]    |
[INFO] [stdout] 20 |         fattach: windows::Win32::Foundation::BOOL,
[INFO] [stdout]    |                           ^^^^^ could not find `Win32` in `windows`
[INFO] [stdout] 
[INFO] [stdout] 
[INFO] [stdout] error[E0433]: cannot find `Win32` in `windows`
[INFO] [stdout]   --> src/mover.rs:21:19
[INFO] [stdout]    |
[INFO] [stdout] 21 |     ) -> windows::Win32::Foundation::BOOL;
[INFO] [stdout]    |                   ^^^^^ could not find `Win32` in `windows`
[INFO] [stdout] 
[INFO] [stdout] 
[INFO] [stdout] error[E0433]: cannot find `Win32` in `windows`
[INFO] [stdout]    --> src/mover.rs:280:41
[INFO] [stdout]     |
[INFO] [stdout] 280 |                 if e.code() == windows::Win32::Foundation::E_ACCESSDENIED {
[INFO] [stdout]     |                                         ^^^^^ could not find `Win32` in `windows`
[INFO] [stdout] 
[INFO] [stdout] 
[INFO] [stdout] error[E0433]: cannot find `Win32` in `windows`
[INFO] [stdout]    --> src/mover.rs:309:41
[INFO] [stdout]     |
[INFO] [stdout] 309 |                 if e.code() == windows::Win32::Foundation::E_ACCESSDENIED {
[INFO] [stdout]     |                                         ^^^^^ could not find `Win32` in `windows`
[INFO] [stdout] 
[INFO] [stdout] 
[INFO] [stdout] error[E0433]: cannot find `Win32` in `windows`
[INFO] [stdout]    --> src/mover.rs:339:41
[INFO] [stdout]     |
[INFO] [stdout] 339 |                 if e.code() == windows::Win32::Foundation::E_ACCESSDENIED {
[INFO] [stdout]     |                                         ^^^^^ could not find `Win32` in `windows`
[INFO] [stdout] 
[INFO] [stdout] 
[INFO] [stdout] error[E0433]: cannot find `core` in `windows`
[INFO] [stdout]   --> src/taskbar.rs:97:45
[INFO] [stdout]    |
[INFO] [stdout] 97 |             let hwnd = FindWindowW(windows::core::PCWSTR(utf16.as_ptr()), None).unwrap_or(HWND(std::ptr::null_mut()));
[INFO] [stdout]    |                                             ^^^^ could not find `core` in `windows`
[INFO] [stdout] 
[INFO] [stdout] 
[INFO] [stdout] error[E0433]: cannot find `core` in `windows`
[INFO] [stdout]    --> src/taskbar.rs:143:18
[INFO] [stdout]     |
[INFO] [stdout] 143 |         windows::core::PWSTR(buf.as_mut_ptr()),
[INFO] [stdout]     |                  ^^^^ could not find `core` in `windows`
[INFO] [stdout] 
[INFO] [stdout] 
[INFO] [stdout] error[E0433]: cannot find `core` in `windows`
[INFO] [stdout]    --> src/taskbar.rs:167:18
[INFO] [stdout]     |
[INFO] [stdout] 167 |         windows::core::PWSTR(buf.as_mut_ptr()),
[INFO] [stdout]     |                  ^^^^ could not find `core` in `windows`
[INFO] [stdout] 
[INFO] [stdout] 
[INFO] [stderr] error: could not compile `window-display-swapper` (lib) due to 41 previous errors
[INFO] [stdout] Some errors have detailed explanations: E0432, E0433.
[INFO] [stdout] 
[INFO] [stdout] For more information about an error, try `rustc --explain E0432`.
[INFO] [stdout] 
[INFO] running `Command { std: "docker" "inspect" "3936760b60d8ac5b8c7c8753cfcbe8f3b4dbc2832aeba10a15bc794d95c6df01", kill_on_drop: false }`
[INFO] running `Command { std: "docker" "rm" "-f" "3936760b60d8ac5b8c7c8753cfcbe8f3b4dbc2832aeba10a15bc794d95c6df01", kill_on_drop: false }`
[INFO] [stdout] 3936760b60d8ac5b8c7c8753cfcbe8f3b4dbc2832aeba10a15bc794d95c6df01
