[INFO] cloning repository https://github.com/TokenGoblin/Aitch
[INFO] running `Command { std: "git" "-c" "credential.helper=" "-c" "credential.helper=/workspace/cargo-home/bin/git-credential-null" "clone" "--bare" "https://github.com/TokenGoblin/Aitch" "/workspace/cache/git-repos/https%3A%2F%2Fgithub.com%2FTokenGoblin%2FAitch", kill_on_drop: false }`
[INFO] [stderr] Cloning into bare repository '/workspace/cache/git-repos/https%3A%2F%2Fgithub.com%2FTokenGoblin%2FAitch'...
[INFO] running `Command { std: "git" "rev-parse" "HEAD", kill_on_drop: false }`
[INFO] [stdout] eaf211342701d485d946c599bfb6180fd08e7b71
[INFO] testing TokenGoblin/Aitch against 1.100.0-beta.1 for beta-1.100-2
[INFO] running `Command { std: "git" "clone" "/workspace/cache/git-repos/https%3A%2F%2Fgithub.com%2FTokenGoblin%2FAitch" "/workspace/builds/worker-3-tc2/source", kill_on_drop: false }`
[INFO] [stderr] Cloning into '/workspace/builds/worker-3-tc2/source'...
[INFO] [stderr] done.
[INFO] started tweaking git repo https://github.com/TokenGoblin/Aitch
[INFO] finished tweaking git repo https://github.com/TokenGoblin/Aitch
[INFO] tweaked toml for git repo https://github.com/TokenGoblin/Aitch written to /workspace/builds/worker-3-tc2/source/Cargo.toml
[INFO] validating manifest of git repo https://github.com/TokenGoblin/Aitch on toolchain 1.100.0-beta.1
[INFO] running `Command { std: CARGO_HOME="/workspace/cargo-home" RUSTUP_HOME="/workspace/rustup-home" "/workspace/cargo-home/bin/cargo" "+1.100.0-beta.1" "metadata" "--manifest-path" "Cargo.toml" "--no-deps", kill_on_drop: false }`
[INFO] crate git repo https://github.com/TokenGoblin/Aitch already has a lockfile, it will not be regenerated
[INFO] running `Command { std: CARGO_HOME="/workspace/cargo-home" RUSTUP_HOME="/workspace/rustup-home" "/workspace/cargo-home/bin/cargo" "+1.100.0-beta.1" "fetch" "--manifest-path" "Cargo.toml", kill_on_drop: false }`
[INFO] running `Command { std: "docker" "create" "-v" "/var/lib/crater-agent-workspace/builds/worker-3-tc2/source:/opt/rustwide/workdir:ro,Z" "-v" "/var/lib/crater-agent-workspace/builds/worker-3-tc2/target:/opt/rustwide/target:rw,Z" "-v" "/var/lib/crater-agent-workspace/cargo-home:/opt/rustwide/cargo-home:ro,Z" "-v" "/var/lib/crater-agent-workspace/rustup-home:/opt/rustwide/rustup-home:ro,Z" "-m" "1610612736" "--network" "none" "ghcr.io/rust-lang/crates-build-env/linux@sha256:3111399a4047eeb3a02b7a90e478d715f38a8c6669b5c4b49d30a17385265909" "sleep" "infinity", kill_on_drop: false }`
[INFO] [stdout] 87a1c2616a33617a4b7ecfe6021ef99141418477ccd4c10915b8e7ed32d08ac1
[INFO] running `Command { std: "docker" "start" "87a1c2616a33617a4b7ecfe6021ef99141418477ccd4c10915b8e7ed32d08ac1", kill_on_drop: false }`
[INFO] running `Command { std: "docker" "inspect" "87a1c2616a33617a4b7ecfe6021ef99141418477ccd4c10915b8e7ed32d08ac1", kill_on_drop: false }`
[INFO] running `Command { std: "docker" "exec" "-e" "SOURCE_DIR=/opt/rustwide/workdir" "-e" "CARGO_HOME=/opt/rustwide/cargo-home" "-e" "RUSTUP_HOME=/opt/rustwide/rustup-home" "-e" "CARGO_TARGET_DIR=/opt/rustwide/target" "-w" "/opt/rustwide/workdir" "--user" "0:0" "87a1c2616a33617a4b7ecfe6021ef99141418477ccd4c10915b8e7ed32d08ac1" "/opt/rustwide/cargo-home/bin/cargo" "+1.100.0-beta.1" "metadata" "--no-deps" "--format-version=1", kill_on_drop: false }`
[INFO] running `Command { std: "docker" "inspect" "87a1c2616a33617a4b7ecfe6021ef99141418477ccd4c10915b8e7ed32d08ac1", kill_on_drop: false }`
[INFO] running `Command { std: "docker" "exec" "-e" "SOURCE_DIR=/opt/rustwide/workdir" "-e" "CARGO_HOME=/opt/rustwide/cargo-home" "-e" "RUSTUP_HOME=/opt/rustwide/rustup-home" "-e" "CARGO_TARGET_DIR=/opt/rustwide/target" "-e" "CARGO_INCREMENTAL=0" "-e" "RUST_BACKTRACE=full" "-e" "RUSTFLAGS=--cap-lints=warn" "-e" "RUSTDOCFLAGS=--cap-lints=warn" "-w" "/opt/rustwide/workdir" "--user" "0:0" "87a1c2616a33617a4b7ecfe6021ef99141418477ccd4c10915b8e7ed32d08ac1" "/opt/rustwide/cargo-home/bin/cargo" "+1.100.0-beta.1" "build" "--frozen" "--message-format=json", kill_on_drop: false }`
[INFO] [stderr]    Compiling aitch-core v0.1.0 (/opt/rustwide/workdir/crates/aitch-core)
[INFO] [stderr]    Compiling aitch v0.1.0 (/opt/rustwide/workdir/crates/aitch)
[INFO] [stdout] warning: unused import: `std::env`
[INFO] [stdout]   --> crates/aitch/build.rs:11:5
[INFO] [stdout]    |
[INFO] [stdout] 11 | use std::env;
[INFO] [stdout]    |     ^^^^^^^^
[INFO] [stdout]    |
[INFO] [stdout]    = note: `#[warn(unused_imports)]` (part of `#[warn(unused)]`) on by default
[INFO] [stdout] 
[INFO] [stdout] 
[INFO] [stdout] warning: unused imports: `PathBuf` and `Path`
[INFO] [stdout]   --> crates/aitch/build.rs:12:17
[INFO] [stdout]    |
[INFO] [stdout] 12 | use std::path::{Path, PathBuf};
[INFO] [stdout]    |                 ^^^^  ^^^^^^^
[INFO] [stdout] 
[INFO] [stdout] 
[INFO] [stdout] warning: unused import: `std::process::Command`
[INFO] [stdout]   --> crates/aitch/build.rs:13:5
[INFO] [stdout]    |
[INFO] [stdout] 13 | use std::process::Command;
[INFO] [stdout]    |     ^^^^^^^^^^^^^^^^^^^^^
[INFO] [stdout] 
[INFO] [stdout] 
[INFO] [stderr]    Compiling aitch-ui v0.1.0 (/opt/rustwide/workdir/crates/aitch-ui)
[INFO] [stderr]    Compiling aitch-harness v0.1.0 (/opt/rustwide/workdir/crates/aitch-harness)
[INFO] [stdout] error[E0433]: cannot find `win32` in `platform`
[INFO] [stdout]   --> crates/aitch-ui/src/app.rs:40:22
[INFO] [stdout]    |
[INFO] [stdout] 40 | use crate::platform::win32::surface::{Color as GdiColor, Surface};
[INFO] [stdout]    |                      ^^^^^ could not find `win32` in `platform`
[INFO] [stdout]    |
[INFO] [stdout] note: found an item that was configured out
[INFO] [stdout]   --> crates/aitch-ui/src/platform/mod.rs:8:9
[INFO] [stdout]    |
[INFO] [stdout]  7 | #[cfg(windows)]
[INFO] [stdout]    |       ------- the item is gated here
[INFO] [stdout]  8 | pub mod win32;
[INFO] [stdout]    |         ^^^^^
[INFO] [stdout] 
[INFO] [stdout] 
[INFO] [stdout] error[E0433]: cannot find `win32` in `platform`
[INFO] [stdout]   --> crates/aitch-ui/src/app.rs:41:22
[INFO] [stdout]    |
[INFO] [stdout] 41 | use crate::platform::win32::window::{Event, MouseButton, Window};
[INFO] [stdout]    |                      ^^^^^ could not find `win32` in `platform`
[INFO] [stdout]    |
[INFO] [stdout] note: found an item that was configured out
[INFO] [stdout]   --> crates/aitch-ui/src/platform/mod.rs:8:9
[INFO] [stdout]    |
[INFO] [stdout]  7 | #[cfg(windows)]
[INFO] [stdout]    |       ------- the item is gated here
[INFO] [stdout]  8 | pub mod win32;
[INFO] [stdout]    |         ^^^^^
[INFO] [stdout] 
[INFO] [stdout] 
[INFO] [stdout] error[E0433]: cannot find `win32` in `platform`
[INFO] [stdout]   --> crates/aitch-ui/src/input.rs:39:22
[INFO] [stdout]    |
[INFO] [stdout] 39 | use crate::platform::win32::window::Event;
[INFO] [stdout]    |                      ^^^^^ could not find `win32` in `platform`
[INFO] [stdout]    |
[INFO] [stdout] note: found an item that was configured out
[INFO] [stdout]   --> crates/aitch-ui/src/platform/mod.rs:8:9
[INFO] [stdout]    |
[INFO] [stdout]  7 | #[cfg(windows)]
[INFO] [stdout]    |       ------- the item is gated here
[INFO] [stdout]  8 | pub mod win32;
[INFO] [stdout]    |         ^^^^^
[INFO] [stdout] 
[INFO] [stdout] 
[INFO] [stdout] error[E0432]: unresolved import `crate::platform::win32`
[INFO] [stdout]   --> crates/aitch-ui/src/app.rs:39:22
[INFO] [stdout]    |
[INFO] [stdout] 39 | use crate::platform::win32::clipboard;
[INFO] [stdout]    |                      ^^^^^ could not find `win32` in `platform`
[INFO] [stdout]    |
[INFO] [stdout] note: found an item that was configured out
[INFO] [stdout]   --> crates/aitch-ui/src/platform/mod.rs:8:9
[INFO] [stdout]    |
[INFO] [stdout]  7 | #[cfg(windows)]
[INFO] [stdout]    |       ------- the item is gated here
[INFO] [stdout]  8 | pub mod win32;
[INFO] [stdout]    |         ^^^^^
[INFO] [stdout] 
[INFO] [stdout] 
[INFO] [stdout] Some errors have detailed explanations: E0432, E0433.
[INFO] [stdout] 
[INFO] [stdout] For more information about an error, try `rustc --explain E0432`.
[INFO] [stdout] 
[INFO] [stderr] error: could not compile `aitch-ui` (lib) due to 4 previous errors
[INFO] [stderr] warning: build failed, waiting for other jobs to finish...
[INFO] running `Command { std: "docker" "inspect" "87a1c2616a33617a4b7ecfe6021ef99141418477ccd4c10915b8e7ed32d08ac1", kill_on_drop: false }`
[INFO] running `Command { std: "docker" "rm" "-f" "87a1c2616a33617a4b7ecfe6021ef99141418477ccd4c10915b8e7ed32d08ac1", kill_on_drop: false }`
[INFO] [stdout] 87a1c2616a33617a4b7ecfe6021ef99141418477ccd4c10915b8e7ed32d08ac1
