[INFO] cloning repository https://github.com/Bunty9/rustyq
[INFO] running `Command { std: "git" "-c" "credential.helper=" "-c" "credential.helper=/workspace/cargo-home/bin/git-credential-null" "clone" "--bare" "https://github.com/Bunty9/rustyq" "/workspace/cache/git-repos/https%3A%2F%2Fgithub.com%2FBunty9%2Frustyq", kill_on_drop: false }`
[INFO] [stderr] Cloning into bare repository '/workspace/cache/git-repos/https%3A%2F%2Fgithub.com%2FBunty9%2Frustyq'...
[INFO] running `Command { std: "git" "rev-parse" "HEAD", kill_on_drop: false }`
[INFO] [stdout] f54d9755e3e31efdf8f4d7eb83ae691d2cc77fad
[INFO] testing Bunty9/rustyq against 1.99.0-beta.8 for beta-1.100-2
[INFO] running `Command { std: "git" "clone" "/workspace/cache/git-repos/https%3A%2F%2Fgithub.com%2FBunty9%2Frustyq" "/workspace/builds/worker-2-tc1/source", kill_on_drop: false }`
[INFO] [stderr] Cloning into '/workspace/builds/worker-2-tc1/source'...
[INFO] [stderr] done.
[INFO] removed /workspace/builds/worker-2-tc1/source/rust-toolchain.toml
[INFO] started tweaking git repo https://github.com/Bunty9/rustyq
[INFO] finished tweaking git repo https://github.com/Bunty9/rustyq
[INFO] tweaked toml for git repo https://github.com/Bunty9/rustyq written to /workspace/builds/worker-2-tc1/source/Cargo.toml
[INFO] validating manifest of git repo https://github.com/Bunty9/rustyq on toolchain 1.99.0-beta.8
[INFO] running `Command { std: CARGO_HOME="/workspace/cargo-home" RUSTUP_HOME="/workspace/rustup-home" "/workspace/cargo-home/bin/cargo" "+1.99.0-beta.8" "metadata" "--manifest-path" "Cargo.toml" "--no-deps", kill_on_drop: false }`
[INFO] crate git repo https://github.com/Bunty9/rustyq already has a lockfile, it will not be regenerated
[INFO] running `Command { std: CARGO_HOME="/workspace/cargo-home" RUSTUP_HOME="/workspace/rustup-home" "/workspace/cargo-home/bin/cargo" "+1.99.0-beta.8" "fetch" "--manifest-path" "Cargo.toml", kill_on_drop: false }`
[INFO] [stderr]  Downloading crates ...
[INFO] [stderr]   Downloaded redox_syscall v0.8.0
[INFO] [stderr]   Downloaded opentelemetry v0.27.1
[INFO] [stderr]   Downloaded opentelemetry-otlp v0.27.0
[INFO] [stderr]   Downloaded metrics-exporter-prometheus v0.16.2
[INFO] [stderr]   Downloaded sketches-ddsketch v0.3.1
[INFO] [stderr]   Downloaded rand_xoshiro v0.7.0
[INFO] [stderr]   Downloaded metrics-util v0.19.1
[INFO] [stderr]   Downloaded tracing-opentelemetry v0.28.0
[INFO] [stderr]   Downloaded opentelemetry_sdk v0.27.1
[INFO] [stderr]   Downloaded hyper v1.10.0
[INFO] [stderr]   Downloaded opentelemetry-proto v0.27.0
[INFO] [stderr]   Downloaded pyo3-macros v0.29.2
[INFO] [stderr]   Downloaded pyo3-build-config v0.29.2
[INFO] [stderr]   Downloaded pyo3-ffi v0.29.2
[INFO] [stderr]   Downloaded pyo3-macros-backend v0.29.2
[INFO] [stderr]   Downloaded pyo3 v0.29.2
[INFO] running `Command { std: "docker" "create" "-v" "/var/lib/crater-agent-workspace/builds/worker-2-tc1/source:/opt/rustwide/workdir:ro,Z" "-v" "/var/lib/crater-agent-workspace/builds/worker-2-tc1/target:/opt/rustwide/target:rw,Z" "-v" "/var/lib/crater-agent-workspace/cargo-home:/opt/rustwide/cargo-home:ro,Z" "-v" "/var/lib/crater-agent-workspace/rustup-home:/opt/rustwide/rustup-home:ro,Z" "-m" "1610612736" "--network" "none" "ghcr.io/rust-lang/crates-build-env/linux@sha256:3111399a4047eeb3a02b7a90e478d715f38a8c6669b5c4b49d30a17385265909" "sleep" "infinity", kill_on_drop: false }`
[INFO] [stdout] b34778cb2fcc35df4209f6fda33f8d7537b788dd88b89f10e14fc1612137b826
[INFO] running `Command { std: "docker" "start" "b34778cb2fcc35df4209f6fda33f8d7537b788dd88b89f10e14fc1612137b826", kill_on_drop: false }`
[INFO] running `Command { std: "docker" "inspect" "b34778cb2fcc35df4209f6fda33f8d7537b788dd88b89f10e14fc1612137b826", kill_on_drop: false }`
[INFO] running `Command { std: "docker" "exec" "-e" "SOURCE_DIR=/opt/rustwide/workdir" "-e" "CARGO_HOME=/opt/rustwide/cargo-home" "-e" "RUSTUP_HOME=/opt/rustwide/rustup-home" "-e" "CARGO_TARGET_DIR=/opt/rustwide/target" "-w" "/opt/rustwide/workdir" "--user" "0:0" "b34778cb2fcc35df4209f6fda33f8d7537b788dd88b89f10e14fc1612137b826" "/opt/rustwide/cargo-home/bin/cargo" "+1.99.0-beta.8" "metadata" "--no-deps" "--format-version=1", kill_on_drop: false }`
[INFO] running `Command { std: "docker" "inspect" "b34778cb2fcc35df4209f6fda33f8d7537b788dd88b89f10e14fc1612137b826", kill_on_drop: false }`
[INFO] running `Command { std: "docker" "exec" "-e" "SOURCE_DIR=/opt/rustwide/workdir" "-e" "CARGO_HOME=/opt/rustwide/cargo-home" "-e" "RUSTUP_HOME=/opt/rustwide/rustup-home" "-e" "CARGO_TARGET_DIR=/opt/rustwide/target" "-e" "CARGO_INCREMENTAL=0" "-e" "RUST_BACKTRACE=full" "-e" "RUSTFLAGS=--cap-lints=warn" "-e" "RUSTDOCFLAGS=--cap-lints=warn" "-w" "/opt/rustwide/workdir" "--user" "0:0" "b34778cb2fcc35df4209f6fda33f8d7537b788dd88b89f10e14fc1612137b826" "/opt/rustwide/cargo-home/bin/cargo" "+1.99.0-beta.8" "build" "--frozen" "--message-format=json", kill_on_drop: false }`
[INFO] [stderr]    Compiling proc-macro2 v1.0.106
[INFO] [stderr]    Compiling quote v1.0.45
[INFO] [stderr]    Compiling libc v0.2.186
[INFO] [stderr]    Compiling serde v1.0.228
[INFO] [stderr]    Compiling serde_core v1.0.228
[INFO] [stderr]    Compiling futures-core v0.3.32
[INFO] [stderr]    Compiling bytes v1.11.1
[INFO] [stderr]    Compiling memchr v2.8.1
[INFO] [stderr]    Compiling futures-io v0.3.32
[INFO] [stderr]    Compiling futures-task v0.3.32
[INFO] [stderr]    Compiling shlex v1.3.0
[INFO] [stderr]    Compiling futures-sink v0.3.32
[INFO] [stderr]    Compiling log v0.4.30
[INFO] [stderr]    Compiling zeroize v1.8.2
[INFO] [stderr]    Compiling zerocopy v0.8.49
[INFO] [stderr]    Compiling typenum v1.20.0
[INFO] [stderr]    Compiling zmij v1.0.21
[INFO] [stderr]    Compiling serde_json v1.0.150
[INFO] [stderr]    Compiling futures-channel v0.3.32
[INFO] [stderr]    Compiling aws-lc-rs v1.18.1
[INFO] [stderr]    Compiling bitflags v2.11.1
[INFO] [stderr]    Compiling sync_wrapper v1.0.2
[INFO] [stderr]    Compiling crossbeam-utils v0.8.21
[INFO] [stderr]    Compiling rustversion v1.0.22
[INFO] [stderr]    Compiling rustls-pki-types v1.14.1
[INFO] [stderr]    Compiling rustls v0.23.45
[INFO] [stderr]    Compiling ipnet v2.12.0
[INFO] [stderr]    Compiling hashbrown v0.15.5
[INFO] [stderr]    Compiling thiserror v2.0.18
[INFO] [stderr]    Compiling http v1.4.1
[INFO] [stderr]    Compiling webpki-roots v1.0.7
[INFO] [stderr]    Compiling tinyvec v1.11.0
[INFO] [stderr]    Compiling webpki-roots v0.26.11
[INFO] [stderr]    Compiling getrandom v0.4.2
[INFO] [stderr]    Compiling hashlink v0.10.0
[INFO] [stderr]    Compiling crc32fast v1.5.0
[INFO] [stderr]    Compiling syn v2.0.117
[INFO] [stderr]    Compiling indexmap v1.9.3
[INFO] [stderr]    Compiling simd-adler32 v0.3.9
[INFO] [stderr]    Compiling futures-util v0.3.32
[INFO] [stderr]    Compiling chrono v0.4.44
[INFO] [stderr]    Compiling base64 v0.22.1
[INFO] [stderr]    Compiling uuid v1.23.1
[INFO] [stderr]    Compiling miniz_oxide v0.8.9
[INFO] [stderr]    Compiling home v0.5.12
[INFO] [stderr]    Compiling mio v1.2.0
[INFO] [stderr]    Compiling socket2 v0.6.3
[INFO] [stderr]    Compiling jobserver v0.1.34
[INFO] [stderr]    Compiling getrandom v0.2.17
[INFO] [stderr]    Compiling errno v0.3.14
[INFO] [stderr]    Compiling http-body v1.0.1
[INFO] [stderr]    Compiling rand_core v0.6.4
[INFO] [stderr]    Compiling signal-hook-registry v1.4.8
[INFO] [stderr]    Compiling cc v1.2.62
[INFO] [stderr]    Compiling generic-array v0.14.7
[INFO] [stderr]    Compiling http-body-util v0.1.3
[INFO] [stderr]    Compiling unicode-normalization v0.1.25
[INFO] [stderr]    Compiling concurrent-queue v2.5.0
[INFO] [stderr]    Compiling crossbeam-queue v0.3.12
[INFO] [stderr]    Compiling getrandom v0.3.4
[INFO] [stderr]    Compiling tokio v1.52.3
[INFO] [stderr]    Compiling event-listener v5.4.1
[INFO] [stderr]    Compiling whoami v1.6.1
[INFO] [stderr]    Compiling rustls-native-certs v0.8.4
[INFO] [stderr]    Compiling block-buffer v0.10.4
[INFO] [stderr]    Compiling crypto-common v0.1.7
[INFO] [stderr]    Compiling rand_core v0.9.5
[INFO] [stderr]    Compiling flate2 v1.1.9
[INFO] [stderr]    Compiling digest v0.10.7
[INFO] [stderr]    Compiling stringprep v0.1.5
[INFO] [stderr]    Compiling regex-syntax v0.8.10
[INFO] [stderr]    Compiling hmac v0.12.1
[INFO] [stderr]    Compiling sha2 v0.10.9
[INFO] [stderr]    Compiling hkdf v0.12.4
[INFO] [stderr]    Compiling md-5 v0.10.6
[INFO] [stderr]    Compiling glob v0.3.3
[INFO] [stderr]    Compiling compression-core v0.4.32
[INFO] [stderr]    Compiling compression-codecs v0.4.38
[INFO] [stderr]    Compiling socket2 v0.5.10
[INFO] [stderr]    Compiling rapidhash v4.4.1
[INFO] [stderr]    Compiling crossbeam-epoch v0.9.21
[INFO] [stderr]    Compiling cmake v0.1.58
[INFO] [stderr]    Compiling metrics v0.24.6
[INFO] [stderr]    Compiling raw-cpuid v11.6.0
[INFO] [stderr]    Compiling tracing-log v0.2.0
[INFO] [stderr]    Compiling thread_local v1.1.9
[INFO] [stderr]    Compiling target-lexicon v0.13.5
[INFO] [stderr]    Compiling rand_xoshiro v0.7.0
[INFO] [stderr]    Compiling sketches-ddsketch v0.3.1
[INFO] [stderr]    Compiling clap_builder v4.6.0
[INFO] [stderr]    Compiling serde_path_to_error v0.1.20
[INFO] [stderr]    Compiling regex-automata v0.4.14
[INFO] [stderr]    Compiling ring v0.17.14
[INFO] [stderr]    Compiling aws-lc-sys v0.45.0
[INFO] [stderr]    Compiling pyo3-build-config v0.29.2
[INFO] [stderr]    Compiling ppv-lite86 v0.2.21
[INFO] [stderr]    Compiling rand_chacha v0.3.1
[INFO] [stderr]    Compiling rand_chacha v0.9.0
[INFO] [stderr]    Compiling rand v0.9.4
[INFO] [stderr]    Compiling rand v0.8.6
[INFO] [stderr]    Compiling pyo3-ffi v0.29.2
[INFO] [stderr]    Compiling pyo3 v0.29.2
[INFO] [stderr]    Compiling matchers v0.2.0
[INFO] [stderr]    Compiling quanta v0.12.6
[INFO] [stderr]    Compiling synstructure v0.13.2
[INFO] [stderr]    Compiling pyo3-macros-backend v0.29.2
[INFO] [stderr]    Compiling metrics-util v0.19.1
[INFO] [stderr]    Compiling tokio-stream v0.1.18
[INFO] [stderr]    Compiling serde_derive v1.0.228
[INFO] [stderr]    Compiling tracing-attributes v0.1.31
[INFO] [stderr]    Compiling zerofrom-derive v0.1.7
[INFO] [stderr]    Compiling yoke-derive v0.8.2
[INFO] [stderr]    Compiling tokio-macros v2.7.0
[INFO] [stderr]    Compiling futures-macro v0.3.32
[INFO] [stderr]    Compiling zerovec-derive v0.11.3
[INFO] [stderr]    Compiling displaydoc v0.2.6
[INFO] [stderr]    Compiling thiserror-impl v2.0.18
[INFO] [stderr]    Compiling async-trait v0.1.89
[INFO] [stderr]    Compiling thiserror-impl v1.0.69
[INFO] [stderr]    Compiling pin-project-internal v1.1.13
[INFO] [stderr]    Compiling async-stream-impl v0.3.6
[INFO] [stderr]    Compiling rustls-webpki v0.103.15
[INFO] [stderr]    Compiling clap_derive v4.6.1
[INFO] [stderr]    Compiling tracing v0.1.44
[INFO] [stderr]    Compiling thiserror v1.0.69
[INFO] [stderr]    Compiling pin-project v1.1.13
[INFO] [stderr]    Compiling zerofrom v0.1.8
[INFO] [stderr]    Compiling yoke v0.8.2
[INFO] [stderr]    Compiling opentelemetry v0.27.1
[INFO] [stderr]    Compiling axum-core v0.5.6
[INFO] [stderr]    Compiling async-stream v0.3.6
[INFO] [stderr]    Compiling zerovec v0.11.6
[INFO] [stderr]    Compiling zerotrie v0.2.4
[INFO] [stderr]    Compiling pyo3-macros v0.29.2
[INFO] [stderr]    Compiling tinystr v0.8.3
[INFO] [stderr]    Compiling potential_utf v0.1.5
[INFO] [stderr]    Compiling icu_collections v2.2.0
[INFO] [stderr]    Compiling clap v4.6.1
[INFO] [stderr]    Compiling icu_locale_core v2.2.0
[INFO] [stderr]    Compiling smallvec v1.15.1
[INFO] [stderr]    Compiling either v1.16.0
[INFO] [stderr]    Compiling parking_lot_core v0.9.12
[INFO] [stderr]    Compiling itertools v0.14.0
[INFO] [stderr]    Compiling serde_urlencoded v0.7.1
[INFO] [stderr]    Compiling tracing-serde v0.2.0
[INFO] [stderr]    Compiling tracing-subscriber v0.3.23
[INFO] [stderr]    Compiling icu_provider v2.2.0
[INFO] [stderr]    Compiling parking_lot v0.12.5
[INFO] [stderr]    Compiling futures-intrusive v0.5.0
[INFO] [stderr]    Compiling icu_properties v2.2.0
[INFO] [stderr]    Compiling icu_normalizer v2.2.0
[INFO] [stderr]    Compiling prost-derive v0.13.5
[INFO] [stderr]    Compiling idna_adapter v1.2.2
[INFO] [stderr]    Compiling idna v1.1.0
[INFO] [stderr]    Compiling futures-executor v0.3.32
[INFO] [stderr]    Compiling axum-core v0.4.5
[INFO] [stderr]    Compiling url v2.5.8
[INFO] [stderr]    Compiling prost v0.13.5
[INFO] [stderr]    Compiling sqlx-core v0.8.6
[INFO] [stderr]    Compiling tokio-util v0.7.18
[INFO] [stderr]    Compiling tower v0.5.3
[INFO] [stderr]    Compiling async-compression v0.4.42
[INFO] [stderr]    Compiling sqlx-postgres v0.8.6
[INFO] [stderr]    Compiling axum v0.7.9
[INFO] [stderr]    Compiling opentelemetry_sdk v0.27.1
[INFO] [stderr]    Compiling h2 v0.4.19
[INFO] [stderr]    Compiling tower v0.4.13
[INFO] [stderr]    Compiling tower-http v0.6.11
[INFO] [stderr]    Compiling tracing-opentelemetry v0.28.0
[INFO] [stderr]    Compiling sqlx-macros-core v0.8.6
[INFO] [stderr]    Compiling hyper v1.10.0
[INFO] [stderr]    Compiling hyper-util v0.1.20
[INFO] [stderr]    Compiling sqlx-macros v0.8.6
[INFO] [stderr]    Compiling hyper-timeout v0.5.2
[INFO] [stderr]    Compiling axum v0.8.9
[INFO] [stderr]    Compiling tonic v0.12.3
[INFO] [stderr]    Compiling opentelemetry-proto v0.27.0
[INFO] [stderr]    Compiling opentelemetry-otlp v0.27.0
[INFO] [stderr]    Compiling tokio-rustls v0.26.4
[INFO] [stderr]    Compiling hyper-rustls v0.27.9
[INFO] [stderr]    Compiling metrics-exporter-prometheus v0.16.2
[INFO] [stderr]    Compiling reqwest v0.12.28
[INFO] [stderr]    Compiling rustyq-client v0.1.0 (/opt/rustwide/workdir/crates/client)
[INFO] [stderr]    Compiling rustyq-pybind v0.1.0 (/opt/rustwide/workdir/crates/pybind)
[INFO] [stderr]    Compiling sqlx v0.8.6
[INFO] [stderr]    Compiling rustyq-core v0.1.0 (/opt/rustwide/workdir/crates/core)
[INFO] [stderr]    Compiling rustyq-server v0.1.0 (/opt/rustwide/workdir/crates/server)
[INFO] [stderr]    Compiling rustyq-worker v0.1.0 (/opt/rustwide/workdir/crates/worker)
[INFO] [stderr]    Compiling order-pipeline v0.1.0 (/opt/rustwide/workdir/examples/order-pipeline)
[INFO] [stderr]     Finished `dev` profile [unoptimized + debuginfo] target(s) in 2m 20s
[INFO] running `Command { std: "docker" "inspect" "b34778cb2fcc35df4209f6fda33f8d7537b788dd88b89f10e14fc1612137b826", kill_on_drop: false }`
[INFO] running `Command { std: "docker" "exec" "-e" "SOURCE_DIR=/opt/rustwide/workdir" "-e" "CARGO_HOME=/opt/rustwide/cargo-home" "-e" "RUSTUP_HOME=/opt/rustwide/rustup-home" "-e" "CARGO_TARGET_DIR=/opt/rustwide/target" "-e" "CARGO_INCREMENTAL=0" "-e" "RUST_BACKTRACE=full" "-e" "RUSTFLAGS=--cap-lints=warn" "-e" "RUSTDOCFLAGS=--cap-lints=warn" "-w" "/opt/rustwide/workdir" "--user" "0:0" "b34778cb2fcc35df4209f6fda33f8d7537b788dd88b89f10e14fc1612137b826" "/opt/rustwide/cargo-home/bin/cargo" "+1.99.0-beta.8" "test" "--frozen" "--no-run" "--message-format=json", kill_on_drop: false }`
[INFO] [stderr]    Compiling rustyq-core v0.1.0 (/opt/rustwide/workdir/crates/core)
[INFO] [stderr]    Compiling order-pipeline v0.1.0 (/opt/rustwide/workdir/examples/order-pipeline)
[INFO] [stderr]    Compiling rustyq-pybind v0.1.0 (/opt/rustwide/workdir/crates/pybind)
[INFO] [stderr]    Compiling rustyq-server v0.1.0 (/opt/rustwide/workdir/crates/server)
[INFO] [stdout] error: linking with `cc` failed: exit status: 1
[INFO] [stdout]   |
[INFO] [stdout]   = note:  "cc" "-m64" "/opt/rustwide/target/debug/deps/rustcdqpNha/symbols.o" "<2 object files omitted>" "-Wl,--as-needed" "-Wl,-Bstatic" "/opt/rustwide/target/debug/deps/{librustyq_core-cbfea8c7c3f0195a,libopentelemetry_otlp-b64e4ae94fe540c5,libopentelemetry_proto-685a5682b0b3d5da,libtonic-142fc62e10233df6,libsocket2-d080f9357cdfb367,libhyper_timeout-2fcabe744ccd4184,libasync_stream-17d86ef5fef7654b,libhyper_util-f79c0094274db406,libipnet-61ca7a5e1c2863d4,libhyper-7f490fa9d01e6b63,libwant-7a6260b9c50f1479,libtry_lock-8fa2f6971035be84,libhttparse-8c9b827b8f345444,libh2-ee998fc910d895ce,libfnv-79e2cbfbe03dcd16,libatomic_waker-06950c8c08d2b8fa,libhttpdate-331798cefc82cc7e,libaxum-e7204e8e3c4f5869,libmatchit-616cb01453b9e7d4,libaxum_core-add92a30feaf7641,libmime-0188e0814ca7ddbf,libtower-57b836d91fcf7269,libsync_wrapper-6bdfbc29c4269203,libtower-d610d259d48ff644,libindexmap-e2dae600d6890aac,libhashbrown-cae2cd0d9cc0a6cf,libtower_layer-d908dd771b239ecd,libprost-5a8bdecbbd2f5b71,libpin_project-ee3ead06d21bdfd5,libtower_service-3fb88d28c2218805,libhttp_body_util-4c062f446893de2a,libhttp_body-7456ed1522344ebf,libhttp-c02de8dcf5641f93,libtracing_opentelemetry-0c1afbcb652cfd14,libmetrics-3d64a46443e34df7,librapidhash-b6b474d23891416f,libanyhow-eeb2152985963809,libtokio_util-5a74e8b8d58a2183,libsqlx-5d20c36a44d543ec,libsqlx_postgres-04a7a4608650570b,libdotenvy-6d8015f91495fe74,libcrc-c7d92037d8a82253,libcrc_catalog-229f3d571887ef81,libhex-13e08b3b00984ab7,libwhoami-679b18861a32e944,libhome-2459c00c573c2c5a,libbitflags-6f28739f8eecf78f,libmd5-8b42152102fcf5a8,libbyteorder-7fb216e967c6a54f,libatoi-3f782e7a039c0a59,libstringprep-4d35882c7579d9cf,libunicode_properties-d98df78cf9438258,libunicode_normalization-38897611c04e14d9,libtinyvec-aaac35e3e185f648,libtinyvec_macros-7b77ea21c73594ca,libunicode_bidi-a9d2c96e849c6f3c,libhkdf-280e3092ac7ab6a1,libhmac-f8fd7f553ab00b13,libsqlx_core-500a62ac87192b2a,libwebpki_roots-227cfed90726f06a,libwebpki_roots-4ac2131d17f69b0d,libthiserror-5e90adc18491a337,libindexmap-b92bb9c25241b995,libhashbrown-d7214d631586fd51,libbase64-32787b0325ea6df8,libsha2-d5936ed119765c38,libcpufeatures-e04321643d03190d,libdigest-e417f27847118fed,libblock_buffer-bba24321e7b40706,libcrypto_common-4d66b0057b20f7b1,libgeneric_array-c2fdd0cc081e51ad,libtypenum-ec75592541d0a339,librustls-625b3f0185ef9f70,libsubtle-2ae6a7038b9a0630,libwebpki-e2535f69b8324156,libaws_lc_rs-9897745b4873e270,libaws_lc_sys-a14bce04ff659f02,libring-8a9db091f29b5095,libuntrusted-b2f816886faf2178,librustls_pki_types-fc5637970849fdde,libzeroize-7f213bea776ca5b6,libhashlink-f007fbd3ee912335,libhashbrown-621f4a290160b487,libfoldhash-07f233db1c671507,libequivalent-6a754676e6af62ae,liballocator_api2-8d9c1e895dea53bd,libuuid-2cf62ee22c26f72f,libgetrandom-fb4c32fda73a41c0,liburl-23fbfe894587920b,libidna-29ed14b4715ff08c,libidna_adapter-d83aed53999338fa,libicu_properties-ec6289b42539aff9,libicu_properties_data-e6cf238fc98dd59d,libicu_normalizer-f0d1fe44a2f82fca,libicu_normalizer_data-8fea05bee0bb4e49,libicu_collections-b30a0c5b23d3a9c1,libutf8_iter-51566bbad89f3a68,libpotential_utf-0c3d767a9fda37b1,libicu_provider-934117bcef62158a,libicu_locale_core-4b321a80321ce1b6,libtinystr-d02a5ec8458ffbfd,liblitemap-dc288f07f8f61193,libwriteable-48b3e52227924bb5,libzerovec-64453c2b57e04116,libzerotrie-86867832a79bbcc7,libyoke-477b98923d9496a9,libstable_deref_trait-63cbf3f3d3f94e56,libzerofrom-aa2bed5d30bbc07f,libform_urlencoded-58b0f0edb59b40d2,libcrossbeam_queue-7daa350311a600b8,libcrossbeam_utils-f696a08ab1e94e7a,libeither-1f9df1baffb9474b,libevent_listener-63c7a54bfdcdbf3a,libparking-a9ae72c6c16ee980,libchrono-e645835c81e3950f,libiana_time_zone-bcd81aefedc374a6,libnum_traits-7eec24f0481d7d85,libtracing_subscriber-bd8b426363dbaa6e,libtracing_serde-595102412ea13220,libserde_json-32943f712338533c,libitoa-5de11b3b23bfe572,libzmij-ef63f1da73704b4c,libsharded_slab-bd3e89e1e50b7c87,liblazy_static-3674be3f4245d19b,libmatchers-fcca779a642f4c5f,libregex_automata-d356dfd8f82ba683,libregex_syntax-ed1802775772b5d0,libnu_ansi_term-745c727bb3e87c52,libthread_local-b4f6fe44d641c0b1,libtracing_log-ad00d20dfe69af16,libopentelemetry_sdk-ec562717f7944ba3,libtokio_stream-e036957321714d22,libfutures_executor-f3db1d1fece76b76,libtokio-cedf4e019c7aa3a1,libsignal_hook_registry-97fb91977beb15cc,liberrno-40a43d7c8a9b8122,libsocket2-2367bcf2eb96355a,libbytes-2ed9460101f17bbf,libmio-3f5f6fa89ecad527,libparking_lot-7dc4e5b0e702c6a4,libparking_lot_core-7c5c353de100e745,libsmallvec-be13743ec94bfa48,libserde-870ee391e4f6e8f9,libserde_core-46542aab222bf259,liblock_api-16d46fed645f7bff,libscopeguard-7ec2214574194454,librand-929d737dc0fe9726,librand_chacha-8d8f7c7ef7c29bdf,libppv_lite86-1546e79f1c643001,libzerocopy-db922af9ce40d1d4,librand_core-86e43b95b9d88fa9,libgetrandom-f25a51f78d9871ba,liblibc-612664c2206eec43,libcfg_if-83060ec5685761ae,libpercent_encoding-fa055ecaa1e57cfa,libfutures_channel-04b287164a72dbf0,libfutures_util-da072d7753494b21,libmemchr-0ebdc93958defebb,libfutures_io-3814ffd654d7040e,libslab-0582d648e59ab406,libfutures_task-36f327cfab86eddc,libopentelemetry-0738cdab58bf6a28,libtracing-096fc5271b090822,liblog-1367470a129d2e36,libtracing_core-d26029c784af5925,libonce_cell-b5bdc597ed9676b3,libpin_project_lite-0a15d51c77964692,libfutures_sink-3971bde37bb30e19,libfutures_core-1121ff913ed87f93,libthiserror-305297abc8a52265}.rlib" "<sysroot>/lib/rustlib/x86_64-unknown-linux-gnu/lib/{libtest-*,libgetopts-*,librustc_std_workspace_std-*,libstd-*,libpanic_unwind-*,libobject-*,libmemchr-*,libaddr2line-*,libgimli-*,libcfg_if-*,librustc_demangle-*,libstd_detect-*,libhashbrown-*,librustc_std_workspace_alloc-*,libminiz_oxide-*,libadler2-*,libunwind-*,liblibc-*,librustc_std_workspace_core-*,liballoc-*,libcore-*,libcompiler_builtins-*}.rlib" "-Wl,-Bdynamic" "-lgcc_s" "-lutil" "-lrt" "-lpthread" "-lm" "-ldl" "-lc" "-L" "/opt/rustwide/target/debug/deps/rustcdqpNha/raw-dylibs" "-B<sysroot>/lib/rustlib/x86_64-unknown-linux-gnu/bin/gcc-ld" "-fuse-ld=lld" "-Wl,--eh-frame-hdr" "-Wl,-z,noexecstack" "-L" "/opt/rustwide/target/debug/build/aws-lc-sys-cac6ed405dc26629/out" "-L" "/opt/rustwide/target/debug/build/ring-c81ea84d9cba97c8/out" "-L" "<sysroot>/lib/rustlib/x86_64-unknown-linux-gnu/lib" "-o" "/opt/rustwide/target/debug/deps/telemetry-1150370a126554fd" "-Wl,--gc-sections" "-pie" "-Wl,-z,relro,-z,now" "-nodefaultlibs"
[INFO] [stdout]   = note: some arguments are omitted. use `--verbose` to show all linker arguments
[INFO] [stdout]   = note: collect2: fatal error: ld terminated with signal 9 [Killed]
[INFO] [stdout]           compilation terminated.
[INFO] [stdout]           
[INFO] [stdout] 
[INFO] [stdout] 
[INFO] [stderr] error: could not compile `rustyq-core` (test "telemetry") due to 1 previous error
[INFO] [stderr] warning: build failed, waiting for other jobs to finish...
[INFO] [stderr] error: could not compile `rustyq-server` (test "status")
[INFO] [stderr] 
[INFO] [stderr] Caused by:
[INFO] [stderr]   process didn't exit successfully: `/opt/rustwide/rustup-home/toolchains/1.99.0-beta.8-x86_64-unknown-linux-gnu/bin/rustc --crate-name status --edition=2021 crates/server/tests/status.rs --error-format=json --json=diagnostic-rendered-ansi,artifacts,future-incompat --emit=dep-info,link -C embed-bitcode=no -C debuginfo=2 --test --check-cfg 'cfg(docsrs,test)' --check-cfg 'cfg(feature, values())' -C metadata=c680026866627b76 -C extra-filename=-312e5b82c2504606 --out-dir /opt/rustwide/target/debug/deps -L dependency=/opt/rustwide/target/debug/deps --extern anyhow=/opt/rustwide/target/debug/deps/libanyhow-eeb2152985963809.rlib --extern axum=/opt/rustwide/target/debug/deps/libaxum-2150cd4d35d11de2.rlib --extern chrono=/opt/rustwide/target/debug/deps/libchrono-e645835c81e3950f.rlib --extern clap=/opt/rustwide/target/debug/deps/libclap-275d4702ec2eb304.rlib --extern http_body_util=/opt/rustwide/target/debug/deps/libhttp_body_util-4c062f446893de2a.rlib --extern metrics=/opt/rustwide/target/debug/deps/libmetrics-3d64a46443e34df7.rlib --extern metrics_exporter_prometheus=/opt/rustwide/target/debug/deps/libmetrics_exporter_prometheus-a57ca70b8f506d5c.rlib --extern rustyq_core=/opt/rustwide/target/debug/deps/librustyq_core-cbfea8c7c3f0195a.rlib --extern rustyq_server=/opt/rustwide/target/debug/deps/librustyq_server-80d4dc0fb7eda02a.rlib --extern serde=/opt/rustwide/target/debug/deps/libserde-870ee391e4f6e8f9.rlib --extern serde_json=/opt/rustwide/target/debug/deps/libserde_json-32943f712338533c.rlib --extern sqlx=/opt/rustwide/target/debug/deps/libsqlx-5d20c36a44d543ec.rlib --extern tokio=/opt/rustwide/target/debug/deps/libtokio-cedf4e019c7aa3a1.rlib --extern tower=/opt/rustwide/target/debug/deps/libtower-57b836d91fcf7269.rlib --extern tower_http=/opt/rustwide/target/debug/deps/libtower_http-d4683f999706f19d.rlib --extern tracing=/opt/rustwide/target/debug/deps/libtracing-096fc5271b090822.rlib --extern uuid=/opt/rustwide/target/debug/deps/libuuid-2cf62ee22c26f72f.rlib --cap-lints=warn -L native=/opt/rustwide/target/debug/build/aws-lc-sys-cac6ed405dc26629/out -L native=/opt/rustwide/target/debug/build/ring-c81ea84d9cba97c8/out` (signal: 9, SIGKILL: kill)
[INFO] [stdout] error: linking with `cc` failed: exit status: 1
[INFO] [stdout]   |
[INFO] [stdout]   = note:  "cc" "-m64" "/opt/rustwide/target/debug/deps/rustcIIVZYg/symbols.o" "<3 object files omitted>" "-Wl,--as-needed" "-Wl,-Bstatic" "/opt/rustwide/target/debug/deps/{librustyq_core-cbfea8c7c3f0195a,libopentelemetry_otlp-b64e4ae94fe540c5,libopentelemetry_proto-685a5682b0b3d5da,libtonic-142fc62e10233df6,libsocket2-d080f9357cdfb367,libhyper_timeout-2fcabe744ccd4184,libasync_stream-17d86ef5fef7654b,libhyper_util-f79c0094274db406,libipnet-61ca7a5e1c2863d4,libhyper-7f490fa9d01e6b63,libwant-7a6260b9c50f1479,libtry_lock-8fa2f6971035be84,libhttparse-8c9b827b8f345444,libh2-ee998fc910d895ce,libfnv-79e2cbfbe03dcd16,libatomic_waker-06950c8c08d2b8fa,libhttpdate-331798cefc82cc7e,libaxum-e7204e8e3c4f5869,libmatchit-616cb01453b9e7d4,libaxum_core-add92a30feaf7641,libmime-0188e0814ca7ddbf,libtower-57b836d91fcf7269,libsync_wrapper-6bdfbc29c4269203,libtower-d610d259d48ff644,libindexmap-e2dae600d6890aac,libhashbrown-cae2cd0d9cc0a6cf,libtower_layer-d908dd771b239ecd,libprost-5a8bdecbbd2f5b71,libpin_project-ee3ead06d21bdfd5,libtower_service-3fb88d28c2218805,libhttp_body_util-4c062f446893de2a,libhttp_body-7456ed1522344ebf,libhttp-c02de8dcf5641f93,libtracing_opentelemetry-0c1afbcb652cfd14,libmetrics-3d64a46443e34df7,librapidhash-b6b474d23891416f,libanyhow-eeb2152985963809,libtokio_util-5a74e8b8d58a2183,libtracing_subscriber-bd8b426363dbaa6e,libtracing_serde-595102412ea13220,libsharded_slab-bd3e89e1e50b7c87,liblazy_static-3674be3f4245d19b,libmatchers-fcca779a642f4c5f,libregex_automata-d356dfd8f82ba683,libregex_syntax-ed1802775772b5d0,libnu_ansi_term-745c727bb3e87c52,libthread_local-b4f6fe44d641c0b1,libtracing_log-ad00d20dfe69af16,libopentelemetry_sdk-ec562717f7944ba3,libtokio_stream-e036957321714d22,libfutures_executor-f3db1d1fece76b76,libopentelemetry-0738cdab58bf6a28,libthiserror-305297abc8a52265}.rlib" "<sysroot>/lib/rustlib/x86_64-unknown-linux-gnu/lib/{libtest-*,libgetopts-*,librustc_std_workspace_std-*}.rlib" "/opt/rustwide/target/debug/deps/{libsqlx-5d20c36a44d543ec,libsqlx_postgres-04a7a4608650570b,libdotenvy-6d8015f91495fe74,libcrc-c7d92037d8a82253,libcrc_catalog-229f3d571887ef81,libhex-13e08b3b00984ab7,libwhoami-679b18861a32e944,libhome-2459c00c573c2c5a,libbitflags-6f28739f8eecf78f,libmd5-8b42152102fcf5a8,libbyteorder-7fb216e967c6a54f,libatoi-3f782e7a039c0a59,libfutures_channel-04b287164a72dbf0,libstringprep-4d35882c7579d9cf,libunicode_properties-d98df78cf9438258,libunicode_normalization-38897611c04e14d9,libtinyvec-aaac35e3e185f648,libtinyvec_macros-7b77ea21c73594ca,libunicode_bidi-a9d2c96e849c6f3c,librand-929d737dc0fe9726,librand_chacha-8d8f7c7ef7c29bdf,libppv_lite86-1546e79f1c643001,libzerocopy-db922af9ce40d1d4,librand_core-86e43b95b9d88fa9,libhkdf-280e3092ac7ab6a1,libhmac-f8fd7f553ab00b13,libsqlx_core-500a62ac87192b2a,libwebpki_roots-227cfed90726f06a,libwebpki_roots-4ac2131d17f69b0d,libthiserror-5e90adc18491a337,libindexmap-b92bb9c25241b995,libhashbrown-d7214d631586fd51,libbase64-32787b0325ea6df8,libsha2-d5936ed119765c38,libcpufeatures-e04321643d03190d,libdigest-e417f27847118fed,libblock_buffer-bba24321e7b40706,libcrypto_common-4d66b0057b20f7b1,libgeneric_array-c2fdd0cc081e51ad,libtypenum-ec75592541d0a339,librustls-625b3f0185ef9f70,libsubtle-2ae6a7038b9a0630,libwebpki-e2535f69b8324156,libaws_lc_rs-9897745b4873e270,libaws_lc_sys-a14bce04ff659f02,libring-8a9db091f29b5095,libgetrandom-f25a51f78d9871ba,libuntrusted-b2f816886faf2178,librustls_pki_types-fc5637970849fdde,libzeroize-7f213bea776ca5b6,libtokio-cedf4e019c7aa3a1,libsignal_hook_registry-97fb91977beb15cc,liberrno-40a43d7c8a9b8122,libsocket2-2367bcf2eb96355a,libmio-3f5f6fa89ecad527,libparking_lot-7dc4e5b0e702c6a4,libparking_lot_core-7c5c353de100e745,liblock_api-16d46fed645f7bff,libscopeguard-7ec2214574194454,libbytes-2ed9460101f17bbf,libhashlink-f007fbd3ee912335,libhashbrown-621f4a290160b487,libfoldhash-07f233db1c671507,libequivalent-6a754676e6af62ae,liballocator_api2-8d9c1e895dea53bd,libchrono-e645835c81e3950f,libiana_time_zone-bcd81aefedc374a6,libnum_traits-7eec24f0481d7d85,libuuid-2cf62ee22c26f72f,libgetrandom-fb4c32fda73a41c0,liblibc-612664c2206eec43,libcfg_if-83060ec5685761ae,libserde_json-32943f712338533c,libitoa-5de11b3b23bfe572,libzmij-ef63f1da73704b4c,liburl-23fbfe894587920b,libidna-29ed14b4715ff08c,libidna_adapter-d83aed53999338fa,libicu_properties-ec6289b42539aff9,libicu_properties_data-e6cf238fc98dd59d,libicu_normalizer-f0d1fe44a2f82fca,libsmallvec-be13743ec94bfa48,libicu_normalizer_data-8fea05bee0bb4e49,libicu_collections-b30a0c5b23d3a9c1,libutf8_iter-51566bbad89f3a68,libpotential_utf-0c3d767a9fda37b1,libicu_provider-934117bcef62158a,libicu_locale_core-4b321a80321ce1b6,libtinystr-d02a5ec8458ffbfd,liblitemap-dc288f07f8f61193,libwriteable-48b3e52227924bb5,libzerovec-64453c2b57e04116,libzerotrie-86867832a79bbcc7,libyoke-477b98923d9496a9,libstable_deref_trait-63cbf3f3d3f94e56,libzerofrom-aa2bed5d30bbc07f,libform_urlencoded-58b0f0edb59b40d2,libpercent_encoding-fa055ecaa1e57cfa,libtracing-096fc5271b090822,liblog-1367470a129d2e36,libtracing_core-d26029c784af5925,libonce_cell-b5bdc597ed9676b3,libcrossbeam_queue-7daa350311a600b8,libcrossbeam_utils-f696a08ab1e94e7a,libeither-1f9df1baffb9474b,libserde-870ee391e4f6e8f9,libserde_core-46542aab222bf259,libevent_listener-63c7a54bfdcdbf3a,libparking-a9ae72c6c16ee980,libfutures_util-da072d7753494b21,libmemchr-0ebdc93958defebb,libfutures_io-3814ffd654d7040e,libslab-0582d648e59ab406,libpin_project_lite-0a15d51c77964692,libfutures_sink-3971bde37bb30e19,libfutures_task-36f327cfab86eddc,libfutures_core-1121ff913ed87f93}.rlib" "<sysroot>/lib/rustlib/x86_64-unknown-linux-gnu/lib/{libstd-*,libpanic_unwind-*,libobject-*,libmemchr-*,libaddr2line-*,libgimli-*,libcfg_if-*,librustc_demangle-*,libstd_detect-*,libhashbrown-*,librustc_std_workspace_alloc-*,libminiz_oxide-*,libadler2-*,libunwind-*,liblibc-*,librustc_std_workspace_core-*,liballoc-*,libcore-*,libcompiler_builtins-*}.rlib" "-Wl,-Bdynamic" "-lgcc_s" "-lutil" "-lrt" "-lpthread" "-lm" "-ldl" "-lc" "-L" "/opt/rustwide/target/debug/deps/rustcIIVZYg/raw-dylibs" "-B<sysroot>/lib/rustlib/x86_64-unknown-linux-gnu/bin/gcc-ld" "-fuse-ld=lld" "-Wl,--eh-frame-hdr" "-Wl,-z,noexecstack" "-L" "/opt/rustwide/target/debug/build/aws-lc-sys-cac6ed405dc26629/out" "-L" "/opt/rustwide/target/debug/build/ring-c81ea84d9cba97c8/out" "-L" "<sysroot>/lib/rustlib/x86_64-unknown-linux-gnu/lib" "-o" "/opt/rustwide/target/debug/deps/migrate-dab061034692e774" "-Wl,--gc-sections" "-pie" "-Wl,-z,relro,-z,now" "-nodefaultlibs"
[INFO] [stdout]   = note: some arguments are omitted. use `--verbose` to show all linker arguments
[INFO] [stdout]   = note: collect2: fatal error: ld terminated with signal 9 [Killed]
[INFO] [stdout]           compilation terminated.
[INFO] [stdout]           
[INFO] [stdout] 
[INFO] [stdout] 
[INFO] [stderr] error: could not compile `rustyq-core` (test "migrate") due to 1 previous error
[INFO] [stdout] error: linking with `cc` failed: exit status: 1
[INFO] [stdout]   |
[INFO] [stdout]   = note:  "cc" "-m64" "/opt/rustwide/target/debug/deps/rustcLiWAhc/symbols.o" "<5 object files omitted>" "-Wl,--as-needed" "-Wl,-Bstatic" "<sysroot>/lib/rustlib/x86_64-unknown-linux-gnu/lib/{libtest-*,libgetopts-*,librustc_std_workspace_std-*}.rlib" "/opt/rustwide/target/debug/deps/{librustyq_core-cbfea8c7c3f0195a,libopentelemetry_otlp-b64e4ae94fe540c5,libopentelemetry_proto-685a5682b0b3d5da,libtonic-142fc62e10233df6,libsocket2-d080f9357cdfb367,libhyper_timeout-2fcabe744ccd4184,libasync_stream-17d86ef5fef7654b,libhyper_util-f79c0094274db406,libipnet-61ca7a5e1c2863d4,libhyper-7f490fa9d01e6b63,libwant-7a6260b9c50f1479,libtry_lock-8fa2f6971035be84,libhttparse-8c9b827b8f345444,libh2-ee998fc910d895ce,libfnv-79e2cbfbe03dcd16,libatomic_waker-06950c8c08d2b8fa,libhttpdate-331798cefc82cc7e,libaxum-e7204e8e3c4f5869,libmatchit-616cb01453b9e7d4,libaxum_core-add92a30feaf7641,libmime-0188e0814ca7ddbf,libtower-57b836d91fcf7269,libsync_wrapper-6bdfbc29c4269203,libtower-d610d259d48ff644,libindexmap-e2dae600d6890aac,libhashbrown-cae2cd0d9cc0a6cf,libtower_layer-d908dd771b239ecd,libprost-5a8bdecbbd2f5b71,libpin_project-ee3ead06d21bdfd5,libtower_service-3fb88d28c2218805,libhttp_body_util-4c062f446893de2a,libhttp_body-7456ed1522344ebf,libhttp-c02de8dcf5641f93,libtracing_opentelemetry-0c1afbcb652cfd14,libmetrics-3d64a46443e34df7,librapidhash-b6b474d23891416f,libanyhow-eeb2152985963809,libtokio_util-5a74e8b8d58a2183,libtracing_subscriber-bd8b426363dbaa6e,libtracing_serde-595102412ea13220,libsharded_slab-bd3e89e1e50b7c87,liblazy_static-3674be3f4245d19b,libmatchers-fcca779a642f4c5f,libregex_automata-d356dfd8f82ba683,libregex_syntax-ed1802775772b5d0,libnu_ansi_term-745c727bb3e87c52,libthread_local-b4f6fe44d641c0b1,libtracing_log-ad00d20dfe69af16,libopentelemetry_sdk-ec562717f7944ba3,libtokio_stream-e036957321714d22,libfutures_executor-f3db1d1fece76b76,libopentelemetry-0738cdab58bf6a28,libthiserror-305297abc8a52265,libsqlx-5d20c36a44d543ec,libsqlx_postgres-04a7a4608650570b,libdotenvy-6d8015f91495fe74,libcrc-c7d92037d8a82253,libcrc_catalog-229f3d571887ef81,libhex-13e08b3b00984ab7,libwhoami-679b18861a32e944,libhome-2459c00c573c2c5a,libbitflags-6f28739f8eecf78f,libmd5-8b42152102fcf5a8,libbyteorder-7fb216e967c6a54f,libatoi-3f782e7a039c0a59,libfutures_channel-04b287164a72dbf0,libstringprep-4d35882c7579d9cf,libunicode_properties-d98df78cf9438258,libunicode_normalization-38897611c04e14d9,libtinyvec-aaac35e3e185f648,libtinyvec_macros-7b77ea21c73594ca,libunicode_bidi-a9d2c96e849c6f3c,librand-929d737dc0fe9726,librand_chacha-8d8f7c7ef7c29bdf,libppv_lite86-1546e79f1c643001,libzerocopy-db922af9ce40d1d4,librand_core-86e43b95b9d88fa9,libhkdf-280e3092ac7ab6a1,libhmac-f8fd7f553ab00b13,libsqlx_core-500a62ac87192b2a,libwebpki_roots-227cfed90726f06a,libwebpki_roots-4ac2131d17f69b0d,libthiserror-5e90adc18491a337,libindexmap-b92bb9c25241b995,libhashbrown-d7214d631586fd51,libbase64-32787b0325ea6df8,libsha2-d5936ed119765c38,libcpufeatures-e04321643d03190d,libdigest-e417f27847118fed,libblock_buffer-bba24321e7b40706,libcrypto_common-4d66b0057b20f7b1,libgeneric_array-c2fdd0cc081e51ad,libtypenum-ec75592541d0a339,librustls-625b3f0185ef9f70,libsubtle-2ae6a7038b9a0630,libwebpki-e2535f69b8324156,libaws_lc_rs-9897745b4873e270,libaws_lc_sys-a14bce04ff659f02,libring-8a9db091f29b5095,libgetrandom-f25a51f78d9871ba,libuntrusted-b2f816886faf2178,librustls_pki_types-fc5637970849fdde,libzeroize-7f213bea776ca5b6,libtokio-cedf4e019c7aa3a1,libsignal_hook_registry-97fb91977beb15cc,liberrno-40a43d7c8a9b8122,libsocket2-2367bcf2eb96355a,libmio-3f5f6fa89ecad527,libparking_lot-7dc4e5b0e702c6a4,libparking_lot_core-7c5c353de100e745,liblock_api-16d46fed645f7bff,libscopeguard-7ec2214574194454,libbytes-2ed9460101f17bbf,libhashlink-f007fbd3ee912335,libhashbrown-621f4a290160b487,libfoldhash-07f233db1c671507,libequivalent-6a754676e6af62ae,liballocator_api2-8d9c1e895dea53bd,libchrono-e645835c81e3950f,libiana_time_zone-bcd81aefedc374a6,libnum_traits-7eec24f0481d7d85,libuuid-2cf62ee22c26f72f,libgetrandom-fb4c32fda73a41c0,liblibc-612664c2206eec43,libcfg_if-83060ec5685761ae,libserde_json-32943f712338533c,libitoa-5de11b3b23bfe572,libzmij-ef63f1da73704b4c,liburl-23fbfe894587920b,libidna-29ed14b4715ff08c,libidna_adapter-d83aed53999338fa,libicu_properties-ec6289b42539aff9,libicu_properties_data-e6cf238fc98dd59d,libicu_normalizer-f0d1fe44a2f82fca,libsmallvec-be13743ec94bfa48,libicu_normalizer_data-8fea05bee0bb4e49,libicu_collections-b30a0c5b23d3a9c1,libutf8_iter-51566bbad89f3a68,libpotential_utf-0c3d767a9fda37b1,libicu_provider-934117bcef62158a,libicu_locale_core-4b321a80321ce1b6,libtinystr-d02a5ec8458ffbfd,liblitemap-dc288f07f8f61193,libwriteable-48b3e52227924bb5,libzerovec-64453c2b57e04116,libzerotrie-86867832a79bbcc7,libyoke-477b98923d9496a9,libstable_deref_trait-63cbf3f3d3f94e56,libzerofrom-aa2bed5d30bbc07f,libform_urlencoded-58b0f0edb59b40d2,libpercent_encoding-fa055ecaa1e57cfa,libtracing-096fc5271b090822,liblog-1367470a129d2e36,libtracing_core-d26029c784af5925,libonce_cell-b5bdc597ed9676b3,libcrossbeam_queue-7daa350311a600b8,libcrossbeam_utils-f696a08ab1e94e7a,libeither-1f9df1baffb9474b,libserde-870ee391e4f6e8f9,libserde_core-46542aab222bf259,libevent_listener-63c7a54bfdcdbf3a,libparking-a9ae72c6c16ee980,libfutures_util-da072d7753494b21,libmemchr-0ebdc93958defebb,libfutures_io-3814ffd654d7040e,libslab-0582d648e59ab406,libpin_project_lite-0a15d51c77964692,libfutures_sink-3971bde37bb30e19,libfutures_task-36f327cfab86eddc,libfutures_core-1121ff913ed87f93}.rlib" "<sysroot>/lib/rustlib/x86_64-unknown-linux-gnu/lib/{libstd-*,libpanic_unwind-*,libobject-*,libmemchr-*,libaddr2line-*,libgimli-*,libcfg_if-*,librustc_demangle-*,libstd_detect-*,libhashbrown-*,librustc_std_workspace_alloc-*,libminiz_oxide-*,libadler2-*,libunwind-*,liblibc-*,librustc_std_workspace_core-*,liballoc-*,libcore-*,libcompiler_builtins-*}.rlib" "-Wl,-Bdynamic" "-lgcc_s" "-lutil" "-lrt" "-lpthread" "-lm" "-ldl" "-lc" "-L" "/opt/rustwide/target/debug/deps/rustcLiWAhc/raw-dylibs" "-B<sysroot>/lib/rustlib/x86_64-unknown-linux-gnu/bin/gcc-ld" "-fuse-ld=lld" "-Wl,--eh-frame-hdr" "-Wl,-z,noexecstack" "-L" "/opt/rustwide/target/debug/build/aws-lc-sys-cac6ed405dc26629/out" "-L" "/opt/rustwide/target/debug/build/ring-c81ea84d9cba97c8/out" "-L" "<sysroot>/lib/rustlib/x86_64-unknown-linux-gnu/lib" "-o" "/opt/rustwide/target/debug/deps/batch-76056fbe8f80d5ae" "-Wl,--gc-sections" "-pie" "-Wl,-z,relro,-z,now" "-nodefaultlibs"
[INFO] [stdout]   = note: some arguments are omitted. use `--verbose` to show all linker arguments
[INFO] [stdout]   = note: collect2: fatal error: ld terminated with signal 9 [Killed]
[INFO] [stdout]           compilation terminated.
[INFO] [stdout]           
[INFO] [stdout] 
[INFO] [stdout] 
[INFO] [stderr] error: could not compile `rustyq-core` (test "batch") due to 1 previous error
[INFO] [stdout] error: linking with `cc` failed: exit status: 1
[INFO] [stdout]   |
[INFO] [stdout]   = note:  "cc" "-m64" "/opt/rustwide/target/debug/deps/rustcFPF4g0/symbols.o" "<5 object files omitted>" "-Wl,--as-needed" "-Wl,-Bstatic" "<sysroot>/lib/rustlib/x86_64-unknown-linux-gnu/lib/{libtest-*,libgetopts-*,librustc_std_workspace_std-*}.rlib" "/opt/rustwide/target/debug/deps/{librustyq_core-cbfea8c7c3f0195a,libopentelemetry_otlp-b64e4ae94fe540c5,libopentelemetry_proto-685a5682b0b3d5da,libtonic-142fc62e10233df6,libsocket2-d080f9357cdfb367,libhyper_timeout-2fcabe744ccd4184,libasync_stream-17d86ef5fef7654b,libhyper_util-f79c0094274db406,libipnet-61ca7a5e1c2863d4,libhyper-7f490fa9d01e6b63,libwant-7a6260b9c50f1479,libtry_lock-8fa2f6971035be84,libhttparse-8c9b827b8f345444,libh2-ee998fc910d895ce,libfnv-79e2cbfbe03dcd16,libatomic_waker-06950c8c08d2b8fa,libhttpdate-331798cefc82cc7e,libaxum-e7204e8e3c4f5869,libmatchit-616cb01453b9e7d4,libaxum_core-add92a30feaf7641,libmime-0188e0814ca7ddbf,libtower-57b836d91fcf7269,libsync_wrapper-6bdfbc29c4269203,libtower-d610d259d48ff644,libindexmap-e2dae600d6890aac,libhashbrown-cae2cd0d9cc0a6cf,libtower_layer-d908dd771b239ecd,libprost-5a8bdecbbd2f5b71,libpin_project-ee3ead06d21bdfd5,libtower_service-3fb88d28c2218805,libhttp_body_util-4c062f446893de2a,libhttp_body-7456ed1522344ebf,libhttp-c02de8dcf5641f93,libtracing_opentelemetry-0c1afbcb652cfd14,libmetrics-3d64a46443e34df7,librapidhash-b6b474d23891416f,libanyhow-eeb2152985963809,libtokio_util-5a74e8b8d58a2183,libtracing_subscriber-bd8b426363dbaa6e,libtracing_serde-595102412ea13220,libsharded_slab-bd3e89e1e50b7c87,liblazy_static-3674be3f4245d19b,libmatchers-fcca779a642f4c5f,libregex_automata-d356dfd8f82ba683,libregex_syntax-ed1802775772b5d0,libnu_ansi_term-745c727bb3e87c52,libthread_local-b4f6fe44d641c0b1,libtracing_log-ad00d20dfe69af16,libopentelemetry_sdk-ec562717f7944ba3,libtokio_stream-e036957321714d22,libfutures_executor-f3db1d1fece76b76,libopentelemetry-0738cdab58bf6a28,libthiserror-305297abc8a52265,libsqlx-5d20c36a44d543ec,libsqlx_postgres-04a7a4608650570b,libdotenvy-6d8015f91495fe74,libcrc-c7d92037d8a82253,libcrc_catalog-229f3d571887ef81,libhex-13e08b3b00984ab7,libwhoami-679b18861a32e944,libhome-2459c00c573c2c5a,libbitflags-6f28739f8eecf78f,libmd5-8b42152102fcf5a8,libbyteorder-7fb216e967c6a54f,libatoi-3f782e7a039c0a59,libfutures_channel-04b287164a72dbf0,libstringprep-4d35882c7579d9cf,libunicode_properties-d98df78cf9438258,libunicode_normalization-38897611c04e14d9,libtinyvec-aaac35e3e185f648,libtinyvec_macros-7b77ea21c73594ca,libunicode_bidi-a9d2c96e849c6f3c,librand-929d737dc0fe9726,librand_chacha-8d8f7c7ef7c29bdf,libppv_lite86-1546e79f1c643001,libzerocopy-db922af9ce40d1d4,librand_core-86e43b95b9d88fa9,libhkdf-280e3092ac7ab6a1,libhmac-f8fd7f553ab00b13,libsqlx_core-500a62ac87192b2a,libwebpki_roots-227cfed90726f06a,libwebpki_roots-4ac2131d17f69b0d,libthiserror-5e90adc18491a337,libindexmap-b92bb9c25241b995,libhashbrown-d7214d631586fd51,libbase64-32787b0325ea6df8,libsha2-d5936ed119765c38,libcpufeatures-e04321643d03190d,libdigest-e417f27847118fed,libblock_buffer-bba24321e7b40706,libcrypto_common-4d66b0057b20f7b1,libgeneric_array-c2fdd0cc081e51ad,libtypenum-ec75592541d0a339,librustls-625b3f0185ef9f70,libsubtle-2ae6a7038b9a0630,libwebpki-e2535f69b8324156,libaws_lc_rs-9897745b4873e270,libaws_lc_sys-a14bce04ff659f02,libring-8a9db091f29b5095,libgetrandom-f25a51f78d9871ba,libuntrusted-b2f816886faf2178,librustls_pki_types-fc5637970849fdde,libzeroize-7f213bea776ca5b6,libtokio-cedf4e019c7aa3a1,libsignal_hook_registry-97fb91977beb15cc,liberrno-40a43d7c8a9b8122,libsocket2-2367bcf2eb96355a,libmio-3f5f6fa89ecad527,libparking_lot-7dc4e5b0e702c6a4,libparking_lot_core-7c5c353de100e745,liblock_api-16d46fed645f7bff,libscopeguard-7ec2214574194454,libbytes-2ed9460101f17bbf,libhashlink-f007fbd3ee912335,libhashbrown-621f4a290160b487,libfoldhash-07f233db1c671507,libequivalent-6a754676e6af62ae,liballocator_api2-8d9c1e895dea53bd,libchrono-e645835c81e3950f,libiana_time_zone-bcd81aefedc374a6,libnum_traits-7eec24f0481d7d85,libuuid-2cf62ee22c26f72f,libgetrandom-fb4c32fda73a41c0,liblibc-612664c2206eec43,libcfg_if-83060ec5685761ae,libserde_json-32943f712338533c,libitoa-5de11b3b23bfe572,libzmij-ef63f1da73704b4c,liburl-23fbfe894587920b,libidna-29ed14b4715ff08c,libidna_adapter-d83aed53999338fa,libicu_properties-ec6289b42539aff9,libicu_properties_data-e6cf238fc98dd59d,libicu_normalizer-f0d1fe44a2f82fca,libsmallvec-be13743ec94bfa48,libicu_normalizer_data-8fea05bee0bb4e49,libicu_collections-b30a0c5b23d3a9c1,libutf8_iter-51566bbad89f3a68,libpotential_utf-0c3d767a9fda37b1,libicu_provider-934117bcef62158a,libicu_locale_core-4b321a80321ce1b6,libtinystr-d02a5ec8458ffbfd,liblitemap-dc288f07f8f61193,libwriteable-48b3e52227924bb5,libzerovec-64453c2b57e04116,libzerotrie-86867832a79bbcc7,libyoke-477b98923d9496a9,libstable_deref_trait-63cbf3f3d3f94e56,libzerofrom-aa2bed5d30bbc07f,libform_urlencoded-58b0f0edb59b40d2,libpercent_encoding-fa055ecaa1e57cfa,libtracing-096fc5271b090822,liblog-1367470a129d2e36,libtracing_core-d26029c784af5925,libonce_cell-b5bdc597ed9676b3,libcrossbeam_queue-7daa350311a600b8,libcrossbeam_utils-f696a08ab1e94e7a,libeither-1f9df1baffb9474b,libserde-870ee391e4f6e8f9,libserde_core-46542aab222bf259,libevent_listener-63c7a54bfdcdbf3a,libparking-a9ae72c6c16ee980,libfutures_util-da072d7753494b21,libmemchr-0ebdc93958defebb,libfutures_io-3814ffd654d7040e,libslab-0582d648e59ab406,libpin_project_lite-0a15d51c77964692,libfutures_sink-3971bde37bb30e19,libfutures_task-36f327cfab86eddc,libfutures_core-1121ff913ed87f93}.rlib" "<sysroot>/lib/rustlib/x86_64-unknown-linux-gnu/lib/{libstd-*,libpanic_unwind-*,libobject-*,libmemchr-*,libaddr2line-*,libgimli-*,libcfg_if-*,librustc_demangle-*,libstd_detect-*,libhashbrown-*,librustc_std_workspace_alloc-*,libminiz_oxide-*,libadler2-*,libunwind-*,liblibc-*,librustc_std_workspace_core-*,liballoc-*,libcore-*,libcompiler_builtins-*}.rlib" "-Wl,-Bdynamic" "-lgcc_s" "-lutil" "-lrt" "-lpthread" "-lm" "-ldl" "-lc" "-L" "/opt/rustwide/target/debug/deps/rustcFPF4g0/raw-dylibs" "-B<sysroot>/lib/rustlib/x86_64-unknown-linux-gnu/bin/gcc-ld" "-fuse-ld=lld" "-Wl,--eh-frame-hdr" "-Wl,-z,noexecstack" "-L" "/opt/rustwide/target/debug/build/aws-lc-sys-cac6ed405dc26629/out" "-L" "/opt/rustwide/target/debug/build/ring-c81ea84d9cba97c8/out" "-L" "<sysroot>/lib/rustlib/x86_64-unknown-linux-gnu/lib" "-o" "/opt/rustwide/target/debug/deps/fenced_finalize-8200a1eb05a41782" "-Wl,--gc-sections" "-pie" "-Wl,-z,relro,-z,now" "-nodefaultlibs"
[INFO] [stdout]   = note: some arguments are omitted. use `--verbose` to show all linker arguments
[INFO] [stdout]   = note: collect2: fatal error: ld terminated with signal 9 [Killed]
[INFO] [stdout]           compilation terminated.
[INFO] [stdout]           
[INFO] [stdout] 
[INFO] [stdout] 
[INFO] [stderr] error: could not compile `rustyq-core` (test "fenced_finalize") due to 1 previous error
[INFO] [stderr] error: could not compile `rustyq-core` (lib test)
[INFO] [stderr] 
[INFO] [stderr] Caused by:
[INFO] [stderr]   process didn't exit successfully: `/opt/rustwide/rustup-home/toolchains/1.99.0-beta.8-x86_64-unknown-linux-gnu/bin/rustc --crate-name rustyq_core --edition=2021 crates/core/src/lib.rs --error-format=json --json=diagnostic-rendered-ansi,artifacts,future-incompat --emit=dep-info,link -C embed-bitcode=no -C debuginfo=2 --test --cfg 'feature="default"' --cfg 'feature="telemetry"' --check-cfg 'cfg(docsrs,test)' --check-cfg 'cfg(feature, values("default", "telemetry"))' -C metadata=4b140669b827e870 -C extra-filename=-7c8f9d37395b56cd --out-dir /opt/rustwide/target/debug/deps -L dependency=/opt/rustwide/target/debug/deps --extern anyhow=/opt/rustwide/target/debug/deps/libanyhow-eeb2152985963809.rlib --extern chrono=/opt/rustwide/target/debug/deps/libchrono-e645835c81e3950f.rlib --extern metrics=/opt/rustwide/target/debug/deps/libmetrics-3d64a46443e34df7.rlib --extern opentelemetry=/opt/rustwide/target/debug/deps/libopentelemetry-0738cdab58bf6a28.rlib --extern opentelemetry_otlp=/opt/rustwide/target/debug/deps/libopentelemetry_otlp-b64e4ae94fe540c5.rlib --extern opentelemetry_sdk=/opt/rustwide/target/debug/deps/libopentelemetry_sdk-ec562717f7944ba3.rlib --extern serde=/opt/rustwide/target/debug/deps/libserde-870ee391e4f6e8f9.rlib --extern serde_json=/opt/rustwide/target/debug/deps/libserde_json-32943f712338533c.rlib --extern sqlx=/opt/rustwide/target/debug/deps/libsqlx-5d20c36a44d543ec.rlib --extern thiserror=/opt/rustwide/target/debug/deps/libthiserror-5e90adc18491a337.rlib --extern tokio=/opt/rustwide/target/debug/deps/libtokio-cedf4e019c7aa3a1.rlib --extern tokio_util=/opt/rustwide/target/debug/deps/libtokio_util-5a74e8b8d58a2183.rlib --extern tracing=/opt/rustwide/target/debug/deps/libtracing-096fc5271b090822.rlib --extern tracing_opentelemetry=/opt/rustwide/target/debug/deps/libtracing_opentelemetry-0c1afbcb652cfd14.rlib --extern tracing_subscriber=/opt/rustwide/target/debug/deps/libtracing_subscriber-bd8b426363dbaa6e.rlib --extern uuid=/opt/rustwide/target/debug/deps/libuuid-2cf62ee22c26f72f.rlib --cap-lints=warn -L native=/opt/rustwide/target/debug/build/aws-lc-sys-cac6ed405dc26629/out -L native=/opt/rustwide/target/debug/build/ring-c81ea84d9cba97c8/out` (signal: 9, SIGKILL: kill)
[INFO] [stderr] error: could not compile `rustyq-core` (test "shutdown")
[INFO] [stderr] 
[INFO] [stderr] Caused by:
[INFO] [stderr]   process didn't exit successfully: `/opt/rustwide/rustup-home/toolchains/1.99.0-beta.8-x86_64-unknown-linux-gnu/bin/rustc --crate-name shutdown --edition=2021 crates/core/tests/shutdown.rs --error-format=json --json=diagnostic-rendered-ansi,artifacts,future-incompat --emit=dep-info,link -C embed-bitcode=no -C debuginfo=2 --test --cfg 'feature="default"' --cfg 'feature="telemetry"' --check-cfg 'cfg(docsrs,test)' --check-cfg 'cfg(feature, values("default", "telemetry"))' -C metadata=1c5604efdc1004dc -C extra-filename=-0f3ac6d1d954d4b3 --out-dir /opt/rustwide/target/debug/deps -L dependency=/opt/rustwide/target/debug/deps --extern anyhow=/opt/rustwide/target/debug/deps/libanyhow-eeb2152985963809.rlib --extern chrono=/opt/rustwide/target/debug/deps/libchrono-e645835c81e3950f.rlib --extern metrics=/opt/rustwide/target/debug/deps/libmetrics-3d64a46443e34df7.rlib --extern opentelemetry=/opt/rustwide/target/debug/deps/libopentelemetry-0738cdab58bf6a28.rlib --extern opentelemetry_otlp=/opt/rustwide/target/debug/deps/libopentelemetry_otlp-b64e4ae94fe540c5.rlib --extern opentelemetry_sdk=/opt/rustwide/target/debug/deps/libopentelemetry_sdk-ec562717f7944ba3.rlib --extern rustyq_core=/opt/rustwide/target/debug/deps/librustyq_core-cbfea8c7c3f0195a.rlib --extern serde=/opt/rustwide/target/debug/deps/libserde-870ee391e4f6e8f9.rlib --extern serde_json=/opt/rustwide/target/debug/deps/libserde_json-32943f712338533c.rlib --extern sqlx=/opt/rustwide/target/debug/deps/libsqlx-5d20c36a44d543ec.rlib --extern thiserror=/opt/rustwide/target/debug/deps/libthiserror-5e90adc18491a337.rlib --extern tokio=/opt/rustwide/target/debug/deps/libtokio-cedf4e019c7aa3a1.rlib --extern tokio_util=/opt/rustwide/target/debug/deps/libtokio_util-5a74e8b8d58a2183.rlib --extern tracing=/opt/rustwide/target/debug/deps/libtracing-096fc5271b090822.rlib --extern tracing_opentelemetry=/opt/rustwide/target/debug/deps/libtracing_opentelemetry-0c1afbcb652cfd14.rlib --extern tracing_subscriber=/opt/rustwide/target/debug/deps/libtracing_subscriber-bd8b426363dbaa6e.rlib --extern uuid=/opt/rustwide/target/debug/deps/libuuid-2cf62ee22c26f72f.rlib --cap-lints=warn -L native=/opt/rustwide/target/debug/build/aws-lc-sys-cac6ed405dc26629/out -L native=/opt/rustwide/target/debug/build/ring-c81ea84d9cba97c8/out` (signal: 9, SIGKILL: kill)
[INFO] [stdout] error: linking with `cc` failed: exit status: 1
[INFO] [stdout]   |
[INFO] [stdout]   = note:  "cc" "-m64" "/opt/rustwide/target/debug/deps/rustcqCpPQP/symbols.o" "<5 object files omitted>" "-Wl,--as-needed" "-Wl,-Bstatic" "<sysroot>/lib/rustlib/x86_64-unknown-linux-gnu/lib/{libtest-*,libgetopts-*,librustc_std_workspace_std-*}.rlib" "/opt/rustwide/target/debug/deps/{librustyq_core-cbfea8c7c3f0195a,libopentelemetry_otlp-b64e4ae94fe540c5,libopentelemetry_proto-685a5682b0b3d5da,libtonic-142fc62e10233df6,libsocket2-d080f9357cdfb367,libhyper_timeout-2fcabe744ccd4184,libasync_stream-17d86ef5fef7654b,libhyper_util-f79c0094274db406,libipnet-61ca7a5e1c2863d4,libhyper-7f490fa9d01e6b63,libwant-7a6260b9c50f1479,libtry_lock-8fa2f6971035be84,libhttparse-8c9b827b8f345444,libh2-ee998fc910d895ce,libfnv-79e2cbfbe03dcd16,libatomic_waker-06950c8c08d2b8fa,libhttpdate-331798cefc82cc7e,libaxum-e7204e8e3c4f5869,libmatchit-616cb01453b9e7d4,libaxum_core-add92a30feaf7641,libmime-0188e0814ca7ddbf,libtower-57b836d91fcf7269,libsync_wrapper-6bdfbc29c4269203,libtower-d610d259d48ff644,libindexmap-e2dae600d6890aac,libhashbrown-cae2cd0d9cc0a6cf,libtower_layer-d908dd771b239ecd,libprost-5a8bdecbbd2f5b71,libpin_project-ee3ead06d21bdfd5,libtower_service-3fb88d28c2218805,libhttp_body_util-4c062f446893de2a,libhttp_body-7456ed1522344ebf,libhttp-c02de8dcf5641f93,libtracing_opentelemetry-0c1afbcb652cfd14,libmetrics-3d64a46443e34df7,librapidhash-b6b474d23891416f,libanyhow-eeb2152985963809,libtokio_util-5a74e8b8d58a2183,libtracing_subscriber-bd8b426363dbaa6e,libtracing_serde-595102412ea13220,libsharded_slab-bd3e89e1e50b7c87,liblazy_static-3674be3f4245d19b,libmatchers-fcca779a642f4c5f,libregex_automata-d356dfd8f82ba683,libregex_syntax-ed1802775772b5d0,libnu_ansi_term-745c727bb3e87c52,libthread_local-b4f6fe44d641c0b1,libtracing_log-ad00d20dfe69af16,libopentelemetry_sdk-ec562717f7944ba3,libtokio_stream-e036957321714d22,libfutures_executor-f3db1d1fece76b76,libopentelemetry-0738cdab58bf6a28,libthiserror-305297abc8a52265,libsqlx-5d20c36a44d543ec,libsqlx_postgres-04a7a4608650570b,libdotenvy-6d8015f91495fe74,libcrc-c7d92037d8a82253,libcrc_catalog-229f3d571887ef81,libhex-13e08b3b00984ab7,libwhoami-679b18861a32e944,libhome-2459c00c573c2c5a,libbitflags-6f28739f8eecf78f,libmd5-8b42152102fcf5a8,libbyteorder-7fb216e967c6a54f,libatoi-3f782e7a039c0a59,libfutures_channel-04b287164a72dbf0,libstringprep-4d35882c7579d9cf,libunicode_properties-d98df78cf9438258,libunicode_normalization-38897611c04e14d9,libtinyvec-aaac35e3e185f648,libtinyvec_macros-7b77ea21c73594ca,libunicode_bidi-a9d2c96e849c6f3c,librand-929d737dc0fe9726,librand_chacha-8d8f7c7ef7c29bdf,libppv_lite86-1546e79f1c643001,libzerocopy-db922af9ce40d1d4,librand_core-86e43b95b9d88fa9,libhkdf-280e3092ac7ab6a1,libhmac-f8fd7f553ab00b13,libsqlx_core-500a62ac87192b2a,libwebpki_roots-227cfed90726f06a,libwebpki_roots-4ac2131d17f69b0d,libthiserror-5e90adc18491a337,libindexmap-b92bb9c25241b995,libhashbrown-d7214d631586fd51,libbase64-32787b0325ea6df8,libsha2-d5936ed119765c38,libcpufeatures-e04321643d03190d,libdigest-e417f27847118fed,libblock_buffer-bba24321e7b40706,libcrypto_common-4d66b0057b20f7b1,libgeneric_array-c2fdd0cc081e51ad,libtypenum-ec75592541d0a339,librustls-625b3f0185ef9f70,libsubtle-2ae6a7038b9a0630,libwebpki-e2535f69b8324156,libaws_lc_rs-9897745b4873e270,libaws_lc_sys-a14bce04ff659f02,libring-8a9db091f29b5095,libgetrandom-f25a51f78d9871ba,libuntrusted-b2f816886faf2178,librustls_pki_types-fc5637970849fdde,libzeroize-7f213bea776ca5b6,libtokio-cedf4e019c7aa3a1,libsignal_hook_registry-97fb91977beb15cc,liberrno-40a43d7c8a9b8122,libsocket2-2367bcf2eb96355a,libmio-3f5f6fa89ecad527,libparking_lot-7dc4e5b0e702c6a4,libparking_lot_core-7c5c353de100e745,liblock_api-16d46fed645f7bff,libscopeguard-7ec2214574194454,libbytes-2ed9460101f17bbf,libhashlink-f007fbd3ee912335,libhashbrown-621f4a290160b487,libfoldhash-07f233db1c671507,libequivalent-6a754676e6af62ae,liballocator_api2-8d9c1e895dea53bd,libchrono-e645835c81e3950f,libiana_time_zone-bcd81aefedc374a6,libnum_traits-7eec24f0481d7d85,libuuid-2cf62ee22c26f72f,libgetrandom-fb4c32fda73a41c0,liblibc-612664c2206eec43,libcfg_if-83060ec5685761ae,libserde_json-32943f712338533c,libitoa-5de11b3b23bfe572,libzmij-ef63f1da73704b4c,liburl-23fbfe894587920b,libidna-29ed14b4715ff08c,libidna_adapter-d83aed53999338fa,libicu_properties-ec6289b42539aff9,libicu_properties_data-e6cf238fc98dd59d,libicu_normalizer-f0d1fe44a2f82fca,libsmallvec-be13743ec94bfa48,libicu_normalizer_data-8fea05bee0bb4e49,libicu_collections-b30a0c5b23d3a9c1,libutf8_iter-51566bbad89f3a68,libpotential_utf-0c3d767a9fda37b1,libicu_provider-934117bcef62158a,libicu_locale_core-4b321a80321ce1b6,libtinystr-d02a5ec8458ffbfd,liblitemap-dc288f07f8f61193,libwriteable-48b3e52227924bb5,libzerovec-64453c2b57e04116,libzerotrie-86867832a79bbcc7,libyoke-477b98923d9496a9,libstable_deref_trait-63cbf3f3d3f94e56,libzerofrom-aa2bed5d30bbc07f,libform_urlencoded-58b0f0edb59b40d2,libpercent_encoding-fa055ecaa1e57cfa,libtracing-096fc5271b090822,liblog-1367470a129d2e36,libtracing_core-d26029c784af5925,libonce_cell-b5bdc597ed9676b3,libcrossbeam_queue-7daa350311a600b8,libcrossbeam_utils-f696a08ab1e94e7a,libeither-1f9df1baffb9474b,libserde-870ee391e4f6e8f9,libserde_core-46542aab222bf259,libevent_listener-63c7a54bfdcdbf3a,libparking-a9ae72c6c16ee980,libfutures_util-da072d7753494b21,libmemchr-0ebdc93958defebb,libfutures_io-3814ffd654d7040e,libslab-0582d648e59ab406,libpin_project_lite-0a15d51c77964692,libfutures_sink-3971bde37bb30e19,libfutures_task-36f327cfab86eddc,libfutures_core-1121ff913ed87f93}.rlib" "<sysroot>/lib/rustlib/x86_64-unknown-linux-gnu/lib/{libstd-*,libpanic_unwind-*,libobject-*,libmemchr-*,libaddr2line-*,libgimli-*,libcfg_if-*,librustc_demangle-*,libstd_detect-*,libhashbrown-*,librustc_std_workspace_alloc-*,libminiz_oxide-*,libadler2-*,libunwind-*,liblibc-*,librustc_std_workspace_core-*,liballoc-*,libcore-*,libcompiler_builtins-*}.rlib" "-Wl,-Bdynamic" "-lgcc_s" "-lutil" "-lrt" "-lpthread" "-lm" "-ldl" "-lc" "-L" "/opt/rustwide/target/debug/deps/rustcqCpPQP/raw-dylibs" "-B<sysroot>/lib/rustlib/x86_64-unknown-linux-gnu/bin/gcc-ld" "-fuse-ld=lld" "-Wl,--eh-frame-hdr" "-Wl,-z,noexecstack" "-L" "/opt/rustwide/target/debug/build/aws-lc-sys-cac6ed405dc26629/out" "-L" "/opt/rustwide/target/debug/build/ring-c81ea84d9cba97c8/out" "-L" "<sysroot>/lib/rustlib/x86_64-unknown-linux-gnu/lib" "-o" "/opt/rustwide/target/debug/deps/permanent-2d2218df65601455" "-Wl,--gc-sections" "-pie" "-Wl,-z,relro,-z,now" "-nodefaultlibs"
[INFO] [stdout]   = note: some arguments are omitted. use `--verbose` to show all linker arguments
[INFO] [stdout]   = note: collect2: fatal error: ld terminated with signal 9 [Killed]
[INFO] [stdout]           compilation terminated.
[INFO] [stdout]           
[INFO] [stdout] 
[INFO] [stdout] 
[INFO] [stderr] error: could not compile `rustyq-core` (test "permanent") due to 1 previous error
[INFO] running `Command { std: "docker" "inspect" "b34778cb2fcc35df4209f6fda33f8d7537b788dd88b89f10e14fc1612137b826", kill_on_drop: false }`
[INFO] running `Command { std: "docker" "rm" "-f" "b34778cb2fcc35df4209f6fda33f8d7537b788dd88b89f10e14fc1612137b826", kill_on_drop: false }`
[INFO] [stdout] b34778cb2fcc35df4209f6fda33f8d7537b788dd88b89f10e14fc1612137b826
