[INFO] fetching crate xqasm 0.4.2...
[INFO] testing xqasm-0.4.2 against 1.99.0-beta.8 for beta-1.100-2
[INFO] extracting crate xqasm 0.4.2 into /workspace/builds/worker-0-tc1/source
[INFO] started tweaking crates.io crate xqasm 0.4.2
[INFO] removed 0 missing tests
[INFO] finished tweaking crates.io crate xqasm 0.4.2
[INFO] tweaked toml for crates.io crate xqasm 0.4.2 written to /workspace/builds/worker-0-tc1/source/Cargo.toml
[INFO] validating manifest of crates.io crate xqasm 0.4.2 on toolchain 1.99.0-beta.8
[INFO] running `Command { std: CARGO_HOME="/workspace/cargo-home" RUSTUP_HOME="/workspace/rustup-home" "/workspace/cargo-home/bin/cargo" "+1.99.0-beta.8" "metadata" "--manifest-path" "Cargo.toml" "--no-deps", kill_on_drop: false }`
[INFO] crate crates.io crate xqasm 0.4.2 already has a lockfile, it will not be regenerated
[INFO] running `Command { std: CARGO_HOME="/workspace/cargo-home" RUSTUP_HOME="/workspace/rustup-home" "/workspace/cargo-home/bin/cargo" "+1.99.0-beta.8" "fetch" "--manifest-path" "Cargo.toml", kill_on_drop: false }`
[INFO] [stderr] warning: Cargo.toml: `lints.clippy.allow-attributes` is deprecated in favor of `lints.clippy.allow_attributes` and will not work in a future edition
[INFO] [stderr] warning: Cargo.toml: `lints.clippy.allow-attributes-without-reason` is deprecated in favor of `lints.clippy.allow_attributes_without_reason` and will not work in a future edition
[INFO] [stderr] warning: Cargo.toml: `lints.clippy.await-holding-lock` is deprecated in favor of `lints.clippy.await_holding_lock` and will not work in a future edition
[INFO] [stderr] warning: Cargo.toml: `lints.clippy.dbg-macro` is deprecated in favor of `lints.clippy.dbg_macro` and will not work in a future edition
[INFO] [stderr] warning: Cargo.toml: `lints.clippy.expect-used` is deprecated in favor of `lints.clippy.expect_used` and will not work in a future edition
[INFO] [stderr] warning: Cargo.toml: `lints.clippy.indexing-slicing` is deprecated in favor of `lints.clippy.indexing_slicing` and will not work in a future edition
[INFO] [stderr] warning: Cargo.toml: `lints.clippy.large-futures` is deprecated in favor of `lints.clippy.large_futures` and will not work in a future edition
[INFO] [stderr] warning: Cargo.toml: `lints.clippy.manual-string-new` is deprecated in favor of `lints.clippy.manual_string_new` and will not work in a future edition
[INFO] [stderr] warning: Cargo.toml: `lints.clippy.mem-forget` is deprecated in favor of `lints.clippy.mem_forget` and will not work in a future edition
[INFO] [stderr] warning: Cargo.toml: `lints.clippy.module-name-repetitions` is deprecated in favor of `lints.clippy.module_name_repetitions` and will not work in a future edition
[INFO] [stderr] warning: Cargo.toml: `lints.clippy.must-use-candidate` is deprecated in favor of `lints.clippy.must_use_candidate` and will not work in a future edition
[INFO] [stderr] warning: Cargo.toml: `lints.clippy.panic-in-result-fn` is deprecated in favor of `lints.clippy.panic_in_result_fn` and will not work in a future edition
[INFO] [stderr] warning: Cargo.toml: `lints.clippy.print-stderr` is deprecated in favor of `lints.clippy.print_stderr` and will not work in a future edition
[INFO] [stderr] warning: Cargo.toml: `lints.clippy.print-stdout` is deprecated in favor of `lints.clippy.print_stdout` and will not work in a future edition
[INFO] [stderr] warning: Cargo.toml: `lints.clippy.redundant-clone` is deprecated in favor of `lints.clippy.redundant_clone` and will not work in a future edition
[INFO] [stderr] warning: Cargo.toml: `lints.clippy.similar-names` is deprecated in favor of `lints.clippy.similar_names` and will not work in a future edition
[INFO] [stderr] warning: Cargo.toml: `lints.clippy.uninlined-format-args` is deprecated in favor of `lints.clippy.uninlined_format_args` and will not work in a future edition
[INFO] [stderr] warning: Cargo.toml: `lints.clippy.unwrap-used` is deprecated in favor of `lints.clippy.unwrap_used` and will not work in a future edition
[INFO] [stderr] warning: Cargo.toml: `lints.clippy.use-self` is deprecated in favor of `lints.clippy.use_self` and will not work in a future edition
[INFO] [stderr] warning: Cargo.toml: `lints.rust.missing-docs` is deprecated in favor of `lints.rust.missing_docs` and will not work in a future edition
[INFO] [stderr] warning: Cargo.toml: `lints.rust.nonstandard-style` is deprecated in favor of `lints.rust.nonstandard_style` and will not work in a future edition
[INFO] [stderr] warning: Cargo.toml: `lints.rust.redundant-lifetimes` is deprecated in favor of `lints.rust.redundant_lifetimes` and will not work in a future edition
[INFO] [stderr] warning: Cargo.toml: `lints.rust.rust-2018-idioms` is deprecated in favor of `lints.rust.rust_2018_idioms` and will not work in a future edition
[INFO] [stderr] warning: Cargo.toml: `lints.rust.unreachable-pub` is deprecated in favor of `lints.rust.unreachable_pub` and will not work in a future edition
[INFO] [stderr] warning: Cargo.toml: `lints.rust.unsafe-code` is deprecated in favor of `lints.rust.unsafe_code` and will not work in a future edition
[INFO] [stderr] warning: Cargo.toml: `lints.rust.unused-extern-crates` is deprecated in favor of `lints.rust.unused_extern_crates` and will not work in a future edition
[INFO] [stderr] warning: Cargo.toml: `lints.rust.unused-imports` is deprecated in favor of `lints.rust.unused_imports` and will not work in a future edition
[INFO] [stderr] warning: Cargo.toml: `lints.rust.unused-must-use` is deprecated in favor of `lints.rust.unused_must_use` and will not work in a future edition
[INFO] [stderr] warning: Cargo.toml: `lints.rust.unused-qualifications` is deprecated in favor of `lints.rust.unused_qualifications` and will not work in a future edition
[INFO] [stderr] warning: Cargo.toml: `lints.rust.unused-results` is deprecated in favor of `lints.rust.unused_results` and will not work in a future edition
[INFO] [stderr] warning: `xqasm` (manifest) generated 30 warnings
[INFO] [stderr]     Updating crates.io index
[INFO] [stderr]  Downloading crates ...
[INFO] [stderr]   Downloaded unsafe-libyaml v0.2.11
[INFO] [stderr]   Downloaded pastey v0.2.1
[INFO] [stderr]   Downloaded serde_yaml_ng v0.10.0
[INFO] [stderr]   Downloaded unicode-linebreak v0.1.5
[INFO] [stderr]   Downloaded terminal_size v0.4.3
[INFO] [stderr]   Downloaded supports-unicode v3.0.0
[INFO] [stderr]   Downloaded supports-hyperlinks v3.2.0
[INFO] [stderr]   Downloaded backtrace-ext v0.2.1
[INFO] [stderr]   Downloaded textwrap v0.16.2
[INFO] [stderr]   Downloaded hashbrown v0.17.0
[INFO] [stderr]   Downloaded xqvm v0.4.2
[INFO] running `Command { std: "docker" "create" "-v" "/var/lib/crater-agent-workspace/builds/worker-0-tc1/source:/opt/rustwide/workdir:ro,Z" "-v" "/var/lib/crater-agent-workspace/builds/worker-0-tc1/target:/opt/rustwide/target:rw,Z" "-v" "/var/lib/crater-agent-workspace/cargo-home:/opt/rustwide/cargo-home:ro,Z" "-v" "/var/lib/crater-agent-workspace/rustup-home:/opt/rustwide/rustup-home:ro,Z" "-m" "1610612736" "--network" "none" "ghcr.io/rust-lang/crates-build-env/linux@sha256:3111399a4047eeb3a02b7a90e478d715f38a8c6669b5c4b49d30a17385265909" "sleep" "infinity", kill_on_drop: false }`
[INFO] [stdout] e13dc2fb5ba1de8b51f10233fcb873965472190af7a3561bc8d77e53417430a5
[INFO] running `Command { std: "docker" "start" "e13dc2fb5ba1de8b51f10233fcb873965472190af7a3561bc8d77e53417430a5", kill_on_drop: false }`
[INFO] running `Command { std: "docker" "inspect" "e13dc2fb5ba1de8b51f10233fcb873965472190af7a3561bc8d77e53417430a5", kill_on_drop: false }`
[INFO] running `Command { std: "docker" "exec" "-e" "SOURCE_DIR=/opt/rustwide/workdir" "-e" "CARGO_HOME=/opt/rustwide/cargo-home" "-e" "RUSTUP_HOME=/opt/rustwide/rustup-home" "-e" "CARGO_TARGET_DIR=/opt/rustwide/target" "-w" "/opt/rustwide/workdir" "--user" "0:0" "e13dc2fb5ba1de8b51f10233fcb873965472190af7a3561bc8d77e53417430a5" "/opt/rustwide/cargo-home/bin/cargo" "+1.99.0-beta.8" "metadata" "--no-deps" "--format-version=1", kill_on_drop: false }`
[INFO] running `Command { std: "docker" "inspect" "e13dc2fb5ba1de8b51f10233fcb873965472190af7a3561bc8d77e53417430a5", kill_on_drop: false }`
[INFO] running `Command { std: "docker" "exec" "-e" "SOURCE_DIR=/opt/rustwide/workdir" "-e" "CARGO_HOME=/opt/rustwide/cargo-home" "-e" "RUSTUP_HOME=/opt/rustwide/rustup-home" "-e" "CARGO_TARGET_DIR=/opt/rustwide/target" "-e" "CARGO_INCREMENTAL=0" "-e" "RUST_BACKTRACE=full" "-e" "RUSTFLAGS=--cap-lints=warn" "-e" "RUSTDOCFLAGS=--cap-lints=warn" "-w" "/opt/rustwide/workdir" "--user" "0:0" "e13dc2fb5ba1de8b51f10233fcb873965472190af7a3561bc8d77e53417430a5" "/opt/rustwide/cargo-home/bin/cargo" "+1.99.0-beta.8" "build" "--frozen" "--message-format=json", kill_on_drop: false }`
[INFO] [stderr] warning: Cargo.toml: `lints.clippy.allow-attributes` is deprecated in favor of `lints.clippy.allow_attributes` and will not work in a future edition
[INFO] [stderr] warning: Cargo.toml: `lints.clippy.allow-attributes-without-reason` is deprecated in favor of `lints.clippy.allow_attributes_without_reason` and will not work in a future edition
[INFO] [stderr] warning: Cargo.toml: `lints.clippy.await-holding-lock` is deprecated in favor of `lints.clippy.await_holding_lock` and will not work in a future edition
[INFO] [stderr] warning: Cargo.toml: `lints.clippy.dbg-macro` is deprecated in favor of `lints.clippy.dbg_macro` and will not work in a future edition
[INFO] [stderr] warning: Cargo.toml: `lints.clippy.expect-used` is deprecated in favor of `lints.clippy.expect_used` and will not work in a future edition
[INFO] [stderr] warning: Cargo.toml: `lints.clippy.indexing-slicing` is deprecated in favor of `lints.clippy.indexing_slicing` and will not work in a future edition
[INFO] [stderr] warning: Cargo.toml: `lints.clippy.large-futures` is deprecated in favor of `lints.clippy.large_futures` and will not work in a future edition
[INFO] [stderr] warning: Cargo.toml: `lints.clippy.manual-string-new` is deprecated in favor of `lints.clippy.manual_string_new` and will not work in a future edition
[INFO] [stderr] warning: Cargo.toml: `lints.clippy.mem-forget` is deprecated in favor of `lints.clippy.mem_forget` and will not work in a future edition
[INFO] [stderr] warning: Cargo.toml: `lints.clippy.module-name-repetitions` is deprecated in favor of `lints.clippy.module_name_repetitions` and will not work in a future edition
[INFO] [stderr] warning: Cargo.toml: `lints.clippy.must-use-candidate` is deprecated in favor of `lints.clippy.must_use_candidate` and will not work in a future edition
[INFO] [stderr] warning: Cargo.toml: `lints.clippy.panic-in-result-fn` is deprecated in favor of `lints.clippy.panic_in_result_fn` and will not work in a future edition
[INFO] [stderr] warning: Cargo.toml: `lints.clippy.print-stderr` is deprecated in favor of `lints.clippy.print_stderr` and will not work in a future edition
[INFO] [stderr] warning: Cargo.toml: `lints.clippy.print-stdout` is deprecated in favor of `lints.clippy.print_stdout` and will not work in a future edition
[INFO] [stderr] warning: Cargo.toml: `lints.clippy.redundant-clone` is deprecated in favor of `lints.clippy.redundant_clone` and will not work in a future edition
[INFO] [stderr] warning: Cargo.toml: `lints.clippy.similar-names` is deprecated in favor of `lints.clippy.similar_names` and will not work in a future edition
[INFO] [stderr] warning: Cargo.toml: `lints.clippy.uninlined-format-args` is deprecated in favor of `lints.clippy.uninlined_format_args` and will not work in a future edition
[INFO] [stderr] warning: Cargo.toml: `lints.clippy.unwrap-used` is deprecated in favor of `lints.clippy.unwrap_used` and will not work in a future edition
[INFO] [stderr] warning: Cargo.toml: `lints.clippy.use-self` is deprecated in favor of `lints.clippy.use_self` and will not work in a future edition
[INFO] [stderr] warning: Cargo.toml: `lints.rust.missing-docs` is deprecated in favor of `lints.rust.missing_docs` and will not work in a future edition
[INFO] [stderr] warning: Cargo.toml: `lints.rust.nonstandard-style` is deprecated in favor of `lints.rust.nonstandard_style` and will not work in a future edition
[INFO] [stderr] warning: Cargo.toml: `lints.rust.redundant-lifetimes` is deprecated in favor of `lints.rust.redundant_lifetimes` and will not work in a future edition
[INFO] [stderr] warning: Cargo.toml: `lints.rust.rust-2018-idioms` is deprecated in favor of `lints.rust.rust_2018_idioms` and will not work in a future edition
[INFO] [stderr] warning: Cargo.toml: `lints.rust.unreachable-pub` is deprecated in favor of `lints.rust.unreachable_pub` and will not work in a future edition
[INFO] [stderr] warning: Cargo.toml: `lints.rust.unsafe-code` is deprecated in favor of `lints.rust.unsafe_code` and will not work in a future edition
[INFO] [stderr] warning: Cargo.toml: `lints.rust.unused-extern-crates` is deprecated in favor of `lints.rust.unused_extern_crates` and will not work in a future edition
[INFO] [stderr] warning: Cargo.toml: `lints.rust.unused-imports` is deprecated in favor of `lints.rust.unused_imports` and will not work in a future edition
[INFO] [stderr] warning: Cargo.toml: `lints.rust.unused-must-use` is deprecated in favor of `lints.rust.unused_must_use` and will not work in a future edition
[INFO] [stderr] warning: Cargo.toml: `lints.rust.unused-qualifications` is deprecated in favor of `lints.rust.unused_qualifications` and will not work in a future edition
[INFO] [stderr] warning: Cargo.toml: `lints.rust.unused-results` is deprecated in favor of `lints.rust.unused_results` and will not work in a future edition
[INFO] [stderr] warning: `xqasm` (manifest) generated 30 warnings
[INFO] [stderr]    Compiling proc-macro2 v1.0.106
[INFO] [stderr]    Compiling unicode-ident v1.0.24
[INFO] [stderr]    Compiling quote v1.0.45
[INFO] [stderr]    Compiling memchr v2.8.0
[INFO] [stderr]    Compiling serde_core v1.0.228
[INFO] [stderr]    Compiling libc v0.2.183
[INFO] [stderr]    Compiling object v0.37.3
[INFO] [stderr]    Compiling serde v1.0.228
[INFO] [stderr]    Compiling adler2 v2.0.1
[INFO] [stderr]    Compiling hashbrown v0.17.0
[INFO] [stderr]    Compiling gimli v0.32.3
[INFO] [stderr]    Compiling equivalent v1.0.2
[INFO] [stderr]    Compiling rustix v1.1.4
[INFO] [stderr]    Compiling owo-colors v4.3.0
[INFO] [stderr]    Compiling ucd-trie v0.1.7
[INFO] [stderr]    Compiling unsafe-libyaml v0.2.11
[INFO] [stderr]    Compiling miniz_oxide v0.8.9
[INFO] [stderr]    Compiling bitflags v2.11.0
[INFO] [stderr]    Compiling rustc-demangle v0.1.27
[INFO] [stderr]    Compiling ryu v1.0.23
[INFO] [stderr]    Compiling itoa v1.0.18
[INFO] [stderr]    Compiling is_ci v1.2.0
[INFO] [stderr]    Compiling unicode-linebreak v0.1.5
[INFO] [stderr]    Compiling crc32fast v1.5.0
[INFO] [stderr]    Compiling thiserror v2.0.18
[INFO] [stderr]    Compiling textwrap v0.16.2
[INFO] [stderr]    Compiling supports-color v3.0.2
[INFO] [stderr]    Compiling unicode-width v0.1.14
[INFO] [stderr]    Compiling foldhash v0.1.5
[INFO] [stderr]    Compiling supports-unicode v3.0.0
[INFO] [stderr]    Compiling supports-hyperlinks v3.2.0
[INFO] [stderr]    Compiling hashbrown v0.15.5
[INFO] [stderr]    Compiling syn v2.0.117
[INFO] [stderr]    Compiling pastey v0.2.1
[INFO] [stderr]    Compiling indexmap v2.14.0
[INFO] [stderr]    Compiling pest v2.8.6
[INFO] [stderr]    Compiling terminal_size v0.4.3
[INFO] [stderr]    Compiling pest_meta v2.8.6
[INFO] [stderr]    Compiling pest_generator v2.8.6
[INFO] [stderr]    Compiling serde_derive v1.0.228
[INFO] [stderr]    Compiling miette-derive v7.6.0
[INFO] [stderr]    Compiling thiserror-impl v2.0.18
[INFO] [stderr]    Compiling addr2line v0.25.1
[INFO] [stderr]    Compiling pest_derive v2.8.6
[INFO] [stderr]    Compiling backtrace v0.3.76
[INFO] [stderr]    Compiling backtrace-ext v0.2.1
[INFO] [stderr]    Compiling miette v7.6.0
[INFO] [stderr]    Compiling serde_yaml_ng v0.10.0
[INFO] [stderr]    Compiling xqvm v0.4.2
[INFO] [stderr]    Compiling xqasm v0.4.2 (/opt/rustwide/workdir)
[INFO] [stderr]     Finished `dev` profile [unoptimized + debuginfo] target(s) in 18.88s
[INFO] running `Command { std: "docker" "inspect" "e13dc2fb5ba1de8b51f10233fcb873965472190af7a3561bc8d77e53417430a5", kill_on_drop: false }`
[INFO] running `Command { std: "docker" "exec" "-e" "SOURCE_DIR=/opt/rustwide/workdir" "-e" "CARGO_HOME=/opt/rustwide/cargo-home" "-e" "RUSTUP_HOME=/opt/rustwide/rustup-home" "-e" "CARGO_TARGET_DIR=/opt/rustwide/target" "-e" "CARGO_INCREMENTAL=0" "-e" "RUST_BACKTRACE=full" "-e" "RUSTFLAGS=--cap-lints=warn" "-e" "RUSTDOCFLAGS=--cap-lints=warn" "-w" "/opt/rustwide/workdir" "--user" "0:0" "e13dc2fb5ba1de8b51f10233fcb873965472190af7a3561bc8d77e53417430a5" "/opt/rustwide/cargo-home/bin/cargo" "+1.99.0-beta.8" "test" "--frozen" "--no-run" "--message-format=json", kill_on_drop: false }`
[INFO] [stderr] warning: Cargo.toml: `lints.clippy.allow-attributes` is deprecated in favor of `lints.clippy.allow_attributes` and will not work in a future edition
[INFO] [stderr] warning: Cargo.toml: `lints.clippy.allow-attributes-without-reason` is deprecated in favor of `lints.clippy.allow_attributes_without_reason` and will not work in a future edition
[INFO] [stderr] warning: Cargo.toml: `lints.clippy.await-holding-lock` is deprecated in favor of `lints.clippy.await_holding_lock` and will not work in a future edition
[INFO] [stderr] warning: Cargo.toml: `lints.clippy.dbg-macro` is deprecated in favor of `lints.clippy.dbg_macro` and will not work in a future edition
[INFO] [stderr] warning: Cargo.toml: `lints.clippy.expect-used` is deprecated in favor of `lints.clippy.expect_used` and will not work in a future edition
[INFO] [stderr] warning: Cargo.toml: `lints.clippy.indexing-slicing` is deprecated in favor of `lints.clippy.indexing_slicing` and will not work in a future edition
[INFO] [stderr] warning: Cargo.toml: `lints.clippy.large-futures` is deprecated in favor of `lints.clippy.large_futures` and will not work in a future edition
[INFO] [stderr] warning: Cargo.toml: `lints.clippy.manual-string-new` is deprecated in favor of `lints.clippy.manual_string_new` and will not work in a future edition
[INFO] [stderr] warning: Cargo.toml: `lints.clippy.mem-forget` is deprecated in favor of `lints.clippy.mem_forget` and will not work in a future edition
[INFO] [stderr] warning: Cargo.toml: `lints.clippy.module-name-repetitions` is deprecated in favor of `lints.clippy.module_name_repetitions` and will not work in a future edition
[INFO] [stderr] warning: Cargo.toml: `lints.clippy.must-use-candidate` is deprecated in favor of `lints.clippy.must_use_candidate` and will not work in a future edition
[INFO] [stderr] warning: Cargo.toml: `lints.clippy.panic-in-result-fn` is deprecated in favor of `lints.clippy.panic_in_result_fn` and will not work in a future edition
[INFO] [stderr] warning: Cargo.toml: `lints.clippy.print-stderr` is deprecated in favor of `lints.clippy.print_stderr` and will not work in a future edition
[INFO] [stderr] warning: Cargo.toml: `lints.clippy.print-stdout` is deprecated in favor of `lints.clippy.print_stdout` and will not work in a future edition
[INFO] [stderr] warning: Cargo.toml: `lints.clippy.redundant-clone` is deprecated in favor of `lints.clippy.redundant_clone` and will not work in a future edition
[INFO] [stderr] warning: Cargo.toml: `lints.clippy.similar-names` is deprecated in favor of `lints.clippy.similar_names` and will not work in a future edition
[INFO] [stderr] warning: Cargo.toml: `lints.clippy.uninlined-format-args` is deprecated in favor of `lints.clippy.uninlined_format_args` and will not work in a future edition
[INFO] [stderr] warning: Cargo.toml: `lints.clippy.unwrap-used` is deprecated in favor of `lints.clippy.unwrap_used` and will not work in a future edition
[INFO] [stderr] warning: Cargo.toml: `lints.clippy.use-self` is deprecated in favor of `lints.clippy.use_self` and will not work in a future edition
[INFO] [stderr] warning: Cargo.toml: `lints.rust.missing-docs` is deprecated in favor of `lints.rust.missing_docs` and will not work in a future edition
[INFO] [stderr] warning: Cargo.toml: `lints.rust.nonstandard-style` is deprecated in favor of `lints.rust.nonstandard_style` and will not work in a future edition
[INFO] [stderr] warning: Cargo.toml: `lints.rust.redundant-lifetimes` is deprecated in favor of `lints.rust.redundant_lifetimes` and will not work in a future edition
[INFO] [stderr] warning: Cargo.toml: `lints.rust.rust-2018-idioms` is deprecated in favor of `lints.rust.rust_2018_idioms` and will not work in a future edition
[INFO] [stderr] warning: Cargo.toml: `lints.rust.unreachable-pub` is deprecated in favor of `lints.rust.unreachable_pub` and will not work in a future edition
[INFO] [stderr] warning: Cargo.toml: `lints.rust.unsafe-code` is deprecated in favor of `lints.rust.unsafe_code` and will not work in a future edition
[INFO] [stderr] warning: Cargo.toml: `lints.rust.unused-extern-crates` is deprecated in favor of `lints.rust.unused_extern_crates` and will not work in a future edition
[INFO] [stderr] warning: Cargo.toml: `lints.rust.unused-imports` is deprecated in favor of `lints.rust.unused_imports` and will not work in a future edition
[INFO] [stderr] warning: Cargo.toml: `lints.rust.unused-must-use` is deprecated in favor of `lints.rust.unused_must_use` and will not work in a future edition
[INFO] [stderr] warning: Cargo.toml: `lints.rust.unused-qualifications` is deprecated in favor of `lints.rust.unused_qualifications` and will not work in a future edition
[INFO] [stderr] warning: Cargo.toml: `lints.rust.unused-results` is deprecated in favor of `lints.rust.unused_results` and will not work in a future edition
[INFO] [stderr] warning: `xqasm` (manifest) generated 30 warnings
[INFO] [stderr]    Compiling itoa v1.0.18
[INFO] [stderr]    Compiling zmij v1.0.21
[INFO] [stderr]    Compiling serde_core v1.0.228
[INFO] [stderr]    Compiling serde_json v1.0.149
[INFO] [stderr]    Compiling serde_yaml_ng v0.10.0
[INFO] [stderr]    Compiling xqvm v0.4.2
[INFO] [stderr]    Compiling xqasm v0.4.2 (/opt/rustwide/workdir)
[INFO] [stderr]     Finished `test` profile [unoptimized + debuginfo] target(s) in 7.32s
[INFO] running `Command { std: "docker" "inspect" "e13dc2fb5ba1de8b51f10233fcb873965472190af7a3561bc8d77e53417430a5", kill_on_drop: false }`
[INFO] running `Command { std: "docker" "exec" "-e" "SOURCE_DIR=/opt/rustwide/workdir" "-e" "CARGO_HOME=/opt/rustwide/cargo-home" "-e" "RUSTUP_HOME=/opt/rustwide/rustup-home" "-e" "CARGO_TARGET_DIR=/opt/rustwide/target" "-e" "CARGO_INCREMENTAL=0" "-e" "RUST_BACKTRACE=full" "-e" "RUSTFLAGS=--cap-lints=warn" "-e" "RUSTDOCFLAGS=--cap-lints=warn" "-w" "/opt/rustwide/workdir" "--user" "0:0" "e13dc2fb5ba1de8b51f10233fcb873965472190af7a3561bc8d77e53417430a5" "/opt/rustwide/cargo-home/bin/cargo" "+1.99.0-beta.8" "test" "--frozen", kill_on_drop: false }`
[INFO] [stderr] warning: Cargo.toml: `lints.clippy.allow-attributes` is deprecated in favor of `lints.clippy.allow_attributes` and will not work in a future edition
[INFO] [stderr] warning: Cargo.toml: `lints.clippy.allow-attributes-without-reason` is deprecated in favor of `lints.clippy.allow_attributes_without_reason` and will not work in a future edition
[INFO] [stderr] warning: Cargo.toml: `lints.clippy.await-holding-lock` is deprecated in favor of `lints.clippy.await_holding_lock` and will not work in a future edition
[INFO] [stderr] warning: Cargo.toml: `lints.clippy.dbg-macro` is deprecated in favor of `lints.clippy.dbg_macro` and will not work in a future edition
[INFO] [stderr] warning: Cargo.toml: `lints.clippy.expect-used` is deprecated in favor of `lints.clippy.expect_used` and will not work in a future edition
[INFO] [stderr] warning: Cargo.toml: `lints.clippy.indexing-slicing` is deprecated in favor of `lints.clippy.indexing_slicing` and will not work in a future edition
[INFO] [stderr] warning: Cargo.toml: `lints.clippy.large-futures` is deprecated in favor of `lints.clippy.large_futures` and will not work in a future edition
[INFO] [stderr] warning: Cargo.toml: `lints.clippy.manual-string-new` is deprecated in favor of `lints.clippy.manual_string_new` and will not work in a future edition
[INFO] [stderr] warning: Cargo.toml: `lints.clippy.mem-forget` is deprecated in favor of `lints.clippy.mem_forget` and will not work in a future edition
[INFO] [stderr] warning: Cargo.toml: `lints.clippy.module-name-repetitions` is deprecated in favor of `lints.clippy.module_name_repetitions` and will not work in a future edition
[INFO] [stderr] warning: Cargo.toml: `lints.clippy.must-use-candidate` is deprecated in favor of `lints.clippy.must_use_candidate` and will not work in a future edition
[INFO] [stderr] warning: Cargo.toml: `lints.clippy.panic-in-result-fn` is deprecated in favor of `lints.clippy.panic_in_result_fn` and will not work in a future edition
[INFO] [stderr] warning: Cargo.toml: `lints.clippy.print-stderr` is deprecated in favor of `lints.clippy.print_stderr` and will not work in a future edition
[INFO] [stderr] warning: Cargo.toml: `lints.clippy.print-stdout` is deprecated in favor of `lints.clippy.print_stdout` and will not work in a future edition
[INFO] [stderr] warning: Cargo.toml: `lints.clippy.redundant-clone` is deprecated in favor of `lints.clippy.redundant_clone` and will not work in a future edition
[INFO] [stderr] warning: Cargo.toml: `lints.clippy.similar-names` is deprecated in favor of `lints.clippy.similar_names` and will not work in a future edition
[INFO] [stderr] warning: Cargo.toml: `lints.clippy.uninlined-format-args` is deprecated in favor of `lints.clippy.uninlined_format_args` and will not work in a future edition
[INFO] [stderr] warning: Cargo.toml: `lints.clippy.unwrap-used` is deprecated in favor of `lints.clippy.unwrap_used` and will not work in a future edition
[INFO] [stderr] warning: Cargo.toml: `lints.clippy.use-self` is deprecated in favor of `lints.clippy.use_self` and will not work in a future edition
[INFO] [stderr] warning: Cargo.toml: `lints.rust.missing-docs` is deprecated in favor of `lints.rust.missing_docs` and will not work in a future edition
[INFO] [stderr] warning: Cargo.toml: `lints.rust.nonstandard-style` is deprecated in favor of `lints.rust.nonstandard_style` and will not work in a future edition
[INFO] [stderr] warning: Cargo.toml: `lints.rust.redundant-lifetimes` is deprecated in favor of `lints.rust.redundant_lifetimes` and will not work in a future edition
[INFO] [stderr] warning: Cargo.toml: `lints.rust.rust-2018-idioms` is deprecated in favor of `lints.rust.rust_2018_idioms` and will not work in a future edition
[INFO] [stderr] warning: Cargo.toml: `lints.rust.unreachable-pub` is deprecated in favor of `lints.rust.unreachable_pub` and will not work in a future edition
[INFO] [stderr] warning: Cargo.toml: `lints.rust.unsafe-code` is deprecated in favor of `lints.rust.unsafe_code` and will not work in a future edition
[INFO] [stderr] warning: Cargo.toml: `lints.rust.unused-extern-crates` is deprecated in favor of `lints.rust.unused_extern_crates` and will not work in a future edition
[INFO] [stderr] warning: Cargo.toml: `lints.rust.unused-imports` is deprecated in favor of `lints.rust.unused_imports` and will not work in a future edition
[INFO] [stderr] warning: Cargo.toml: `lints.rust.unused-must-use` is deprecated in favor of `lints.rust.unused_must_use` and will not work in a future edition
[INFO] [stderr] warning: Cargo.toml: `lints.rust.unused-qualifications` is deprecated in favor of `lints.rust.unused_qualifications` and will not work in a future edition
[INFO] [stderr] warning: Cargo.toml: `lints.rust.unused-results` is deprecated in favor of `lints.rust.unused_results` and will not work in a future edition
[INFO] [stderr] warning: `xqasm` (manifest) generated 30 warnings
[INFO] [stderr]     Finished `test` profile [unoptimized + debuginfo] target(s) in 0.09s
[INFO] [stderr]      Running unittests src/lib.rs (/opt/rustwide/target/debug/deps/xqasm-ac04f76aa2f83259)
[INFO] [stdout] 
[INFO] [stdout] running 45 tests
[INFO] [stdout] test assembler::tests::energy_two_registers ... ok
[INFO] [stdout] test assembler::tests::nop_is_one_byte ... ok
[INFO] [stdout] test assembler::tests::forward_jump_label ... ok
[INFO] [stdout] test assembler::tests::backward_jumpi_label ... ok
[INFO] [stdout] test assembler::tests::halt_is_one_byte ... ok
[INFO] [stdout] test assembler::tests::bare_target_emits_raw_opcode_without_label_binding ... ok
[INFO] [stdout] test assembler::tests::jump_raw_integer_rejected ... ok
[INFO] [stdout] test assembler::tests::push_negative ... ok
[INFO] [stdout] test assembler::tests::duplicate_label_error ... ok
[INFO] [stdout] test assembler::tests::push_hex_literal ... ok
[INFO] [stdout] test assembler::tests::all_zero_arg_instructions_assemble ... ok
[INFO] [stdout] test assembler::tests::load_register ... ok
[INFO] [stdout] test assembler::tests::push_zero ... ok
[INFO] [stdout] test assembler::tests::undefined_label_error ... ok
[INFO] [stdout] test assembler::tests::target_directive_with_undefined_label_errors ... ok
[INFO] [stdout] test assembler::tests::pushc_wrong_operand_count_error ... ok
[INFO] [stdout] test assembler::tests::target_directive_duplicate_definition_errors ... ok
[INFO] [stdout] test assembler::tests::pushc_assembles_inline ... ok
[INFO] [stdout] test assembler::tests::simple_program_roundtrip ... ok
[INFO] [stdout] test parser::tests::parse_jump_integer_offset ... ok
[INFO] [stdout] test assembler::tests::target_directive_is_sugar_for_label ... ok
[INFO] [stdout] test parser::tests::parse_inline_comment ... ok
[INFO] [stdout] test assembler::tests::pushc_wrong_operand_kind_error ... ok
[INFO] [stdout] test assembler::tests::unknown_mnemonic_error ... ok
[INFO] [stdout] test parser::tests::parse_label_and_instruction_same_line ... ok
[INFO] [stdout] test parser::tests::parse_load_register ... ok
[INFO] [stdout] test parser::tests::parse_invalid_syntax_returns_error ... ok
[INFO] [stdout] test assembler::tests::wrong_operand_kind_error ... ok
[INFO] [stdout] test assembler::tests::wrong_operand_count_error ... ok
[INFO] [stdout] test parser::tests::mnemonic_mixed_case_normalized ... ok
[INFO] [stdout] test parser::tests::mnemonic_titlecase_normalized ... ok
[INFO] [stdout] test parser::tests::parse_energy_two_registers ... ok
[INFO] [stdout] test parser::tests::mnemonic_case_insensitive_program ... ok
[INFO] [stdout] test parser::tests::parse_jump_label_ref ... ok
[INFO] [stdout] test parser::tests::parse_blank_lines_ignored ... ok
[INFO] [stdout] test parser::tests::mnemonic_lowercase_normalized ... ok
[INFO] [stdout] test parser::tests::parse_label_def ... ok
[INFO] [stdout] test parser::tests::parse_push_hex ... ok
[INFO] [stdout] test parser::tests::parse_push_positive ... ok
[INFO] [stdout] test parser::tests::parse_push_negative ... ok
[INFO] [stdout] test parser::tests::parse_comment_only_line_ignored ... ok
[INFO] [stdout] test parser::tests::parse_register_out_of_range ... ok
[INFO] [stdout] test parser::tests::parse_vecpush_instruction ... ok
[INFO] [stdout] test parser::tests::parse_nop ... ok
[INFO] [stdout] test parser::tests::parse_multiline_program ... ok
[INFO] [stdout] 
[INFO] [stdout] test result: ok. 45 passed; 0 failed; 0 ignored; 0 measured; 0 filtered out; finished in 0.12s
[INFO] [stdout] 
[INFO] [stdout] 
[INFO] [stdout] running 34 tests
[INFO] [stdout] test backward_jumpi_resolves ... ok
[INFO] [stdout] test empty_program_produces_empty_buffer ... ok
[INFO] [stdout] test jump_negative_integer_is_error ... ok
[INFO] [stdout] test jump_raw_integer_is_error ... ok
[INFO] [stdout] test comment_only_produces_empty_buffer ... ok
[INFO] [stdout] test blank_lines_and_indentation_ignored ... ok
[INFO] [stdout] test energy_instruction ... ok
[INFO] [stdout] test bitwise_instructions ... ok
[INFO] [stdout] test forward_jump_resolves ... ok
[INFO] [stderr]      Running tests/integration.rs (/opt/rustwide/target/debug/deps/integration-77a990cd92bbd32d)
[INFO] [stdout] test case_insensitive_jump_mnemonics ... ok
[INFO] [stdout] test hex_and_decimal_literals ... ok
[INFO] [stdout] test inline_comments_ignored ... ok
[INFO] [stdout] test mixed_case_mnemonics_assemble ... ok
[INFO] [stdout] test push_and_halt ... ok
[INFO] [stdout] test register_out_of_range_parse_error ... ok
[INFO] [stdout] test integer_where_register_expected_is_error ... ok
[INFO] [stdout] test duplicate_label_is_error ... ok
[INFO] [stdout] test arithmetic_sequence ... ok
[INFO] [stdout] test lowercase_mnemonics_assemble ... ok
[INFO] [stdout] test mixed_case_produces_same_bytecode_as_uppercase ... ok
[INFO] [stdout] test multiple_labels_and_jumps ... ok
[INFO] [stdout] test label_on_same_line_as_instruction ... ok
[INFO] [stdout] test single_halt ... ok
[INFO] [stdout] test register_where_integer_expected_is_error ... ok
[INFO] [stdout] test stow_and_load_roundtrip ... ok
[INFO] [stdout] test raw_integer_for_jump_is_error ... ok
[INFO] [stdout] test undefined_label_is_error ... ok
[INFO] [stdout] test vec_operations ... ok
[INFO] [stdout] test push_large_value_encodes_inline ... ok
[INFO] [stdout] test wrong_operand_count_is_error ... ok
[INFO] [stdout] test bqmx_allocate ... ok
[INFO] [stdout] test max_register_r255 ... ok
[INFO] [stdout] test setquad_instruction ... ok
[INFO] [stdout] test unknown_mnemonic_is_error ... ok
[INFO] [stdout] 
[INFO] [stdout] test result: ok. 34 passed; 0 failed; 0 ignored; 0 measured; 0 filtered out; finished in 0.02s
[INFO] [stdout] 
[INFO] [stderr]      Running tests/verify_vectors.rs (/opt/rustwide/target/debug/deps/verify_vectors-6ed252d804d51b21)
[INFO] [stdout] 
[INFO] [stdout] running 1 test
[INFO] [stdout] test verify_vectors ... FAILED
[INFO] [stdout] 
[INFO] [stdout] failures:
[INFO] [stdout] 
[INFO] [stdout] ---- verify_vectors stdout ----
[INFO] [stdout] 
[INFO] [stdout] thread 'verify_vectors' (1391) panicked at tests/verify_vectors.rs:95:31:
[INFO] [stdout] cannot read /opt/rustwide/conformance/vectors: No such file or directory (os error 2)
[INFO] [stdout] stack backtrace:
[INFO] [stdout]    0:     0x60e2d61022a1 - std[70759c8f55707aa4]::backtrace_rs::backtrace::libunwind::trace
[INFO] [stdout]                                at /rustc/dfb0accb7f508ae8be965d8629557221c889dd98/library/std/src/../../backtrace/src/backtrace/libunwind.rs:117:9
[INFO] [stdout]    1:     0x60e2d61022a1 - std[70759c8f55707aa4]::backtrace_rs::backtrace::trace_unsynchronized::<std[70759c8f55707aa4]::sys::backtrace::_print_fmt::{closure#1}>
[INFO] [stdout]                                at /rustc/dfb0accb7f508ae8be965d8629557221c889dd98/library/std/src/../../backtrace/src/backtrace/mod.rs:66:14
[INFO] [stdout]    2:     0x60e2d61022a1 - std[70759c8f55707aa4]::sys::backtrace::_print_fmt
[INFO] [stdout]                                at /rustc/dfb0accb7f508ae8be965d8629557221c889dd98/library/std/src/sys/backtrace.rs:74:9
[INFO] [stdout]    3:     0x60e2d61022a1 - <<std[70759c8f55707aa4]::sys::backtrace::BacktraceLock>::print::DisplayBacktrace as core[df12db4294e9bfd3]::fmt::Display>::fmt
[INFO] [stdout]                                at /rustc/dfb0accb7f508ae8be965d8629557221c889dd98/library/std/src/sys/backtrace.rs:44:26
[INFO] [stdout]    4:     0x60e2d6116f9a - <core[df12db4294e9bfd3]::fmt::rt::Argument>::fmt
[INFO] [stdout]                                at /rustc/dfb0accb7f508ae8be965d8629557221c889dd98/library/core/src/fmt/rt.rs:152:76
[INFO] [stdout]    5:     0x60e2d6116f9a - core[df12db4294e9bfd3]::fmt::write
[INFO] [stdout]    6:     0x60e2d6106a2c - core[df12db4294e9bfd3]::io::write::default_write_fmt::<alloc[2182bb758b4b3781]::vec::Vec<u8>>
[INFO] [stdout]                                at /rustc/dfb0accb7f508ae8be965d8629557221c889dd98/library/core/src/io/write.rs:402:11
[INFO] [stdout]    7:     0x60e2d6106a2c - <alloc[2182bb758b4b3781]::vec::Vec<u8> as core[df12db4294e9bfd3]::io::write::Write>::write_fmt
[INFO] [stdout]                                at /rustc/dfb0accb7f508ae8be965d8629557221c889dd98/library/core/src/io/write.rs:335:13
[INFO] [stdout]    8:     0x60e2d60dde16 - <std[70759c8f55707aa4]::sys::backtrace::BacktraceLock>::print
[INFO] [stdout]                                at /rustc/dfb0accb7f508ae8be965d8629557221c889dd98/library/std/src/sys/backtrace.rs:47:9
[INFO] [stdout]    9:     0x60e2d60dde16 - std[70759c8f55707aa4]::panicking::default_hook::{closure#0}
[INFO] [stdout]                                at /rustc/dfb0accb7f508ae8be965d8629557221c889dd98/library/std/src/panicking.rs:292:27
[INFO] [stdout]   10:     0x60e2d60fa489 - std[70759c8f55707aa4]::panicking::default_hook
[INFO] [stdout]                                at /rustc/dfb0accb7f508ae8be965d8629557221c889dd98/library/std/src/panicking.rs:316:9
[INFO] [stdout]   11:     0x60e2d5fb7f00 - <alloc[2182bb758b4b3781]::boxed::Box<dyn for<'a, 'b> core[df12db4294e9bfd3]::ops::function::Fn<(&'a std[70759c8f55707aa4]::panic::PanicHookInfo<'b>,), Output = ()> + core[df12db4294e9bfd3]::marker::Send + core[df12db4294e9bfd3]::marker::Sync> as core[df12db4294e9bfd3]::ops::function::Fn<(&std[70759c8f55707aa4]::panic::PanicHookInfo,)>>::call
[INFO] [stdout]                                at /rustc/dfb0accb7f508ae8be965d8629557221c889dd98/library/alloc/src/boxed.rs:2334:9
[INFO] [stdout]   12:     0x60e2d5fb7f00 - test[9d35eded1c95d3be]::test_main_inner::<test[9d35eded1c95d3be]::test_main_static::{closure#0}>::{closure#0}
[INFO] [stdout]                                at /rustc/dfb0accb7f508ae8be965d8629557221c889dd98/library/test/src/lib.rs:155:21
[INFO] [stdout]   13:     0x60e2d60fa642 - <alloc[2182bb758b4b3781]::boxed::Box<dyn for<'a, 'b> core[df12db4294e9bfd3]::ops::function::Fn<(&'a std[70759c8f55707aa4]::panic::PanicHookInfo<'b>,), Output = ()> + core[df12db4294e9bfd3]::marker::Send + core[df12db4294e9bfd3]::marker::Sync> as core[df12db4294e9bfd3]::ops::function::Fn<(&std[70759c8f55707aa4]::panic::PanicHookInfo,)>>::call
[INFO] [stdout]                                at /rustc/dfb0accb7f508ae8be965d8629557221c889dd98/library/alloc/src/boxed.rs:2334:9
[INFO] [stdout]   14:     0x60e2d60fa642 - std[70759c8f55707aa4]::panicking::panic_with_hook
[INFO] [stdout]                                at /rustc/dfb0accb7f508ae8be965d8629557221c889dd98/library/std/src/panicking.rs:823:13
[INFO] [stdout]   15:     0x60e2d60ddec2 - std[70759c8f55707aa4]::panicking::panic_handler::{closure#0}
[INFO] [stdout]                                at /rustc/dfb0accb7f508ae8be965d8629557221c889dd98/library/std/src/panicking.rs:688:13
[INFO] [stdout]   16:     0x60e2d60d6a19 - std[70759c8f55707aa4]::sys::backtrace::__rust_end_short_backtrace::<std[70759c8f55707aa4]::panicking::panic_handler::{closure#0}, !>
[INFO] [stdout]                                at /rustc/dfb0accb7f508ae8be965d8629557221c889dd98/library/std/src/sys/backtrace.rs:182:18
[INFO] [stdout]   17:     0x60e2d60deabd - __rustc[8fa7c3cbc660c2b3]::rust_begin_unwind
[INFO] [stdout]                                at /rustc/dfb0accb7f508ae8be965d8629557221c889dd98/library/std/src/panicking.rs:679:5
[INFO] [stdout]   18:     0x60e2d611778c - core[df12db4294e9bfd3]::panicking::panic_fmt
[INFO] [stdout]                                at /rustc/dfb0accb7f508ae8be965d8629557221c889dd98/library/core/src/panicking.rs:80:14
[INFO] [stdout]   19:     0x60e2d5f94f10 - verify_vectors[13ba9f94e67f09dd]::clean_vector_dirs::{closure#0}
[INFO] [stdout]                                at /opt/rustwide/workdir/tests/verify_vectors.rs:95:31
[INFO] [stdout]   20:     0x60e2d5f93ee0 - <core[df12db4294e9bfd3]::result::Result<std[70759c8f55707aa4]::fs::ReadDir, core[df12db4294e9bfd3]::io::error::Error>>::unwrap_or_else::<verify_vectors[13ba9f94e67f09dd]::clean_vector_dirs::{closure#0}>
[INFO] [stdout]                                at /rustc/dfb0accb7f508ae8be965d8629557221c889dd98/library/core/src/result.rs:1621:23
[INFO] [stdout]   21:     0x60e2d5f95b43 - verify_vectors[13ba9f94e67f09dd]::clean_vector_dirs
[INFO] [stdout]                                at /opt/rustwide/workdir/tests/verify_vectors.rs:95:10
[INFO] [stdout]   22:     0x60e2d5f965f5 - verify_vectors[13ba9f94e67f09dd]::verify_vectors
[INFO] [stdout]                                at /opt/rustwide/workdir/tests/verify_vectors.rs:136:32
[INFO] [stdout]   23:     0x60e2d5f94e07 - verify_vectors[13ba9f94e67f09dd]::verify_vectors::{closure#0}
[INFO] [stdout]                                at /opt/rustwide/workdir/tests/verify_vectors.rs:132:20
[INFO] [stdout]   24:     0x60e2d5f98296 - <verify_vectors[13ba9f94e67f09dd]::verify_vectors::{closure#0} as core[df12db4294e9bfd3]::ops::function::FnOnce<()>>::call_once
[INFO] [stdout]                                at /rustc/dfb0accb7f508ae8be965d8629557221c889dd98/library/core/src/ops/function.rs:250:5
[INFO] [stdout]   25:     0x60e2d5fab1eb - <fn() -> core[df12db4294e9bfd3]::result::Result<(), alloc[2182bb758b4b3781]::string::String> as core[df12db4294e9bfd3]::ops::function::FnOnce<()>>::call_once
[INFO] [stdout]                                at /rustc/dfb0accb7f508ae8be965d8629557221c889dd98/library/core/src/ops/function.rs:250:5
[INFO] [stdout]   26:     0x60e2d5fab1eb - test[9d35eded1c95d3be]::__rust_begin_short_backtrace::<core[df12db4294e9bfd3]::result::Result<(), alloc[2182bb758b4b3781]::string::String>, fn() -> core[df12db4294e9bfd3]::result::Result<(), alloc[2182bb758b4b3781]::string::String>>
[INFO] [stdout]                                at /rustc/dfb0accb7f508ae8be965d8629557221c889dd98/library/test/src/lib.rs:733:18
[INFO] [stdout]   27:     0x60e2d5fb8855 - test[9d35eded1c95d3be]::run_test_in_process::{closure#0}
[INFO] [stdout]                                at /rustc/dfb0accb7f508ae8be965d8629557221c889dd98/library/test/src/lib.rs:756:74
[INFO] [stdout]   28:     0x60e2d5fb8855 - <core[df12db4294e9bfd3]::panic::unwind_safe::AssertUnwindSafe<test[9d35eded1c95d3be]::run_test_in_process::{closure#0}> as core[df12db4294e9bfd3]::ops::function::FnOnce<()>>::call_once
[INFO] [stdout]                                at /rustc/dfb0accb7f508ae8be965d8629557221c889dd98/library/core/src/panic/unwind_safe.rs:275:9
[INFO] [stdout]   29:     0x60e2d5fb8855 - std[70759c8f55707aa4]::panicking::catch_unwind::do_call::<core[df12db4294e9bfd3]::panic::unwind_safe::AssertUnwindSafe<test[9d35eded1c95d3be]::run_test_in_process::{closure#0}>, core[df12db4294e9bfd3]::result::Result<(), alloc[2182bb758b4b3781]::string::String>>
[INFO] [stdout]                                at /rustc/dfb0accb7f508ae8be965d8629557221c889dd98/library/std/src/panicking.rs:576:43
[INFO] [stdout]   30:     0x60e2d5fb8855 - std[70759c8f55707aa4]::panicking::catch_unwind::<core[df12db4294e9bfd3]::result::Result<(), alloc[2182bb758b4b3781]::string::String>, core[df12db4294e9bfd3]::panic::unwind_safe::AssertUnwindSafe<test[9d35eded1c95d3be]::run_test_in_process::{closure#0}>>
[INFO] [stdout]                                at /rustc/dfb0accb7f508ae8be965d8629557221c889dd98/library/std/src/panicking.rs:544:19
[INFO] [stdout]   31:     0x60e2d5fb8855 - std[70759c8f55707aa4]::panic::catch_unwind::<core[df12db4294e9bfd3]::panic::unwind_safe::AssertUnwindSafe<test[9d35eded1c95d3be]::run_test_in_process::{closure#0}>, core[df12db4294e9bfd3]::result::Result<(), alloc[2182bb758b4b3781]::string::String>>
[INFO] [stdout]                                at /rustc/dfb0accb7f508ae8be965d8629557221c889dd98/library/std/src/panic.rs:359:14
[INFO] [stdout]   32:     0x60e2d5fb8855 - test[9d35eded1c95d3be]::run_test_in_process
[INFO] [stdout]                                at /rustc/dfb0accb7f508ae8be965d8629557221c889dd98/library/test/src/lib.rs:756:27
[INFO] [stdout]   33:     0x60e2d5fb8855 - test[9d35eded1c95d3be]::run_test::{closure#0}
[INFO] [stdout]                                at /rustc/dfb0accb7f508ae8be965d8629557221c889dd98/library/test/src/lib.rs:677:43
[INFO] [stdout]   34:     0x60e2d5fb2114 - test[9d35eded1c95d3be]::run_test::{closure#1}
[INFO] [stdout]                                at /rustc/dfb0accb7f508ae8be965d8629557221c889dd98/library/test/src/lib.rs:707:41
[INFO] [stdout]   35:     0x60e2d5fb2114 - std[70759c8f55707aa4]::sys::backtrace::__rust_begin_short_backtrace::<test[9d35eded1c95d3be]::run_test::{closure#1}, ()>
[INFO] [stdout]                                at /rustc/dfb0accb7f508ae8be965d8629557221c889dd98/library/std/src/sys/backtrace.rs:166:18
[INFO] [stdout]   36:     0x60e2d5fbb9b2 - std[70759c8f55707aa4]::thread::lifecycle::spawn_unchecked::<test[9d35eded1c95d3be]::run_test::{closure#1}, ()>::{closure#1}::{closure#0}
[INFO] [stdout]                                at /rustc/dfb0accb7f508ae8be965d8629557221c889dd98/library/std/src/thread/lifecycle.rs:70:13
[INFO] [stdout]   37:     0x60e2d5fbb9b2 - <core[df12db4294e9bfd3]::panic::unwind_safe::AssertUnwindSafe<std[70759c8f55707aa4]::thread::lifecycle::spawn_unchecked<test[9d35eded1c95d3be]::run_test::{closure#1}, ()>::{closure#1}::{closure#0}> as core[df12db4294e9bfd3]::ops::function::FnOnce<()>>::call_once
[INFO] [stdout]                                at /rustc/dfb0accb7f508ae8be965d8629557221c889dd98/library/core/src/panic/unwind_safe.rs:275:9
[INFO] [stdout]   38:     0x60e2d5fbb9b2 - std[70759c8f55707aa4]::panicking::catch_unwind::do_call::<core[df12db4294e9bfd3]::panic::unwind_safe::AssertUnwindSafe<std[70759c8f55707aa4]::thread::lifecycle::spawn_unchecked<test[9d35eded1c95d3be]::run_test::{closure#1}, ()>::{closure#1}::{closure#0}>, ()>
[INFO] [stdout]                                at /rustc/dfb0accb7f508ae8be965d8629557221c889dd98/library/std/src/panicking.rs:576:43
[INFO] [stdout]   39:     0x60e2d5fbb9b2 - std[70759c8f55707aa4]::panicking::catch_unwind::<(), core[df12db4294e9bfd3]::panic::unwind_safe::AssertUnwindSafe<std[70759c8f55707aa4]::thread::lifecycle::spawn_unchecked<test[9d35eded1c95d3be]::run_test::{closure#1}, ()>::{closure#1}::{closure#0}>>
[INFO] [stdout]                                at /rustc/dfb0accb7f508ae8be965d8629557221c889dd98/library/std/src/panicking.rs:544:19
[INFO] [stdout]   40:     0x60e2d5fbb9b2 - std[70759c8f55707aa4]::panic::catch_unwind::<core[df12db4294e9bfd3]::panic::unwind_safe::AssertUnwindSafe<std[70759c8f55707aa4]::thread::lifecycle::spawn_unchecked<test[9d35eded1c95d3be]::run_test::{closure#1}, ()>::{closure#1}::{closure#0}>, ()>
[INFO] [stdout]                                at /rustc/dfb0accb7f508ae8be965d8629557221c889dd98/library/std/src/panic.rs:359:14
[INFO] [stdout]   41:     0x60e2d5fbb9b2 - std[70759c8f55707aa4]::thread::lifecycle::spawn_unchecked::<test[9d35eded1c95d3be]::run_test::{closure#1}, ()>::{closure#1}
[INFO] [stdout]                                at /rustc/dfb0accb7f508ae8be965d8629557221c889dd98/library/std/src/thread/lifecycle.rs:68:26
[INFO] [stdout]   42:     0x60e2d5fbb9b2 - <std[70759c8f55707aa4]::thread::lifecycle::spawn_unchecked<test[9d35eded1c95d3be]::run_test::{closure#1}, ()>::{closure#1} as core[df12db4294e9bfd3]::ops::function::FnOnce<()>>::call_once::{shim:vtable#0}
[INFO] [stdout]                                at /rustc/dfb0accb7f508ae8be965d8629557221c889dd98/library/core/src/ops/function.rs:250:5
[INFO] [stdout]   43:     0x60e2d6101809 - <alloc[2182bb758b4b3781]::boxed::Box<dyn core[df12db4294e9bfd3]::ops::function::FnOnce<(), Output = ()> + core[df12db4294e9bfd3]::marker::Send> as core[df12db4294e9bfd3]::ops::function::FnOnce<()>>::call_once
[INFO] [stdout]                                at /rustc/dfb0accb7f508ae8be965d8629557221c889dd98/library/alloc/src/boxed.rs:2320:9
[INFO] [stdout]   44:     0x60e2d6101809 - <std[70759c8f55707aa4]::sys::thread::unix::Thread>::new::thread_start
[INFO] [stdout]                                at /rustc/dfb0accb7f508ae8be965d8629557221c889dd98/library/std/src/sys/thread/unix.rs:123:17
[INFO] [stdout]   45:     0x79480ca97dfa - <unknown>
[INFO] [stdout]   46:     0x79480cb2b3d4 - clone
[INFO] [stdout]   47:                0x0 - <unknown>
[INFO] [stdout] 
[INFO] [stdout] 
[INFO] [stdout] failures:
[INFO] [stdout]     verify_vectors
[INFO] [stdout] 
[INFO] [stdout] test result: FAILED. 0 passed; 1 failed; 0 ignored; 0 measured; 0 filtered out; finished in 0.06s
[INFO] [stdout] 
[INFO] [stderr] error: test failed, to rerun pass `--test verify_vectors`
[INFO] running `Command { std: "docker" "inspect" "e13dc2fb5ba1de8b51f10233fcb873965472190af7a3561bc8d77e53417430a5", kill_on_drop: false }`
[INFO] running `Command { std: "docker" "rm" "-f" "e13dc2fb5ba1de8b51f10233fcb873965472190af7a3561bc8d77e53417430a5", kill_on_drop: false }`
[INFO] [stdout] e13dc2fb5ba1de8b51f10233fcb873965472190af7a3561bc8d77e53417430a5
