[INFO] fetching crate xnn 0.2.0...
[INFO] testing xnn-0.2.0 against 1.100.0-beta.1 for beta-1.100-2
[INFO] extracting crate xnn 0.2.0 into /workspace/builds/worker-3-tc2/source
[INFO] started tweaking crates.io crate xnn 0.2.0
[INFO] removed 0 missing examples
[INFO] removed 0 missing tests
[INFO] finished tweaking crates.io crate xnn 0.2.0
[INFO] tweaked toml for crates.io crate xnn 0.2.0 written to /workspace/builds/worker-3-tc2/source/Cargo.toml
[INFO] validating manifest of crates.io crate xnn 0.2.0 on toolchain 1.100.0-beta.1
[INFO] running `Command { std: CARGO_HOME="/workspace/cargo-home" RUSTUP_HOME="/workspace/rustup-home" "/workspace/cargo-home/bin/cargo" "+1.100.0-beta.1" "metadata" "--manifest-path" "Cargo.toml" "--no-deps", kill_on_drop: false }`
[INFO] crate crates.io crate xnn 0.2.0 already has a lockfile, it will not be regenerated
[INFO] running `Command { std: CARGO_HOME="/workspace/cargo-home" RUSTUP_HOME="/workspace/rustup-home" "/workspace/cargo-home/bin/cargo" "+1.100.0-beta.1" "fetch" "--manifest-path" "Cargo.toml", kill_on_drop: false }`
[INFO] running `Command { std: "docker" "create" "-v" "/var/lib/crater-agent-workspace/builds/worker-3-tc2/source:/opt/rustwide/workdir:ro,Z" "-v" "/var/lib/crater-agent-workspace/builds/worker-3-tc2/target:/opt/rustwide/target:rw,Z" "-v" "/var/lib/crater-agent-workspace/cargo-home:/opt/rustwide/cargo-home:ro,Z" "-v" "/var/lib/crater-agent-workspace/rustup-home:/opt/rustwide/rustup-home:ro,Z" "-m" "1610612736" "--network" "none" "ghcr.io/rust-lang/crates-build-env/linux@sha256:3111399a4047eeb3a02b7a90e478d715f38a8c6669b5c4b49d30a17385265909" "sleep" "infinity", kill_on_drop: false }`
[INFO] [stdout] e4a02ca1bb9f34f985b1ed8cb452bde817bfbc3debe373f0365269c6a9df7dcc
[INFO] running `Command { std: "docker" "start" "e4a02ca1bb9f34f985b1ed8cb452bde817bfbc3debe373f0365269c6a9df7dcc", kill_on_drop: false }`
[INFO] running `Command { std: "docker" "inspect" "e4a02ca1bb9f34f985b1ed8cb452bde817bfbc3debe373f0365269c6a9df7dcc", kill_on_drop: false }`
[INFO] running `Command { std: "docker" "exec" "-e" "SOURCE_DIR=/opt/rustwide/workdir" "-e" "CARGO_HOME=/opt/rustwide/cargo-home" "-e" "RUSTUP_HOME=/opt/rustwide/rustup-home" "-e" "CARGO_TARGET_DIR=/opt/rustwide/target" "-w" "/opt/rustwide/workdir" "--user" "0:0" "e4a02ca1bb9f34f985b1ed8cb452bde817bfbc3debe373f0365269c6a9df7dcc" "/opt/rustwide/cargo-home/bin/cargo" "+1.100.0-beta.1" "metadata" "--no-deps" "--format-version=1", kill_on_drop: false }`
[INFO] running `Command { std: "docker" "inspect" "e4a02ca1bb9f34f985b1ed8cb452bde817bfbc3debe373f0365269c6a9df7dcc", kill_on_drop: false }`
[INFO] running `Command { std: "docker" "exec" "-e" "SOURCE_DIR=/opt/rustwide/workdir" "-e" "CARGO_HOME=/opt/rustwide/cargo-home" "-e" "RUSTUP_HOME=/opt/rustwide/rustup-home" "-e" "CARGO_TARGET_DIR=/opt/rustwide/target" "-e" "CARGO_INCREMENTAL=0" "-e" "RUST_BACKTRACE=full" "-e" "RUSTFLAGS=--cap-lints=warn" "-e" "RUSTDOCFLAGS=--cap-lints=warn" "-w" "/opt/rustwide/workdir" "--user" "0:0" "e4a02ca1bb9f34f985b1ed8cb452bde817bfbc3debe373f0365269c6a9df7dcc" "/opt/rustwide/cargo-home/bin/cargo" "+1.100.0-beta.1" "build" "--frozen" "--message-format=json", kill_on_drop: false }`
[INFO] [stderr]    Compiling unicode-ident v1.0.22
[INFO] [stderr]    Compiling libm v0.2.15
[INFO] [stderr]    Compiling libc v0.2.178
[INFO] [stderr]    Compiling zerocopy v0.8.31
[INFO] [stderr]    Compiling thiserror v2.0.17
[INFO] [stderr]    Compiling naga v28.0.0
[INFO] [stderr]    Compiling bit-vec v0.8.0
[INFO] [stderr]    Compiling smallvec v1.15.1
[INFO] [stderr]    Compiling ash v0.38.0+1.3.281
[INFO] [stderr]    Compiling indexmap v2.12.1
[INFO] [stderr]    Compiling gpu-descriptor-types v0.2.0
[INFO] [stderr]    Compiling codespan-reporting v0.12.0
[INFO] [stderr]    Compiling wgpu-hal v28.0.0
[INFO] [stderr]    Compiling spirv v0.3.0+sdk-1.3.268.0
[INFO] [stderr]    Compiling once_cell v1.21.3
[INFO] [stderr]    Compiling profiling v1.0.17
[INFO] [stderr]    Compiling proc-macro2 v1.0.103
[INFO] [stderr]    Compiling glow v0.16.0
[INFO] [stderr]    Compiling bit-set v0.8.0
[INFO] [stderr]    Compiling gpu-descriptor v0.3.2
[INFO] [stderr]    Compiling raw-window-handle v0.6.2
[INFO] [stderr]    Compiling wgpu-core v28.0.0
[INFO] [stderr]    Compiling document-features v0.2.12
[INFO] [stderr]    Compiling wgpu v28.0.0
[INFO] [stderr]    Compiling static_assertions v1.1.0
[INFO] [stderr]    Compiling futures-core v0.3.31
[INFO] [stderr]    Compiling spin v0.10.0
[INFO] [stderr]    Compiling pollster v0.4.0
[INFO] [stderr]    Compiling futures-channel v0.3.31
[INFO] [stderr]    Compiling quote v1.0.42
[INFO] [stderr]    Compiling syn v2.0.111
[INFO] [stderr]    Compiling num-traits v0.2.19
[INFO] [stderr]    Compiling parking_lot_core v0.9.12
[INFO] [stderr]    Compiling khronos-egl v6.0.0
[INFO] [stderr]    Compiling parking_lot v0.12.5
[INFO] [stderr]    Compiling ordered-float v5.1.0
[INFO] [stderr]    Compiling zerocopy-derive v0.8.31
[INFO] [stderr]    Compiling thiserror-impl v2.0.17
[INFO] [stderr]    Compiling bytemuck_derive v1.10.2
[INFO] [stderr]    Compiling bytemuck v1.24.0
[INFO] [stderr]    Compiling wgpu-types v28.0.0
[INFO] [stderr]    Compiling half v2.7.1
[INFO] [stderr]    Compiling gpu-allocator v0.28.0
[INFO] [stderr]    Compiling wgpu-core-deps-windows-linux-android v28.0.0
[INFO] [stderr]    Compiling xnn v0.2.0 (/opt/rustwide/workdir)
[INFO] [stderr]     Finished `dev` profile [unoptimized + debuginfo] target(s) in 22.41s
[INFO] [stderr] warning: the following packages contain code that will be rejected by a future version of Rust: naga v28.0.0, wgpu v28.0.0, wgpu-core v28.0.0, wgpu-hal v28.0.0
[INFO] [stderr] note: to see what the problems were, use the option `--future-incompat-report`, or run `cargo report future-incompatibilities --id 3`
[INFO] running `Command { std: "docker" "inspect" "e4a02ca1bb9f34f985b1ed8cb452bde817bfbc3debe373f0365269c6a9df7dcc", kill_on_drop: false }`
[INFO] running `Command { std: "docker" "exec" "-e" "SOURCE_DIR=/opt/rustwide/workdir" "-e" "CARGO_HOME=/opt/rustwide/cargo-home" "-e" "RUSTUP_HOME=/opt/rustwide/rustup-home" "-e" "CARGO_TARGET_DIR=/opt/rustwide/target" "-e" "CARGO_INCREMENTAL=0" "-e" "RUST_BACKTRACE=full" "-e" "RUSTFLAGS=--cap-lints=warn" "-e" "RUSTDOCFLAGS=--cap-lints=warn" "-w" "/opt/rustwide/workdir" "--user" "0:0" "e4a02ca1bb9f34f985b1ed8cb452bde817bfbc3debe373f0365269c6a9df7dcc" "/opt/rustwide/cargo-home/bin/cargo" "+1.100.0-beta.1" "test" "--frozen" "--no-run" "--message-format=json", kill_on_drop: false }`
[INFO] [stderr]    Compiling num-traits v0.2.19
[INFO] [stderr]    Compiling find-msvc-tools v0.1.6
[INFO] [stderr]    Compiling serde_derive v1.0.228
[INFO] [stderr]    Compiling regex-syntax v0.8.8
[INFO] [stderr]    Compiling ppv-lite86 v0.2.21
[INFO] [stderr]    Compiling rand_core v0.9.3
[INFO] [stderr]    Compiling serde_json v1.0.145
[INFO] [stderr]    Compiling page_size v0.6.0
[INFO] [stderr]    Compiling criterion-plot v0.8.1
[INFO] [stderr]    Compiling cc v1.2.51
[INFO] [stderr]    Compiling rand_chacha v0.9.0
[INFO] [stderr]    Compiling rand v0.9.2
[INFO] [stderr]    Compiling half v2.7.1
[INFO] [stderr]    Compiling ordered-float v5.1.0
[INFO] [stderr]    Compiling approx v0.5.1
[INFO] [stderr]    Compiling naga v28.0.0
[INFO] [stderr]    Compiling ciborium-ll v0.2.2
[INFO] [stderr]    Compiling alloca v0.4.0
[INFO] [stderr]    Compiling regex-automata v0.4.13
[INFO] [stderr]    Compiling serde v1.0.228
[INFO] [stderr]    Compiling regex v1.12.2
[INFO] [stderr]    Compiling tinytemplate v1.2.1
[INFO] [stderr]    Compiling ciborium v0.2.2
[INFO] [stderr]    Compiling criterion v0.8.1
[INFO] [stderr]    Compiling wgpu-hal v28.0.0
[INFO] [stderr]    Compiling wgpu-core-deps-windows-linux-android v28.0.0
[INFO] [stderr]    Compiling wgpu-core v28.0.0
[INFO] [stderr]    Compiling wgpu v28.0.0
[INFO] [stderr]    Compiling xnn v0.2.0 (/opt/rustwide/workdir)
[INFO] [stderr]     Finished `test` profile [unoptimized + debuginfo] target(s) in 20.12s
[INFO] [stderr] warning: the following packages contain code that will be rejected by a future version of Rust: naga v28.0.0, wgpu v28.0.0, wgpu-core v28.0.0, wgpu-hal v28.0.0
[INFO] [stderr] note: to see what the problems were, use the option `--future-incompat-report`, or run `cargo report future-incompatibilities --id 3`
[INFO] running `Command { std: "docker" "inspect" "e4a02ca1bb9f34f985b1ed8cb452bde817bfbc3debe373f0365269c6a9df7dcc", kill_on_drop: false }`
[INFO] running `Command { std: "docker" "exec" "-e" "SOURCE_DIR=/opt/rustwide/workdir" "-e" "CARGO_HOME=/opt/rustwide/cargo-home" "-e" "RUSTUP_HOME=/opt/rustwide/rustup-home" "-e" "CARGO_TARGET_DIR=/opt/rustwide/target" "-e" "CARGO_INCREMENTAL=0" "-e" "RUST_BACKTRACE=full" "-e" "RUSTFLAGS=--cap-lints=warn" "-e" "RUSTDOCFLAGS=--cap-lints=warn" "-w" "/opt/rustwide/workdir" "--user" "0:0" "e4a02ca1bb9f34f985b1ed8cb452bde817bfbc3debe373f0365269c6a9df7dcc" "/opt/rustwide/cargo-home/bin/cargo" "+1.100.0-beta.1" "test" "--frozen", kill_on_drop: false }`
[INFO] [stderr]     Finished `test` profile [unoptimized + debuginfo] target(s) in 0.20s
[INFO] [stderr] warning: the following packages contain code that will be rejected by a future version of Rust: naga v28.0.0, wgpu v28.0.0, wgpu-core v28.0.0, wgpu-hal v28.0.0
[INFO] [stderr] note: to see what the problems were, use the option `--future-incompat-report`, or run `cargo report future-incompatibilities --id 3`
[INFO] [stderr]      Running unittests src/lib.rs (/opt/rustwide/target/debug/build/xnn/f1162bcc9936df00/out/xnn-f1162bcc9936df00)
[INFO] [stdout] 
[INFO] [stdout] running 25 tests
[INFO] [stdout] test tensor::layout::tests::test_broadcast_empty ... ok
[INFO] [stdout] test tensor::layout::tests::test_broadcast_single ... ok
[INFO] [stdout] test tensor::layout::tests::test_broadcast_incompatible ... ok
[INFO] [stdout] test tensor::layout::tests::test_broadcast_strides_scalar ... ok
[INFO] [stdout] test tensor::layout::tests::test_broadcast_strides_multi_expand ... ok
[INFO] [stdout] test tensor::layout::tests::test_broadcast_strides_same ... ok
[INFO] [stdout] test tensor::layout::tests::test_broadcast_strides_expand ... ok
[INFO] [stdout] test tensor::layout::tests::test_broadcast_strides_trailing ... ok
[INFO] [stdout] test tensor::layout::tests::test_broadcast_three_incompatible ... ok
[INFO] [stdout] test tensor::layout::tests::test_broadcast_three ... ok
[INFO] [stdout] test tensor::layout::tests::test_broadcast_two_expand ... ok
[INFO] [stdout] test tensor::layout::tests::test_broadcast_two_multi_expand ... ok
[INFO] [stdout] test tensor::layout::tests::test_broadcast_two_same ... ok
[INFO] [stdout] test tensor::layout::tests::test_broadcast_two_scalar ... ok
[INFO] [stdout] test tensor::layout::tests::test_broadcast_two_trailing ... ok
[INFO] [stdout] test tensor::layout::tests::test_from_dimensions ... ok
[INFO] [stdout] test tensor::layout::tests::test_offset ... ok
[INFO] [stdout] test tensor::layout::tests::test_size ... ok
[INFO] [stdout] test tensor::layout::tests::test_strides ... ok
[INFO] [stdout] test tensor::layout::tests::test_dimensions ... ok
[INFO] [stderr] error: XDG_RUNTIME_DIR is invalid or not set in the environment.
[INFO] [stderr] error: XDG_RUNTIME_DIR is invalid or not set in the environment.
[INFO] [stderr] error: XDG_RUNTIME_DIR is invalid or not set in the environment.
[INFO] [stderr] error: XDG_RUNTIME_DIR is invalid or not set in the environment.
[INFO] [stderr] error: XDG_RUNTIME_DIR is invalid or not set in the environment.
[INFO] [stdout] test device::buffer::tests::test_is_empty ... ok
[INFO] [stdout] test device::buffer::tests::test_debug ... ok
[INFO] [stdout] test device::buffer::tests::test_len ... ok
[INFO] [stdout] test device::buffer::tests::test_byte_size ... ok
[INFO] [stdout] test device::buffer::tests::test_new ... ok
[INFO] [stdout] 
[INFO] [stdout] test result: ok. 25 passed; 0 failed; 0 ignored; 0 measured; 0 filtered out; finished in 0.28s
[INFO] [stdout] 
[INFO] [stderr]      Running tests/device/main.rs (/opt/rustwide/target/debug/build/xnn/c7874a737532375c/out/device-c7874a737532375c)
[INFO] [stdout] 
[INFO] [stdout] running 5 tests
[INFO] [stderr] error: XDG_RUNTIME_DIR is invalid or not set in the environment.
[INFO] [stderr] error: XDG_RUNTIME_DIR is invalid or not set in the environment.
[INFO] [stderr] error: XDG_RUNTIME_DIR is invalid or not set in the environment.
[INFO] [stderr] error: XDG_RUNTIME_DIR is invalid or not set in the environment.
[INFO] [stderr] error: XDG_RUNTIME_DIR is invalid or not set in the environment.
[INFO] [stdout] test context::test_from_adapter_index ... ok
[INFO] [stdout] test context::test_clone ... ok
[INFO] [stdout] test context::test_try_default ... ok
[INFO] [stdout] test context::test_poll ... ok
[INFO] [stdout] test context::test_debug ... ok
[INFO] [stdout] 
[INFO] [stdout] test result: ok. 5 passed; 0 failed; 0 ignored; 0 measured; 0 filtered out; finished in 0.27s
[INFO] [stdout] 
[INFO] [stderr]      Running tests/tensor/main.rs (/opt/rustwide/target/debug/build/xnn/3c10090cc8f7a56d/out/tensor-3c10090cc8f7a56d)
[INFO] [stdout] 
[INFO] [stdout] running 657 tests
[INFO] [stderr] error: XDG_RUNTIME_DIR is invalid or not set in the environment.
[INFO] [stderr] error: XDG_RUNTIME_DIR is invalid or not set in the environment.
[INFO] [stderr] error: XDG_RUNTIME_DIR is invalid or not set in the environment.
[INFO] [stderr] error: XDG_RUNTIME_DIR is invalid or not set in the environment.
[INFO] [stderr] error: XDG_RUNTIME_DIR is invalid or not set in the environment.
[INFO] [stderr] error: XDG_RUNTIME_DIR is invalid or not set in the environment.
[INFO] [stderr] error: XDG_RUNTIME_DIR is invalid or not set in the environment.
[INFO] [stderr] error: XDG_RUNTIME_DIR is invalid or not set in the environment.
[INFO] [stderr] error: XDG_RUNTIME_DIR is invalid or not set in the environment.
[INFO] [stderr] error: XDG_RUNTIME_DIR is invalid or not set in the environment.
[INFO] [stderr] error: XDG_RUNTIME_DIR is invalid or not set in the environment.
[INFO] [stderr] error: XDG_RUNTIME_DIR is invalid or not set in the environment.
[INFO] [stderr] error: XDG_RUNTIME_DIR is invalid or not set in the environment.
[INFO] [stderr] error: XDG_RUNTIME_DIR is invalid or not set in the environment.
[INFO] [stderr] error: XDG_RUNTIME_DIR is invalid or not set in the environment.
[INFO] [stderr] error: XDG_RUNTIME_DIR is invalid or not set in the environment.
[INFO] [stdout] test constant::test_constant_empty_value_error ... ok
[INFO] [stdout] test constant::test_constant_broadcast_i32 ... ok
[INFO] [stdout] test constant::test_constant_non_aligned ... ok
[INFO] [stdout] test copy::test_copy_independence ... ok
[INFO] [stdout] test copy::test_copy_f32 ... ok
[INFO] [stdout] test constant::test_constant_length_mismatch_error ... ok
[INFO] [stderr] error: XDG_RUNTIME_DIR is invalid or not set in the environment.
[INFO] [stderr] error: XDG_RUNTIME_DIR is invalid or not set in the environment.
[INFO] [stderr] error: XDG_RUNTIME_DIR is invalid or not set in the environment.
[INFO] [stderr] error: XDG_RUNTIME_DIR is invalid or not set in the environment.
[INFO] [stdout] test constant::test_constant_broadcast_2d ... ok
[INFO] [stderr] error: XDG_RUNTIME_DIR is invalid or not set in the environment.
[INFO] [stderr] error: XDG_RUNTIME_DIR is invalid or not set in the environment.
[INFO] [stdout] test copy::test_copy_i32 ... ok
[INFO] [stdout] test constant::test_constant_exact_fill ... ok
[INFO] [stderr] error: XDG_RUNTIME_DIR is invalid or not set in the environment.
[INFO] [stdout] test copy::test_copy_2d ... ok
[INFO] [stdout] test constant::test_constant_exact_fill_2d ... ok
[INFO] [stderr] error: XDG_RUNTIME_DIR is invalid or not set in the environment.
[INFO] [stdout] test constant::test_constant_broadcast_f32 ... ok
[INFO] [stdout] test constant::test_constant_broadcast_u32 ... ok
[INFO] [stderr] error: XDG_RUNTIME_DIR is invalid or not set in the environment.
[INFO] [stderr] error: XDG_RUNTIME_DIR is invalid or not set in the environment.
[INFO] [stderr] error: XDG_RUNTIME_DIR is invalid or not set in the environment.
[INFO] [stderr] error: XDG_RUNTIME_DIR is invalid or not set in the environment.
[INFO] [stderr] error: XDG_RUNTIME_DIR is invalid or not set in the environment.
[INFO] [stdout] test constant::test_constant_zero_dimension_error ... ok
[INFO] [stdout] test constant::test_constant_scalar ... ok
[INFO] [stderr] error: XDG_RUNTIME_DIR is invalid or not set in the environment.
[INFO] [stderr] error: XDG_RUNTIME_DIR is invalid or not set in the environment.
[INFO] [stdout] test copy::test_copy_scalar ... ok
[INFO] [stdout] test copy::test_copy_non_aligned ... ok
[INFO] [stderr] error: XDG_RUNTIME_DIR is invalid or not set in the environment.
[INFO] [stdout] test from_shape_slice::test_from_shape_slice_3d ... ok
[INFO] [stderr] error: XDG_RUNTIME_DIR is invalid or not set in the environment.
[INFO] [stdout] test copy::test_copy_u32 ... ok
[INFO] [stdout] test from_shape_slice::test_from_shape_slice_f32 ... ok
[INFO] [stdout] test from_shape_slice::test_from_shape_slice_u32 ... ok
[INFO] [stderr] error: XDG_RUNTIME_DIR is invalid or not set in the environment.
[INFO] [stderr] error: XDG_RUNTIME_DIR is invalid or not set in the environment.
[INFO] [stdout] test from_slice::test_from_slice_empty_error ... ok
[INFO] [stdout] test from_shape_slice::test_from_shape_slice_i32 ... ok
[INFO] [stdout] test from_slice::test_from_slice_f32 ... ok
[INFO] [stdout] test from_shape_slice::test_from_shape_slice_1d ... ok
[INFO] [stdout] test from_slice::test_from_slice_i32 ... ok
[INFO] [stderr] error: XDG_RUNTIME_DIR is invalid or not set in the environment.
[INFO] [stderr] error: XDG_RUNTIME_DIR is invalid or not set in the environment.
[INFO] [stderr] error: XDG_RUNTIME_DIR is invalid or not set in the environment.
[INFO] [stderr] error: XDG_RUNTIME_DIR is invalid or not set in the environment.
[INFO] [stderr] error: XDG_RUNTIME_DIR is invalid or not set in the environment.
[INFO] [stderr] error: XDG_RUNTIME_DIR is invalid or not set in the environment.
[INFO] [stdout] test from_shape_slice::test_from_shape_slice_length_mismatch ... ok
[INFO] [stderr] error: XDG_RUNTIME_DIR is invalid or not set in the environment.
[INFO] [stdout] test from_slice::test_from_slice_non_aligned ... ok
[INFO] [stdout] test from_shape_slice::test_from_shape_slice_scalar ... ok
[INFO] [stderr] error: XDG_RUNTIME_DIR is invalid or not set in the environment.
[INFO] [stdout] test from_slice::test_from_slice_single ... ok
[INFO] [stderr] error: XDG_RUNTIME_DIR is invalid or not set in the environment.
[INFO] [stderr] error: XDG_RUNTIME_DIR is invalid or not set in the environment.
[INFO] [stderr] error: XDG_RUNTIME_DIR is invalid or not set in the environment.
[INFO] [stdout] test constant::test_constant_large ... ok
[INFO] [stdout] test from_slice::test_from_slice_u32 ... ok
[INFO] [stderr] error: XDG_RUNTIME_DIR is invalid or not set in the environment.
[INFO] [stderr] error: XDG_RUNTIME_DIR is invalid or not set in the environment.
[INFO] [stdout] test linalg::matmul::test_matmul_error_batch_incompatible ... ok
[INFO] [stdout] test linalg::matmul::test_matmul_error_rank_too_low ... ok
[INFO] [stdout] test linalg::matmul::test_matmul_error_rank_mismatch ... ok
[INFO] [stderr] error: XDG_RUNTIME_DIR is invalid or not set in the environment.
[INFO] [stderr] error: XDG_RUNTIME_DIR is invalid or not set in the environment.
[INFO] [stderr] error: XDG_RUNTIME_DIR is invalid or not set in the environment.
[INFO] [stdout] test linalg::matmul::test_matmul_error_dim_mismatch ... ok
[INFO] [stdout] test copy::test_copy_large ... ok
[INFO] [stdout] test math::abs::test_abs_f32_matrix ... ok
[INFO] [stdout] test math::abs::test_abs_f32_scalar ... ok
[INFO] [stdout] test linalg::matmul::test_matmul_2d_basic ... ok
[INFO] [stderr] error: XDG_RUNTIME_DIR is invalid or not set in the environment.
[INFO] [stderr] error: XDG_RUNTIME_DIR is invalid or not set in the environment.
[INFO] [stderr] error: XDG_RUNTIME_DIR is invalid or not set in the environment.
[INFO] [stderr] error: XDG_RUNTIME_DIR is invalid or not set in the environment.
[INFO] [stdout] test math::abs::test_abs_i32_scalar ... ok
[INFO] [stdout] test linalg::matmul::test_matmul_2d_large ... ok
[INFO] [stdout] test math::abs::test_abs_f32_vector ... ok
[INFO] [stdout] test math::abs::test_abs_i32_matrix ... ok
[INFO] [stdout] test linalg::matmul::test_matmul_2d_square ... ok
[INFO] [stderr] error: XDG_RUNTIME_DIR is invalid or not set in the environment.
[INFO] [stdout] test linalg::matmul::test_matmul_2d_transpose_b ... ok
[INFO] [stderr] error: XDG_RUNTIME_DIR is invalid or not set in the environment.
[INFO] [stderr] error: XDG_RUNTIME_DIR is invalid or not set in the environment.
[INFO] [stderr] error: XDG_RUNTIME_DIR is invalid or not set in the environment.
[INFO] [stderr] error: XDG_RUNTIME_DIR is invalid or not set in the environment.
[INFO] [stderr] error: XDG_RUNTIME_DIR is invalid or not set in the environment.
[INFO] [stdout] test linalg::matmul::test_matmul_4d ... ok
[INFO] [stdout] test linalg::matmul::test_matmul_2d_transpose_a ... ok
[INFO] [stdout] test linalg::matmul::test_matmul_3d ... ok
[INFO] [stdout] test linalg::matmul::test_matmul_2d_transpose_both ... ok
[INFO] [stderr] error: XDG_RUNTIME_DIR is invalid or not set in the environment.
[INFO] [stderr] error: XDG_RUNTIME_DIR is invalid or not set in the environment.
[INFO] [stderr] error: XDG_RUNTIME_DIR is invalid or not set in the environment.
[INFO] [stderr] error: XDG_RUNTIME_DIR is invalid or not set in the environment.
[INFO] [stdout] test linalg::matmul::test_matmul_3d_broadcast ... ok
[INFO] [stderr] error: XDG_RUNTIME_DIR is invalid or not set in the environment.
[INFO] [stderr] error: XDG_RUNTIME_DIR is invalid or not set in the environment.
[INFO] [stdout] test math::acos::test_acos_f32_vector ... FAILED
[INFO] [stdout] test math::acos::test_acos_f32_matrix ... FAILED
[INFO] [stderr] error: XDG_RUNTIME_DIR is invalid or not set in the environment.
[INFO] [stdout] test math::acosh::test_acosh_f32_matrix ... ok
[INFO] [stdout] test math::acosh::test_acosh_f32_vector ... ok
[INFO] [stdout] test math::acos::test_acos_f32_scalar ... ok
[INFO] [stdout] test math::abs::test_abs_i32_vector ... ok
[INFO] [stdout] test math::add::test_add_f32_broadcast_scalar ... ok
[INFO] [stderr] error: XDG_RUNTIME_DIR is invalid or not set in the environment.
[INFO] [stdout] test math::add::test_add_f32_broadcast_multi_expand ... ok
[INFO] [stdout] test math::add::test_add_error_incompatible_shapes ... ok
[INFO] [stdout] test math::add::test_add_f32_broadcast_expand ... ok
[INFO] [stderr] error: XDG_RUNTIME_DIR is invalid or not set in the environment.
[INFO] [stdout] test math::add::test_add_f32_broadcast_trailing ... ok
[INFO] [stderr] error: XDG_RUNTIME_DIR is invalid or not set in the environment.
[INFO] [stderr] error: XDG_RUNTIME_DIR is invalid or not set in the environment.
[INFO] [stderr] error: XDG_RUNTIME_DIR is invalid or not set in the environment.
[INFO] [stderr] error: XDG_RUNTIME_DIR is invalid or not set in the environment.
[INFO] [stderr] error: XDG_RUNTIME_DIR is invalid or not set in the environment.
[INFO] [stderr] error: XDG_RUNTIME_DIR is invalid or not set in the environment.
[INFO] [stderr] error: XDG_RUNTIME_DIR is invalid or not set in the environment.
[INFO] [stderr] error: XDG_RUNTIME_DIR is invalid or not set in the environment.
[INFO] [stdout] test math::acosh::test_acosh_f32_scalar ... ok
[INFO] [stdout] test math::add::test_add_f32_matrix ... ok
[INFO] [stdout] test math::add::test_add_f32_broadcast_scalar_reverse ... ok
[INFO] [stdout] test math::add::test_add_f32_vector ... ok
[INFO] [stdout] test math::add::test_add_f32_scalar ... ok
[INFO] [stdout] test math::add::test_add_i32_broadcast_expand ... ok
[INFO] [stdout] test math::add::test_add_i32_broadcast_trailing ... ok
[INFO] [stderr] error: XDG_RUNTIME_DIR is invalid or not set in the environment.
[INFO] [stderr] error: XDG_RUNTIME_DIR is invalid or not set in the environment.
[INFO] [stderr] error: XDG_RUNTIME_DIR is invalid or not set in the environment.
[INFO] [stderr] error: XDG_RUNTIME_DIR is invalid or not set in the environment.
[INFO] [stderr] error: XDG_RUNTIME_DIR is invalid or not set in the environment.
[INFO] [stderr] error: XDG_RUNTIME_DIR is invalid or not set in the environment.
[INFO] [stderr] error: XDG_RUNTIME_DIR is invalid or not set in the environment.
[INFO] [stdout] test math::add::test_add_i32_scalar ... ok
[INFO] [stdout] test math::add::test_add_i32_broadcast_scalar ... ok
[INFO] [stdout] test math::add::test_add_i32_matrix ... ok
[INFO] [stdout] test math::add::test_add_i32_vector ... ok
[INFO] [stdout] test math::add::test_add_u32_broadcast_expand ... ok
[INFO] [stdout] test math::add::test_add_u32_broadcast_multi_expand ... ok
[INFO] [stdout] test math::add::test_add_i32_broadcast_multi_expand ... ok
[INFO] [stdout] test math::add::test_add_i32_broadcast_scalar_reverse ... ok
[INFO] [stderr] error: XDG_RUNTIME_DIR is invalid or not set in the environment.
[INFO] [stderr] error: XDG_RUNTIME_DIR is invalid or not set in the environment.
[INFO] [stderr] error: XDG_RUNTIME_DIR is invalid or not set in the environment.
[INFO] [stderr] error: XDG_RUNTIME_DIR is invalid or not set in the environment.
[INFO] [stderr] error: XDG_RUNTIME_DIR is invalid or not set in the environment.
[INFO] [stderr] error: XDG_RUNTIME_DIR is invalid or not set in the environment.
[INFO] [stdout] test math::add::test_add_u32_broadcast_trailing ... ok
[INFO] [stderr] error: XDG_RUNTIME_DIR is invalid or not set in the environment.
[INFO] [stdout] test math::add::test_add_u32_vector ... ok
[INFO] [stdout] test math::add::test_add_u32_broadcast_scalar_reverse ... ok
[INFO] [stdout] test math::and::test_and_broadcast_multi_expand ... ok
[INFO] [stdout] test math::add::test_add_u32_scalar ... ok
[INFO] [stderr] error: XDG_RUNTIME_DIR is invalid or not set in the environment.
[INFO] [stderr] error: XDG_RUNTIME_DIR is invalid or not set in the environment.
[INFO] [stderr] error: XDG_RUNTIME_DIR is invalid or not set in the environment.
[INFO] [stderr] error: XDG_RUNTIME_DIR is invalid or not set in the environment.
[INFO] [stderr] error: XDG_RUNTIME_DIR is invalid or not set in the environment.
[INFO] [stderr] error: XDG_RUNTIME_DIR is invalid or not set in the environment.
[INFO] [stdout] test math::and::test_and_broadcast_scalar_true ... ok
[INFO] [stderr] error: XDG_RUNTIME_DIR is invalid or not set in the environment.
[INFO] [stdout] test math::add::test_add_u32_matrix ... ok
[INFO] [stdout] test math::and::test_and_broadcast_scalar_false ... ok
[INFO] [stdout] test math::and::test_and_broadcast_scalar_reverse_false ... ok
[INFO] [stdout] test math::and::test_and_broadcast_trailing ... ok
[INFO] [stdout] test math::add::test_add_u32_broadcast_scalar ... ok
[INFO] [stdout] test math::and::test_and_broadcast_scalar_reverse_true ... ok
[INFO] [stdout] test math::and::test_and_broadcast_expand ... ok
[INFO] [stderr] error: XDG_RUNTIME_DIR is invalid or not set in the environment.
[INFO] [stderr] error: XDG_RUNTIME_DIR is invalid or not set in the environment.
[INFO] [stdout] test math::and::test_and_scalar_false_false ... ok
[INFO] [stderr] error: XDG_RUNTIME_DIR is invalid or not set in the environment.
[INFO] [stderr] error: XDG_RUNTIME_DIR is invalid or not set in the environment.
[INFO] [stderr] error: XDG_RUNTIME_DIR is invalid or not set in the environment.
[INFO] [stderr] error: XDG_RUNTIME_DIR is invalid or not set in the environment.
[INFO] [stderr] error: XDG_RUNTIME_DIR is invalid or not set in the environment.
[INFO] [stdout] test math::and::test_and_error_incompatible_shapes ... ok
[INFO] [stderr] error: XDG_RUNTIME_DIR is invalid or not set in the environment.
[INFO] [stderr] error: XDG_RUNTIME_DIR is invalid or not set in the environment.
[INFO] [stdout] test math::and::test_and_scalar_false_true ... ok
[INFO] [stdout] test math::and::test_and_vector ... ok
[INFO] [stdout] test math::asin::test_asin_f32_scalar ... ok
[INFO] [stdout] test math::and::test_and_scalar_true_true ... ok
[INFO] [stdout] test math::and::test_and_matrix ... ok
[INFO] [stderr] error: XDG_RUNTIME_DIR is invalid or not set in the environment.
[INFO] [stdout] test math::asinh::test_asinh_f32_vector ... ok
[INFO] [stdout] test math::asin::test_asin_f32_vector ... FAILED
[INFO] [stdout] test math::asin::test_asin_f32_matrix ... FAILED
[INFO] [stdout] test math::and::test_and_scalar_true_false ... ok
[INFO] [stderr] error: XDG_RUNTIME_DIR is invalid or not set in the environment.
[INFO] [stderr] error: XDG_RUNTIME_DIR is invalid or not set in the environment.
[INFO] [stderr] error: XDG_RUNTIME_DIR is invalid or not set in the environment.
[INFO] [stdout] test math::atan::test_atan_f32_scalar ... ok
[INFO] [stdout] test math::asinh::test_asinh_f32_matrix ... ok
[INFO] [stderr] error: XDG_RUNTIME_DIR is invalid or not set in the environment.
[INFO] [stderr] error: XDG_RUNTIME_DIR is invalid or not set in the environment.
[INFO] [stderr] error: XDG_RUNTIME_DIR is invalid or not set in the environment.
[INFO] [stderr] error: XDG_RUNTIME_DIR is invalid or not set in the environment.
[INFO] [stderr] error: XDG_RUNTIME_DIR is invalid or not set in the environment.
[INFO] [stderr] error: XDG_RUNTIME_DIR is invalid or not set in the environment.
[INFO] [stderr] error: XDG_RUNTIME_DIR is invalid or not set in the environment.
[INFO] [stdout] test math::atan::test_atan_f32_matrix ... FAILED
[INFO] [stdout] test math::atan::test_atan_f32_vector ... FAILED
[INFO] [stdout] test math::atanh::test_atanh_f32_matrix ... ok
[INFO] [stdout] test math::atanh::test_atanh_f32_scalar ... ok
[INFO] [stdout] test math::asinh::test_asinh_f32_scalar ... ok
[INFO] [stderr] error: XDG_RUNTIME_DIR is invalid or not set in the environment.
[INFO] [stderr] error: XDG_RUNTIME_DIR is invalid or not set in the environment.
[INFO] [stderr] error: XDG_RUNTIME_DIR is invalid or not set in the environment.
[INFO] [stderr] error: XDG_RUNTIME_DIR is invalid or not set in the environment.
[INFO] [stderr] error: XDG_RUNTIME_DIR is invalid or not set in the environment.
[INFO] [stdout] test math::ceil::test_ceil_f32_vector ... ok
[INFO] [stdout] test math::clamp::test_clamp_error_incompatible_shapes_a_b ... ok
[INFO] [stdout] test math::ceil::test_ceil_f32_matrix ... ok
[INFO] [stdout] test math::clamp::test_clamp_f32_broadcast_mixed ... ok
[INFO] [stdout] test math::clamp::test_clamp_f32_broadcast_vector_bounds ... ok
[INFO] [stderr] error: XDG_RUNTIME_DIR is invalid or not set in the environment.
[INFO] [stderr] error: XDG_RUNTIME_DIR is invalid or not set in the environment.
[INFO] [stderr] error: XDG_RUNTIME_DIR is invalid or not set in the environment.
[INFO] [stdout] test math::ceil::test_ceil_f32_scalar ... ok
[INFO] [stdout] test math::clamp::test_clamp_f32_matrix ... ok
[INFO] [stdout] test math::clamp::test_clamp_f32_broadcast_multi_expand ... ok
[INFO] [stderr] error: XDG_RUNTIME_DIR is invalid or not set in the environment.
[INFO] [stdout] test math::clamp::test_clamp_error_incompatible_shapes_x_b ... ok
[INFO] [stdout] test math::atanh::test_atanh_f32_vector ... ok
[INFO] [stderr] error: XDG_RUNTIME_DIR is invalid or not set in the environment.
[INFO] [stdout] test math::clamp::test_clamp_error_incompatible_shapes_x_a ... ok
[INFO] [stderr] error: XDG_RUNTIME_DIR is invalid or not set in the environment.
[INFO] [stdout] test math::clamp::test_clamp_f32_broadcast_scalar_bounds ... ok
[INFO] [stderr] error: XDG_RUNTIME_DIR is invalid or not set in the environment.
[INFO] [stdout] test math::clamp::test_clamp_f32_vector ... ok
[INFO] [stderr] error: XDG_RUNTIME_DIR is invalid or not set in the environment.
[INFO] [stdout] test math::clamp::test_clamp_f32_scalar_below ... ok
[INFO] [stderr] error: XDG_RUNTIME_DIR is invalid or not set in the environment.
[INFO] [stderr] error: XDG_RUNTIME_DIR is invalid or not set in the environment.
[INFO] [stderr] error: XDG_RUNTIME_DIR is invalid or not set in the environment.
[INFO] [stderr] error: XDG_RUNTIME_DIR is invalid or not set in the environment.
[INFO] [stderr] error: XDG_RUNTIME_DIR is invalid or not set in the environment.
[INFO] [stderr] error: XDG_RUNTIME_DIR is invalid or not set in the environment.
[INFO] [stdout] test math::clamp::test_clamp_f32_scalar_in_range ... ok
[INFO] [stderr] error: XDG_RUNTIME_DIR is invalid or not set in the environment.
[INFO] [stdout] test math::clamp::test_clamp_f32_scalar ... ok
[INFO] [stdout] test math::clamp::test_clamp_i32_broadcast_mixed ... ok
[INFO] [stderr] error: XDG_RUNTIME_DIR is invalid or not set in the environment.
[INFO] [stderr] error: XDG_RUNTIME_DIR is invalid or not set in the environment.
[INFO] [stdout] test math::clamp::test_clamp_i32_broadcast_scalar_bounds ... ok
[INFO] [stderr] error: XDG_RUNTIME_DIR is invalid or not set in the environment.
[INFO] [stdout] test math::clamp::test_clamp_i32_matrix ... ok
[INFO] [stdout] test math::clamp::test_clamp_i32_broadcast_multi_expand ... ok
[INFO] [stdout] test math::clamp::test_clamp_i32_broadcast_vector_bounds ... ok
[INFO] [stdout] test math::clamp::test_clamp_u32_matrix ... ok
[INFO] [stdout] test math::cos::test_cos_f32_matrix ... ok
[INFO] [stdout] test math::clamp::test_clamp_i32_vector ... ok
[INFO] [stdout] test math::clamp::test_clamp_u32_scalar ... ok
[INFO] [stderr] error: XDG_RUNTIME_DIR is invalid or not set in the environment.
[INFO] [stderr] error: XDG_RUNTIME_DIR is invalid or not set in the environment.
[INFO] [stdout] test math::cos::test_cos_f32_scalar ... ok
[INFO] [stderr] error: XDG_RUNTIME_DIR is invalid or not set in the environment.
[INFO] [stderr] error: XDG_RUNTIME_DIR is invalid or not set in the environment.
[INFO] [stderr] error: XDG_RUNTIME_DIR is invalid or not set in the environment.
[INFO] [stderr] error: XDG_RUNTIME_DIR is invalid or not set in the environment.
[INFO] [stdout] test math::clamp::test_clamp_u32_broadcast_scalar_bounds ... ok
[INFO] [stderr] error: XDG_RUNTIME_DIR is invalid or not set in the environment.
[INFO] [stderr] error: XDG_RUNTIME_DIR is invalid or not set in the environment.
[INFO] [stdout] test math::cosh::test_cosh_f32_vector ... FAILED
[INFO] [stderr] error: XDG_RUNTIME_DIR is invalid or not set in the environment.
[INFO] [stdout] test math::cosh::test_cosh_f32_scalar ... ok
[INFO] [stdout] test math::clamp::test_clamp_u32_vector ... ok
[INFO] [stderr] error: XDG_RUNTIME_DIR is invalid or not set in the environment.
[INFO] [stderr] error: XDG_RUNTIME_DIR is invalid or not set in the environment.
[INFO] [stdout] test math::clamp::test_clamp_i32_scalar ... ok
[INFO] [stderr] error: XDG_RUNTIME_DIR is invalid or not set in the environment.
[INFO] [stderr] error: XDG_RUNTIME_DIR is invalid or not set in the environment.
[INFO] [stdout] test math::cosh::test_cosh_f32_matrix ... FAILED
[INFO] [stdout] test math::div::test_div_error_incompatible_shapes ... ok
[INFO] [stdout] test math::cos::test_cos_f32_vector ... ok
[INFO] [stderr] error: XDG_RUNTIME_DIR is invalid or not set in the environment.
[INFO] [stderr] error: XDG_RUNTIME_DIR is invalid or not set in the environment.
[INFO] [stderr] error: XDG_RUNTIME_DIR is invalid or not set in the environment.
[INFO] [stdout] test math::div::test_div_f32_matrix ... ok
[INFO] [stdout] test math::div::test_div_f32_broadcast_scalar ... ok
[INFO] [stdout] test math::div::test_div_f32_vector ... ok
[INFO] [stdout] test math::div::test_div_i32_broadcast_expand ... ok
[INFO] [stdout] test math::div::test_div_i32_broadcast_multi_expand ... ok
[INFO] [stdout] test math::div::test_div_f32_broadcast_trailing ... ok
[INFO] [stdout] test math::div::test_div_f32_broadcast_expand ... ok
[INFO] [stderr] error: XDG_RUNTIME_DIR is invalid or not set in the environment.
[INFO] [stderr] error: XDG_RUNTIME_DIR is invalid or not set in the environment.
[INFO] [stdout] test math::div::test_div_f32_broadcast_multi_expand ... ok
[INFO] [stderr] error: XDG_RUNTIME_DIR is invalid or not set in the environment.
[INFO] [stderr] error: XDG_RUNTIME_DIR is invalid or not set in the environment.
[INFO] [stdout] test math::div::test_div_i32_broadcast_scalar_reverse ... ok
[INFO] [stdout] test math::div::test_div_i32_broadcast_scalar ... ok
[INFO] [stderr] error: XDG_RUNTIME_DIR is invalid or not set in the environment.
[INFO] [stderr] error: XDG_RUNTIME_DIR is invalid or not set in the environment.
[INFO] [stderr] error: XDG_RUNTIME_DIR is invalid or not set in the environment.
[INFO] [stderr] error: XDG_RUNTIME_DIR is invalid or not set in the environment.
[INFO] [stdout] test math::div::test_div_f32_broadcast_scalar_reverse ... ok
[INFO] [stderr] error: XDG_RUNTIME_DIR is invalid or not set in the environment.
[INFO] [stderr] error: XDG_RUNTIME_DIR is invalid or not set in the environment.
[INFO] [stdout] test math::div::test_div_f32_scalar ... ok
[INFO] [stderr] error: XDG_RUNTIME_DIR is invalid or not set in the environment.
[INFO] [stdout] test math::div::test_div_i32_broadcast_trailing ... ok
[INFO] [stderr] error: XDG_RUNTIME_DIR is invalid or not set in the environment.
[INFO] [stderr] error: XDG_RUNTIME_DIR is invalid or not set in the environment.
[INFO] [stdout] test math::div::test_div_i32_matrix ... ok
[INFO] [stdout] test math::div::test_div_i32_scalar ... ok
[INFO] [stdout] test math::div::test_div_i32_vector ... ok
[INFO] [stderr] error: XDG_RUNTIME_DIR is invalid or not set in the environment.
[INFO] [stderr] error: XDG_RUNTIME_DIR is invalid or not set in the environment.
[INFO] [stderr] error: XDG_RUNTIME_DIR is invalid or not set in the environment.
[INFO] [stdout] test math::div::test_div_u32_broadcast_scalar_reverse ... ok
[INFO] [stdout] test math::div::test_div_u32_broadcast_expand ... ok
[INFO] [stdout] test math::div::test_div_u32_broadcast_multi_expand ... ok
[INFO] [stdout] test math::div::test_div_u32_vector ... ok
[INFO] [stdout] test math::eq::test_eq_error_incompatible_shapes ... ok
[INFO] [stderr] error: XDG_RUNTIME_DIR is invalid or not set in the environment.
[INFO] [stdout] test math::div::test_div_u32_broadcast_scalar ... ok
[INFO] [stdout] test math::div::test_div_u32_broadcast_trailing ... ok
[INFO] [stdout] test math::div::test_div_u32_scalar ... ok
[INFO] [stdout] test math::eq::test_eq_f32_broadcast_expand ... ok
[INFO] [stdout] test math::eq::test_eq_f32_broadcast_multi_expand ... ok
[INFO] [stderr] error: XDG_RUNTIME_DIR is invalid or not set in the environment.
[INFO] [stderr] error: XDG_RUNTIME_DIR is invalid or not set in the environment.
[INFO] [stderr] error: XDG_RUNTIME_DIR is invalid or not set in the environment.
[INFO] [stderr] error: XDG_RUNTIME_DIR is invalid or not set in the environment.
[INFO] [stderr] error: XDG_RUNTIME_DIR is invalid or not set in the environment.
[INFO] [stdout] test math::div::test_div_u32_matrix ... ok
[INFO] [stderr] error: XDG_RUNTIME_DIR is invalid or not set in the environment.
[INFO] [stderr] error: XDG_RUNTIME_DIR is invalid or not set in the environment.
[INFO] [stderr] error: XDG_RUNTIME_DIR is invalid or not set in the environment.
[INFO] [stderr] error: XDG_RUNTIME_DIR is invalid or not set in the environment.
[INFO] [stderr] error: XDG_RUNTIME_DIR is invalid or not set in the environment.
[INFO] [stdout] test math::eq::test_eq_f32_broadcast_scalar_reverse ... ok
[INFO] [stderr] error: XDG_RUNTIME_DIR is invalid or not set in the environment.
[INFO] [stdout] test math::eq::test_eq_i32_broadcast_expand ... ok
[INFO] [stdout] test math::eq::test_eq_i32_matrix ... ok
[INFO] [stdout] test math::eq::test_eq_f32_matrix ... ok
[INFO] [stdout] test math::eq::test_eq_f32_scalar ... ok
[INFO] [stdout] test math::eq::test_eq_i32_broadcast_scalar_reverse ... ok
[INFO] [stdout] test math::eq::test_eq_f32_vector ... ok
[INFO] [stdout] test math::eq::test_eq_f32_broadcast_scalar ... ok
[INFO] [stdout] test math::eq::test_eq_f32_broadcast_trailing ... ok
[INFO] [stdout] test math::eq::test_eq_i32_broadcast_multi_expand ... ok
[INFO] [stdout] test math::eq::test_eq_i32_scalar ... ok
[INFO] [stderr] error: XDG_RUNTIME_DIR is invalid or not set in the environment.
[INFO] [stderr] error: XDG_RUNTIME_DIR is invalid or not set in the environment.
[INFO] [stderr] error: XDG_RUNTIME_DIR is invalid or not set in the environment.
[INFO] [stderr] error: XDG_RUNTIME_DIR is invalid or not set in the environment.
[INFO] [stderr] error: XDG_RUNTIME_DIR is invalid or not set in the environment.
[INFO] [stderr] error: XDG_RUNTIME_DIR is invalid or not set in the environment.
[INFO] [stderr] error: XDG_RUNTIME_DIR is invalid or not set in the environment.
[INFO] [stderr] error: XDG_RUNTIME_DIR is invalid or not set in the environment.
[INFO] [stderr] error: XDG_RUNTIME_DIR is invalid or not set in the environment.
[INFO] [stderr] error: XDG_RUNTIME_DIR is invalid or not set in the environment.
[INFO] [stdout] test math::eq::test_eq_i32_broadcast_scalar ... ok
[INFO] [stdout] test math::eq::test_eq_u32_broadcast_multi_expand ... ok
[INFO] [stdout] test math::eq::test_eq_i32_vector ... ok
[INFO] [stdout] test math::eq::test_eq_i32_broadcast_trailing ... ok
[INFO] [stdout] test math::eq::test_eq_u32_broadcast_expand ... ok
[INFO] [stderr] error: XDG_RUNTIME_DIR is invalid or not set in the environment.
[INFO] [stderr] error: XDG_RUNTIME_DIR is invalid or not set in the environment.
[INFO] [stderr] error: XDG_RUNTIME_DIR is invalid or not set in the environment.
[INFO] [stderr] error: XDG_RUNTIME_DIR is invalid or not set in the environment.
[INFO] [stderr] error: XDG_RUNTIME_DIR is invalid or not set in the environment.
[INFO] [stdout] test math::eq::test_eq_u32_broadcast_scalar ... ok
[INFO] [stdout] test math::exp::test_exp_f32_vector ... FAILED
[INFO] [stdout] test math::exp::test_exp_f32_matrix ... FAILED
[INFO] [stdout] test math::exp::test_exp_f32_scalar ... ok
[INFO] [stdout] test math::eq::test_eq_u32_matrix ... ok
[INFO] [stdout] test math::eq::test_eq_u32_scalar ... ok
[INFO] [stderr] error: XDG_RUNTIME_DIR is invalid or not set in the environment.
[INFO] [stdout] test math::eq::test_eq_u32_broadcast_trailing ... ok
[INFO] [stderr] error: XDG_RUNTIME_DIR is invalid or not set in the environment.
[INFO] [stdout] test math::eq::test_eq_u32_vector ... ok
[INFO] [stdout] test math::floor::test_floor_f32_matrix ... ok
[INFO] [stdout] test math::floor::test_floor_f32_scalar ... ok
[INFO] [stderr] error: XDG_RUNTIME_DIR is invalid or not set in the environment.
[INFO] [stderr] error: XDG_RUNTIME_DIR is invalid or not set in the environment.
[INFO] [stderr] error: XDG_RUNTIME_DIR is invalid or not set in the environment.
[INFO] [stderr] error: XDG_RUNTIME_DIR is invalid or not set in the environment.
[INFO] [stderr] error: XDG_RUNTIME_DIR is invalid or not set in the environment.
[INFO] [stderr] error: XDG_RUNTIME_DIR is invalid or not set in the environment.
[INFO] [stderr] error: XDG_RUNTIME_DIR is invalid or not set in the environment.
[INFO] [stderr] error: XDG_RUNTIME_DIR is invalid or not set in the environment.
[INFO] [stdout] test math::ge::test_ge_f32_broadcast_scalar ... ok
[INFO] [stdout] test math::ge::test_ge_error_incompatible_shapes ... ok
[INFO] [stdout] test math::eq::test_eq_u32_broadcast_scalar_reverse ... ok
[INFO] [stdout] test math::floor::test_floor_f32_vector ... ok
[INFO] [stdout] test math::ge::test_ge_f32_broadcast_expand ... ok
[INFO] [stdout] test math::ge::test_ge_f32_broadcast_multi_expand ... ok
[INFO] [stderr] error: XDG_RUNTIME_DIR is invalid or not set in the environment.
[INFO] [stderr] error: XDG_RUNTIME_DIR is invalid or not set in the environment.
[INFO] [stderr] error: XDG_RUNTIME_DIR is invalid or not set in the environment.
[INFO] [stderr] error: XDG_RUNTIME_DIR is invalid or not set in the environment.
[INFO] [stderr] error: XDG_RUNTIME_DIR is invalid or not set in the environment.
[INFO] [stdout] test math::ge::test_ge_f32_scalar ... ok
[INFO] [stderr] error: XDG_RUNTIME_DIR is invalid or not set in the environment.
[INFO] [stdout] test math::ge::test_ge_i32_broadcast_expand ... ok
[INFO] [stdout] test math::ge::test_ge_i32_vector ... ok
[INFO] [stdout] test math::ge::test_ge_f32_broadcast_trailing ... ok
[INFO] [stderr] error: XDG_RUNTIME_DIR is invalid or not set in the environment.
[INFO] [stdout] test math::ge::test_ge_i32_broadcast_scalar ... ok
[INFO] [stdout] test math::ge::test_ge_i32_broadcast_trailing ... ok
[INFO] [stdout] test math::ge::test_ge_i32_broadcast_multi_expand ... ok
[INFO] [stdout] test math::ge::test_ge_f32_broadcast_scalar_reverse ... ok
[INFO] [stdout] test math::ge::test_ge_i32_matrix ... ok
[INFO] [stdout] test math::ge::test_ge_i32_broadcast_scalar_reverse ... ok
[INFO] [stdout] test math::ge::test_ge_f32_matrix ... ok
[INFO] [stderr] error: XDG_RUNTIME_DIR is invalid or not set in the environment.
[INFO] [stderr] error: XDG_RUNTIME_DIR is invalid or not set in the environment.
[INFO] [stderr] error: XDG_RUNTIME_DIR is invalid or not set in the environment.
[INFO] [stdout] test math::ge::test_ge_u32_broadcast_scalar ... ok
[INFO] [stderr] error: XDG_RUNTIME_DIR is invalid or not set in the environment.
[INFO] [stderr] error: XDG_RUNTIME_DIR is invalid or not set in the environment.
[INFO] [stderr] error: XDG_RUNTIME_DIR is invalid or not set in the environment.
[INFO] [stderr] error: XDG_RUNTIME_DIR is invalid or not set in the environment.
[INFO] [stderr] error: XDG_RUNTIME_DIR is invalid or not set in the environment.
[INFO] [stderr] error: XDG_RUNTIME_DIR is invalid or not set in the environment.
[INFO] [stderr] error: XDG_RUNTIME_DIR is invalid or not set in the environment.
[INFO] [stderr] error: XDG_RUNTIME_DIR is invalid or not set in the environment.
[INFO] [stdout] test math::ge::test_ge_i32_scalar ... ok
[INFO] [stdout] test math::ge::test_ge_u32_broadcast_scalar_reverse ... ok
[INFO] [stdout] test math::ge::test_ge_f32_vector ... ok
[INFO] [stdout] test math::ge::test_ge_u32_broadcast_multi_expand ... ok
[INFO] [stderr] error: XDG_RUNTIME_DIR is invalid or not set in the environment.
[INFO] [stderr] error: XDG_RUNTIME_DIR is invalid or not set in the environment.
[INFO] [stderr] error: XDG_RUNTIME_DIR is invalid or not set in the environment.
[INFO] [stderr] error: XDG_RUNTIME_DIR is invalid or not set in the environment.
[INFO] [stdout] test math::ge::test_ge_u32_broadcast_trailing ... ok
[INFO] [stdout] test math::gt::test_gt_f32_broadcast_expand ... ok
[INFO] [stdout] test math::ge::test_ge_u32_broadcast_expand ... ok
[INFO] [stdout] test math::gt::test_gt_error_incompatible_shapes ... ok
[INFO] [stderr] error: XDG_RUNTIME_DIR is invalid or not set in the environment.
[INFO] [stderr] error: XDG_RUNTIME_DIR is invalid or not set in the environment.
[INFO] [stderr] error: XDG_RUNTIME_DIR is invalid or not set in the environment.
[INFO] [stderr] error: XDG_RUNTIME_DIR is invalid or not set in the environment.
[INFO] [stdout] test math::gt::test_gt_f32_broadcast_scalar ... ok
[INFO] [stdout] test math::gt::test_gt_f32_vector ... ok
[INFO] [stdout] test math::ge::test_ge_u32_matrix ... ok
[INFO] [stdout] test math::gt::test_gt_f32_matrix ... ok
[INFO] [stdout] test math::gt::test_gt_f32_broadcast_multi_expand ... ok
[INFO] [stdout] test math::gt::test_gt_f32_scalar ... ok
[INFO] [stdout] test math::gt::test_gt_f32_broadcast_trailing ... ok
[INFO] [stdout] test math::ge::test_ge_u32_vector ... ok
[INFO] [stdout] test math::gt::test_gt_f32_broadcast_scalar_reverse ... ok
[INFO] [stdout] test math::ge::test_ge_u32_scalar ... ok
[INFO] [stdout] test math::gt::test_gt_i32_broadcast_expand ... ok
[INFO] [stdout] test math::gt::test_gt_i32_broadcast_multi_expand ... ok
[INFO] [stderr] error: XDG_RUNTIME_DIR is invalid or not set in the environment.
[INFO] [stderr] error: XDG_RUNTIME_DIR is invalid or not set in the environment.
[INFO] [stderr] error: XDG_RUNTIME_DIR is invalid or not set in the environment.
[INFO] [stderr] error: XDG_RUNTIME_DIR is invalid or not set in the environment.
[INFO] [stderr] error: XDG_RUNTIME_DIR is invalid or not set in the environment.
[INFO] [stderr] error: XDG_RUNTIME_DIR is invalid or not set in the environment.
[INFO] [stderr] error: XDG_RUNTIME_DIR is invalid or not set in the environment.
[INFO] [stderr] error: XDG_RUNTIME_DIR is invalid or not set in the environment.
[INFO] [stderr] error: XDG_RUNTIME_DIR is invalid or not set in the environment.
[INFO] [stderr] error: XDG_RUNTIME_DIR is invalid or not set in the environment.
[INFO] [stderr] error: XDG_RUNTIME_DIR is invalid or not set in the environment.
[INFO] [stderr] error: XDG_RUNTIME_DIR is invalid or not set in the environment.
[INFO] [stdout] test math::gt::test_gt_i32_broadcast_scalar_reverse ... ok
[INFO] [stderr] error: XDG_RUNTIME_DIR is invalid or not set in the environment.
[INFO] [stdout] test math::gt::test_gt_i32_broadcast_scalar ... ok
[INFO] [stderr] error: XDG_RUNTIME_DIR is invalid or not set in the environment.
[INFO] [stdout] test math::gt::test_gt_i32_broadcast_trailing ... ok
[INFO] [stderr] error: XDG_RUNTIME_DIR is invalid or not set in the environment.
[INFO] [stdout] test math::gt::test_gt_i32_scalar ... ok
[INFO] [stdout] test math::gt::test_gt_u32_broadcast_expand ... ok
[INFO] [stderr] error: XDG_RUNTIME_DIR is invalid or not set in the environment.
[INFO] [stderr] error: XDG_RUNTIME_DIR is invalid or not set in the environment.
[INFO] [stdout] test math::gt::test_gt_i32_matrix ... ok
[INFO] [stdout] test math::gt::test_gt_u32_broadcast_scalar_reverse ... ok
[INFO] [stdout] test math::gt::test_gt_u32_matrix ... ok
[INFO] [stdout] test math::gt::test_gt_i32_vector ... ok
[INFO] [stdout] test math::gt::test_gt_u32_broadcast_scalar ... ok
[INFO] [stdout] test math::gt::test_gt_u32_vector ... ok
[INFO] [stdout] test math::le::test_le_error_incompatible_shapes ... ok
[INFO] [stdout] test math::le::test_le_f32_broadcast_scalar ... ok
[INFO] [stderr] error: XDG_RUNTIME_DIR is invalid or not set in the environment.
[INFO] [stdout] test math::gt::test_gt_u32_broadcast_trailing ... ok
[INFO] [stderr] error: XDG_RUNTIME_DIR is invalid or not set in the environment.
[INFO] [stdout] test math::le::test_le_f32_broadcast_multi_expand ... ok
[INFO] [stderr] error: XDG_RUNTIME_DIR is invalid or not set in the environment.
[INFO] [stderr] error: XDG_RUNTIME_DIR is invalid or not set in the environment.
[INFO] [stderr] error: XDG_RUNTIME_DIR is invalid or not set in the environment.
[INFO] [stderr] error: XDG_RUNTIME_DIR is invalid or not set in the environment.
[INFO] [stderr] error: XDG_RUNTIME_DIR is invalid or not set in the environment.
[INFO] [stderr] error: XDG_RUNTIME_DIR is invalid or not set in the environment.
[INFO] [stderr] error: XDG_RUNTIME_DIR is invalid or not set in the environment.
[INFO] [stderr] error: XDG_RUNTIME_DIR is invalid or not set in the environment.
[INFO] [stdout] test math::gt::test_gt_u32_broadcast_multi_expand ... ok
[INFO] [stdout] test math::gt::test_gt_u32_scalar ... ok
[INFO] [stdout] test math::le::test_le_f32_broadcast_expand ... ok
[INFO] [stderr] error: XDG_RUNTIME_DIR is invalid or not set in the environment.
[INFO] [stderr] error: XDG_RUNTIME_DIR is invalid or not set in the environment.
[INFO] [stderr] error: XDG_RUNTIME_DIR is invalid or not set in the environment.
[INFO] [stdout] test math::le::test_le_f32_broadcast_scalar_reverse ... ok
[INFO] [stderr] error: XDG_RUNTIME_DIR is invalid or not set in the environment.
[INFO] [stdout] test math::le::test_le_i32_broadcast_scalar ... ok
[INFO] [stdout] test math::le::test_le_i32_broadcast_trailing ... ok
[INFO] [stdout] test math::le::test_le_f32_matrix ... ok
[INFO] [stdout] test math::le::test_le_f32_vector ... ok
[INFO] [stdout] test math::le::test_le_i32_broadcast_multi_expand ... ok
[INFO] [stdout] test math::le::test_le_i32_matrix ... ok
[INFO] [stdout] test math::le::test_le_f32_broadcast_trailing ... ok
[INFO] [stderr] error: XDG_RUNTIME_DIR is invalid or not set in the environment.
[INFO] [stdout] test math::le::test_le_i32_vector ... ok
[INFO] [stderr] error: XDG_RUNTIME_DIR is invalid or not set in the environment.
[INFO] [stderr] error: XDG_RUNTIME_DIR is invalid or not set in the environment.
[INFO] [stderr] error: XDG_RUNTIME_DIR is invalid or not set in the environment.
[INFO] [stdout] test math::le::test_le_i32_broadcast_expand ... ok
[INFO] [stderr] error: XDG_RUNTIME_DIR is invalid or not set in the environment.
[INFO] [stderr] error: XDG_RUNTIME_DIR is invalid or not set in the environment.
[INFO] [stderr] error: XDG_RUNTIME_DIR is invalid or not set in the environment.
[INFO] [stderr] error: XDG_RUNTIME_DIR is invalid or not set in the environment.
[INFO] [stdout] test math::le::test_le_f32_scalar ... ok
[INFO] [stdout] test math::le::test_le_i32_broadcast_scalar_reverse ... ok
[INFO] [stderr] error: XDG_RUNTIME_DIR is invalid or not set in the environment.
[INFO] [stderr] error: XDG_RUNTIME_DIR is invalid or not set in the environment.
[INFO] [stderr] error: XDG_RUNTIME_DIR is invalid or not set in the environment.
[INFO] [stdout] test math::le::test_le_i32_scalar ... ok
[INFO] [stdout] test math::le::test_le_u32_broadcast_expand ... ok
[INFO] [stdout] test math::le::test_le_u32_broadcast_scalar ... ok
[INFO] [stdout] test math::le::test_le_u32_broadcast_scalar_reverse ... ok
[INFO] [stderr] error: XDG_RUNTIME_DIR is invalid or not set in the environment.
[INFO] [stderr] error: XDG_RUNTIME_DIR is invalid or not set in the environment.
[INFO] [stderr] error: XDG_RUNTIME_DIR is invalid or not set in the environment.
[INFO] [stderr] error: XDG_RUNTIME_DIR is invalid or not set in the environment.
[INFO] [stdout] test math::le::test_le_u32_broadcast_multi_expand ... ok
[INFO] [stderr] error: XDG_RUNTIME_DIR is invalid or not set in the environment.
[INFO] [stdout] test math::le::test_le_u32_broadcast_trailing ... ok
[INFO] [stderr] error: test failed, to rerun pass `--test tensor`
[INFO] [stderr] 
[INFO] [stderr] Caused by:
[INFO] [stderr]   process didn't exit successfully: `/opt/rustwide/target/debug/build/xnn/3c10090cc8f7a56d/out/tensor-3c10090cc8f7a56d` (signal: 11, SIGSEGV: invalid memory reference)
[INFO] running `Command { std: "docker" "inspect" "e4a02ca1bb9f34f985b1ed8cb452bde817bfbc3debe373f0365269c6a9df7dcc", kill_on_drop: false }`
[INFO] running `Command { std: "docker" "rm" "-f" "e4a02ca1bb9f34f985b1ed8cb452bde817bfbc3debe373f0365269c6a9df7dcc", kill_on_drop: false }`
[INFO] [stdout] e4a02ca1bb9f34f985b1ed8cb452bde817bfbc3debe373f0365269c6a9df7dcc
