[INFO] fetching crate xchecker-runner 1.2.0...
[INFO] testing xchecker-runner-1.2.0 against 1.100.0-beta.1 for beta-1.100-2
[INFO] extracting crate xchecker-runner 1.2.0 into /workspace/builds/worker-6-tc2/source
[INFO] started tweaking crates.io crate xchecker-runner 1.2.0
[INFO] finished tweaking crates.io crate xchecker-runner 1.2.0
[INFO] tweaked toml for crates.io crate xchecker-runner 1.2.0 written to /workspace/builds/worker-6-tc2/source/Cargo.toml
[INFO] validating manifest of crates.io crate xchecker-runner 1.2.0 on toolchain 1.100.0-beta.1
[INFO] running `Command { std: CARGO_HOME="/workspace/cargo-home" RUSTUP_HOME="/workspace/rustup-home" "/workspace/cargo-home/bin/cargo" "+1.100.0-beta.1" "metadata" "--manifest-path" "Cargo.toml" "--no-deps", kill_on_drop: false }`
[INFO] crate crates.io crate xchecker-runner 1.2.0 already has a lockfile, it will not be regenerated
[INFO] running `Command { std: CARGO_HOME="/workspace/cargo-home" RUSTUP_HOME="/workspace/rustup-home" "/workspace/cargo-home/bin/cargo" "+1.100.0-beta.1" "fetch" "--manifest-path" "Cargo.toml", kill_on_drop: false }`
[INFO] [stderr] warning: `package.homepage` is redundant with `package.repository`
[INFO] [stderr]   --> Cargo.toml:39:12
[INFO] [stderr]    |
[INFO] [stderr] 39 | homepage = "https://github.com/EffortlessMetrics/xchecker"
[INFO] [stderr]    |            ^^^^^^^^^^^^^^^^^^^^^^^^^^^^^^^^^^^^^^^^^^^^^^^
[INFO] [stderr] ...
[INFO] [stderr] 44 | repository = "https://github.com/EffortlessMetrics/xchecker"
[INFO] [stderr]    |              -----------------------------------------------
[INFO] [stderr]    |
[INFO] [stderr]    = note: `cargo::redundant_homepage` is set to `warn` by default
[INFO] [stderr] help: consider removing `package.homepage`
[INFO] [stderr] warning: `xchecker-runner` (manifest) generated 1 warning
[INFO] running `Command { std: "docker" "create" "-v" "/var/lib/crater-agent-workspace/builds/worker-6-tc2/source:/opt/rustwide/workdir:ro,Z" "-v" "/var/lib/crater-agent-workspace/builds/worker-6-tc2/target:/opt/rustwide/target:rw,Z" "-v" "/var/lib/crater-agent-workspace/cargo-home:/opt/rustwide/cargo-home:ro,Z" "-v" "/var/lib/crater-agent-workspace/rustup-home:/opt/rustwide/rustup-home:ro,Z" "-m" "1610612736" "--network" "none" "ghcr.io/rust-lang/crates-build-env/linux@sha256:3111399a4047eeb3a02b7a90e478d715f38a8c6669b5c4b49d30a17385265909" "sleep" "infinity", kill_on_drop: false }`
[INFO] [stdout] b3649f8268214e34894d758e34d11c72d6c1b2286ace2557876bc3f785e81a4a
[INFO] running `Command { std: "docker" "start" "b3649f8268214e34894d758e34d11c72d6c1b2286ace2557876bc3f785e81a4a", kill_on_drop: false }`
[INFO] running `Command { std: "docker" "inspect" "b3649f8268214e34894d758e34d11c72d6c1b2286ace2557876bc3f785e81a4a", kill_on_drop: false }`
[INFO] running `Command { std: "docker" "exec" "-e" "SOURCE_DIR=/opt/rustwide/workdir" "-e" "CARGO_HOME=/opt/rustwide/cargo-home" "-e" "RUSTUP_HOME=/opt/rustwide/rustup-home" "-e" "CARGO_TARGET_DIR=/opt/rustwide/target" "-w" "/opt/rustwide/workdir" "--user" "0:0" "b3649f8268214e34894d758e34d11c72d6c1b2286ace2557876bc3f785e81a4a" "/opt/rustwide/cargo-home/bin/cargo" "+1.100.0-beta.1" "metadata" "--no-deps" "--format-version=1", kill_on_drop: false }`
[INFO] running `Command { std: "docker" "inspect" "b3649f8268214e34894d758e34d11c72d6c1b2286ace2557876bc3f785e81a4a", kill_on_drop: false }`
[INFO] running `Command { std: "docker" "exec" "-e" "SOURCE_DIR=/opt/rustwide/workdir" "-e" "CARGO_HOME=/opt/rustwide/cargo-home" "-e" "RUSTUP_HOME=/opt/rustwide/rustup-home" "-e" "CARGO_TARGET_DIR=/opt/rustwide/target" "-e" "CARGO_INCREMENTAL=0" "-e" "RUST_BACKTRACE=full" "-e" "RUSTFLAGS=--cap-lints=warn" "-e" "RUSTDOCFLAGS=--cap-lints=warn" "-w" "/opt/rustwide/workdir" "--user" "0:0" "b3649f8268214e34894d758e34d11c72d6c1b2286ace2557876bc3f785e81a4a" "/opt/rustwide/cargo-home/bin/cargo" "+1.100.0-beta.1" "build" "--frozen" "--message-format=json", kill_on_drop: false }`
[INFO] [stderr] warning: `package.homepage` is redundant with `package.repository`
[INFO] [stderr]   --> Cargo.toml:39:12
[INFO] [stderr]    |
[INFO] [stderr] 39 | homepage = "https://github.com/EffortlessMetrics/xchecker"
[INFO] [stderr]    |            ^^^^^^^^^^^^^^^^^^^^^^^^^^^^^^^^^^^^^^^^^^^^^^^
[INFO] [stderr] ...
[INFO] [stderr] 44 | repository = "https://github.com/EffortlessMetrics/xchecker"
[INFO] [stderr]    |              -----------------------------------------------
[INFO] [stderr]    |
[INFO] [stderr]    = note: `cargo::redundant_homepage` is set to `warn` by default
[INFO] [stderr] help: consider removing `package.homepage`
[INFO] [stderr] warning: `xchecker-runner` (manifest) generated 1 warning
[INFO] [stderr]    Compiling libc v0.2.180
[INFO] [stderr]    Compiling quote v1.0.44
[INFO] [stderr]    Compiling unicode-ident v1.0.22
[INFO] [stderr]    Compiling zmij v1.0.17
[INFO] [stderr]    Compiling cfg_aliases v0.2.1
[INFO] [stderr]    Compiling serde_json v1.0.149
[INFO] [stderr]    Compiling bitflags v2.10.0
[INFO] [stderr]    Compiling bytes v1.11.0
[INFO] [stderr]    Compiling memchr v2.7.6
[INFO] [stderr]    Compiling nix v0.31.1
[INFO] [stderr]    Compiling proc-macro2 v1.0.106
[INFO] [stderr]    Compiling syn v2.0.114
[INFO] [stderr]    Compiling errno v0.3.14
[INFO] [stderr]    Compiling parking_lot_core v0.9.12
[INFO] [stderr]    Compiling socket2 v0.6.2
[INFO] [stderr]    Compiling mio v1.1.1
[INFO] [stderr]    Compiling signal-hook-registry v1.4.8
[INFO] [stderr]    Compiling parking_lot v0.12.5
[INFO] [stderr]    Compiling serde_derive v1.0.228
[INFO] [stderr]    Compiling tokio-macros v2.6.0
[INFO] [stderr]    Compiling thiserror-impl v2.0.18
[INFO] [stderr]    Compiling tokio v1.49.0
[INFO] [stderr]    Compiling thiserror v2.0.18
[INFO] [stderr]    Compiling serde v1.0.228
[INFO] [stderr]    Compiling chrono v0.4.43
[INFO] [stderr]    Compiling xchecker-runner v1.2.0 (/opt/rustwide/workdir)
[INFO] [stderr] warning: unused dependency `anyhow`
[INFO] [stderr]  --> Cargo.toml:1:15
[INFO] [stderr]   |
[INFO] [stderr] 1 | [dependencies.anyhow]
[INFO] [stderr]   |               ^^^^^^^
[INFO] [stderr]   |
[INFO] [stderr]   = note: `cargo::unused_dependencies` is set to `warn` by default
[INFO] [stderr] help: consider removing the dependency on `anyhow`
[INFO] [stderr] warning: unused dependency `chrono`
[INFO] [stderr]  --> Cargo.toml:4:15
[INFO] [stderr]   |
[INFO] [stderr] 4 | [dependencies.chrono]
[INFO] [stderr]   |               ^^^^^^^
[INFO] [stderr]   |
[INFO] [stderr] help: consider removing the dependency on `chrono`
[INFO] [stderr] warning: `xchecker-runner` (manifest) generated 2 warnings
[INFO] [stderr]     Finished `dev` profile [unoptimized + debuginfo] target(s) in 15.56s
[INFO] [stderr] warning: the following packages contain code that will be rejected by a future version of Rust: nix v0.31.1
[INFO] [stderr] note: to see what the problems were, use the option `--future-incompat-report`, or run `cargo report future-incompatibilities --id 4`
[INFO] running `Command { std: "docker" "inspect" "b3649f8268214e34894d758e34d11c72d6c1b2286ace2557876bc3f785e81a4a", kill_on_drop: false }`
[INFO] running `Command { std: "docker" "exec" "-e" "SOURCE_DIR=/opt/rustwide/workdir" "-e" "CARGO_HOME=/opt/rustwide/cargo-home" "-e" "RUSTUP_HOME=/opt/rustwide/rustup-home" "-e" "CARGO_TARGET_DIR=/opt/rustwide/target" "-e" "CARGO_INCREMENTAL=0" "-e" "RUST_BACKTRACE=full" "-e" "RUSTFLAGS=--cap-lints=warn" "-e" "RUSTDOCFLAGS=--cap-lints=warn" "-w" "/opt/rustwide/workdir" "--user" "0:0" "b3649f8268214e34894d758e34d11c72d6c1b2286ace2557876bc3f785e81a4a" "/opt/rustwide/cargo-home/bin/cargo" "+1.100.0-beta.1" "test" "--frozen" "--no-run" "--message-format=json", kill_on_drop: false }`
[INFO] [stderr] warning: `package.homepage` is redundant with `package.repository`
[INFO] [stderr]   --> Cargo.toml:39:12
[INFO] [stderr]    |
[INFO] [stderr] 39 | homepage = "https://github.com/EffortlessMetrics/xchecker"
[INFO] [stderr]    |            ^^^^^^^^^^^^^^^^^^^^^^^^^^^^^^^^^^^^^^^^^^^^^^^
[INFO] [stderr] ...
[INFO] [stderr] 44 | repository = "https://github.com/EffortlessMetrics/xchecker"
[INFO] [stderr]    |              -----------------------------------------------
[INFO] [stderr]    |
[INFO] [stderr]    = note: `cargo::redundant_homepage` is set to `warn` by default
[INFO] [stderr] help: consider removing `package.homepage`
[INFO] [stderr] warning: `xchecker-runner` (manifest) generated 1 warning
[INFO] [stderr]    Compiling bitflags v2.10.0
[INFO] [stderr]    Compiling zerocopy v0.8.35
[INFO] [stderr]    Compiling rustix v1.1.3
[INFO] [stderr]    Compiling linux-raw-sys v0.11.0
[INFO] [stderr]    Compiling getrandom v0.3.4
[INFO] [stderr]    Compiling once_cell v1.21.3
[INFO] [stderr]    Compiling wait-timeout v0.2.1
[INFO] [stderr]    Compiling regex-syntax v0.8.8
[INFO] [stderr]    Compiling chrono v0.4.43
[INFO] [stderr]    Compiling rand_core v0.9.5
[INFO] [stderr]    Compiling nix v0.31.1
[INFO] [stderr]    Compiling rand_xorshift v0.4.0
[INFO] [stderr]    Compiling rand v0.9.2
[INFO] [stderr]    Compiling xchecker-runner v1.2.0 (/opt/rustwide/workdir)
[INFO] [stderr]    Compiling tempfile v3.24.0
[INFO] [stderr]    Compiling rusty-fork v0.3.1
[INFO] [stderr]    Compiling ppv-lite86 v0.2.21
[INFO] [stderr]    Compiling rand_chacha v0.9.0
[INFO] [stderr]    Compiling proptest v1.9.0
[INFO] [stderr] warning: unused dependency `anyhow`
[INFO] [stderr]  --> Cargo.toml:1:15
[INFO] [stderr]   |
[INFO] [stderr] 1 | [dependencies.anyhow]
[INFO] [stderr]   |               ^^^^^^^
[INFO] [stderr]   |
[INFO] [stderr]   = note: `cargo::unused_dependencies` is set to `warn` by default
[INFO] [stderr] help: consider removing the dependency on `anyhow`
[INFO] [stderr] warning: unused dependency `chrono`
[INFO] [stderr]  --> Cargo.toml:4:15
[INFO] [stderr]   |
[INFO] [stderr] 4 | [dependencies.chrono]
[INFO] [stderr]   |               ^^^^^^^
[INFO] [stderr]   |
[INFO] [stderr] help: consider removing the dependency on `chrono`
[INFO] [stderr] warning: `xchecker-runner` (manifest) generated 2 warnings
[INFO] [stderr]     Finished `test` profile [unoptimized + debuginfo] target(s) in 14.87s
[INFO] [stderr] warning: the following packages contain code that will be rejected by a future version of Rust: nix v0.31.1
[INFO] [stderr] note: to see what the problems were, use the option `--future-incompat-report`, or run `cargo report future-incompatibilities --id 4`
[INFO] running `Command { std: "docker" "inspect" "b3649f8268214e34894d758e34d11c72d6c1b2286ace2557876bc3f785e81a4a", kill_on_drop: false }`
[INFO] running `Command { std: "docker" "exec" "-e" "SOURCE_DIR=/opt/rustwide/workdir" "-e" "CARGO_HOME=/opt/rustwide/cargo-home" "-e" "RUSTUP_HOME=/opt/rustwide/rustup-home" "-e" "CARGO_TARGET_DIR=/opt/rustwide/target" "-e" "CARGO_INCREMENTAL=0" "-e" "RUST_BACKTRACE=full" "-e" "RUSTFLAGS=--cap-lints=warn" "-e" "RUSTDOCFLAGS=--cap-lints=warn" "-w" "/opt/rustwide/workdir" "--user" "0:0" "b3649f8268214e34894d758e34d11c72d6c1b2286ace2557876bc3f785e81a4a" "/opt/rustwide/cargo-home/bin/cargo" "+1.100.0-beta.1" "test" "--frozen", kill_on_drop: false }`
[INFO] [stderr] warning: `package.homepage` is redundant with `package.repository`
[INFO] [stderr]   --> Cargo.toml:39:12
[INFO] [stderr]    |
[INFO] [stderr] 39 | homepage = "https://github.com/EffortlessMetrics/xchecker"
[INFO] [stderr]    |            ^^^^^^^^^^^^^^^^^^^^^^^^^^^^^^^^^^^^^^^^^^^^^^^
[INFO] [stderr] ...
[INFO] [stderr] 44 | repository = "https://github.com/EffortlessMetrics/xchecker"
[INFO] [stderr]    |              -----------------------------------------------
[INFO] [stderr]    |
[INFO] [stderr]    = note: `cargo::redundant_homepage` is set to `warn` by default
[INFO] [stderr] help: consider removing `package.homepage`
[INFO] [stderr] warning: `xchecker-runner` (manifest) generated 1 warning
[INFO] [stderr] warning: unused dependency `anyhow`
[INFO] [stderr]  --> Cargo.toml:1:15
[INFO] [stderr]   |
[INFO] [stderr] 1 | [dependencies.anyhow]
[INFO] [stderr]   |               ^^^^^^^
[INFO] [stderr]   |
[INFO] [stderr]   = note: `cargo::unused_dependencies` is set to `warn` by default
[INFO] [stderr] help: consider removing the dependency on `anyhow`
[INFO] [stderr] warning: unused dependency `chrono`
[INFO] [stderr]  --> Cargo.toml:4:15
[INFO] [stderr]   |
[INFO] [stderr] 4 | [dependencies.chrono]
[INFO] [stderr]   |               ^^^^^^^
[INFO] [stderr]   |
[INFO] [stderr] help: consider removing the dependency on `chrono`
[INFO] [stderr] warning: `xchecker-runner` (manifest) generated 2 warnings
[INFO] [stderr]     Finished `test` profile [unoptimized + debuginfo] target(s) in 0.10s
[INFO] [stderr] warning: the following packages contain code that will be rejected by a future version of Rust: nix v0.31.1
[INFO] [stderr] note: to see what the problems were, use the option `--future-incompat-report`, or run `cargo report future-incompatibilities --id 4`
[INFO] [stderr]      Running unittests src/lib.rs (/opt/rustwide/target/debug/build/xchecker-runner/911e557baf69e0af/out/xchecker_runner-911e557baf69e0af)
[INFO] [stdout] 
[INFO] [stdout] running 92 tests
[INFO] [stdout] test claude::detect::tests::test_runner_description ... ok
[INFO] [stdout] test claude::exec::tests::test_runner_creation ... ok
[INFO] [stdout] test claude::native_cmd::tests::split_command_line_preserves_double_backslash ... ok
[INFO] [stdout] test claude::exec::tests::test_runner_default ... ok
[INFO] [stdout] test claude::exec::tests::test_runner_with_buffer_config ... ok
[INFO] [stdout] test claude::native_cmd::tests::split_command_line_allows_escaped_quotes ... ok
[INFO] [stdout] test command_spec::tests::test_command_spec_args_are_vec_osstring ... ok
[INFO] [stdout] test command_spec::tests::test_command_spec_builder_chain ... ok
[INFO] [stdout] test claude::types::tests::test_claude_response_stderr_for_receipt_no_truncation ... ok
[INFO] [stdout] test claude::types::tests::test_buffer_config_default ... ok
[INFO] [stdout] test claude::types::tests::test_wsl_options_default ... ok
[INFO] [stdout] test command_spec::tests::test_command_spec_default ... ok
[INFO] [stdout] test command_spec::tests::test_command_spec_osstring_args ... ok
[INFO] [stdout] test claude::detect::tests::test_wsl_validation_on_non_windows ... ok
[INFO] [stdout] test claude::native_cmd::tests::split_command_line_preserves_backslashes_in_quotes ... ok
[INFO] [stdout] test claude::types::tests::test_buffer_config_custom ... ok
[INFO] [stdout] test claude::types::tests::test_claude_response_stderr_for_receipt_custom_limit ... ok
[INFO] [stdout] test claude::types::tests::test_claude_response_stderr_for_receipt_exact_limit ... ok
[INFO] [stdout] test claude::types::tests::test_claude_response_stderr_for_receipt_with_truncation ... ok
[INFO] [stdout] test claude::detect::tests::test_auto_detection_non_windows ... ok
[INFO] [stdout] test command_spec::tests::test_command_spec_clone ... ok
[INFO] [stdout] test command_spec::tests::test_command_spec_arg ... ok
[INFO] [stdout] test command_spec::tests::test_command_spec_cwd ... ok
[INFO] [stdout] test command_spec::tests::test_command_spec_new ... ok
[INFO] [stdout] test command_spec::tests::test_command_spec_env ... ok
[INFO] [stdout] test command_spec::tests::test_command_spec_envs ... ok
[INFO] [stdout] test command_spec::tests::test_command_spec_shell_metacharacters_preserved ... ok
[INFO] [stdout] test claude::platform::tests::test_job_objects_not_available_on_non_windows ... ok
[INFO] [stdout] test command_spec::tests::test_command_spec_to_command ... ok
[INFO] [stdout] test command_spec::tests::test_command_spec_to_tokio_command ... ok
[INFO] [stdout] test ndjson::tests::test_parse_ndjson_json_primitives ... ok
[INFO] [stdout] test native::tests::test_native_runner_default ... ok
[INFO] [stdout] test native::tests::test_native_runner_clone ... ok
[INFO] [stdout] test ndjson::tests::test_parse_ndjson_malformed_json_lines ... ok
[INFO] [stdout] test native::tests::test_native_runner_implements_process_runner ... ok
[INFO] [stdout] test native::tests::test_native_runner_new ... ok
[INFO] [stdout] test ndjson::tests::test_parse_ndjson_partial_json ... ok
[INFO] [stdout] test ndjson::tests::test_parse_ndjson_json_array_is_valid ... ok
[INFO] [stdout] test ndjson::tests::test_parse_ndjson_escaped_characters ... ok
[INFO] [stdout] test ndjson::tests::test_parse_ndjson_interleaved_noise_and_json ... ok
[INFO] [stdout] test ndjson::tests::test_parse_ndjson_tail_excerpt_no_truncation ... ok
[INFO] [stdout] test ndjson::tests::test_parse_ndjson_tail_excerpt_truncation ... ok
[INFO] [stdout] test process::tests::test_process_output_clone ... ok
[INFO] [stdout] test process::tests::test_process_output_lossy_utf8 ... ok
[INFO] [stdout] test process::tests::test_process_output_stdout_string ... ok
[INFO] [stdout] test ndjson::tests::test_parse_ndjson_multiple_valid_json_returns_last ... ok
[INFO] [stdout] test ndjson::tests::test_parse_ndjson_no_valid_json ... ok
[INFO] [stdout] test ndjson::tests::test_parse_ndjson_single_valid_json ... ok
[INFO] [stdout] test process::tests::test_process_runner_trait_implementation ... ok
[INFO] [stdout] test process::tests::test_process_runner_with_error ... ok
[INFO] [stdout] test process::tests::test_process_runner_with_timeout_error ... ok
[INFO] [stdout] test ndjson::tests::test_parse_ndjson_empty_string ... ok
[INFO] [stdout] test ring_buffer::tests::test_ring_buffer_empty ... ok
[INFO] [stdout] test ndjson::tests::test_parse_ndjson_only_partial_json ... ok
[INFO] [stdout] test process::tests::test_process_output_new ... ok
[INFO] [stdout] test ndjson::tests::test_parse_ndjson_only_whitespace ... ok
[INFO] [stdout] test command_spec::tests::test_command_spec_args ... ok
[INFO] [stdout] test ring_buffer::tests::test_ring_buffer_invalid_utf8 ... ok
[INFO] [stdout] test native::tests::test_native_runner_nonexistent_command ... ok
[INFO] [stdout] test ring_buffer::tests::test_ring_buffer_multiple_writes ... ok
[INFO] [stdout] test ring_buffer::tests::test_ring_buffer_utf8_handling ... ok
[INFO] [stdout] test ring_buffer::tests::test_ring_buffer_truncation ... ok
[INFO] [stdout] test wsl::tests::test_wsl_runner_argument_validation ... ok
[INFO] [stdout] test wsl::tests::test_wsl_runner_build_command_preserves_env ... ok
[INFO] [stdout] test wsl::tests::test_wsl_runner_build_command_preserves_cwd ... ok
[INFO] [stdout] test ndjson::tests::test_parse_ndjson_unicode_content ... ok
[INFO] [stdout] test ring_buffer::tests::test_ring_buffer_exact_capacity ... ok
[INFO] [stdout] test wsl::tests::test_wsl_runner_build_command_with_distro ... ok
[INFO] [stdout] test process::tests::test_process_output_success ... ok
[INFO] [stdout] test process::tests::test_process_output_stderr_string ... ok
[INFO] [stdout] test wsl::tests::test_wsl_runner_build_command_rejects_null_in_program ... ok
[INFO] [stdout] test wsl::tests::test_wsl_runner_build_command_basic ... ok
[INFO] [stdout] test ring_buffer::tests::test_ring_buffer_basic ... ok
[INFO] [stdout] test wsl::tests::test_wsl_runner_clone ... ok
[INFO] [stdout] test wsl::tests::test_wsl_runner_build_command_shell_metacharacters_preserved ... ok
[INFO] [stdout] test ring_buffer::tests::test_ring_buffer_large_write ... ok
[INFO] [stdout] test wsl::tests::test_wsl_runner_command_construction ... ok
[INFO] [stdout] test wsl::tests::test_wsl_runner_default ... ok
[INFO] [stdout] test wsl::tests::test_wsl_runner_implements_process_runner ... ok
[INFO] [stdout] test wsl::tests::test_wsl_runner_no_string_concatenation ... ok
[INFO] [stdout] test wsl::tests::test_wsl_runner_build_command_rejects_null_in_args ... ok
[INFO] [stdout] test wsl::tests::test_wsl_runner_validate_argument_accepts_valid_args ... ok
[INFO] [stdout] test wsl::tests::test_wsl_runner_with_distro ... ok
[INFO] [stdout] test wsl::tests::test_wsl_runner_with_distro_command_construction ... ok
[INFO] [stdout] test native::tests::test_native_runner_stderr_capture ... ok
[INFO] [stdout] test native::tests::test_native_runner_echo_command ... ok
[INFO] [stdout] test native::tests::test_native_runner_shell_metacharacters_not_interpreted ... ok
[INFO] [stdout] test native::tests::test_native_runner_exit_code_propagation ... ok
[INFO] [stdout] test wsl::tests::test_wsl_runner_validate_argument_rejects_null_bytes ... ok
[INFO] [stdout] test wsl::tests::test_wsl_runner_returns_error_on_non_windows ... ok
[INFO] [stdout] test wsl::tests::test_wsl_runner_new ... ok
[INFO] [stdout] test wsl::tests::test_wsl_runner_safety_property ... ok
[INFO] [stdout] 
[INFO] [stdout] test result: ok. 92 passed; 0 failed; 0 ignored; 0 measured; 0 filtered out; finished in 0.19s
[INFO] [stdout] 
[INFO] [stderr]    Doc-tests xchecker_runner
[INFO] [stdout] 
[INFO] [stdout] running 15 tests
[INFO] [stdout] test src/command_spec.rs - command_spec::CommandSpec::arg (line 86) ... FAILED
[INFO] [stdout] test src/command_spec.rs - command_spec::CommandSpec::envs (line 178) ... FAILED
[INFO] [stdout] test src/command_spec.rs - command_spec::CommandSpec (line 26) ... FAILED
[INFO] [stdout] test src/command_spec.rs - command_spec::CommandSpec::to_tokio_command (line 238) - compile ... FAILED
[INFO] [stdout] test src/command_spec.rs - command_spec::CommandSpec::cwd (line 134) ... FAILED
[INFO] [stdout] test src/native.rs - native::NativeRunner::new (line 53) ... FAILED
[INFO] [stdout] test src/command_spec.rs - command_spec::CommandSpec::args (line 110) ... FAILED
[INFO] [stdout] test src/command_spec.rs - command_spec::CommandSpec::env (line 155) ... FAILED
[INFO] [stdout] test src/wsl.rs - wsl::WslRunner::with_distro (line 75) ... FAILED
[INFO] [stdout] test src/wsl.rs - wsl::WslRunner::new (line 57) ... FAILED
[INFO] [stdout] test src/native.rs - native::NativeRunner (line 33) - compile ... FAILED
[INFO] [stdout] test src/command_spec.rs - command_spec::CommandSpec::to_command (line 205) - compile ... FAILED
[INFO] [stdout] test src/process.rs - process::ProcessRunner (line 77) ... FAILED
[INFO] [stdout] test src/wsl.rs - wsl::WslRunner (line 34) - compile ... FAILED
[INFO] [stdout] test src/command_spec.rs - command_spec::CommandSpec::new (line 60) ... FAILED
[INFO] [stdout] 
[INFO] [stdout] failures:
[INFO] [stdout] 
[INFO] [stdout] ---- src/command_spec.rs - command_spec::CommandSpec::arg (line 86) stdout ----
[INFO] [stdout] error[E0433]: cannot find module or crate `xchecker_utils` in this scope
[INFO] [stdout]   --> src/command_spec.rs:87:5
[INFO] [stdout]    |
[INFO] [stdout] 87 | use xchecker_utils::runner::CommandSpec;
[INFO] [stdout]    |     ^^^^^^^^^^^^^^ use of unresolved module or unlinked crate `xchecker_utils`
[INFO] [stdout]    |
[INFO] [stdout]    = help: if you wanted to use a crate named `xchecker_utils`, use `cargo add xchecker_utils` to add it to your `Cargo.toml`
[INFO] [stdout] 
[INFO] [stdout] error: aborting due to 1 previous error
[INFO] [stdout] 
[INFO] [stdout] For more information about this error, try `rustc --explain E0433`.
[INFO] [stdout] Couldn't compile the test.
[INFO] [stdout] ---- src/command_spec.rs - command_spec::CommandSpec::envs (line 178) stdout ----
[INFO] [stdout] error[E0433]: cannot find module or crate `xchecker_utils` in this scope
[INFO] [stdout]    --> src/command_spec.rs:179:5
[INFO] [stdout]     |
[INFO] [stdout] 179 | use xchecker_utils::runner::CommandSpec;
[INFO] [stdout]     |     ^^^^^^^^^^^^^^ use of unresolved module or unlinked crate `xchecker_utils`
[INFO] [stdout]     |
[INFO] [stdout]     = help: if you wanted to use a crate named `xchecker_utils`, use `cargo add xchecker_utils` to add it to your `Cargo.toml`
[INFO] [stdout] 
[INFO] [stdout] error: aborting due to 1 previous error
[INFO] [stdout] 
[INFO] [stdout] For more information about this error, try `rustc --explain E0433`.
[INFO] [stdout] Couldn't compile the test.
[INFO] [stdout] ---- src/command_spec.rs - command_spec::CommandSpec (line 26) stdout ----
[INFO] [stdout] error[E0433]: cannot find module or crate `xchecker_utils` in this scope
[INFO] [stdout]   --> src/command_spec.rs:27:5
[INFO] [stdout]    |
[INFO] [stdout] 27 | use xchecker_utils::runner::CommandSpec;
[INFO] [stdout]    |     ^^^^^^^^^^^^^^ use of unresolved module or unlinked crate `xchecker_utils`
[INFO] [stdout]    |
[INFO] [stdout]    = help: if you wanted to use a crate named `xchecker_utils`, use `cargo add xchecker_utils` to add it to your `Cargo.toml`
[INFO] [stdout] 
[INFO] [stdout] error: aborting due to 1 previous error
[INFO] [stdout] 
[INFO] [stdout] For more information about this error, try `rustc --explain E0433`.
[INFO] [stdout] Couldn't compile the test.
[INFO] [stdout] ---- src/command_spec.rs - command_spec::CommandSpec::to_tokio_command (line 238) stdout ----
[INFO] [stdout] error[E0433]: cannot find module or crate `xchecker_utils` in this scope
[INFO] [stdout]    --> src/command_spec.rs:239:5
[INFO] [stdout]     |
[INFO] [stdout] 239 | use xchecker_utils::runner::CommandSpec;
[INFO] [stdout]     |     ^^^^^^^^^^^^^^ use of unresolved module or unlinked crate `xchecker_utils`
[INFO] [stdout]     |
[INFO] [stdout]     = help: if you wanted to use a crate named `xchecker_utils`, use `cargo add xchecker_utils` to add it to your `Cargo.toml`
[INFO] [stdout] 
[INFO] [stdout] error: aborting due to 1 previous error
[INFO] [stdout] 
[INFO] [stdout] For more information about this error, try `rustc --explain E0433`.
[INFO] [stdout] Couldn't compile the test.
[INFO] [stdout] ---- src/command_spec.rs - command_spec::CommandSpec::cwd (line 134) stdout ----
[INFO] [stdout] error[E0433]: cannot find module or crate `xchecker_utils` in this scope
[INFO] [stdout]    --> src/command_spec.rs:135:5
[INFO] [stdout]     |
[INFO] [stdout] 135 | use xchecker_utils::runner::CommandSpec;
[INFO] [stdout]     |     ^^^^^^^^^^^^^^ use of unresolved module or unlinked crate `xchecker_utils`
[INFO] [stdout]     |
[INFO] [stdout]     = help: if you wanted to use a crate named `xchecker_utils`, use `cargo add xchecker_utils` to add it to your `Cargo.toml`
[INFO] [stdout] 
[INFO] [stdout] error: aborting due to 1 previous error
[INFO] [stdout] 
[INFO] [stdout] For more information about this error, try `rustc --explain E0433`.
[INFO] [stdout] Couldn't compile the test.
[INFO] [stdout] ---- src/native.rs - native::NativeRunner::new (line 53) stdout ----
[INFO] [stdout] error[E0433]: cannot find module or crate `xchecker_utils` in this scope
[INFO] [stdout]   --> src/native.rs:54:5
[INFO] [stdout]    |
[INFO] [stdout] 54 | use xchecker_utils::runner::NativeRunner;
[INFO] [stdout]    |     ^^^^^^^^^^^^^^ use of unresolved module or unlinked crate `xchecker_utils`
[INFO] [stdout]    |
[INFO] [stdout]    = help: if you wanted to use a crate named `xchecker_utils`, use `cargo add xchecker_utils` to add it to your `Cargo.toml`
[INFO] [stdout] 
[INFO] [stdout] error: aborting due to 1 previous error
[INFO] [stdout] 
[INFO] [stdout] For more information about this error, try `rustc --explain E0433`.
[INFO] [stdout] Couldn't compile the test.
[INFO] [stdout] ---- src/command_spec.rs - command_spec::CommandSpec::args (line 110) stdout ----
[INFO] [stdout] error[E0433]: cannot find module or crate `xchecker_utils` in this scope
[INFO] [stdout]    --> src/command_spec.rs:111:5
[INFO] [stdout]     |
[INFO] [stdout] 111 | use xchecker_utils::runner::CommandSpec;
[INFO] [stdout]     |     ^^^^^^^^^^^^^^ use of unresolved module or unlinked crate `xchecker_utils`
[INFO] [stdout]     |
[INFO] [stdout]     = help: if you wanted to use a crate named `xchecker_utils`, use `cargo add xchecker_utils` to add it to your `Cargo.toml`
[INFO] [stdout] 
[INFO] [stdout] error: aborting due to 1 previous error
[INFO] [stdout] 
[INFO] [stdout] For more information about this error, try `rustc --explain E0433`.
[INFO] [stdout] Couldn't compile the test.
[INFO] [stdout] ---- src/command_spec.rs - command_spec::CommandSpec::env (line 155) stdout ----
[INFO] [stdout] error[E0433]: cannot find module or crate `xchecker_utils` in this scope
[INFO] [stdout]    --> src/command_spec.rs:156:5
[INFO] [stdout]     |
[INFO] [stdout] 156 | use xchecker_utils::runner::CommandSpec;
[INFO] [stdout]     |     ^^^^^^^^^^^^^^ use of unresolved module or unlinked crate `xchecker_utils`
[INFO] [stdout]     |
[INFO] [stdout]     = help: if you wanted to use a crate named `xchecker_utils`, use `cargo add xchecker_utils` to add it to your `Cargo.toml`
[INFO] [stdout] 
[INFO] [stdout] error: aborting due to 1 previous error
[INFO] [stdout] 
[INFO] [stdout] For more information about this error, try `rustc --explain E0433`.
[INFO] [stdout] Couldn't compile the test.
[INFO] [stdout] ---- src/wsl.rs - wsl::WslRunner::with_distro (line 75) stdout ----
[INFO] [stdout] error[E0433]: cannot find module or crate `xchecker_utils` in this scope
[INFO] [stdout]   --> src/wsl.rs:76:5
[INFO] [stdout]    |
[INFO] [stdout] 76 | use xchecker_utils::runner::WslRunner;
[INFO] [stdout]    |     ^^^^^^^^^^^^^^ use of unresolved module or unlinked crate `xchecker_utils`
[INFO] [stdout]    |
[INFO] [stdout]    = help: if you wanted to use a crate named `xchecker_utils`, use `cargo add xchecker_utils` to add it to your `Cargo.toml`
[INFO] [stdout] 
[INFO] [stdout] error: aborting due to 1 previous error
[INFO] [stdout] 
[INFO] [stdout] For more information about this error, try `rustc --explain E0433`.
[INFO] [stdout] Couldn't compile the test.
[INFO] [stdout] ---- src/wsl.rs - wsl::WslRunner::new (line 57) stdout ----
[INFO] [stdout] error[E0433]: cannot find module or crate `xchecker_utils` in this scope
[INFO] [stdout]   --> src/wsl.rs:58:5
[INFO] [stdout]    |
[INFO] [stdout] 58 | use xchecker_utils::runner::WslRunner;
[INFO] [stdout]    |     ^^^^^^^^^^^^^^ use of unresolved module or unlinked crate `xchecker_utils`
[INFO] [stdout]    |
[INFO] [stdout]    = help: if you wanted to use a crate named `xchecker_utils`, use `cargo add xchecker_utils` to add it to your `Cargo.toml`
[INFO] [stdout] 
[INFO] [stdout] error: aborting due to 1 previous error
[INFO] [stdout] 
[INFO] [stdout] For more information about this error, try `rustc --explain E0433`.
[INFO] [stdout] Couldn't compile the test.
[INFO] [stdout] ---- src/native.rs - native::NativeRunner (line 33) stdout ----
[INFO] [stdout] error[E0433]: cannot find module or crate `xchecker_utils` in this scope
[INFO] [stdout]   --> src/native.rs:34:5
[INFO] [stdout]    |
[INFO] [stdout] 34 | use xchecker_utils::runner::{NativeRunner, ProcessRunner, CommandSpec};
[INFO] [stdout]    |     ^^^^^^^^^^^^^^ use of unresolved module or unlinked crate `xchecker_utils`
[INFO] [stdout]    |
[INFO] [stdout]    = help: if you wanted to use a crate named `xchecker_utils`, use `cargo add xchecker_utils` to add it to your `Cargo.toml`
[INFO] [stdout] 
[INFO] [stdout] error: aborting due to 1 previous error
[INFO] [stdout] 
[INFO] [stdout] For more information about this error, try `rustc --explain E0433`.
[INFO] [stdout] Couldn't compile the test.
[INFO] [stdout] ---- src/command_spec.rs - command_spec::CommandSpec::to_command (line 205) stdout ----
[INFO] [stdout] error[E0433]: cannot find module or crate `xchecker_utils` in this scope
[INFO] [stdout]    --> src/command_spec.rs:206:5
[INFO] [stdout]     |
[INFO] [stdout] 206 | use xchecker_utils::runner::CommandSpec;
[INFO] [stdout]     |     ^^^^^^^^^^^^^^ use of unresolved module or unlinked crate `xchecker_utils`
[INFO] [stdout]     |
[INFO] [stdout]     = help: if you wanted to use a crate named `xchecker_utils`, use `cargo add xchecker_utils` to add it to your `Cargo.toml`
[INFO] [stdout] 
[INFO] [stdout] error: aborting due to 1 previous error
[INFO] [stdout] 
[INFO] [stdout] For more information about this error, try `rustc --explain E0433`.
[INFO] [stdout] Couldn't compile the test.
[INFO] [stdout] ---- src/process.rs - process::ProcessRunner (line 77) stdout ----
[INFO] [stdout] error[E0433]: cannot find module or crate `xchecker_utils` in this scope
[INFO] [stdout]   --> src/process.rs:78:5
[INFO] [stdout]    |
[INFO] [stdout] 78 | use xchecker_utils::runner::{ProcessRunner, CommandSpec, ProcessOutput};
[INFO] [stdout]    |     ^^^^^^^^^^^^^^ use of unresolved module or unlinked crate `xchecker_utils`
[INFO] [stdout]    |
[INFO] [stdout]    = help: if you wanted to use a crate named `xchecker_utils`, use `cargo add xchecker_utils` to add it to your `Cargo.toml`
[INFO] [stdout] 
[INFO] [stdout] error[E0433]: cannot find module or crate `xchecker_utils` in this scope
[INFO] [stdout]   --> src/process.rs:79:5
[INFO] [stdout]    |
[INFO] [stdout] 79 | use xchecker_utils::error::RunnerError;
[INFO] [stdout]    |     ^^^^^^^^^^^^^^ use of unresolved module or unlinked crate `xchecker_utils`
[INFO] [stdout]    |
[INFO] [stdout]    = help: if you wanted to use a crate named `xchecker_utils`, use `cargo add xchecker_utils` to add it to your `Cargo.toml`
[INFO] [stdout] 
[INFO] [stdout] error: aborting due to 2 previous errors
[INFO] [stdout] 
[INFO] [stdout] For more information about this error, try `rustc --explain E0433`.
[INFO] [stdout] Couldn't compile the test.
[INFO] [stdout] ---- src/wsl.rs - wsl::WslRunner (line 34) stdout ----
[INFO] [stdout] error[E0433]: cannot find module or crate `xchecker_utils` in this scope
[INFO] [stdout]   --> src/wsl.rs:35:5
[INFO] [stdout]    |
[INFO] [stdout] 35 | use xchecker_utils::runner::{WslRunner, ProcessRunner, CommandSpec};
[INFO] [stdout]    |     ^^^^^^^^^^^^^^ use of unresolved module or unlinked crate `xchecker_utils`
[INFO] [stdout]    |
[INFO] [stdout]    = help: if you wanted to use a crate named `xchecker_utils`, use `cargo add xchecker_utils` to add it to your `Cargo.toml`
[INFO] [stdout] 
[INFO] [stdout] error: aborting due to 1 previous error
[INFO] [stdout] 
[INFO] [stdout] For more information about this error, try `rustc --explain E0433`.
[INFO] [stdout] Couldn't compile the test.
[INFO] [stdout] ---- src/command_spec.rs - command_spec::CommandSpec::new (line 60) stdout ----
[INFO] [stdout] error[E0433]: cannot find module or crate `xchecker_utils` in this scope
[INFO] [stdout]   --> src/command_spec.rs:61:5
[INFO] [stdout]    |
[INFO] [stdout] 61 | use xchecker_utils::runner::CommandSpec;
[INFO] [stdout]    |     ^^^^^^^^^^^^^^ use of unresolved module or unlinked crate `xchecker_utils`
[INFO] [stdout]    |
[INFO] [stdout]    = help: if you wanted to use a crate named `xchecker_utils`, use `cargo add xchecker_utils` to add it to your `Cargo.toml`
[INFO] [stdout] 
[INFO] [stdout] error: aborting due to 1 previous error
[INFO] [stdout] 
[INFO] [stdout] For more information about this error, try `rustc --explain E0433`.
[INFO] [stdout] Couldn't compile the test.
[INFO] [stdout] 
[INFO] [stdout] failures:
[INFO] [stdout]     src/command_spec.rs - command_spec::CommandSpec (line 26)
[INFO] [stdout]     src/command_spec.rs - command_spec::CommandSpec::arg (line 86)
[INFO] [stdout]     src/command_spec.rs - command_spec::CommandSpec::args (line 110)
[INFO] [stdout]     src/command_spec.rs - command_spec::CommandSpec::cwd (line 134)
[INFO] [stdout]     src/command_spec.rs - command_spec::CommandSpec::env (line 155)
[INFO] [stdout]     src/command_spec.rs - command_spec::CommandSpec::envs (line 178)
[INFO] [stdout]     src/command_spec.rs - command_spec::CommandSpec::new (line 60)
[INFO] [stdout]     src/command_spec.rs - command_spec::CommandSpec::to_command (line 205)
[INFO] [stdout]     src/command_spec.rs - command_spec::CommandSpec::to_tokio_command (line 238)
[INFO] [stdout]     src/native.rs - native::NativeRunner (line 33)
[INFO] [stdout]     src/native.rs - native::NativeRunner::new (line 53)
[INFO] [stdout]     src/process.rs - process::ProcessRunner (line 77)
[INFO] [stdout]     src/wsl.rs - wsl::WslRunner (line 34)
[INFO] [stdout]     src/wsl.rs - wsl::WslRunner::new (line 57)
[INFO] [stdout]     src/wsl.rs - wsl::WslRunner::with_distro (line 75)
[INFO] [stdout] 
[INFO] [stdout] test result: FAILED. 0 passed; 15 failed; 0 ignored; 0 measured; 0 filtered out; finished in 0.14s
[INFO] [stdout] 
[INFO] [stdout] all doctests ran in 0.18s; merged doctests compilation took 0.03s
[INFO] [stderr] error: doctest failed, to rerun pass `--doc`
[INFO] running `Command { std: "docker" "inspect" "b3649f8268214e34894d758e34d11c72d6c1b2286ace2557876bc3f785e81a4a", kill_on_drop: false }`
[INFO] running `Command { std: "docker" "rm" "-f" "b3649f8268214e34894d758e34d11c72d6c1b2286ace2557876bc3f785e81a4a", kill_on_drop: false }`
[INFO] [stdout] b3649f8268214e34894d758e34d11c72d6c1b2286ace2557876bc3f785e81a4a
