[INFO] fetching crate xanadoc 0.1.4...
[INFO] testing xanadoc-0.1.4 against 1.99.0-beta.8 for beta-1.100-2
[INFO] extracting crate xanadoc 0.1.4 into /workspace/builds/worker-0-tc1/source
[INFO] started tweaking crates.io crate xanadoc 0.1.4
[INFO] finished tweaking crates.io crate xanadoc 0.1.4
[INFO] tweaked toml for crates.io crate xanadoc 0.1.4 written to /workspace/builds/worker-0-tc1/source/Cargo.toml
[INFO] validating manifest of crates.io crate xanadoc 0.1.4 on toolchain 1.99.0-beta.8
[INFO] running `Command { std: CARGO_HOME="/workspace/cargo-home" RUSTUP_HOME="/workspace/rustup-home" "/workspace/cargo-home/bin/cargo" "+1.99.0-beta.8" "metadata" "--manifest-path" "Cargo.toml" "--no-deps", kill_on_drop: false }`
[INFO] crate crates.io crate xanadoc 0.1.4 already has a lockfile, it will not be regenerated
[INFO] running `Command { std: CARGO_HOME="/workspace/cargo-home" RUSTUP_HOME="/workspace/rustup-home" "/workspace/cargo-home/bin/cargo" "+1.99.0-beta.8" "fetch" "--manifest-path" "Cargo.toml", kill_on_drop: false }`
[INFO] [stderr]     Updating crates.io index
[INFO] [stderr]  Downloading crates ...
[INFO] [stderr]   Downloaded dtob-sys v0.1.1
[INFO] running `Command { std: "docker" "create" "-v" "/var/lib/crater-agent-workspace/builds/worker-0-tc1/source:/opt/rustwide/workdir:ro,Z" "-v" "/var/lib/crater-agent-workspace/builds/worker-0-tc1/target:/opt/rustwide/target:rw,Z" "-v" "/var/lib/crater-agent-workspace/cargo-home:/opt/rustwide/cargo-home:ro,Z" "-v" "/var/lib/crater-agent-workspace/rustup-home:/opt/rustwide/rustup-home:ro,Z" "-m" "1610612736" "--network" "none" "ghcr.io/rust-lang/crates-build-env/linux@sha256:3111399a4047eeb3a02b7a90e478d715f38a8c6669b5c4b49d30a17385265909" "sleep" "infinity", kill_on_drop: false }`
[INFO] [stdout] 8384071a5bd287cebf7c88ebae5b7bba1c69cffa5bca6522b1f1048af1939c2f
[INFO] running `Command { std: "docker" "start" "8384071a5bd287cebf7c88ebae5b7bba1c69cffa5bca6522b1f1048af1939c2f", kill_on_drop: false }`
[INFO] running `Command { std: "docker" "inspect" "8384071a5bd287cebf7c88ebae5b7bba1c69cffa5bca6522b1f1048af1939c2f", kill_on_drop: false }`
[INFO] running `Command { std: "docker" "exec" "-e" "SOURCE_DIR=/opt/rustwide/workdir" "-e" "CARGO_HOME=/opt/rustwide/cargo-home" "-e" "RUSTUP_HOME=/opt/rustwide/rustup-home" "-e" "CARGO_TARGET_DIR=/opt/rustwide/target" "-w" "/opt/rustwide/workdir" "--user" "0:0" "8384071a5bd287cebf7c88ebae5b7bba1c69cffa5bca6522b1f1048af1939c2f" "/opt/rustwide/cargo-home/bin/cargo" "+1.99.0-beta.8" "metadata" "--no-deps" "--format-version=1", kill_on_drop: false }`
[INFO] running `Command { std: "docker" "inspect" "8384071a5bd287cebf7c88ebae5b7bba1c69cffa5bca6522b1f1048af1939c2f", kill_on_drop: false }`
[INFO] running `Command { std: "docker" "exec" "-e" "SOURCE_DIR=/opt/rustwide/workdir" "-e" "CARGO_HOME=/opt/rustwide/cargo-home" "-e" "RUSTUP_HOME=/opt/rustwide/rustup-home" "-e" "CARGO_TARGET_DIR=/opt/rustwide/target" "-e" "CARGO_INCREMENTAL=0" "-e" "RUST_BACKTRACE=full" "-e" "RUSTFLAGS=--cap-lints=warn" "-e" "RUSTDOCFLAGS=--cap-lints=warn" "-w" "/opt/rustwide/workdir" "--user" "0:0" "8384071a5bd287cebf7c88ebae5b7bba1c69cffa5bca6522b1f1048af1939c2f" "/opt/rustwide/cargo-home/bin/cargo" "+1.99.0-beta.8" "build" "--frozen" "--message-format=json", kill_on_drop: false }`
[INFO] [stderr]    Compiling proc-macro2 v1.0.106
[INFO] [stderr]    Compiling quote v1.0.45
[INFO] [stderr]    Compiling prettyplease v0.2.37
[INFO] [stderr]    Compiling libc v0.2.184
[INFO] [stderr]    Compiling regex-syntax v0.8.10
[INFO] [stderr]    Compiling either v1.15.0
[INFO] [stderr]    Compiling minimal-lexical v0.2.1
[INFO] [stderr]    Compiling linux-raw-sys v0.4.15
[INFO] [stderr]    Compiling clang-sys v1.8.1
[INFO] [stderr]    Compiling rustix v0.38.44
[INFO] [stderr]    Compiling bitflags v2.11.1
[INFO] [stderr]    Compiling libloading v0.8.9
[INFO] [stderr]    Compiling typenum v1.19.0
[INFO] [stderr]    Compiling bindgen v0.69.5
[INFO] [stderr]    Compiling home v0.5.12
[INFO] [stderr]    Compiling cc v1.2.60
[INFO] [stderr]    Compiling rustc-hash v1.1.0
[INFO] [stderr]    Compiling log v0.4.29
[INFO] [stderr]    Compiling lazycell v1.3.0
[INFO] [stderr]    Compiling lazy_static v1.5.0
[INFO] [stderr]    Compiling nom v7.1.3
[INFO] [stderr]    Compiling itertools v0.12.1
[INFO] [stderr]    Compiling generic-array v0.14.7
[INFO] [stderr]    Compiling syn v2.0.117
[INFO] [stderr]    Compiling xanadoc v0.1.4 (/opt/rustwide/workdir)
[INFO] [stderr]    Compiling crypto-common v0.1.7
[INFO] [stderr]    Compiling block-buffer v0.10.4
[INFO] [stderr]    Compiling regex-automata v0.4.14
[INFO] [stderr]    Compiling digest v0.10.7
[INFO] [stderr]    Compiling sha2 v0.10.9
[INFO] [stderr]    Compiling which v4.4.2
[INFO] [stderr]    Compiling cexpr v0.6.0
[INFO] [stderr]    Compiling regex v1.12.3
[INFO] [stderr]    Compiling dtob-sys v0.1.1
[INFO] [stderr]     Finished `dev` profile [unoptimized + debuginfo] target(s) in 20.78s
[INFO] running `Command { std: "docker" "inspect" "8384071a5bd287cebf7c88ebae5b7bba1c69cffa5bca6522b1f1048af1939c2f", kill_on_drop: false }`
[INFO] running `Command { std: "docker" "exec" "-e" "SOURCE_DIR=/opt/rustwide/workdir" "-e" "CARGO_HOME=/opt/rustwide/cargo-home" "-e" "RUSTUP_HOME=/opt/rustwide/rustup-home" "-e" "CARGO_TARGET_DIR=/opt/rustwide/target" "-e" "CARGO_INCREMENTAL=0" "-e" "RUST_BACKTRACE=full" "-e" "RUSTFLAGS=--cap-lints=warn" "-e" "RUSTDOCFLAGS=--cap-lints=warn" "-w" "/opt/rustwide/workdir" "--user" "0:0" "8384071a5bd287cebf7c88ebae5b7bba1c69cffa5bca6522b1f1048af1939c2f" "/opt/rustwide/cargo-home/bin/cargo" "+1.99.0-beta.8" "test" "--frozen" "--no-run" "--message-format=json", kill_on_drop: false }`
[INFO] [stderr]    Compiling xanadoc v0.1.4 (/opt/rustwide/workdir)
[INFO] [stderr]     Finished `test` profile [unoptimized + debuginfo] target(s) in 1.23s
[INFO] running `Command { std: "docker" "inspect" "8384071a5bd287cebf7c88ebae5b7bba1c69cffa5bca6522b1f1048af1939c2f", kill_on_drop: false }`
[INFO] running `Command { std: "docker" "exec" "-e" "SOURCE_DIR=/opt/rustwide/workdir" "-e" "CARGO_HOME=/opt/rustwide/cargo-home" "-e" "RUSTUP_HOME=/opt/rustwide/rustup-home" "-e" "CARGO_TARGET_DIR=/opt/rustwide/target" "-e" "CARGO_INCREMENTAL=0" "-e" "RUST_BACKTRACE=full" "-e" "RUSTFLAGS=--cap-lints=warn" "-e" "RUSTDOCFLAGS=--cap-lints=warn" "-w" "/opt/rustwide/workdir" "--user" "0:0" "8384071a5bd287cebf7c88ebae5b7bba1c69cffa5bca6522b1f1048af1939c2f" "/opt/rustwide/cargo-home/bin/cargo" "+1.99.0-beta.8" "test" "--frozen", kill_on_drop: false }`
[INFO] [stderr]     Finished `test` profile [unoptimized + debuginfo] target(s) in 0.06s
[INFO] [stderr]      Running unittests src/lib.rs (/opt/rustwide/target/debug/deps/xanadoc-70c43121ccd4adbe)
[INFO] [stdout] 
[INFO] [stdout] running 23 tests
[INFO] [stdout] test decode::tests::decode_references_empty ... ok
[INFO] [stdout] test decode::tests::decode_neolinks_empty ... ok
[INFO] [stdout] test decode::tests::decode_content_bad_magic ... ok
[INFO] [stdout] test editor::tests::serialize_deserialize_edits_roundtrip ... ok
[INFO] [stdout] test editor::tests::transclusion_prefix_recompute_matches_full_recompute ... ok
[INFO] [stdout] test editor::tests::break_microlink_when_edit_is_inside ... ok
[INFO] [stdout] test decode::tests::serialize_empty ... ok
[INFO] [stdout] test decode::tests::serialize_roundtrip_counts ... ok
[INFO] [stdout] test editor::tests::serialize_deserialize_edit_report_roundtrip ... ok
[INFO] [stdout] test tests::cid_uses_trit_encode ... ok
[INFO] [stdout] test tests::trit_encode_deterministic ... ok
[INFO] [stdout] test tests::ccid_no_refs ... ok
[INFO] [stdout] test tests::sha256_known ... ok
[INFO] [stdout] test editor::tests::transclusion_broken_when_edit_is_inside ... ok
[INFO] [stdout] test tests::transclusion_proof_same_doc ... ok
[INFO] [stderr] dtob: custom type 21: expected inner opcode
[INFO] [stdout] test tests::transclusion_proof_cross_doc ... ok
[INFO] [stdout] test decode::tests::decode_content_basic ... ok
[INFO] [stdout] test tests::trit_encode_empty ... ok
[INFO] [stdout] test editor::tests::serialize_deserialize_refs_roundtrip ... ok
[INFO] [stdout] test tests::bromberg_hash_deterministic ... ok
[INFO] [stdout] test editor::tests::transclusion_suffix_recompute_matches_full_recompute ... ok
[INFO] [stdout] test editor::tests::shift_microlink_when_edit_is_before ... ok
[INFO] [stdout] test decode::tests::decode_transclusion ... FAILED
[INFO] [stdout] 
[INFO] [stdout] failures:
[INFO] [stdout] 
[INFO] [stdout] ---- decode::tests::decode_transclusion stdout ----
[INFO] [stdout] 
[INFO] [stdout] thread 'decode::tests::decode_transclusion' (951) panicked at src/decode.rs:509:9:
[INFO] [stdout] assertion `left == right` failed
[INFO] [stdout]   left: 0
[INFO] [stdout]  right: 1
[INFO] [stdout] stack backtrace:
[INFO] [stdout]    0:     0x635819cfbd51 - std[70759c8f55707aa4]::backtrace_rs::backtrace::libunwind::trace
[INFO] [stdout]                                at /rustc/dfb0accb7f508ae8be965d8629557221c889dd98/library/std/src/../../backtrace/src/backtrace/libunwind.rs:117:9
[INFO] [stdout]    1:     0x635819cfbd51 - std[70759c8f55707aa4]::backtrace_rs::backtrace::trace_unsynchronized::<std[70759c8f55707aa4]::sys::backtrace::_print_fmt::{closure#1}>
[INFO] [stdout]                                at /rustc/dfb0accb7f508ae8be965d8629557221c889dd98/library/std/src/../../backtrace/src/backtrace/mod.rs:66:14
[INFO] [stdout]    2:     0x635819cfbd51 - std[70759c8f55707aa4]::sys::backtrace::_print_fmt
[INFO] [stdout]                                at /rustc/dfb0accb7f508ae8be965d8629557221c889dd98/library/std/src/sys/backtrace.rs:74:9
[INFO] [stdout]    3:     0x635819cfbd51 - <<std[70759c8f55707aa4]::sys::backtrace::BacktraceLock>::print::DisplayBacktrace as core[df12db4294e9bfd3]::fmt::Display>::fmt
[INFO] [stdout]                                at /rustc/dfb0accb7f508ae8be965d8629557221c889dd98/library/std/src/sys/backtrace.rs:44:26
[INFO] [stdout]    4:     0x635819d0ffaa - <core[df12db4294e9bfd3]::fmt::rt::Argument>::fmt
[INFO] [stdout]                                at /rustc/dfb0accb7f508ae8be965d8629557221c889dd98/library/core/src/fmt/rt.rs:152:76
[INFO] [stdout]    5:     0x635819d0ffaa - core[df12db4294e9bfd3]::fmt::write
[INFO] [stdout]    6:     0x635819d001ec - core[df12db4294e9bfd3]::io::write::default_write_fmt::<alloc[2182bb758b4b3781]::vec::Vec<u8>>
[INFO] [stdout]                                at /rustc/dfb0accb7f508ae8be965d8629557221c889dd98/library/core/src/io/write.rs:402:11
[INFO] [stdout]    7:     0x635819d001ec - <alloc[2182bb758b4b3781]::vec::Vec<u8> as core[df12db4294e9bfd3]::io::write::Write>::write_fmt
[INFO] [stdout]                                at /rustc/dfb0accb7f508ae8be965d8629557221c889dd98/library/core/src/io/write.rs:335:13
[INFO] [stdout]    8:     0x635819cd8346 - <std[70759c8f55707aa4]::sys::backtrace::BacktraceLock>::print
[INFO] [stdout]                                at /rustc/dfb0accb7f508ae8be965d8629557221c889dd98/library/std/src/sys/backtrace.rs:47:9
[INFO] [stdout]    9:     0x635819cd8346 - std[70759c8f55707aa4]::panicking::default_hook::{closure#0}
[INFO] [stdout]                                at /rustc/dfb0accb7f508ae8be965d8629557221c889dd98/library/std/src/panicking.rs:292:27
[INFO] [stdout]   10:     0x635819cf44b9 - std[70759c8f55707aa4]::panicking::default_hook
[INFO] [stdout]                                at /rustc/dfb0accb7f508ae8be965d8629557221c889dd98/library/std/src/panicking.rs:316:9
[INFO] [stdout]   11:     0x635819c87c80 - <alloc[2182bb758b4b3781]::boxed::Box<dyn for<'a, 'b> core[df12db4294e9bfd3]::ops::function::Fn<(&'a std[70759c8f55707aa4]::panic::PanicHookInfo<'b>,), Output = ()> + core[df12db4294e9bfd3]::marker::Send + core[df12db4294e9bfd3]::marker::Sync> as core[df12db4294e9bfd3]::ops::function::Fn<(&std[70759c8f55707aa4]::panic::PanicHookInfo,)>>::call
[INFO] [stdout]                                at /rustc/dfb0accb7f508ae8be965d8629557221c889dd98/library/alloc/src/boxed.rs:2334:9
[INFO] [stdout]   12:     0x635819c87c80 - test[9d35eded1c95d3be]::test_main_inner::<test[9d35eded1c95d3be]::test_main_static::{closure#0}>::{closure#0}
[INFO] [stdout]                                at /rustc/dfb0accb7f508ae8be965d8629557221c889dd98/library/test/src/lib.rs:155:21
[INFO] [stdout]   13:     0x635819cf4672 - <alloc[2182bb758b4b3781]::boxed::Box<dyn for<'a, 'b> core[df12db4294e9bfd3]::ops::function::Fn<(&'a std[70759c8f55707aa4]::panic::PanicHookInfo<'b>,), Output = ()> + core[df12db4294e9bfd3]::marker::Send + core[df12db4294e9bfd3]::marker::Sync> as core[df12db4294e9bfd3]::ops::function::Fn<(&std[70759c8f55707aa4]::panic::PanicHookInfo,)>>::call
[INFO] [stdout]                                at /rustc/dfb0accb7f508ae8be965d8629557221c889dd98/library/alloc/src/boxed.rs:2334:9
[INFO] [stdout]   14:     0x635819cf4672 - std[70759c8f55707aa4]::panicking::panic_with_hook
[INFO] [stdout]                                at /rustc/dfb0accb7f508ae8be965d8629557221c889dd98/library/std/src/panicking.rs:823:13
[INFO] [stdout]   15:     0x635819cd83f2 - std[70759c8f55707aa4]::panicking::panic_handler::{closure#0}
[INFO] [stdout]                                at /rustc/dfb0accb7f508ae8be965d8629557221c889dd98/library/std/src/panicking.rs:688:13
[INFO] [stdout]   16:     0x635819cd1179 - std[70759c8f55707aa4]::sys::backtrace::__rust_end_short_backtrace::<std[70759c8f55707aa4]::panicking::panic_handler::{closure#0}, !>
[INFO] [stdout]                                at /rustc/dfb0accb7f508ae8be965d8629557221c889dd98/library/std/src/sys/backtrace.rs:182:18
[INFO] [stdout]   17:     0x635819cd8fed - __rustc[8fa7c3cbc660c2b3]::rust_begin_unwind
[INFO] [stdout]                                at /rustc/dfb0accb7f508ae8be965d8629557221c889dd98/library/std/src/panicking.rs:679:5
[INFO] [stdout]   18:     0x635819d1073c - core[df12db4294e9bfd3]::panicking::panic_fmt
[INFO] [stdout]                                at /rustc/dfb0accb7f508ae8be965d8629557221c889dd98/library/core/src/panicking.rs:80:14
[INFO] [stdout]   19:     0x635819d105f3 - core[df12db4294e9bfd3]::panicking::assert_failed_inner
[INFO] [stdout]                                at /rustc/dfb0accb7f508ae8be965d8629557221c889dd98/library/core/src/panicking.rs:452:17
[INFO] [stdout]   20:     0x635819d0cee8 - core[df12db4294e9bfd3]::panicking::assert_failed::<usize, usize>
[INFO] [stdout]                                at /rustc/dfb0accb7f508ae8be965d8629557221c889dd98/library/core/src/panicking.rs:407:5
[INFO] [stdout]   21:     0x635819c5d748 - xanadoc[dcce663c49a30bbd]::decode::tests::decode_transclusion
[INFO] [stdout]                                at /opt/rustwide/workdir/src/decode.rs:509:9
[INFO] [stdout]   22:     0x635819c59017 - xanadoc[dcce663c49a30bbd]::decode::tests::decode_transclusion::{closure#0}
[INFO] [stdout]                                at /opt/rustwide/workdir/src/decode.rs:505:29
[INFO] [stdout]   23:     0x635819c69f46 - <xanadoc[dcce663c49a30bbd]::decode::tests::decode_transclusion::{closure#0} as core[df12db4294e9bfd3]::ops::function::FnOnce<()>>::call_once
[INFO] [stdout]                                at /rustc/dfb0accb7f508ae8be965d8629557221c889dd98/library/core/src/ops/function.rs:250:5
[INFO] [stdout]   24:     0x635819c7af6b - <fn() -> core[df12db4294e9bfd3]::result::Result<(), alloc[2182bb758b4b3781]::string::String> as core[df12db4294e9bfd3]::ops::function::FnOnce<()>>::call_once
[INFO] [stdout]                                at /rustc/dfb0accb7f508ae8be965d8629557221c889dd98/library/core/src/ops/function.rs:250:5
[INFO] [stdout]   25:     0x635819c7af6b - test[9d35eded1c95d3be]::__rust_begin_short_backtrace::<core[df12db4294e9bfd3]::result::Result<(), alloc[2182bb758b4b3781]::string::String>, fn() -> core[df12db4294e9bfd3]::result::Result<(), alloc[2182bb758b4b3781]::string::String>>
[INFO] [stdout]                                at /rustc/dfb0accb7f508ae8be965d8629557221c889dd98/library/test/src/lib.rs:733:18
[INFO] [stdout]   26:     0x635819c885d5 - test[9d35eded1c95d3be]::run_test_in_process::{closure#0}
[INFO] [stdout]                                at /rustc/dfb0accb7f508ae8be965d8629557221c889dd98/library/test/src/lib.rs:756:74
[INFO] [stdout]   27:     0x635819c885d5 - <core[df12db4294e9bfd3]::panic::unwind_safe::AssertUnwindSafe<test[9d35eded1c95d3be]::run_test_in_process::{closure#0}> as core[df12db4294e9bfd3]::ops::function::FnOnce<()>>::call_once
[INFO] [stdout]                                at /rustc/dfb0accb7f508ae8be965d8629557221c889dd98/library/core/src/panic/unwind_safe.rs:275:9
[INFO] [stdout]   28:     0x635819c885d5 - std[70759c8f55707aa4]::panicking::catch_unwind::do_call::<core[df12db4294e9bfd3]::panic::unwind_safe::AssertUnwindSafe<test[9d35eded1c95d3be]::run_test_in_process::{closure#0}>, core[df12db4294e9bfd3]::result::Result<(), alloc[2182bb758b4b3781]::string::String>>
[INFO] [stdout]                                at /rustc/dfb0accb7f508ae8be965d8629557221c889dd98/library/std/src/panicking.rs:576:43
[INFO] [stdout]   29:     0x635819c885d5 - std[70759c8f55707aa4]::panicking::catch_unwind::<core[df12db4294e9bfd3]::result::Result<(), alloc[2182bb758b4b3781]::string::String>, core[df12db4294e9bfd3]::panic::unwind_safe::AssertUnwindSafe<test[9d35eded1c95d3be]::run_test_in_process::{closure#0}>>
[INFO] [stdout]                                at /rustc/dfb0accb7f508ae8be965d8629557221c889dd98/library/std/src/panicking.rs:544:19
[INFO] [stdout]   30:     0x635819c885d5 - std[70759c8f55707aa4]::panic::catch_unwind::<core[df12db4294e9bfd3]::panic::unwind_safe::AssertUnwindSafe<test[9d35eded1c95d3be]::run_test_in_process::{closure#0}>, core[df12db4294e9bfd3]::result::Result<(), alloc[2182bb758b4b3781]::string::String>>
[INFO] [stdout]                                at /rustc/dfb0accb7f508ae8be965d8629557221c889dd98/library/std/src/panic.rs:359:14
[INFO] [stdout]   31:     0x635819c885d5 - test[9d35eded1c95d3be]::run_test_in_process
[INFO] [stdout]                                at /rustc/dfb0accb7f508ae8be965d8629557221c889dd98/library/test/src/lib.rs:756:27
[INFO] [stdout]   32:     0x635819c885d5 - test[9d35eded1c95d3be]::run_test::{closure#0}
[INFO] [stdout]                                at /rustc/dfb0accb7f508ae8be965d8629557221c889dd98/library/test/src/lib.rs:677:43
[INFO] [stdout]   33:     0x635819c81e94 - test[9d35eded1c95d3be]::run_test::{closure#1}
[INFO] [stdout]                                at /rustc/dfb0accb7f508ae8be965d8629557221c889dd98/library/test/src/lib.rs:707:41
[INFO] [stdout]   34:     0x635819c81e94 - std[70759c8f55707aa4]::sys::backtrace::__rust_begin_short_backtrace::<test[9d35eded1c95d3be]::run_test::{closure#1}, ()>
[INFO] [stdout]                                at /rustc/dfb0accb7f508ae8be965d8629557221c889dd98/library/std/src/sys/backtrace.rs:166:18
[INFO] [stdout]   35:     0x635819c8b732 - std[70759c8f55707aa4]::thread::lifecycle::spawn_unchecked::<test[9d35eded1c95d3be]::run_test::{closure#1}, ()>::{closure#1}::{closure#0}
[INFO] [stdout]                                at /rustc/dfb0accb7f508ae8be965d8629557221c889dd98/library/std/src/thread/lifecycle.rs:70:13
[INFO] [stdout]   36:     0x635819c8b732 - <core[df12db4294e9bfd3]::panic::unwind_safe::AssertUnwindSafe<std[70759c8f55707aa4]::thread::lifecycle::spawn_unchecked<test[9d35eded1c95d3be]::run_test::{closure#1}, ()>::{closure#1}::{closure#0}> as core[df12db4294e9bfd3]::ops::function::FnOnce<()>>::call_once
[INFO] [stdout]                                at /rustc/dfb0accb7f508ae8be965d8629557221c889dd98/library/core/src/panic/unwind_safe.rs:275:9
[INFO] [stdout]   37:     0x635819c8b732 - std[70759c8f55707aa4]::panicking::catch_unwind::do_call::<core[df12db4294e9bfd3]::panic::unwind_safe::AssertUnwindSafe<std[70759c8f55707aa4]::thread::lifecycle::spawn_unchecked<test[9d35eded1c95d3be]::run_test::{closure#1}, ()>::{closure#1}::{closure#0}>, ()>
[INFO] [stdout]                                at /rustc/dfb0accb7f508ae8be965d8629557221c889dd98/library/std/src/panicking.rs:576:43
[INFO] [stdout]   38:     0x635819c8b732 - std[70759c8f55707aa4]::panicking::catch_unwind::<(), core[df12db4294e9bfd3]::panic::unwind_safe::AssertUnwindSafe<std[70759c8f55707aa4]::thread::lifecycle::spawn_unchecked<test[9d35eded1c95d3be]::run_test::{closure#1}, ()>::{closure#1}::{closure#0}>>
[INFO] [stdout]                                at /rustc/dfb0accb7f508ae8be965d8629557221c889dd98/library/std/src/panicking.rs:544:19
[INFO] [stdout]   39:     0x635819c8b732 - std[70759c8f55707aa4]::panic::catch_unwind::<core[df12db4294e9bfd3]::panic::unwind_safe::AssertUnwindSafe<std[70759c8f55707aa4]::thread::lifecycle::spawn_unchecked<test[9d35eded1c95d3be]::run_test::{closure#1}, ()>::{closure#1}::{closure#0}>, ()>
[INFO] [stdout]                                at /rustc/dfb0accb7f508ae8be965d8629557221c889dd98/library/std/src/panic.rs:359:14
[INFO] [stdout]   40:     0x635819c8b732 - std[70759c8f55707aa4]::thread::lifecycle::spawn_unchecked::<test[9d35eded1c95d3be]::run_test::{closure#1}, ()>::{closure#1}
[INFO] [stdout]                                at /rustc/dfb0accb7f508ae8be965d8629557221c889dd98/library/std/src/thread/lifecycle.rs:68:26
[INFO] [stdout]   41:     0x635819c8b732 - <std[70759c8f55707aa4]::thread::lifecycle::spawn_unchecked<test[9d35eded1c95d3be]::run_test::{closure#1}, ()>::{closure#1} as core[df12db4294e9bfd3]::ops::function::FnOnce<()>>::call_once::{shim:vtable#0}
[INFO] [stdout]                                at /rustc/dfb0accb7f508ae8be965d8629557221c889dd98/library/core/src/ops/function.rs:250:5
[INFO] [stdout]   42:     0x635819cfb629 - <alloc[2182bb758b4b3781]::boxed::Box<dyn core[df12db4294e9bfd3]::ops::function::FnOnce<(), Output = ()> + core[df12db4294e9bfd3]::marker::Send> as core[df12db4294e9bfd3]::ops::function::FnOnce<()>>::call_once
[INFO] [stdout]                                at /rustc/dfb0accb7f508ae8be965d8629557221c889dd98/library/alloc/src/boxed.rs:2320:9
[INFO] [stdout]   43:     0x635819cfb629 - <std[70759c8f55707aa4]::sys::thread::unix::Thread>::new::thread_start
[INFO] [stdout]                                at /rustc/dfb0accb7f508ae8be965d8629557221c889dd98/library/std/src/sys/thread/unix.rs:123:17
[INFO] [stdout]   44:     0x7208d007adfa - <unknown>
[INFO] [stdout]   45:     0x7208d010e3d4 - clone
[INFO] [stdout]   46:                0x0 - <unknown>
[INFO] [stdout] 
[INFO] [stdout] 
[INFO] [stdout] failures:
[INFO] [stdout]     decode::tests::decode_transclusion
[INFO] [stdout] 
[INFO] [stdout] test result: FAILED. 22 passed; 1 failed; 0 ignored; 0 measured; 0 filtered out; finished in 0.03s
[INFO] [stdout] 
[INFO] [stderr] error: test failed, to rerun pass `--lib`
[INFO] running `Command { std: "docker" "inspect" "8384071a5bd287cebf7c88ebae5b7bba1c69cffa5bca6522b1f1048af1939c2f", kill_on_drop: false }`
[INFO] running `Command { std: "docker" "rm" "-f" "8384071a5bd287cebf7c88ebae5b7bba1c69cffa5bca6522b1f1048af1939c2f", kill_on_drop: false }`
[INFO] [stdout] 8384071a5bd287cebf7c88ebae5b7bba1c69cffa5bca6522b1f1048af1939c2f
