[INFO] fetching crate wrzasqpl-commons-aws-macros 4.2.58...
[INFO] testing wrzasqpl-commons-aws-macros-4.2.58 against 1.100.0-beta.1 for beta-1.100-2
[INFO] extracting crate wrzasqpl-commons-aws-macros 4.2.58 into /workspace/builds/worker-3-tc2/source
[INFO] started tweaking crates.io crate wrzasqpl-commons-aws-macros 4.2.58
[INFO] finished tweaking crates.io crate wrzasqpl-commons-aws-macros 4.2.58
[INFO] tweaked toml for crates.io crate wrzasqpl-commons-aws-macros 4.2.58 written to /workspace/builds/worker-3-tc2/source/Cargo.toml
[INFO] validating manifest of crates.io crate wrzasqpl-commons-aws-macros 4.2.58 on toolchain 1.100.0-beta.1
[INFO] running `Command { std: CARGO_HOME="/workspace/cargo-home" RUSTUP_HOME="/workspace/rustup-home" "/workspace/cargo-home/bin/cargo" "+1.100.0-beta.1" "metadata" "--manifest-path" "Cargo.toml" "--no-deps", kill_on_drop: false }`
[INFO] crate crates.io crate wrzasqpl-commons-aws-macros 4.2.58 already has a lockfile, it will not be regenerated
[INFO] running `Command { std: CARGO_HOME="/workspace/cargo-home" RUSTUP_HOME="/workspace/rustup-home" "/workspace/cargo-home/bin/cargo" "+1.100.0-beta.1" "fetch" "--manifest-path" "Cargo.toml", kill_on_drop: false }`
[INFO] running `Command { std: "docker" "create" "-v" "/var/lib/crater-agent-workspace/builds/worker-3-tc2/source:/opt/rustwide/workdir:ro,Z" "-v" "/var/lib/crater-agent-workspace/builds/worker-3-tc2/target:/opt/rustwide/target:rw,Z" "-v" "/var/lib/crater-agent-workspace/cargo-home:/opt/rustwide/cargo-home:ro,Z" "-v" "/var/lib/crater-agent-workspace/rustup-home:/opt/rustwide/rustup-home:ro,Z" "-m" "1610612736" "--network" "none" "ghcr.io/rust-lang/crates-build-env/linux@sha256:3111399a4047eeb3a02b7a90e478d715f38a8c6669b5c4b49d30a17385265909" "sleep" "infinity", kill_on_drop: false }`
[INFO] [stdout] a360ea05852456f18de04a1fb3220b4d471283a3a4b1e4d480eec910871dfc0f
[INFO] running `Command { std: "docker" "start" "a360ea05852456f18de04a1fb3220b4d471283a3a4b1e4d480eec910871dfc0f", kill_on_drop: false }`
[INFO] running `Command { std: "docker" "inspect" "a360ea05852456f18de04a1fb3220b4d471283a3a4b1e4d480eec910871dfc0f", kill_on_drop: false }`
[INFO] running `Command { std: "docker" "exec" "-e" "SOURCE_DIR=/opt/rustwide/workdir" "-e" "CARGO_HOME=/opt/rustwide/cargo-home" "-e" "RUSTUP_HOME=/opt/rustwide/rustup-home" "-e" "CARGO_TARGET_DIR=/opt/rustwide/target" "-w" "/opt/rustwide/workdir" "--user" "0:0" "a360ea05852456f18de04a1fb3220b4d471283a3a4b1e4d480eec910871dfc0f" "/opt/rustwide/cargo-home/bin/cargo" "+1.100.0-beta.1" "metadata" "--no-deps" "--format-version=1", kill_on_drop: false }`
[INFO] running `Command { std: "docker" "inspect" "a360ea05852456f18de04a1fb3220b4d471283a3a4b1e4d480eec910871dfc0f", kill_on_drop: false }`
[INFO] running `Command { std: "docker" "exec" "-e" "SOURCE_DIR=/opt/rustwide/workdir" "-e" "CARGO_HOME=/opt/rustwide/cargo-home" "-e" "RUSTUP_HOME=/opt/rustwide/rustup-home" "-e" "CARGO_TARGET_DIR=/opt/rustwide/target" "-e" "CARGO_INCREMENTAL=0" "-e" "RUST_BACKTRACE=full" "-e" "RUSTFLAGS=--cap-lints=warn" "-e" "RUSTDOCFLAGS=--cap-lints=warn" "-w" "/opt/rustwide/workdir" "--user" "0:0" "a360ea05852456f18de04a1fb3220b4d471283a3a4b1e4d480eec910871dfc0f" "/opt/rustwide/cargo-home/bin/cargo" "+1.100.0-beta.1" "build" "--frozen" "--message-format=json", kill_on_drop: false }`
[INFO] [stderr]    Compiling proc-macro2 v1.0.107
[INFO] [stderr]    Compiling quote v1.0.47
[INFO] [stderr]    Compiling syn v3.0.6
[INFO] [stderr]    Compiling wrzasqpl-commons-aws-macros v4.2.58 (/opt/rustwide/workdir)
[INFO] [stderr]     Finished `dev` profile [unoptimized + debuginfo] target(s) in 6.52s
[INFO] running `Command { std: "docker" "inspect" "a360ea05852456f18de04a1fb3220b4d471283a3a4b1e4d480eec910871dfc0f", kill_on_drop: false }`
[INFO] running `Command { std: "docker" "exec" "-e" "SOURCE_DIR=/opt/rustwide/workdir" "-e" "CARGO_HOME=/opt/rustwide/cargo-home" "-e" "RUSTUP_HOME=/opt/rustwide/rustup-home" "-e" "CARGO_TARGET_DIR=/opt/rustwide/target" "-e" "CARGO_INCREMENTAL=0" "-e" "RUST_BACKTRACE=full" "-e" "RUSTFLAGS=--cap-lints=warn" "-e" "RUSTDOCFLAGS=--cap-lints=warn" "-w" "/opt/rustwide/workdir" "--user" "0:0" "a360ea05852456f18de04a1fb3220b4d471283a3a4b1e4d480eec910871dfc0f" "/opt/rustwide/cargo-home/bin/cargo" "+1.100.0-beta.1" "test" "--frozen" "--no-run" "--message-format=json", kill_on_drop: false }`
[INFO] [stderr]    Compiling wrzasqpl-commons-aws-macros v4.2.58 (/opt/rustwide/workdir)
[INFO] [stderr]     Finished `test` profile [unoptimized + debuginfo] target(s) in 0.89s
[INFO] running `Command { std: "docker" "inspect" "a360ea05852456f18de04a1fb3220b4d471283a3a4b1e4d480eec910871dfc0f", kill_on_drop: false }`
[INFO] running `Command { std: "docker" "exec" "-e" "SOURCE_DIR=/opt/rustwide/workdir" "-e" "CARGO_HOME=/opt/rustwide/cargo-home" "-e" "RUSTUP_HOME=/opt/rustwide/rustup-home" "-e" "CARGO_TARGET_DIR=/opt/rustwide/target" "-e" "CARGO_INCREMENTAL=0" "-e" "RUST_BACKTRACE=full" "-e" "RUSTFLAGS=--cap-lints=warn" "-e" "RUSTDOCFLAGS=--cap-lints=warn" "-w" "/opt/rustwide/workdir" "--user" "0:0" "a360ea05852456f18de04a1fb3220b4d471283a3a4b1e4d480eec910871dfc0f" "/opt/rustwide/cargo-home/bin/cargo" "+1.100.0-beta.1" "test" "--frozen", kill_on_drop: false }`
[INFO] [stderr]     Finished `test` profile [unoptimized + debuginfo] target(s) in 0.02s
[INFO] [stderr]      Running unittests src/lib.rs (/opt/rustwide/target/debug/build/wrzasqpl-commons-aws-macros/3850d957533250f0/out/wrzasqpl_commons_aws_macros-3850d957533250f0)
[INFO] [stdout] 
[INFO] [stdout] running 8 tests
[INFO] [stdout] test dynamodb::tests::tuple_structs_are_rejected ... ok
[INFO] [stdout] test dynamodb::tests::missing_hash_key_emits_compile_error ... ok
[INFO] [stdout] test dynamodb::tests::defaults_detect_id_and_sk_fields ... ok
[INFO] [stdout] test dynamodb::tests::const_sort_key_generates_short_constructor_and_key_helper ... ok
[INFO] [stdout] test dynamodb::tests::hash_prefix_applies_to_constructor_and_key ... ok
[INFO] [stdout] test dynamodb::tests::hash_key_only ... ok
[INFO] [stdout] test dynamodb::tests::sort_key_prefix_adds_begins_with_query_modifier ... ok
[INFO] [stdout] test dynamodb::tests::non_struct_items_are_rejected ... ok
[INFO] [stderr]    Doc-tests wrzasqpl_commons_aws_macros
[INFO] [stdout] 
[INFO] [stdout] test result: ok. 8 passed; 0 failed; 0 ignored; 0 measured; 0 filtered out; finished in 0.15s
[INFO] [stdout] 
[INFO] [stdout] 
[INFO] [stdout] running 4 tests
[INFO] [stdout] test src/dynamodb.rs - dynamodb (line 55) ... FAILED
[INFO] [stdout] test src/lib.rs - derive_dynamo_entity (line 29) ... FAILED
[INFO] [stdout] test src/dynamodb.rs - dynamodb (line 40) ... FAILED
[INFO] [stdout] test src/dynamodb.rs - dynamodb (line 68) ... FAILED
[INFO] [stdout] 
[INFO] [stdout] failures:
[INFO] [stdout] 
[INFO] [stdout] ---- src/dynamodb.rs - dynamodb (line 55) stdout ----
[INFO] [stdout] error[E0432]: unresolved import `serde`
[INFO] [stdout]   --> src/dynamodb.rs:57:5
[INFO] [stdout]    |
[INFO] [stdout] 57 | use serde::{Deserialize, Serialize};
[INFO] [stdout]    |     ^^^^^ use of unresolved module or unlinked crate `serde`
[INFO] [stdout]    |
[INFO] [stdout]    = help: if you wanted to use a crate named `serde`, use `cargo add serde` to add it to your `Cargo.toml`
[INFO] [stdout] 
[INFO] [stdout] error[E0433]: cannot find module or crate `serde` in this scope
[INFO] [stdout]   --> src/dynamodb.rs:60:10
[INFO] [stdout]    |
[INFO] [stdout] 60 | #[derive(DynamoEntity, Serialize, Deserialize, Clone, Debug)]
[INFO] [stdout]    |          ^^^^^^^^^^^^ use of unresolved module or unlinked crate `serde`
[INFO] [stdout]    |
[INFO] [stdout]    = note: this error originates in the derive macro `DynamoEntity` (in Nightly builds, run with -Z macro-backtrace for more info)
[INFO] [stdout] 
[INFO] [stdout] error[E0433]: cannot find `wrzasqpl_commons_aws` in the list of imported crates
[INFO] [stdout]   --> src/dynamodb.rs:60:10
[INFO] [stdout]    |
[INFO] [stdout] 60 | #[derive(DynamoEntity, Serialize, Deserialize, Clone, Debug)]
[INFO] [stdout]    |          ^^^^^^^^^^^^ could not find `wrzasqpl_commons_aws` in the list of imported crates
[INFO] [stdout]    |
[INFO] [stdout]    = note: this error originates in the derive macro `DynamoEntity` (in Nightly builds, run with -Z macro-backtrace for more info)
[INFO] [stdout] 
[INFO] [stdout] error: aborting due to 3 previous errors
[INFO] [stdout] 
[INFO] [stdout] Some errors have detailed explanations: E0432, E0433.
[INFO] [stdout] For more information about an error, try `rustc --explain E0432`.
[INFO] [stdout] Couldn't compile the test.
[INFO] [stdout] ---- src/lib.rs - derive_dynamo_entity (line 29) stdout ----
[INFO] [stdout] error[E0433]: cannot find module or crate `serde` in this scope
[INFO] [stdout]   --> src/lib.rs:33:10
[INFO] [stdout]    |
[INFO] [stdout] 33 | #[derive(DynamoEntity)]
[INFO] [stdout]    |          ^^^^^^^^^^^^ use of unresolved module or unlinked crate `serde`
[INFO] [stdout]    |
[INFO] [stdout]    = note: this error originates in the derive macro `DynamoEntity` (in Nightly builds, run with -Z macro-backtrace for more info)
[INFO] [stdout] 
[INFO] [stdout] error[E0433]: cannot find `wrzasqpl_commons_aws` in the list of imported crates
[INFO] [stdout]   --> src/lib.rs:33:10
[INFO] [stdout]    |
[INFO] [stdout] 33 | #[derive(DynamoEntity)]
[INFO] [stdout]    |          ^^^^^^^^^^^^ could not find `wrzasqpl_commons_aws` in the list of imported crates
[INFO] [stdout]    |
[INFO] [stdout]    = note: this error originates in the derive macro `DynamoEntity` (in Nightly builds, run with -Z macro-backtrace for more info)
[INFO] [stdout] 
[INFO] [stdout] error: aborting due to 2 previous errors
[INFO] [stdout] 
[INFO] [stdout] For more information about this error, try `rustc --explain E0433`.
[INFO] [stdout] Couldn't compile the test.
[INFO] [stdout] ---- src/dynamodb.rs - dynamodb (line 40) stdout ----
[INFO] [stdout] error[E0432]: unresolved import `serde`
[INFO] [stdout]   --> src/dynamodb.rs:42:5
[INFO] [stdout]    |
[INFO] [stdout] 42 | use serde::{Deserialize, Serialize};
[INFO] [stdout]    |     ^^^^^ use of unresolved module or unlinked crate `serde`
[INFO] [stdout]    |
[INFO] [stdout]    = help: if you wanted to use a crate named `serde`, use `cargo add serde` to add it to your `Cargo.toml`
[INFO] [stdout] 
[INFO] [stdout] error[E0433]: cannot find module or crate `serde` in this scope
[INFO] [stdout]   --> src/dynamodb.rs:45:10
[INFO] [stdout]    |
[INFO] [stdout] 45 | #[derive(DynamoEntity, Serialize, Deserialize, Clone, Debug)]
[INFO] [stdout]    |          ^^^^^^^^^^^^ use of unresolved module or unlinked crate `serde`
[INFO] [stdout]    |
[INFO] [stdout]    = note: this error originates in the derive macro `DynamoEntity` (in Nightly builds, run with -Z macro-backtrace for more info)
[INFO] [stdout] 
[INFO] [stdout] error[E0433]: cannot find `wrzasqpl_commons_aws` in the list of imported crates
[INFO] [stdout]   --> src/dynamodb.rs:45:10
[INFO] [stdout]    |
[INFO] [stdout] 45 | #[derive(DynamoEntity, Serialize, Deserialize, Clone, Debug)]
[INFO] [stdout]    |          ^^^^^^^^^^^^ could not find `wrzasqpl_commons_aws` in the list of imported crates
[INFO] [stdout]    |
[INFO] [stdout]    = note: this error originates in the derive macro `DynamoEntity` (in Nightly builds, run with -Z macro-backtrace for more info)
[INFO] [stdout] 
[INFO] [stdout] error: aborting due to 3 previous errors
[INFO] [stdout] 
[INFO] [stdout] Some errors have detailed explanations: E0432, E0433.
[INFO] [stdout] For more information about an error, try `rustc --explain E0432`.
[INFO] [stdout] Couldn't compile the test.
[INFO] [stdout] ---- src/dynamodb.rs - dynamodb (line 68) stdout ----
[INFO] [stdout] error[E0432]: unresolved import `serde`
[INFO] [stdout]   --> src/dynamodb.rs:70:5
[INFO] [stdout]    |
[INFO] [stdout] 70 | use serde::{Deserialize, Serialize};
[INFO] [stdout]    |     ^^^^^ use of unresolved module or unlinked crate `serde`
[INFO] [stdout]    |
[INFO] [stdout]    = help: if you wanted to use a crate named `serde`, use `cargo add serde` to add it to your `Cargo.toml`
[INFO] [stdout] 
[INFO] [stdout] error[E0433]: cannot find module or crate `serde` in this scope
[INFO] [stdout]   --> src/dynamodb.rs:73:10
[INFO] [stdout]    |
[INFO] [stdout] 73 | #[derive(DynamoEntity, Serialize, Deserialize, Clone, Debug)]
[INFO] [stdout]    |          ^^^^^^^^^^^^ use of unresolved module or unlinked crate `serde`
[INFO] [stdout]    |
[INFO] [stdout]    = note: this error originates in the derive macro `DynamoEntity` (in Nightly builds, run with -Z macro-backtrace for more info)
[INFO] [stdout] 
[INFO] [stdout] error[E0433]: cannot find `wrzasqpl_commons_aws` in the list of imported crates
[INFO] [stdout]   --> src/dynamodb.rs:73:10
[INFO] [stdout]    |
[INFO] [stdout] 73 | #[derive(DynamoEntity, Serialize, Deserialize, Clone, Debug)]
[INFO] [stdout]    |          ^^^^^^^^^^^^ could not find `wrzasqpl_commons_aws` in the list of imported crates
[INFO] [stdout]    |
[INFO] [stdout]    = note: this error originates in the derive macro `DynamoEntity` (in Nightly builds, run with -Z macro-backtrace for more info)
[INFO] [stdout] 
[INFO] [stdout] error: aborting due to 3 previous errors
[INFO] [stdout] 
[INFO] [stdout] Some errors have detailed explanations: E0432, E0433.
[INFO] [stdout] For more information about an error, try `rustc --explain E0432`.
[INFO] [stdout] Couldn't compile the test.
[INFO] [stdout] 
[INFO] [stdout] failures:
[INFO] [stdout]     src/dynamodb.rs - dynamodb (line 40)
[INFO] [stdout]     src/dynamodb.rs - dynamodb (line 55)
[INFO] [stdout]     src/dynamodb.rs - dynamodb (line 68)
[INFO] [stdout]     src/lib.rs - derive_dynamo_entity (line 29)
[INFO] [stdout] 
[INFO] [stdout] test result: FAILED. 0 passed; 4 failed; 0 ignored; 0 measured; 0 filtered out; finished in 0.15s
[INFO] [stdout] 
[INFO] [stdout] all doctests ran in 0.31s; merged doctests compilation took 0.16s
[INFO] [stderr] error: doctest failed, to rerun pass `--doc`
[INFO] running `Command { std: "docker" "inspect" "a360ea05852456f18de04a1fb3220b4d471283a3a4b1e4d480eec910871dfc0f", kill_on_drop: false }`
[INFO] running `Command { std: "docker" "rm" "-f" "a360ea05852456f18de04a1fb3220b4d471283a3a4b1e4d480eec910871dfc0f", kill_on_drop: false }`
[INFO] [stdout] a360ea05852456f18de04a1fb3220b4d471283a3a4b1e4d480eec910871dfc0f
