[INFO] fetching crate wrkflw 0.8.0...
[INFO] testing wrkflw-0.8.0 against 1.100.0-beta.1 for beta-1.100-2
[INFO] extracting crate wrkflw 0.8.0 into /workspace/builds/worker-1-tc2/source
[INFO] started tweaking crates.io crate wrkflw 0.8.0
[INFO] removed 0 missing tests
[INFO] finished tweaking crates.io crate wrkflw 0.8.0
[INFO] tweaked toml for crates.io crate wrkflw 0.8.0 written to /workspace/builds/worker-1-tc2/source/Cargo.toml
[INFO] validating manifest of crates.io crate wrkflw 0.8.0 on toolchain 1.100.0-beta.1
[INFO] running `Command { std: CARGO_HOME="/workspace/cargo-home" RUSTUP_HOME="/workspace/rustup-home" "/workspace/cargo-home/bin/cargo" "+1.100.0-beta.1" "metadata" "--manifest-path" "Cargo.toml" "--no-deps", kill_on_drop: false }`
[INFO] crate crates.io crate wrkflw 0.8.0 already has a lockfile, it will not be regenerated
[INFO] running `Command { std: CARGO_HOME="/workspace/cargo-home" RUSTUP_HOME="/workspace/rustup-home" "/workspace/cargo-home/bin/cargo" "+1.100.0-beta.1" "fetch" "--manifest-path" "Cargo.toml", kill_on_drop: false }`
[INFO] [stderr] warning: `package.homepage` is redundant with `package.repository`
[INFO] [stderr]    --> Cargo.toml:155:12
[INFO] [stderr]     |
[INFO] [stderr] 155 | homepage = "https://github.com/bahdotsh/wrkflw"
[INFO] [stderr]     |            ^^^^^^^^^^^^^^^^^^^^^^^^^^^^^^^^^^^^
[INFO] [stderr] ...
[INFO] [stderr] 160 | repository = "https://github.com/bahdotsh/wrkflw"
[INFO] [stderr]     |              ------------------------------------
[INFO] [stderr]     |
[INFO] [stderr]     = note: `cargo::redundant_homepage` is set to `warn` by default
[INFO] [stderr] help: consider removing `package.homepage`
[INFO] [stderr] warning: `wrkflw` (manifest) generated 1 warning
[INFO] running `Command { std: "docker" "create" "-v" "/var/lib/crater-agent-workspace/builds/worker-1-tc2/source:/opt/rustwide/workdir:ro,Z" "-v" "/var/lib/crater-agent-workspace/builds/worker-1-tc2/target:/opt/rustwide/target:rw,Z" "-v" "/var/lib/crater-agent-workspace/cargo-home:/opt/rustwide/cargo-home:ro,Z" "-v" "/var/lib/crater-agent-workspace/rustup-home:/opt/rustwide/rustup-home:ro,Z" "-m" "1610612736" "--network" "none" "ghcr.io/rust-lang/crates-build-env/linux@sha256:3111399a4047eeb3a02b7a90e478d715f38a8c6669b5c4b49d30a17385265909" "sleep" "infinity", kill_on_drop: false }`
[INFO] [stdout] 67ef48a47829ccc1dc938e2bbaa67d42b9efe69abfdf075a1486c781fc50a8f4
[INFO] running `Command { std: "docker" "start" "67ef48a47829ccc1dc938e2bbaa67d42b9efe69abfdf075a1486c781fc50a8f4", kill_on_drop: false }`
[INFO] running `Command { std: "docker" "inspect" "67ef48a47829ccc1dc938e2bbaa67d42b9efe69abfdf075a1486c781fc50a8f4", kill_on_drop: false }`
[INFO] running `Command { std: "docker" "exec" "-e" "SOURCE_DIR=/opt/rustwide/workdir" "-e" "CARGO_HOME=/opt/rustwide/cargo-home" "-e" "RUSTUP_HOME=/opt/rustwide/rustup-home" "-e" "CARGO_TARGET_DIR=/opt/rustwide/target" "-w" "/opt/rustwide/workdir" "--user" "0:0" "67ef48a47829ccc1dc938e2bbaa67d42b9efe69abfdf075a1486c781fc50a8f4" "/opt/rustwide/cargo-home/bin/cargo" "+1.100.0-beta.1" "metadata" "--no-deps" "--format-version=1", kill_on_drop: false }`
[INFO] running `Command { std: "docker" "inspect" "67ef48a47829ccc1dc938e2bbaa67d42b9efe69abfdf075a1486c781fc50a8f4", kill_on_drop: false }`
[INFO] running `Command { std: "docker" "exec" "-e" "SOURCE_DIR=/opt/rustwide/workdir" "-e" "CARGO_HOME=/opt/rustwide/cargo-home" "-e" "RUSTUP_HOME=/opt/rustwide/rustup-home" "-e" "CARGO_TARGET_DIR=/opt/rustwide/target" "-e" "CARGO_INCREMENTAL=0" "-e" "RUST_BACKTRACE=full" "-e" "RUSTFLAGS=--cap-lints=warn" "-e" "RUSTDOCFLAGS=--cap-lints=warn" "-w" "/opt/rustwide/workdir" "--user" "0:0" "67ef48a47829ccc1dc938e2bbaa67d42b9efe69abfdf075a1486c781fc50a8f4" "/opt/rustwide/cargo-home/bin/cargo" "+1.100.0-beta.1" "build" "--frozen" "--message-format=json", kill_on_drop: false }`
[INFO] [stderr] warning: `package.homepage` is redundant with `package.repository`
[INFO] [stderr]    --> Cargo.toml:155:12
[INFO] [stderr]     |
[INFO] [stderr] 155 | homepage = "https://github.com/bahdotsh/wrkflw"
[INFO] [stderr]     |            ^^^^^^^^^^^^^^^^^^^^^^^^^^^^^^^^^^^^
[INFO] [stderr] ...
[INFO] [stderr] 160 | repository = "https://github.com/bahdotsh/wrkflw"
[INFO] [stderr]     |              ------------------------------------
[INFO] [stderr]     |
[INFO] [stderr]     = note: `cargo::redundant_homepage` is set to `warn` by default
[INFO] [stderr] help: consider removing `package.homepage`
[INFO] [stderr] warning: `wrkflw` (manifest) generated 1 warning
[INFO] [stderr]    Compiling proc-macro2 v1.0.101
[INFO] [stderr]    Compiling libc v0.2.175
[INFO] [stderr]    Compiling cfg-if v1.0.3
[INFO] [stderr]    Compiling memchr v2.7.5
[INFO] [stderr]    Compiling log v0.4.27
[INFO] [stderr]    Compiling smallvec v1.15.1
[INFO] [stderr]    Compiling parking_lot_core v0.9.11
[INFO] [stderr]    Compiling hashbrown v0.15.5
[INFO] [stderr]    Compiling lock_api v0.4.13
[INFO] [stderr]    Compiling typenum v1.18.0
[INFO] [stderr]    Compiling num-traits v0.2.19
[INFO] [stderr]    Compiling serde_json v1.0.143
[INFO] [stderr]    Compiling shlex v1.3.0
[INFO] [stderr]    Compiling futures-task v0.3.31
[INFO] [stderr]    Compiling futures-io v0.3.31
[INFO] [stderr]    Compiling icu_properties_data v2.0.1
[INFO] [stderr]    Compiling tracing-core v0.1.34
[INFO] [stderr]    Compiling cc v1.2.34
[INFO] [stderr]    Compiling unsafe-libyaml v0.2.11
[INFO] [stderr]    Compiling http v0.2.12
[INFO] [stderr]    Compiling bitflags v2.9.2
[INFO] [stderr]    Compiling zerocopy v0.8.26
[INFO] [stderr]    Compiling strsim v0.11.1
[INFO] [stderr]    Compiling rustls v0.21.12
[INFO] [stderr]    Compiling utf8parse v0.2.2
[INFO] [stderr]    Compiling encoding_rs v0.8.35
[INFO] [stderr]    Compiling anstyle-parse v0.2.7
[INFO] [stderr]    Compiling anstyle-query v1.1.4
[INFO] [stderr]    Compiling anstyle v1.0.11
[INFO] [stderr]    Compiling rustix v1.0.8
[INFO] [stderr]    Compiling aho-corasick v1.1.3
[INFO] [stderr]    Compiling ipnet v2.11.0
[INFO] [stderr]    Compiling colorchoice v1.0.4
[INFO] [stderr]    Compiling rustix v0.38.44
[INFO] [stderr]    Compiling generic-array v0.14.7
[INFO] [stderr]    Compiling anyhow v1.0.99
[INFO] [stderr]    Compiling quote v1.0.40
[INFO] [stderr]    Compiling is_terminal_polyfill v1.70.1
[INFO] [stderr]    Compiling num-integer v0.1.46
[INFO] [stderr]    Compiling anstream v0.6.20
[INFO] [stderr]    Compiling http-body v0.4.6
[INFO] [stderr]    Compiling num-complex v0.4.6
[INFO] [stderr]    Compiling syn v2.0.106
[INFO] [stderr]    Compiling ahash v0.8.12
[INFO] [stderr]    Compiling clap_lex v0.7.5
[INFO] [stderr]    Compiling num-bigint v0.4.6
[INFO] [stderr]    Compiling num-iter v0.1.45
[INFO] [stderr]    Compiling bit-vec v0.6.3
[INFO] [stderr]    Compiling time-macros v0.2.22
[INFO] [stderr]    Compiling clap_builder v4.5.44
[INFO] [stderr]    Compiling inout v0.1.4
[INFO] [stderr]    Compiling block-buffer v0.10.4
[INFO] [stderr]    Compiling bit-set v0.5.3
[INFO] [stderr]    Compiling nom v8.0.0
[INFO] [stderr]    Compiling bstr v1.12.0
[INFO] [stderr]    Compiling signal-hook v0.3.18
[INFO] [stderr]    Compiling getrandom v0.2.16
[INFO] [stderr]    Compiling mio v1.0.4
[INFO] [stderr]    Compiling signal-hook-registry v1.4.6
[INFO] [stderr]    Compiling rand_core v0.6.4
[INFO] [stderr]    Compiling socket2 v0.6.0
[INFO] [stderr]    Compiling parking_lot v0.12.4
[INFO] [stderr]    Compiling ring v0.17.14
[INFO] [stderr]    Compiling regex-automata v0.4.9
[INFO] [stderr]    Compiling socket2 v0.5.10
[INFO] [stderr]    Compiling getrandom v0.3.3
[INFO] [stderr]    Compiling ppv-lite86 v0.2.21
[INFO] [stderr]    Compiling crypto-common v0.1.6
[INFO] [stderr]    Compiling num-rational v0.4.2
[INFO] [stderr]    Compiling universal-hash v0.5.1
[INFO] [stderr]    Compiling digest v0.10.7
[INFO] [stderr]    Compiling cipher v0.4.4
[INFO] [stderr]    Compiling polyval v0.6.2
[INFO] [stderr]    Compiling uuid v1.18.0
[INFO] [stderr]    Compiling time v0.3.41
[INFO] [stderr]    Compiling num v0.4.3
[INFO] [stderr]    Compiling bytecount v0.6.9
[INFO] [stderr]    Compiling fraction v0.13.1
[INFO] [stderr]    Compiling num-cmp v0.1.0
[INFO] [stderr]    Compiling ghash v0.5.1
[INFO] [stderr]    Compiling ctr v0.9.2
[INFO] [stderr]    Compiling aes v0.8.4
[INFO] [stderr]    Compiling hmac v0.12.1
[INFO] [stderr]    Compiling rand_chacha v0.3.1
[INFO] [stderr]    Compiling aead v0.5.2
[INFO] [stderr]    Compiling nix v0.27.1
[INFO] [stderr]    Compiling dirs-sys v0.4.1
[INFO] [stderr]    Compiling filetime v0.2.26
[INFO] [stderr]    Compiling tempfile v3.21.0
[INFO] [stderr]    Compiling dirs v5.0.1
[INFO] [stderr]    Compiling which v4.4.2
[INFO] [stderr]    Compiling rand v0.8.5
[INFO] [stderr]    Compiling aes-gcm v0.10.3
[INFO] [stderr]    Compiling pbkdf2 v0.12.2
[INFO] [stderr]    Compiling xattr v1.5.1
[INFO] [stderr]    Compiling sha2 v0.10.9
[INFO] [stderr]    Compiling instability v0.3.12
[INFO] [stderr]    Compiling glob v0.3.3
[INFO] [stderr]    Compiling signal-hook-mio v0.2.4
[INFO] [stderr]    Compiling num_cpus v1.17.0
[INFO] [stderr]    Compiling tar v0.4.44
[INFO] [stderr]    Compiling inotify-sys v0.1.5
[INFO] [stderr]    Compiling instant v0.1.13
[INFO] [stderr]    Compiling iso8601 v0.6.3
[INFO] [stderr]    Compiling indoc v2.0.6
[INFO] [stderr]    Compiling compact_str v0.8.1
[INFO] [stderr]    Compiling unicode-truncate v1.1.0
[INFO] [stderr]    Compiling inotify v0.10.2
[INFO] [stderr]    Compiling notify-types v1.0.1
[INFO] [stderr]    Compiling crossterm v0.28.1
[INFO] [stderr]    Compiling lru v0.12.5
[INFO] [stderr]    Compiling colored v2.2.0
[INFO] [stderr]    Compiling cassowary v0.3.0
[INFO] [stderr]    Compiling notify v7.0.0
[INFO] [stderr]    Compiling rayon v1.11.0
[INFO] [stderr]    Compiling itertools v0.11.0
[INFO] [stderr]    Compiling regex v1.11.1
[INFO] [stderr]    Compiling globset v0.4.16
[INFO] [stderr]    Compiling synstructure v0.13.2
[INFO] [stderr]    Compiling fancy-regex v0.11.0
[INFO] [stderr]    Compiling darling_core v0.23.0
[INFO] [stderr]    Compiling ignore v0.4.23
[INFO] [stderr]    Compiling serde_derive v1.0.219
[INFO] [stderr]    Compiling zerofrom-derive v0.1.6
[INFO] [stderr]    Compiling yoke-derive v0.8.0
[INFO] [stderr]    Compiling zerovec-derive v0.11.1
[INFO] [stderr]    Compiling displaydoc v0.2.5
[INFO] [stderr]    Compiling tokio-macros v2.5.0
[INFO] [stderr]    Compiling futures-macro v0.3.31
[INFO] [stderr]    Compiling thiserror-impl v1.0.69
[INFO] [stderr]    Compiling tracing-attributes v0.1.30
[INFO] [stderr]    Compiling clap_derive v4.5.45
[INFO] [stderr]    Compiling pin-project-internal v1.1.10
[INFO] [stderr]    Compiling async-trait v0.1.89
[INFO] [stderr]    Compiling serde_repr v0.1.20
[INFO] [stderr]    Compiling strum_macros v0.26.4
[INFO] [stderr]    Compiling tokio v1.47.1
[INFO] [stderr]    Compiling futures-util v0.3.31
[INFO] [stderr]    Compiling pin-project v1.1.10
[INFO] [stderr]    Compiling thiserror v1.0.69
[INFO] [stderr]    Compiling tracing v0.1.41
[INFO] [stderr]    Compiling zerofrom v0.1.6
[INFO] [stderr]    Compiling rustls-webpki v0.101.7
[INFO] [stderr]    Compiling sct v0.7.1
[INFO] [stderr]    Compiling yoke v0.8.0
[INFO] [stderr]    Compiling clap v4.5.45
[INFO] [stderr]    Compiling darling_macro v0.23.0
[INFO] [stderr]    Compiling zerovec v0.11.4
[INFO] [stderr]    Compiling zerotrie v0.2.2
[INFO] [stderr]    Compiling darling v0.23.0
[INFO] [stderr]    Compiling strum v0.26.3
[INFO] [stderr]    Compiling ratatui v0.28.1
[INFO] [stderr]    Compiling serde v1.0.219
[INFO] [stderr]    Compiling tinystr v0.8.1
[INFO] [stderr]    Compiling potential_utf v0.1.2
[INFO] [stderr]    Compiling icu_collections v2.0.0
[INFO] [stderr]    Compiling icu_locale_core v2.0.0
[INFO] [stderr]    Compiling icu_provider v2.0.0
[INFO] [stderr]    Compiling futures-executor v0.3.31
[INFO] [stderr]    Compiling icu_properties v2.0.1
[INFO] [stderr]    Compiling icu_normalizer v2.0.0
[INFO] [stderr]    Compiling futures v0.3.31
[INFO] [stderr]    Compiling idna_adapter v1.2.1
[INFO] [stderr]    Compiling idna v1.1.0
[INFO] [stderr]    Compiling indexmap v2.10.0
[INFO] [stderr]    Compiling serde_urlencoded v0.7.1
[INFO] [stderr]    Compiling chrono v0.4.41
[INFO] [stderr]    Compiling serde_with v2.3.3
[INFO] [stderr]    Compiling tokio-util v0.7.16
[INFO] [stderr]    Compiling tokio-rustls v0.24.1
[INFO] [stderr]    Compiling url v2.5.6
[INFO] [stderr]    Compiling serde_yaml v0.9.34+deprecated
[INFO] [stderr]    Compiling h2 v0.3.27
[INFO] [stderr]    Compiling bollard-stubs v1.42.0-rc.7
[INFO] [stderr]    Compiling wrkflw-models v0.8.0
[INFO] [stderr]    Compiling wrkflw-secrets v0.8.0
[INFO] [stderr]    Compiling wrkflw-matrix v0.8.0
[INFO] [stderr]    Compiling wrkflw-logging v0.8.0
[INFO] [stderr]    Compiling wrkflw-utils v0.8.0
[INFO] [stderr]    Compiling wrkflw-runtime v0.8.0
[INFO] [stderr]    Compiling wrkflw-validators v0.8.0
[INFO] [stderr]    Compiling wrkflw-evaluator v0.8.0
[INFO] [stderr]    Compiling hyper v0.14.32
[INFO] [stderr]    Compiling hyper-rustls v0.24.2
[INFO] [stderr]    Compiling hyperlocal v0.8.0
[INFO] [stderr]    Compiling reqwest v0.11.27
[INFO] [stderr]    Compiling jsonschema v0.17.1
[INFO] [stderr]    Compiling wrkflw-github v0.8.0
[INFO] [stderr]    Compiling wrkflw-gitlab v0.8.0
[INFO] [stderr]    Compiling bollard v0.14.0
[INFO] [stderr]    Compiling wrkflw-parser v0.8.0
[INFO] [stderr]    Compiling wrkflw-trigger-filter v0.8.0
[INFO] [stderr]    Compiling wrkflw-executor v0.8.0
[INFO] [stderr]    Compiling wrkflw-ui v0.8.0
[INFO] [stderr]    Compiling wrkflw-watcher v0.8.0
[INFO] [stderr]    Compiling wrkflw v0.8.0 (/opt/rustwide/workdir)
[INFO] [stderr] warning: unused dependency `itertools`
[INFO] [stderr]   --> Cargo.toml:31:15
[INFO] [stderr]    |
[INFO] [stderr] 31 | [dependencies.itertools]
[INFO] [stderr]    |               ^^^^^^^^^^
[INFO] [stderr]    |
[INFO] [stderr]    = note: `cargo::unused_dependencies` is set to `warn` by default
[INFO] [stderr] help: consider removing the dependency on `itertools`
[INFO] [stderr] warning: unused dependency `rayon`
[INFO] [stderr]   --> Cargo.toml:53:15
[INFO] [stderr]    |
[INFO] [stderr] 53 | [dependencies.rayon]
[INFO] [stderr]    |               ^^^^^^
[INFO] [stderr]    |
[INFO] [stderr] help: consider removing the dependency on `rayon`
[INFO] [stderr] warning: `wrkflw` (manifest) generated 2 warnings
[INFO] [stderr]     Finished `dev` profile [unoptimized + debuginfo] target(s) in 40.06s
[INFO] running `Command { std: "docker" "inspect" "67ef48a47829ccc1dc938e2bbaa67d42b9efe69abfdf075a1486c781fc50a8f4", kill_on_drop: false }`
[INFO] running `Command { std: "docker" "exec" "-e" "SOURCE_DIR=/opt/rustwide/workdir" "-e" "CARGO_HOME=/opt/rustwide/cargo-home" "-e" "RUSTUP_HOME=/opt/rustwide/rustup-home" "-e" "CARGO_TARGET_DIR=/opt/rustwide/target" "-e" "CARGO_INCREMENTAL=0" "-e" "RUST_BACKTRACE=full" "-e" "RUSTFLAGS=--cap-lints=warn" "-e" "RUSTDOCFLAGS=--cap-lints=warn" "-w" "/opt/rustwide/workdir" "--user" "0:0" "67ef48a47829ccc1dc938e2bbaa67d42b9efe69abfdf075a1486c781fc50a8f4" "/opt/rustwide/cargo-home/bin/cargo" "+1.100.0-beta.1" "test" "--frozen" "--no-run" "--message-format=json", kill_on_drop: false }`
[INFO] [stderr] warning: `package.homepage` is redundant with `package.repository`
[INFO] [stderr]    --> Cargo.toml:155:12
[INFO] [stderr]     |
[INFO] [stderr] 155 | homepage = "https://github.com/bahdotsh/wrkflw"
[INFO] [stderr]     |            ^^^^^^^^^^^^^^^^^^^^^^^^^^^^^^^^^^^^
[INFO] [stderr] ...
[INFO] [stderr] 160 | repository = "https://github.com/bahdotsh/wrkflw"
[INFO] [stderr]     |              ------------------------------------
[INFO] [stderr]     |
[INFO] [stderr]     = note: `cargo::redundant_homepage` is set to `warn` by default
[INFO] [stderr] help: consider removing `package.homepage`
[INFO] [stderr] warning: `wrkflw` (manifest) generated 1 warning
[INFO] [stderr]    Compiling wrkflw v0.8.0 (/opt/rustwide/workdir)
[INFO] [stderr] warning: unused dependency `itertools`
[INFO] [stderr]   --> Cargo.toml:31:15
[INFO] [stderr]    |
[INFO] [stderr] 31 | [dependencies.itertools]
[INFO] [stderr]    |               ^^^^^^^^^^
[INFO] [stderr]    |
[INFO] [stderr]    = note: `cargo::unused_dependencies` is set to `warn` by default
[INFO] [stderr] help: consider removing the dependency on `itertools`
[INFO] [stderr] warning: unused dependency `rayon`
[INFO] [stderr]   --> Cargo.toml:53:15
[INFO] [stderr]    |
[INFO] [stderr] 53 | [dependencies.rayon]
[INFO] [stderr]    |               ^^^^^^
[INFO] [stderr]    |
[INFO] [stderr] help: consider removing the dependency on `rayon`
[INFO] [stderr] warning: `wrkflw` (manifest) generated 2 warnings
[INFO] [stderr]     Finished `test` profile [unoptimized + debuginfo] target(s) in 2.34s
[INFO] running `Command { std: "docker" "inspect" "67ef48a47829ccc1dc938e2bbaa67d42b9efe69abfdf075a1486c781fc50a8f4", kill_on_drop: false }`
[INFO] running `Command { std: "docker" "exec" "-e" "SOURCE_DIR=/opt/rustwide/workdir" "-e" "CARGO_HOME=/opt/rustwide/cargo-home" "-e" "RUSTUP_HOME=/opt/rustwide/rustup-home" "-e" "CARGO_TARGET_DIR=/opt/rustwide/target" "-e" "CARGO_INCREMENTAL=0" "-e" "RUST_BACKTRACE=full" "-e" "RUSTFLAGS=--cap-lints=warn" "-e" "RUSTDOCFLAGS=--cap-lints=warn" "-w" "/opt/rustwide/workdir" "--user" "0:0" "67ef48a47829ccc1dc938e2bbaa67d42b9efe69abfdf075a1486c781fc50a8f4" "/opt/rustwide/cargo-home/bin/cargo" "+1.100.0-beta.1" "test" "--frozen", kill_on_drop: false }`
[INFO] [stderr] warning: `package.homepage` is redundant with `package.repository`
[INFO] [stderr]    --> Cargo.toml:155:12
[INFO] [stderr]     |
[INFO] [stderr] 155 | homepage = "https://github.com/bahdotsh/wrkflw"
[INFO] [stderr]     |            ^^^^^^^^^^^^^^^^^^^^^^^^^^^^^^^^^^^^
[INFO] [stderr] ...
[INFO] [stderr] 160 | repository = "https://github.com/bahdotsh/wrkflw"
[INFO] [stderr]     |              ------------------------------------
[INFO] [stderr]     |
[INFO] [stderr]     = note: `cargo::redundant_homepage` is set to `warn` by default
[INFO] [stderr] help: consider removing `package.homepage`
[INFO] [stderr] warning: `wrkflw` (manifest) generated 1 warning
[INFO] [stderr] warning: unused dependency `itertools`
[INFO] [stderr]   --> Cargo.toml:31:15
[INFO] [stderr]    |
[INFO] [stderr] 31 | [dependencies.itertools]
[INFO] [stderr]    |               ^^^^^^^^^^
[INFO] [stderr]    |
[INFO] [stderr]    = note: `cargo::unused_dependencies` is set to `warn` by default
[INFO] [stderr] help: consider removing the dependency on `itertools`
[INFO] [stderr] warning: unused dependency `rayon`
[INFO] [stderr]   --> Cargo.toml:53:15
[INFO] [stderr]    |
[INFO] [stderr] 53 | [dependencies.rayon]
[INFO] [stderr]    |               ^^^^^^
[INFO] [stderr]    |
[INFO] [stderr] help: consider removing the dependency on `rayon`
[INFO] [stderr] warning: `wrkflw` (manifest) generated 2 warnings
[INFO] [stderr]     Finished `test` profile [unoptimized + debuginfo] target(s) in 0.36s
[INFO] [stderr]      Running unittests src/lib.rs (/opt/rustwide/target/debug/build/wrkflw/83abec2355396d08/out/wrkflw_lib-83abec2355396d08)
[INFO] [stdout] 
[INFO] [stdout] running 0 tests
[INFO] [stdout] 
[INFO] [stdout] test result: ok. 0 passed; 0 failed; 0 ignored; 0 measured; 0 filtered out; finished in 0.00s
[INFO] [stdout] 
[INFO] [stderr]      Running unittests src/main.rs (/opt/rustwide/target/debug/build/wrkflw/0c8c94f34a3118d5/out/wrkflw-0c8c94f34a3118d5)
[INFO] [stdout] 
[INFO] [stdout] running 10 tests
[INFO] [stdout] test prefilter::prefilter_tests::validate_event_requires_base_branch_is_noop_for_non_pr_events ... ok
[INFO] [stdout] test prefilter::prefilter_tests::validate_event_requires_base_branch_rejects_pull_request_target_under_strict ... ok
[INFO] [stdout] test prefilter::prefilter_tests::validate_event_requires_base_branch_wording_is_host_neutral ... ok
[INFO] [stdout] test prefilter::prefilter_tests::missing_path_returns_err_with_not_found ... ok
[INFO] [stdout] test prefilter::prefilter_tests::directory_path_returns_err_with_watch_hint ... ok
[INFO] [stdout] git version 2.53.0
[INFO] [stdout] Initialized empty Git repository in /tmp/.tmpe0Es60/.git/
[INFO] [stdout] [main (root-commit) 00ef4e1] init
[INFO] [stdout]  1 file changed, 1 insertion(+)
[INFO] [stdout]  create mode 100644 a.txt
[INFO] [stdout] test prefilter::prefilter_tests::strict_filter_rejects_event_alone_without_diff_or_changed_files ... ok
[INFO] [stdout] test prefilter::prefilter_tests::build_event_context_defaults_diff_base_to_head_when_only_diff_head_set ... ok
[INFO] [stdout] test prefilter::prefilter_tests::non_strict_filter_allows_event_alone_with_warning_and_empty_change_set ... FAILED
[INFO] [stdout] test prefilter::prefilter_tests::skip_decision_returned_when_trigger_does_not_match ... FAILED
[INFO] [stdout] test prefilter::prefilter_tests::strict_filter_rejects_pull_request_without_base_branch ... FAILED
[INFO] [stdout] 
[INFO] [stdout] failures:
[INFO] [stdout] 
[INFO] [stdout] ---- prefilter::prefilter_tests::non_strict_filter_allows_event_alone_with_warning_and_empty_change_set stdout ----
[INFO] [stdout] [21:16:31] ⚠ --event was supplied without --diff or --changed-files; path filters will not match because no changed files are known. --no-strict-filter allowed this to proceed.
[INFO] [stdout] 
[INFO] [stdout] thread 'prefilter::prefilter_tests::non_strict_filter_allows_event_alone_with_warning_and_empty_change_set' (3192) panicked at src/prefilter.rs:750:14:
[INFO] [stdout] non-strict mode must not error on --event alone: "failed to build event context: Git error: git rev-parse failed: fatal: not a git repository (or any parent up to mount point /opt/rustwide)\nStopping at filesystem boundary (GIT_DISCOVERY_ACROSS_FILESYSTEM not set)."
[INFO] [stdout] stack backtrace:
[INFO] [stdout]    0:     0x6019eb4c37c1 - std[617be2ca0a6fd877]::backtrace_rs::backtrace::libunwind::trace
[INFO] [stdout]                                at /rustc/e3feeb59cd1bdd011a2bfcc0747b55125d9b8527/library/std/src/../../backtrace/src/backtrace/libunwind.rs:117:9
[INFO] [stdout]    1:     0x6019eb4c37c1 - std[617be2ca0a6fd877]::backtrace_rs::backtrace::trace_unsynchronized::<std[617be2ca0a6fd877]::sys::backtrace::_print_fmt::{closure#1}>
[INFO] [stdout]                                at /rustc/e3feeb59cd1bdd011a2bfcc0747b55125d9b8527/library/std/src/../../backtrace/src/backtrace/mod.rs:66:14
[INFO] [stdout]    2:     0x6019eb4c37c1 - std[617be2ca0a6fd877]::sys::backtrace::_print_fmt
[INFO] [stdout]                                at /rustc/e3feeb59cd1bdd011a2bfcc0747b55125d9b8527/library/std/src/sys/backtrace.rs:74:9
[INFO] [stdout]    3:     0x6019eb4c37c1 - <<std[617be2ca0a6fd877]::sys::backtrace::BacktraceLock>::print::DisplayBacktrace as core[a373ad73a504971]::fmt::Display>::fmt
[INFO] [stdout]                                at /rustc/e3feeb59cd1bdd011a2bfcc0747b55125d9b8527/library/std/src/sys/backtrace.rs:44:26
[INFO] [stdout]    4:     0x6019eb4dc28a - <core[a373ad73a504971]::fmt::rt::Argument>::fmt
[INFO] [stdout]                                at /rustc/e3feeb59cd1bdd011a2bfcc0747b55125d9b8527/library/core/src/fmt/rt.rs:152:76
[INFO] [stdout]    5:     0x6019eb4dc28a - core[a373ad73a504971]::fmt::write
[INFO] [stdout]    6:     0x6019eb4c87fc - core[a373ad73a504971]::io::write::default_write_fmt::<alloc[2e1b2a31b91974c5]::vec::Vec<u8>>
[INFO] [stdout]                                at /rustc/e3feeb59cd1bdd011a2bfcc0747b55125d9b8527/library/core/src/io/write.rs:402:11
[INFO] [stdout]    7:     0x6019eb4c87fc - <alloc[2e1b2a31b91974c5]::vec::Vec<u8> as core[a373ad73a504971]::io::write::Write>::write_fmt
[INFO] [stdout]                                at /rustc/e3feeb59cd1bdd011a2bfcc0747b55125d9b8527/library/core/src/io/write.rs:335:13
[INFO] [stdout]    8:     0x6019eb49bf46 - <std[617be2ca0a6fd877]::sys::backtrace::BacktraceLock>::print
[INFO] [stdout]                                at /rustc/e3feeb59cd1bdd011a2bfcc0747b55125d9b8527/library/std/src/sys/backtrace.rs:47:9
[INFO] [stdout]    9:     0x6019eb49bf46 - std[617be2ca0a6fd877]::panicking::default_hook::{closure#0}
[INFO] [stdout]                                at /rustc/e3feeb59cd1bdd011a2bfcc0747b55125d9b8527/library/std/src/panicking.rs:289:27
[INFO] [stdout]   10:     0x6019eb4ba3a9 - std[617be2ca0a6fd877]::panicking::default_hook
[INFO] [stdout]                                at /rustc/e3feeb59cd1bdd011a2bfcc0747b55125d9b8527/library/std/src/panicking.rs:313:9
[INFO] [stdout]   11:     0x6019ea9e5e20 - <alloc[2e1b2a31b91974c5]::boxed::Box<dyn for<'a, 'b> core[a373ad73a504971]::ops::function::Fn<(&'a std[617be2ca0a6fd877]::panic::PanicHookInfo<'b>,), Output = ()> + core[a373ad73a504971]::marker::Sync + core[a373ad73a504971]::marker::Send> as core[a373ad73a504971]::ops::function::Fn<(&std[617be2ca0a6fd877]::panic::PanicHookInfo,)>>::call
[INFO] [stdout]                                at /rustc/e3feeb59cd1bdd011a2bfcc0747b55125d9b8527/library/alloc/src/boxed.rs:2328:9
[INFO] [stdout]   12:     0x6019ea9e5e20 - test[aada8e7e76ba119b]::test_main_inner::{closure#0}
[INFO] [stdout]                                at /rustc/e3feeb59cd1bdd011a2bfcc0747b55125d9b8527/library/test/src/lib.rs:137:21
[INFO] [stdout]   13:     0x6019eb4ba6d2 - <alloc[2e1b2a31b91974c5]::boxed::Box<dyn for<'a, 'b> core[a373ad73a504971]::ops::function::Fn<(&'a std[617be2ca0a6fd877]::panic::PanicHookInfo<'b>,), Output = ()> + core[a373ad73a504971]::marker::Sync + core[a373ad73a504971]::marker::Send> as core[a373ad73a504971]::ops::function::Fn<(&std[617be2ca0a6fd877]::panic::PanicHookInfo,)>>::call
[INFO] [stdout]                                at /rustc/e3feeb59cd1bdd011a2bfcc0747b55125d9b8527/library/alloc/src/boxed.rs:2328:9
[INFO] [stdout]   14:     0x6019eb4ba6d2 - std[617be2ca0a6fd877]::panicking::panic_with_hook
[INFO] [stdout]                                at /rustc/e3feeb59cd1bdd011a2bfcc0747b55125d9b8527/library/std/src/panicking.rs:819:13
[INFO] [stdout]   15:     0x6019eb49bff2 - std[617be2ca0a6fd877]::panicking::panic_handler::{closure#0}
[INFO] [stdout]                                at /rustc/e3feeb59cd1bdd011a2bfcc0747b55125d9b8527/library/std/src/panicking.rs:685:13
[INFO] [stdout]   16:     0x6019eb4943e9 - std[617be2ca0a6fd877]::sys::backtrace::__rust_end_short_backtrace::<std[617be2ca0a6fd877]::panicking::panic_handler::{closure#0}, !>
[INFO] [stdout]                                at /rustc/e3feeb59cd1bdd011a2bfcc0747b55125d9b8527/library/std/src/sys/backtrace.rs:182:18
[INFO] [stdout]   17:     0x6019eb49cefd - __rustc[ea4f61d10b84890b]::rust_begin_unwind
[INFO] [stdout]                                at /rustc/e3feeb59cd1bdd011a2bfcc0747b55125d9b8527/library/std/src/panicking.rs:676:5
[INFO] [stdout]   18:     0x6019eb4dcb5c - core[a373ad73a504971]::panicking::panic_fmt
[INFO] [stdout]                                at /rustc/e3feeb59cd1bdd011a2bfcc0747b55125d9b8527/library/core/src/panicking.rs:80:14
[INFO] [stdout]   19:     0x6019eb4dc882 - core[a373ad73a504971]::result::unwrap_failed
[INFO] [stdout]                                at /rustc/e3feeb59cd1bdd011a2bfcc0747b55125d9b8527/library/core/src/result.rs:1870:5
[INFO] [stdout]   20:     0x6019ea9d5bee - <core[a373ad73a504971]::result::Result<wrkflw[cde7933b77790141]::prefilter::PrefilterDecision, alloc[2e1b2a31b91974c5]::string::String>>::expect
[INFO] [stdout]                                at /rustc/e3feeb59cd1bdd011a2bfcc0747b55125d9b8527/library/core/src/result.rs:1184:23
[INFO] [stdout]   21:     0x6019ea9d5760 - wrkflw[cde7933b77790141]::prefilter::prefilter_tests::non_strict_filter_allows_event_alone_with_warning_and_empty_change_set::{closure#0}
[INFO] [stdout]                                at /opt/rustwide/workdir/src/prefilter.rs:750:14
[INFO] [stdout]   22:     0x6019ea9c8632 - <core[a373ad73a504971]::pin::Pin<&mut dyn core[a373ad73a504971]::future::future::Future<Output = ()>> as core[a373ad73a504971]::future::future::Future>::poll
[INFO] [stdout]                                at /rustc/e3feeb59cd1bdd011a2bfcc0747b55125d9b8527/library/core/src/future/future.rs:133:9
[INFO] [stdout]   23:     0x6019ea9c86ad - <core[a373ad73a504971]::pin::Pin<&mut core[a373ad73a504971]::pin::Pin<&mut dyn core[a373ad73a504971]::future::future::Future<Output = ()>>> as core[a373ad73a504971]::future::future::Future>::poll
[INFO] [stdout]                                at /rustc/e3feeb59cd1bdd011a2bfcc0747b55125d9b8527/library/core/src/future/future.rs:133:9
[INFO] [stdout]   24:     0x6019ea9cd80d - <tokio[64290ea248ff0e65]::runtime::scheduler::current_thread::CoreGuard>::block_on::<core[a373ad73a504971]::pin::Pin<&mut core[a373ad73a504971]::pin::Pin<&mut dyn core[a373ad73a504971]::future::future::Future<Output = ()>>>>::{closure#0}::{closure#0}::{closure#0}
[INFO] [stdout]                                at /opt/rustwide/cargo-home/registry/src/index.crates.io-1949cf8c6b5b557f/tokio-1.47.1/src/runtime/scheduler/current_thread/mod.rs:742:70
[INFO] [stdout]   25:     0x6019ea9cd735 - tokio[64290ea248ff0e65]::task::coop::with_budget::<core[a373ad73a504971]::task::poll::Poll<()>, <tokio[64290ea248ff0e65]::runtime::scheduler::current_thread::CoreGuard>::block_on<core[a373ad73a504971]::pin::Pin<&mut core[a373ad73a504971]::pin::Pin<&mut dyn core[a373ad73a504971]::future::future::Future<Output = ()>>>>::{closure#0}::{closure#0}::{closure#0}>
[INFO] [stdout]                                at /opt/rustwide/cargo-home/registry/src/index.crates.io-1949cf8c6b5b557f/tokio-1.47.1/src/task/coop/mod.rs:167:5
[INFO] [stdout]   26:     0x6019ea9cd735 - tokio[64290ea248ff0e65]::task::coop::budget::<core[a373ad73a504971]::task::poll::Poll<()>, <tokio[64290ea248ff0e65]::runtime::scheduler::current_thread::CoreGuard>::block_on<core[a373ad73a504971]::pin::Pin<&mut core[a373ad73a504971]::pin::Pin<&mut dyn core[a373ad73a504971]::future::future::Future<Output = ()>>>>::{closure#0}::{closure#0}::{closure#0}>
[INFO] [stdout]                                at /opt/rustwide/cargo-home/registry/src/index.crates.io-1949cf8c6b5b557f/tokio-1.47.1/src/task/coop/mod.rs:133:5
[INFO] [stdout]   27:     0x6019ea9cd735 - <tokio[64290ea248ff0e65]::runtime::scheduler::current_thread::CoreGuard>::block_on::<core[a373ad73a504971]::pin::Pin<&mut core[a373ad73a504971]::pin::Pin<&mut dyn core[a373ad73a504971]::future::future::Future<Output = ()>>>>::{closure#0}::{closure#0}
[INFO] [stdout]                                at /opt/rustwide/cargo-home/registry/src/index.crates.io-1949cf8c6b5b557f/tokio-1.47.1/src/runtime/scheduler/current_thread/mod.rs:742:25
[INFO] [stdout]   28:     0x6019ea9c9182 - <tokio[64290ea248ff0e65]::runtime::scheduler::current_thread::Context>::enter::<core[a373ad73a504971]::task::poll::Poll<()>, <tokio[64290ea248ff0e65]::runtime::scheduler::current_thread::CoreGuard>::block_on<core[a373ad73a504971]::pin::Pin<&mut core[a373ad73a504971]::pin::Pin<&mut dyn core[a373ad73a504971]::future::future::Future<Output = ()>>>>::{closure#0}::{closure#0}>
[INFO] [stdout]                                at /opt/rustwide/cargo-home/registry/src/index.crates.io-1949cf8c6b5b557f/tokio-1.47.1/src/runtime/scheduler/current_thread/mod.rs:432:19
[INFO] [stdout]   29:     0x6019ea9cc96d - <tokio[64290ea248ff0e65]::runtime::scheduler::current_thread::CoreGuard>::block_on::<core[a373ad73a504971]::pin::Pin<&mut core[a373ad73a504971]::pin::Pin<&mut dyn core[a373ad73a504971]::future::future::Future<Output = ()>>>>::{closure#0}
[INFO] [stdout]                                at /opt/rustwide/cargo-home/registry/src/index.crates.io-1949cf8c6b5b557f/tokio-1.47.1/src/runtime/scheduler/current_thread/mod.rs:741:44
[INFO] [stdout]   30:     0x6019ea9cbc54 - <tokio[64290ea248ff0e65]::runtime::scheduler::current_thread::CoreGuard>::enter::<<tokio[64290ea248ff0e65]::runtime::scheduler::current_thread::CoreGuard>::block_on<core[a373ad73a504971]::pin::Pin<&mut core[a373ad73a504971]::pin::Pin<&mut dyn core[a373ad73a504971]::future::future::Future<Output = ()>>>>::{closure#0}, core[a373ad73a504971]::option::Option<()>>::{closure#0}
[INFO] [stdout]                                at /opt/rustwide/cargo-home/registry/src/index.crates.io-1949cf8c6b5b557f/tokio-1.47.1/src/runtime/scheduler/current_thread/mod.rs:829:68
[INFO] [stdout]   31:     0x6019ea9c8b8b - <tokio[64290ea248ff0e65]::runtime::context::scoped::Scoped<tokio[64290ea248ff0e65]::runtime::scheduler::Context>>::set::<<tokio[64290ea248ff0e65]::runtime::scheduler::current_thread::CoreGuard>::enter<<tokio[64290ea248ff0e65]::runtime::scheduler::current_thread::CoreGuard>::block_on<core[a373ad73a504971]::pin::Pin<&mut core[a373ad73a504971]::pin::Pin<&mut dyn core[a373ad73a504971]::future::future::Future<Output = ()>>>>::{closure#0}, core[a373ad73a504971]::option::Option<()>>::{closure#0}, (alloc[2e1b2a31b91974c5]::boxed::Box<tokio[64290ea248ff0e65]::runtime::scheduler::current_thread::Core>, core[a373ad73a504971]::option::Option<()>)>
[INFO] [stdout]                                at /opt/rustwide/cargo-home/registry/src/index.crates.io-1949cf8c6b5b557f/tokio-1.47.1/src/runtime/context/scoped.rs:40:9
[INFO] [stdout]   32:     0x6019ea9d1939 - tokio[64290ea248ff0e65]::runtime::context::set_scheduler::<(alloc[2e1b2a31b91974c5]::boxed::Box<tokio[64290ea248ff0e65]::runtime::scheduler::current_thread::Core>, core[a373ad73a504971]::option::Option<()>), <tokio[64290ea248ff0e65]::runtime::scheduler::current_thread::CoreGuard>::enter<<tokio[64290ea248ff0e65]::runtime::scheduler::current_thread::CoreGuard>::block_on<core[a373ad73a504971]::pin::Pin<&mut core[a373ad73a504971]::pin::Pin<&mut dyn core[a373ad73a504971]::future::future::Future<Output = ()>>>>::{closure#0}, core[a373ad73a504971]::option::Option<()>>::{closure#0}>::{closure#0}
[INFO] [stdout]                                at /opt/rustwide/cargo-home/registry/src/index.crates.io-1949cf8c6b5b557f/tokio-1.47.1/src/runtime/context.rs:176:38
[INFO] [stdout]   33:     0x6019ea9bf67f - <std[617be2ca0a6fd877]::thread::local::LocalKey<tokio[64290ea248ff0e65]::runtime::context::Context>>::try_with::<tokio[64290ea248ff0e65]::runtime::context::set_scheduler<(alloc[2e1b2a31b91974c5]::boxed::Box<tokio[64290ea248ff0e65]::runtime::scheduler::current_thread::Core>, core[a373ad73a504971]::option::Option<()>), <tokio[64290ea248ff0e65]::runtime::scheduler::current_thread::CoreGuard>::enter<<tokio[64290ea248ff0e65]::runtime::scheduler::current_thread::CoreGuard>::block_on<core[a373ad73a504971]::pin::Pin<&mut core[a373ad73a504971]::pin::Pin<&mut dyn core[a373ad73a504971]::future::future::Future<Output = ()>>>>::{closure#0}, core[a373ad73a504971]::option::Option<()>>::{closure#0}>::{closure#0}, (alloc[2e1b2a31b91974c5]::boxed::Box<tokio[64290ea248ff0e65]::runtime::scheduler::current_thread::Core>, core[a373ad73a504971]::option::Option<()>)>
[INFO] [stdout]                                at /rustc/e3feeb59cd1bdd011a2bfcc0747b55125d9b8527/library/std/src/thread/local.rs:463:12
[INFO] [stdout]   34:     0x6019ea9bf22e - <std[617be2ca0a6fd877]::thread::local::LocalKey<tokio[64290ea248ff0e65]::runtime::context::Context>>::with::<tokio[64290ea248ff0e65]::runtime::context::set_scheduler<(alloc[2e1b2a31b91974c5]::boxed::Box<tokio[64290ea248ff0e65]::runtime::scheduler::current_thread::Core>, core[a373ad73a504971]::option::Option<()>), <tokio[64290ea248ff0e65]::runtime::scheduler::current_thread::CoreGuard>::enter<<tokio[64290ea248ff0e65]::runtime::scheduler::current_thread::CoreGuard>::block_on<core[a373ad73a504971]::pin::Pin<&mut core[a373ad73a504971]::pin::Pin<&mut dyn core[a373ad73a504971]::future::future::Future<Output = ()>>>>::{closure#0}, core[a373ad73a504971]::option::Option<()>>::{closure#0}>::{closure#0}, (alloc[2e1b2a31b91974c5]::boxed::Box<tokio[64290ea248ff0e65]::runtime::scheduler::current_thread::Core>, core[a373ad73a504971]::option::Option<()>)>
[INFO] [stdout]                                at /rustc/e3feeb59cd1bdd011a2bfcc0747b55125d9b8527/library/std/src/thread/local.rs:427:20
[INFO] [stdout]   35:     0x6019ea9d0bbd - tokio[64290ea248ff0e65]::runtime::context::set_scheduler::<(alloc[2e1b2a31b91974c5]::boxed::Box<tokio[64290ea248ff0e65]::runtime::scheduler::current_thread::Core>, core[a373ad73a504971]::option::Option<()>), <tokio[64290ea248ff0e65]::runtime::scheduler::current_thread::CoreGuard>::enter<<tokio[64290ea248ff0e65]::runtime::scheduler::current_thread::CoreGuard>::block_on<core[a373ad73a504971]::pin::Pin<&mut core[a373ad73a504971]::pin::Pin<&mut dyn core[a373ad73a504971]::future::future::Future<Output = ()>>>>::{closure#0}, core[a373ad73a504971]::option::Option<()>>::{closure#0}>
[INFO] [stdout]                                at /opt/rustwide/cargo-home/registry/src/index.crates.io-1949cf8c6b5b557f/tokio-1.47.1/src/runtime/context.rs:176:17
[INFO] [stdout]   36:     0x6019ea9ca270 - <tokio[64290ea248ff0e65]::runtime::scheduler::current_thread::CoreGuard>::enter::<<tokio[64290ea248ff0e65]::runtime::scheduler::current_thread::CoreGuard>::block_on<core[a373ad73a504971]::pin::Pin<&mut core[a373ad73a504971]::pin::Pin<&mut dyn core[a373ad73a504971]::future::future::Future<Output = ()>>>>::{closure#0}, core[a373ad73a504971]::option::Option<()>>
[INFO] [stdout]                                at /opt/rustwide/cargo-home/registry/src/index.crates.io-1949cf8c6b5b557f/tokio-1.47.1/src/runtime/scheduler/current_thread/mod.rs:829:27
[INFO] [stdout]   37:     0x6019ea9ca566 - <tokio[64290ea248ff0e65]::runtime::scheduler::current_thread::CoreGuard>::block_on::<core[a373ad73a504971]::pin::Pin<&mut core[a373ad73a504971]::pin::Pin<&mut dyn core[a373ad73a504971]::future::future::Future<Output = ()>>>>
[INFO] [stdout]                                at /opt/rustwide/cargo-home/registry/src/index.crates.io-1949cf8c6b5b557f/tokio-1.47.1/src/runtime/scheduler/current_thread/mod.rs:729:24
[INFO] [stdout]   38:     0x6019ea9cb860 - <tokio[64290ea248ff0e65]::runtime::scheduler::current_thread::CurrentThread>::block_on::<core[a373ad73a504971]::pin::Pin<&mut dyn core[a373ad73a504971]::future::future::Future<Output = ()>>>::{closure#0}
[INFO] [stdout]                                at /opt/rustwide/cargo-home/registry/src/index.crates.io-1949cf8c6b5b557f/tokio-1.47.1/src/runtime/scheduler/current_thread/mod.rs:200:33
[INFO] [stdout]   39:     0x6019ea9d1178 - tokio[64290ea248ff0e65]::runtime::context::runtime::enter_runtime::<<tokio[64290ea248ff0e65]::runtime::scheduler::current_thread::CurrentThread>::block_on<core[a373ad73a504971]::pin::Pin<&mut dyn core[a373ad73a504971]::future::future::Future<Output = ()>>>::{closure#0}, ()>
[INFO] [stdout]                                at /opt/rustwide/cargo-home/registry/src/index.crates.io-1949cf8c6b5b557f/tokio-1.47.1/src/runtime/context/runtime.rs:65:16
[INFO] [stdout]   40:     0x6019ea9c8d44 - <tokio[64290ea248ff0e65]::runtime::scheduler::current_thread::CurrentThread>::block_on::<core[a373ad73a504971]::pin::Pin<&mut dyn core[a373ad73a504971]::future::future::Future<Output = ()>>>
[INFO] [stdout]                                at /opt/rustwide/cargo-home/registry/src/index.crates.io-1949cf8c6b5b557f/tokio-1.47.1/src/runtime/scheduler/current_thread/mod.rs:188:9
[INFO] [stdout]   41:     0x6019ea9d008f - <tokio[64290ea248ff0e65]::runtime::runtime::Runtime>::block_on_inner::<core[a373ad73a504971]::pin::Pin<&mut dyn core[a373ad73a504971]::future::future::Future<Output = ()>>>
[INFO] [stdout]                                at /opt/rustwide/cargo-home/registry/src/index.crates.io-1949cf8c6b5b557f/tokio-1.47.1/src/runtime/runtime.rs:356:52
[INFO] [stdout]   42:     0x6019ea9d01db - <tokio[64290ea248ff0e65]::runtime::runtime::Runtime>::block_on::<core[a373ad73a504971]::pin::Pin<&mut dyn core[a373ad73a504971]::future::future::Future<Output = ()>>>
[INFO] [stdout]                                at /opt/rustwide/cargo-home/registry/src/index.crates.io-1949cf8c6b5b557f/tokio-1.47.1/src/runtime/runtime.rs:330:18
[INFO] [stdout]   43:     0x6019ea9d8214 - wrkflw[cde7933b77790141]::prefilter::prefilter_tests::non_strict_filter_allows_event_alone_with_warning_and_empty_change_set
[INFO] [stdout]                                at /opt/rustwide/workdir/src/prefilter.rs:751:24
[INFO] [stdout]   44:     0x6019ea9d2357 - wrkflw[cde7933b77790141]::prefilter::prefilter_tests::non_strict_filter_allows_event_alone_with_warning_and_empty_change_set::{closure#0}
[INFO] [stdout]                                at /opt/rustwide/workdir/src/prefilter.rs:717:86
[INFO] [stdout]   45:     0x6019ea9c8956 - <wrkflw[cde7933b77790141]::prefilter::prefilter_tests::non_strict_filter_allows_event_alone_with_warning_and_empty_change_set::{closure#0} as core[a373ad73a504971]::ops::function::FnOnce<()>>::call_once
[INFO] [stdout]                                at /rustc/e3feeb59cd1bdd011a2bfcc0747b55125d9b8527/library/core/src/ops/function.rs:250:5
[INFO] [stdout]   46:     0x6019ea9d926b - <fn() -> core[a373ad73a504971]::result::Result<(), alloc[2e1b2a31b91974c5]::string::String> as core[a373ad73a504971]::ops::function::FnOnce<()>>::call_once
[INFO] [stdout]                                at /rustc/e3feeb59cd1bdd011a2bfcc0747b55125d9b8527/library/core/src/ops/function.rs:250:5
[INFO] [stdout]   47:     0x6019ea9d926b - test[aada8e7e76ba119b]::__rust_begin_short_backtrace::<core[a373ad73a504971]::result::Result<(), alloc[2e1b2a31b91974c5]::string::String>, fn() -> core[a373ad73a504971]::result::Result<(), alloc[2e1b2a31b91974c5]::string::String>>
[INFO] [stdout]                                at /rustc/e3feeb59cd1bdd011a2bfcc0747b55125d9b8527/library/test/src/lib.rs:701:18
[INFO] [stdout]   48:     0x6019ea9e6445 - test[aada8e7e76ba119b]::run_test_in_process::{closure#0}
[INFO] [stdout]                                at /rustc/e3feeb59cd1bdd011a2bfcc0747b55125d9b8527/library/test/src/lib.rs:724:74
[INFO] [stdout]   49:     0x6019ea9e6445 - <core[a373ad73a504971]::panic::unwind_safe::AssertUnwindSafe<test[aada8e7e76ba119b]::run_test_in_process::{closure#0}> as core[a373ad73a504971]::ops::function::FnOnce<()>>::call_once
[INFO] [stdout]                                at /rustc/e3feeb59cd1bdd011a2bfcc0747b55125d9b8527/library/core/src/panic/unwind_safe.rs:275:9
[INFO] [stdout]   50:     0x6019ea9e6445 - std[617be2ca0a6fd877]::panicking::catch_unwind::do_call::<core[a373ad73a504971]::panic::unwind_safe::AssertUnwindSafe<test[aada8e7e76ba119b]::run_test_in_process::{closure#0}>, core[a373ad73a504971]::result::Result<(), alloc[2e1b2a31b91974c5]::string::String>>
[INFO] [stdout]                                at /rustc/e3feeb59cd1bdd011a2bfcc0747b55125d9b8527/library/std/src/panicking.rs:573:43
[INFO] [stdout]   51:     0x6019ea9e6445 - std[617be2ca0a6fd877]::panicking::catch_unwind::<core[a373ad73a504971]::result::Result<(), alloc[2e1b2a31b91974c5]::string::String>, core[a373ad73a504971]::panic::unwind_safe::AssertUnwindSafe<test[aada8e7e76ba119b]::run_test_in_process::{closure#0}>>
[INFO] [stdout]                                at /rustc/e3feeb59cd1bdd011a2bfcc0747b55125d9b8527/library/std/src/panicking.rs:541:19
[INFO] [stdout]   52:     0x6019ea9e6445 - std[617be2ca0a6fd877]::panic::catch_unwind::<core[a373ad73a504971]::panic::unwind_safe::AssertUnwindSafe<test[aada8e7e76ba119b]::run_test_in_process::{closure#0}>, core[a373ad73a504971]::result::Result<(), alloc[2e1b2a31b91974c5]::string::String>>
[INFO] [stdout]                                at /rustc/e3feeb59cd1bdd011a2bfcc0747b55125d9b8527/library/std/src/panic.rs:359:14
[INFO] [stdout]   53:     0x6019ea9e6445 - test[aada8e7e76ba119b]::run_test_in_process
[INFO] [stdout]                                at /rustc/e3feeb59cd1bdd011a2bfcc0747b55125d9b8527/library/test/src/lib.rs:724:27
[INFO] [stdout]   54:     0x6019ea9e6445 - test[aada8e7e76ba119b]::run_test::{closure#0}
[INFO] [stdout]                                at /rustc/e3feeb59cd1bdd011a2bfcc0747b55125d9b8527/library/test/src/lib.rs:645:43
[INFO] [stdout]   55:     0x6019ea9dfd34 - test[aada8e7e76ba119b]::run_test::{closure#1}
[INFO] [stdout]                                at /rustc/e3feeb59cd1bdd011a2bfcc0747b55125d9b8527/library/test/src/lib.rs:675:41
[INFO] [stdout]   56:     0x6019ea9dfd34 - std[617be2ca0a6fd877]::sys::backtrace::__rust_begin_short_backtrace::<test[aada8e7e76ba119b]::run_test::{closure#1}, ()>
[INFO] [stdout]                                at /rustc/e3feeb59cd1bdd011a2bfcc0747b55125d9b8527/library/std/src/sys/backtrace.rs:166:18
[INFO] [stdout]   57:     0x6019ea9e94d2 - std[617be2ca0a6fd877]::thread::lifecycle::spawn_unchecked::<test[aada8e7e76ba119b]::run_test::{closure#1}, ()>::{closure#1}::{closure#0}
[INFO] [stdout]                                at /rustc/e3feeb59cd1bdd011a2bfcc0747b55125d9b8527/library/std/src/thread/lifecycle.rs:70:13
[INFO] [stdout]   58:     0x6019ea9e94d2 - <core[a373ad73a504971]::panic::unwind_safe::AssertUnwindSafe<std[617be2ca0a6fd877]::thread::lifecycle::spawn_unchecked<test[aada8e7e76ba119b]::run_test::{closure#1}, ()>::{closure#1}::{closure#0}> as core[a373ad73a504971]::ops::function::FnOnce<()>>::call_once
[INFO] [stdout]                                at /rustc/e3feeb59cd1bdd011a2bfcc0747b55125d9b8527/library/core/src/panic/unwind_safe.rs:275:9
[INFO] [stdout]   59:     0x6019ea9e94d2 - std[617be2ca0a6fd877]::panicking::catch_unwind::do_call::<core[a373ad73a504971]::panic::unwind_safe::AssertUnwindSafe<std[617be2ca0a6fd877]::thread::lifecycle::spawn_unchecked<test[aada8e7e76ba119b]::run_test::{closure#1}, ()>::{closure#1}::{closure#0}>, ()>
[INFO] [stdout]                                at /rustc/e3feeb59cd1bdd011a2bfcc0747b55125d9b8527/library/std/src/panicking.rs:573:43
[INFO] [stdout]   60:     0x6019ea9e94d2 - std[617be2ca0a6fd877]::panicking::catch_unwind::<(), core[a373ad73a504971]::panic::unwind_safe::AssertUnwindSafe<std[617be2ca0a6fd877]::thread::lifecycle::spawn_unchecked<test[aada8e7e76ba119b]::run_test::{closure#1}, ()>::{closure#1}::{closure#0}>>
[INFO] [stdout]                                at /rustc/e3feeb59cd1bdd011a2bfcc0747b55125d9b8527/library/std/src/panicking.rs:541:19
[INFO] [stdout]   61:     0x6019ea9e94d2 - std[617be2ca0a6fd877]::panic::catch_unwind::<core[a373ad73a504971]::panic::unwind_safe::AssertUnwindSafe<std[617be2ca0a6fd877]::thread::lifecycle::spawn_unchecked<test[aada8e7e76ba119b]::run_test::{closure#1}, ()>::{closure#1}::{closure#0}>, ()>
[INFO] [stdout]                                at /rustc/e3feeb59cd1bdd011a2bfcc0747b55125d9b8527/library/std/src/panic.rs:359:14
[INFO] [stdout]   62:     0x6019ea9e94d2 - std[617be2ca0a6fd877]::thread::lifecycle::spawn_unchecked::<test[aada8e7e76ba119b]::run_test::{closure#1}, ()>::{closure#1}
[INFO] [stdout]                                at /rustc/e3feeb59cd1bdd011a2bfcc0747b55125d9b8527/library/std/src/thread/lifecycle.rs:68:26
[INFO] [stdout]   63:     0x6019ea9e94d2 - <std[617be2ca0a6fd877]::thread::lifecycle::spawn_unchecked<test[aada8e7e76ba119b]::run_test::{closure#1}, ()>::{closure#1} as core[a373ad73a504971]::ops::function::FnOnce<()>>::call_once::{shim:vtable#0}
[INFO] [stdout]                                at /rustc/e3feeb59cd1bdd011a2bfcc0747b55125d9b8527/library/core/src/ops/function.rs:250:5
[INFO] [stdout]   64:     0x6019eb4c241f - <alloc[2e1b2a31b91974c5]::boxed::Box<dyn core[a373ad73a504971]::ops::function::FnOnce<(), Output = ()> + core[a373ad73a504971]::marker::Send> as core[a373ad73a504971]::ops::function::FnOnce<()>>::call_once
[INFO] [stdout]                                at /rustc/e3feeb59cd1bdd011a2bfcc0747b55125d9b8527/library/alloc/src/boxed.rs:2314:9
[INFO] [stdout]   65:     0x6019eb4c241f - <std[617be2ca0a6fd877]::sys::thread::unix::Thread>::new::thread_start
[INFO] [stdout]                                at /rustc/e3feeb59cd1bdd011a2bfcc0747b55125d9b8527/library/std/src/sys/thread/unix.rs:127:17
[INFO] [stdout]   66:     0x7c1c3b18fdfa - <unknown>
[INFO] [stdout]   67:     0x7c1c3b2233d4 - clone
[INFO] [stdout]   68:                0x0 - <unknown>
[INFO] [stdout] 
[INFO] [stdout] ---- prefilter::prefilter_tests::skip_decision_returned_when_trigger_does_not_match stdout ----
[INFO] [stdout] 
[INFO] [stdout] thread 'prefilter::prefilter_tests::skip_decision_returned_when_trigger_does_not_match' (3193) panicked at src/prefilter.rs:647:14:
[INFO] [stdout] should not error on a valid workflow: "failed to build event context: Git error: git rev-parse failed: fatal: not a git repository (or any parent up to mount point /opt/rustwide)\nStopping at filesystem boundary (GIT_DISCOVERY_ACROSS_FILESYSTEM not set)."
[INFO] [stdout] stack backtrace:
[INFO] [stdout]    0:     0x6019eb4c37c1 - std[617be2ca0a6fd877]::backtrace_rs::backtrace::libunwind::trace
[INFO] [stdout]                                at /rustc/e3feeb59cd1bdd011a2bfcc0747b55125d9b8527/library/std/src/../../backtrace/src/backtrace/libunwind.rs:117:9
[INFO] [stdout]    1:     0x6019eb4c37c1 - std[617be2ca0a6fd877]::backtrace_rs::backtrace::trace_unsynchronized::<std[617be2ca0a6fd877]::sys::backtrace::_print_fmt::{closure#1}>
[INFO] [stdout]                                at /rustc/e3feeb59cd1bdd011a2bfcc0747b55125d9b8527/library/std/src/../../backtrace/src/backtrace/mod.rs:66:14
[INFO] [stdout]    2:     0x6019eb4c37c1 - std[617be2ca0a6fd877]::sys::backtrace::_print_fmt
[INFO] [stdout]                                at /rustc/e3feeb59cd1bdd011a2bfcc0747b55125d9b8527/library/std/src/sys/backtrace.rs:74:9
[INFO] [stdout]    3:     0x6019eb4c37c1 - <<std[617be2ca0a6fd877]::sys::backtrace::BacktraceLock>::print::DisplayBacktrace as core[a373ad73a504971]::fmt::Display>::fmt
[INFO] [stdout]                                at /rustc/e3feeb59cd1bdd011a2bfcc0747b55125d9b8527/library/std/src/sys/backtrace.rs:44:26
[INFO] [stdout]    4:     0x6019eb4dc28a - <core[a373ad73a504971]::fmt::rt::Argument>::fmt
[INFO] [stdout]                                at /rustc/e3feeb59cd1bdd011a2bfcc0747b55125d9b8527/library/core/src/fmt/rt.rs:152:76
[INFO] [stdout]    5:     0x6019eb4dc28a - core[a373ad73a504971]::fmt::write
[INFO] [stdout]    6:     0x6019eb4c87fc - core[a373ad73a504971]::io::write::default_write_fmt::<alloc[2e1b2a31b91974c5]::vec::Vec<u8>>
[INFO] [stdout]                                at /rustc/e3feeb59cd1bdd011a2bfcc0747b55125d9b8527/library/core/src/io/write.rs:402:11
[INFO] [stdout]    7:     0x6019eb4c87fc - <alloc[2e1b2a31b91974c5]::vec::Vec<u8> as core[a373ad73a504971]::io::write::Write>::write_fmt
[INFO] [stdout]                                at /rustc/e3feeb59cd1bdd011a2bfcc0747b55125d9b8527/library/core/src/io/write.rs:335:13
[INFO] [stdout]    8:     0x6019eb49bf46 - <std[617be2ca0a6fd877]::sys::backtrace::BacktraceLock>::print
[INFO] [stdout]                                at /rustc/e3feeb59cd1bdd011a2bfcc0747b55125d9b8527/library/std/src/sys/backtrace.rs:47:9
[INFO] [stdout]    9:     0x6019eb49bf46 - std[617be2ca0a6fd877]::panicking::default_hook::{closure#0}
[INFO] [stdout]                                at /rustc/e3feeb59cd1bdd011a2bfcc0747b55125d9b8527/library/std/src/panicking.rs:289:27
[INFO] [stdout]   10:     0x6019eb4ba3a9 - std[617be2ca0a6fd877]::panicking::default_hook
[INFO] [stdout]                                at /rustc/e3feeb59cd1bdd011a2bfcc0747b55125d9b8527/library/std/src/panicking.rs:313:9
[INFO] [stdout]   11:     0x6019ea9e5e20 - <alloc[2e1b2a31b91974c5]::boxed::Box<dyn for<'a, 'b> core[a373ad73a504971]::ops::function::Fn<(&'a std[617be2ca0a6fd877]::panic::PanicHookInfo<'b>,), Output = ()> + core[a373ad73a504971]::marker::Sync + core[a373ad73a504971]::marker::Send> as core[a373ad73a504971]::ops::function::Fn<(&std[617be2ca0a6fd877]::panic::PanicHookInfo,)>>::call
[INFO] [stdout]                                at /rustc/e3feeb59cd1bdd011a2bfcc0747b55125d9b8527/library/alloc/src/boxed.rs:2328:9
[INFO] [stdout]   12:     0x6019ea9e5e20 - test[aada8e7e76ba119b]::test_main_inner::{closure#0}
[INFO] [stdout]                                at /rustc/e3feeb59cd1bdd011a2bfcc0747b55125d9b8527/library/test/src/lib.rs:137:21
[INFO] [stdout]   13:     0x6019eb4ba6d2 - <alloc[2e1b2a31b91974c5]::boxed::Box<dyn for<'a, 'b> core[a373ad73a504971]::ops::function::Fn<(&'a std[617be2ca0a6fd877]::panic::PanicHookInfo<'b>,), Output = ()> + core[a373ad73a504971]::marker::Sync + core[a373ad73a504971]::marker::Send> as core[a373ad73a504971]::ops::function::Fn<(&std[617be2ca0a6fd877]::panic::PanicHookInfo,)>>::call
[INFO] [stdout]                                at /rustc/e3feeb59cd1bdd011a2bfcc0747b55125d9b8527/library/alloc/src/boxed.rs:2328:9
[INFO] [stdout]   14:     0x6019eb4ba6d2 - std[617be2ca0a6fd877]::panicking::panic_with_hook
[INFO] [stdout]                                at /rustc/e3feeb59cd1bdd011a2bfcc0747b55125d9b8527/library/std/src/panicking.rs:819:13
[INFO] [stdout]   15:     0x6019eb49bff2 - std[617be2ca0a6fd877]::panicking::panic_handler::{closure#0}
[INFO] [stdout]                                at /rustc/e3feeb59cd1bdd011a2bfcc0747b55125d9b8527/library/std/src/panicking.rs:685:13
[INFO] [stdout]   16:     0x6019eb4943e9 - std[617be2ca0a6fd877]::sys::backtrace::__rust_end_short_backtrace::<std[617be2ca0a6fd877]::panicking::panic_handler::{closure#0}, !>
[INFO] [stdout]                                at /rustc/e3feeb59cd1bdd011a2bfcc0747b55125d9b8527/library/std/src/sys/backtrace.rs:182:18
[INFO] [stdout]   17:     0x6019eb49cefd - __rustc[ea4f61d10b84890b]::rust_begin_unwind
[INFO] [stdout]                                at /rustc/e3feeb59cd1bdd011a2bfcc0747b55125d9b8527/library/std/src/panicking.rs:676:5
[INFO] [stdout]   18:     0x6019eb4dcb5c - core[a373ad73a504971]::panicking::panic_fmt
[INFO] [stdout]                                at /rustc/e3feeb59cd1bdd011a2bfcc0747b55125d9b8527/library/core/src/panicking.rs:80:14
[INFO] [stdout]   19:     0x6019eb4dc882 - core[a373ad73a504971]::result::unwrap_failed
[INFO] [stdout]                                at /rustc/e3feeb59cd1bdd011a2bfcc0747b55125d9b8527/library/core/src/result.rs:1870:5
[INFO] [stdout]   20:     0x6019ea9d5bee - <core[a373ad73a504971]::result::Result<wrkflw[cde7933b77790141]::prefilter::PrefilterDecision, alloc[2e1b2a31b91974c5]::string::String>>::expect
[INFO] [stdout]                                at /rustc/e3feeb59cd1bdd011a2bfcc0747b55125d9b8527/library/core/src/result.rs:1184:23
[INFO] [stdout]   21:     0x6019ea9d376c - wrkflw[cde7933b77790141]::prefilter::prefilter_tests::skip_decision_returned_when_trigger_does_not_match::{closure#0}
[INFO] [stdout]                                at /opt/rustwide/workdir/src/prefilter.rs:647:14
[INFO] [stdout]   22:     0x6019ea9c8632 - <core[a373ad73a504971]::pin::Pin<&mut dyn core[a373ad73a504971]::future::future::Future<Output = ()>> as core[a373ad73a504971]::future::future::Future>::poll
[INFO] [stdout]                                at /rustc/e3feeb59cd1bdd011a2bfcc0747b55125d9b8527/library/core/src/future/future.rs:133:9
[INFO] [stdout]   23:     0x6019ea9c86ad - <core[a373ad73a504971]::pin::Pin<&mut core[a373ad73a504971]::pin::Pin<&mut dyn core[a373ad73a504971]::future::future::Future<Output = ()>>> as core[a373ad73a504971]::future::future::Future>::poll
[INFO] [stdout]                                at /rustc/e3feeb59cd1bdd011a2bfcc0747b55125d9b8527/library/core/src/future/future.rs:133:9
[INFO] [stdout]   24:     0x6019ea9cd80d - <tokio[64290ea248ff0e65]::runtime::scheduler::current_thread::CoreGuard>::block_on::<core[a373ad73a504971]::pin::Pin<&mut core[a373ad73a504971]::pin::Pin<&mut dyn core[a373ad73a504971]::future::future::Future<Output = ()>>>>::{closure#0}::{closure#0}::{closure#0}
[INFO] [stdout]                                at /opt/rustwide/cargo-home/registry/src/index.crates.io-1949cf8c6b5b557f/tokio-1.47.1/src/runtime/scheduler/current_thread/mod.rs:742:70
[INFO] [stdout]   25:     0x6019ea9cd735 - tokio[64290ea248ff0e65]::task::coop::with_budget::<core[a373ad73a504971]::task::poll::Poll<()>, <tokio[64290ea248ff0e65]::runtime::scheduler::current_thread::CoreGuard>::block_on<core[a373ad73a504971]::pin::Pin<&mut core[a373ad73a504971]::pin::Pin<&mut dyn core[a373ad73a504971]::future::future::Future<Output = ()>>>>::{closure#0}::{closure#0}::{closure#0}>
[INFO] [stdout]                                at /opt/rustwide/cargo-home/registry/src/index.crates.io-1949cf8c6b5b557f/tokio-1.47.1/src/task/coop/mod.rs:167:5
[INFO] [stdout]   26:     0x6019ea9cd735 - tokio[64290ea248ff0e65]::task::coop::budget::<core[a373ad73a504971]::task::poll::Poll<()>, <tokio[64290ea248ff0e65]::runtime::scheduler::current_thread::CoreGuard>::block_on<core[a373ad73a504971]::pin::Pin<&mut core[a373ad73a504971]::pin::Pin<&mut dyn core[a373ad73a504971]::future::future::Future<Output = ()>>>>::{closure#0}::{closure#0}::{closure#0}>
[INFO] [stdout]                                at /opt/rustwide/cargo-home/registry/src/index.crates.io-1949cf8c6b5b557f/tokio-1.47.1/src/task/coop/mod.rs:133:5
[INFO] [stdout]   27:     0x6019ea9cd735 - <tokio[64290ea248ff0e65]::runtime::scheduler::current_thread::CoreGuard>::block_on::<core[a373ad73a504971]::pin::Pin<&mut core[a373ad73a504971]::pin::Pin<&mut dyn core[a373ad73a504971]::future::future::Future<Output = ()>>>>::{closure#0}::{closure#0}
[INFO] [stdout]                                at /opt/rustwide/cargo-home/registry/src/index.crates.io-1949cf8c6b5b557f/tokio-1.47.1/src/runtime/scheduler/current_thread/mod.rs:742:25
[INFO] [stdout]   28:     0x6019ea9c9182 - <tokio[64290ea248ff0e65]::runtime::scheduler::current_thread::Context>::enter::<core[a373ad73a504971]::task::poll::Poll<()>, <tokio[64290ea248ff0e65]::runtime::scheduler::current_thread::CoreGuard>::block_on<core[a373ad73a504971]::pin::Pin<&mut core[a373ad73a504971]::pin::Pin<&mut dyn core[a373ad73a504971]::future::future::Future<Output = ()>>>>::{closure#0}::{closure#0}>
[INFO] [stdout]                                at /opt/rustwide/cargo-home/registry/src/index.crates.io-1949cf8c6b5b557f/tokio-1.47.1/src/runtime/scheduler/current_thread/mod.rs:432:19
[INFO] [stdout]   29:     0x6019ea9cc96d - <tokio[64290ea248ff0e65]::runtime::scheduler::current_thread::CoreGuard>::block_on::<core[a373ad73a504971]::pin::Pin<&mut core[a373ad73a504971]::pin::Pin<&mut dyn core[a373ad73a504971]::future::future::Future<Output = ()>>>>::{closure#0}
[INFO] [stdout]                                at /opt/rustwide/cargo-home/registry/src/index.crates.io-1949cf8c6b5b557f/tokio-1.47.1/src/runtime/scheduler/current_thread/mod.rs:741:44
[INFO] [stdout]   30:     0x6019ea9cbc54 - <tokio[64290ea248ff0e65]::runtime::scheduler::current_thread::CoreGuard>::enter::<<tokio[64290ea248ff0e65]::runtime::scheduler::current_thread::CoreGuard>::block_on<core[a373ad73a504971]::pin::Pin<&mut core[a373ad73a504971]::pin::Pin<&mut dyn core[a373ad73a504971]::future::future::Future<Output = ()>>>>::{closure#0}, core[a373ad73a504971]::option::Option<()>>::{closure#0}
[INFO] [stdout]                                at /opt/rustwide/cargo-home/registry/src/index.crates.io-1949cf8c6b5b557f/tokio-1.47.1/src/runtime/scheduler/current_thread/mod.rs:829:68
[INFO] [stdout]   31:     0x6019ea9c8b8b - <tokio[64290ea248ff0e65]::runtime::context::scoped::Scoped<tokio[64290ea248ff0e65]::runtime::scheduler::Context>>::set::<<tokio[64290ea248ff0e65]::runtime::scheduler::current_thread::CoreGuard>::enter<<tokio[64290ea248ff0e65]::runtime::scheduler::current_thread::CoreGuard>::block_on<core[a373ad73a504971]::pin::Pin<&mut core[a373ad73a504971]::pin::Pin<&mut dyn core[a373ad73a504971]::future::future::Future<Output = ()>>>>::{closure#0}, core[a373ad73a504971]::option::Option<()>>::{closure#0}, (alloc[2e1b2a31b91974c5]::boxed::Box<tokio[64290ea248ff0e65]::runtime::scheduler::current_thread::Core>, core[a373ad73a504971]::option::Option<()>)>
[INFO] [stdout]                                at /opt/rustwide/cargo-home/registry/src/index.crates.io-1949cf8c6b5b557f/tokio-1.47.1/src/runtime/context/scoped.rs:40:9
[INFO] [stdout]   32:     0x6019ea9d1939 - tokio[64290ea248ff0e65]::runtime::context::set_scheduler::<(alloc[2e1b2a31b91974c5]::boxed::Box<tokio[64290ea248ff0e65]::runtime::scheduler::current_thread::Core>, core[a373ad73a504971]::option::Option<()>), <tokio[64290ea248ff0e65]::runtime::scheduler::current_thread::CoreGuard>::enter<<tokio[64290ea248ff0e65]::runtime::scheduler::current_thread::CoreGuard>::block_on<core[a373ad73a504971]::pin::Pin<&mut core[a373ad73a504971]::pin::Pin<&mut dyn core[a373ad73a504971]::future::future::Future<Output = ()>>>>::{closure#0}, core[a373ad73a504971]::option::Option<()>>::{closure#0}>::{closure#0}
[INFO] [stdout]                                at /opt/rustwide/cargo-home/registry/src/index.crates.io-1949cf8c6b5b557f/tokio-1.47.1/src/runtime/context.rs:176:38
[INFO] [stdout]   33:     0x6019ea9bf67f - <std[617be2ca0a6fd877]::thread::local::LocalKey<tokio[64290ea248ff0e65]::runtime::context::Context>>::try_with::<tokio[64290ea248ff0e65]::runtime::context::set_scheduler<(alloc[2e1b2a31b91974c5]::boxed::Box<tokio[64290ea248ff0e65]::runtime::scheduler::current_thread::Core>, core[a373ad73a504971]::option::Option<()>), <tokio[64290ea248ff0e65]::runtime::scheduler::current_thread::CoreGuard>::enter<<tokio[64290ea248ff0e65]::runtime::scheduler::current_thread::CoreGuard>::block_on<core[a373ad73a504971]::pin::Pin<&mut core[a373ad73a504971]::pin::Pin<&mut dyn core[a373ad73a504971]::future::future::Future<Output = ()>>>>::{closure#0}, core[a373ad73a504971]::option::Option<()>>::{closure#0}>::{closure#0}, (alloc[2e1b2a31b91974c5]::boxed::Box<tokio[64290ea248ff0e65]::runtime::scheduler::current_thread::Core>, core[a373ad73a504971]::option::Option<()>)>
[INFO] [stdout]                                at /rustc/e3feeb59cd1bdd011a2bfcc0747b55125d9b8527/library/std/src/thread/local.rs:463:12
[INFO] [stdout]   34:     0x6019ea9bf22e - <std[617be2ca0a6fd877]::thread::local::LocalKey<tokio[64290ea248ff0e65]::runtime::context::Context>>::with::<tokio[64290ea248ff0e65]::runtime::context::set_scheduler<(alloc[2e1b2a31b91974c5]::boxed::Box<tokio[64290ea248ff0e65]::runtime::scheduler::current_thread::Core>, core[a373ad73a504971]::option::Option<()>), <tokio[64290ea248ff0e65]::runtime::scheduler::current_thread::CoreGuard>::enter<<tokio[64290ea248ff0e65]::runtime::scheduler::current_thread::CoreGuard>::block_on<core[a373ad73a504971]::pin::Pin<&mut core[a373ad73a504971]::pin::Pin<&mut dyn core[a373ad73a504971]::future::future::Future<Output = ()>>>>::{closure#0}, core[a373ad73a504971]::option::Option<()>>::{closure#0}>::{closure#0}, (alloc[2e1b2a31b91974c5]::boxed::Box<tokio[64290ea248ff0e65]::runtime::scheduler::current_thread::Core>, core[a373ad73a504971]::option::Option<()>)>
[INFO] [stdout]                                at /rustc/e3feeb59cd1bdd011a2bfcc0747b55125d9b8527/library/std/src/thread/local.rs:427:20
[INFO] [stdout]   35:     0x6019ea9d0bbd - tokio[64290ea248ff0e65]::runtime::context::set_scheduler::<(alloc[2e1b2a31b91974c5]::boxed::Box<tokio[64290ea248ff0e65]::runtime::scheduler::current_thread::Core>, core[a373ad73a504971]::option::Option<()>), <tokio[64290ea248ff0e65]::runtime::scheduler::current_thread::CoreGuard>::enter<<tokio[64290ea248ff0e65]::runtime::scheduler::current_thread::CoreGuard>::block_on<core[a373ad73a504971]::pin::Pin<&mut core[a373ad73a504971]::pin::Pin<&mut dyn core[a373ad73a504971]::future::future::Future<Output = ()>>>>::{closure#0}, core[a373ad73a504971]::option::Option<()>>::{closure#0}>
[INFO] [stdout]                                at /opt/rustwide/cargo-home/registry/src/index.crates.io-1949cf8c6b5b557f/tokio-1.47.1/src/runtime/context.rs:176:17
[INFO] [stdout]   36:     0x6019ea9ca270 - <tokio[64290ea248ff0e65]::runtime::scheduler::current_thread::CoreGuard>::enter::<<tokio[64290ea248ff0e65]::runtime::scheduler::current_thread::CoreGuard>::block_on<core[a373ad73a504971]::pin::Pin<&mut core[a373ad73a504971]::pin::Pin<&mut dyn core[a373ad73a504971]::future::future::Future<Output = ()>>>>::{closure#0}, core[a373ad73a504971]::option::Option<()>>
[INFO] [stdout]                                at /opt/rustwide/cargo-home/registry/src/index.crates.io-1949cf8c6b5b557f/tokio-1.47.1/src/runtime/scheduler/current_thread/mod.rs:829:27
[INFO] [stdout]   37:     0x6019ea9ca566 - <tokio[64290ea248ff0e65]::runtime::scheduler::current_thread::CoreGuard>::block_on::<core[a373ad73a504971]::pin::Pin<&mut core[a373ad73a504971]::pin::Pin<&mut dyn core[a373ad73a504971]::future::future::Future<Output = ()>>>>
[INFO] [stdout]                                at /opt/rustwide/cargo-home/registry/src/index.crates.io-1949cf8c6b5b557f/tokio-1.47.1/src/runtime/scheduler/current_thread/mod.rs:729:24
[INFO] [stdout]   38:     0x6019ea9cb860 - <tokio[64290ea248ff0e65]::runtime::scheduler::current_thread::CurrentThread>::block_on::<core[a373ad73a504971]::pin::Pin<&mut dyn core[a373ad73a504971]::future::future::Future<Output = ()>>>::{closure#0}
[INFO] [stdout]                                at /opt/rustwide/cargo-home/registry/src/index.crates.io-1949cf8c6b5b557f/tokio-1.47.1/src/runtime/scheduler/current_thread/mod.rs:200:33
[INFO] [stdout]   39:     0x6019ea9d1178 - tokio[64290ea248ff0e65]::runtime::context::runtime::enter_runtime::<<tokio[64290ea248ff0e65]::runtime::scheduler::current_thread::CurrentThread>::block_on<core[a373ad73a504971]::pin::Pin<&mut dyn core[a373ad73a504971]::future::future::Future<Output = ()>>>::{closure#0}, ()>
[INFO] [stdout]                                at /opt/rustwide/cargo-home/registry/src/index.crates.io-1949cf8c6b5b557f/tokio-1.47.1/src/runtime/context/runtime.rs:65:16
[INFO] [stdout]   40:     0x6019ea9c8d44 - <tokio[64290ea248ff0e65]::runtime::scheduler::current_thread::CurrentThread>::block_on::<core[a373ad73a504971]::pin::Pin<&mut dyn core[a373ad73a504971]::future::future::Future<Output = ()>>>
[INFO] [stdout]                                at /opt/rustwide/cargo-home/registry/src/index.crates.io-1949cf8c6b5b557f/tokio-1.47.1/src/runtime/scheduler/current_thread/mod.rs:188:9
[INFO] [stdout]   41:     0x6019ea9d008f - <tokio[64290ea248ff0e65]::runtime::runtime::Runtime>::block_on_inner::<core[a373ad73a504971]::pin::Pin<&mut dyn core[a373ad73a504971]::future::future::Future<Output = ()>>>
[INFO] [stdout]                                at /opt/rustwide/cargo-home/registry/src/index.crates.io-1949cf8c6b5b557f/tokio-1.47.1/src/runtime/runtime.rs:356:52
[INFO] [stdout]   42:     0x6019ea9d01db - <tokio[64290ea248ff0e65]::runtime::runtime::Runtime>::block_on::<core[a373ad73a504971]::pin::Pin<&mut dyn core[a373ad73a504971]::future::future::Future<Output = ()>>>
[INFO] [stdout]                                at /opt/rustwide/cargo-home/registry/src/index.crates.io-1949cf8c6b5b557f/tokio-1.47.1/src/runtime/runtime.rs:330:18
[INFO] [stdout]   43:     0x6019ea9d72d4 - wrkflw[cde7933b77790141]::prefilter::prefilter_tests::skip_decision_returned_when_trigger_does_not_match
[INFO] [stdout]                                at /opt/rustwide/workdir/src/prefilter.rs:648:24
[INFO] [stdout]   44:     0x6019ea9d2237 - wrkflw[cde7933b77790141]::prefilter::prefilter_tests::skip_decision_returned_when_trigger_does_not_match::{closure#0}
[INFO] [stdout]                                at /opt/rustwide/workdir/src/prefilter.rs:615:66
[INFO] [stdout]   45:     0x6019ea9c8896 - <wrkflw[cde7933b77790141]::prefilter::prefilter_tests::skip_decision_returned_when_trigger_does_not_match::{closure#0} as core[a373ad73a504971]::ops::function::FnOnce<()>>::call_once
[INFO] [stdout]                                at /rustc/e3feeb59cd1bdd011a2bfcc0747b55125d9b8527/library/core/src/ops/function.rs:250:5
[INFO] [stdout]   46:     0x6019ea9d926b - <fn() -> core[a373ad73a504971]::result::Result<(), alloc[2e1b2a31b91974c5]::string::String> as core[a373ad73a504971]::ops::function::FnOnce<()>>::call_once
[INFO] [stdout]                                at /rustc/e3feeb59cd1bdd011a2bfcc0747b55125d9b8527/library/core/src/ops/function.rs:250:5
[INFO] [stdout]   47:     0x6019ea9d926b - test[aada8e7e76ba119b]::__rust_begin_short_backtrace::<core[a373ad73a504971]::result::Result<(), alloc[2e1b2a31b91974c5]::string::String>, fn() -> core[a373ad73a504971]::result::Result<(), alloc[2e1b2a31b91974c5]::string::String>>
[INFO] [stdout]                                at /rustc/e3feeb59cd1bdd011a2bfcc0747b55125d9b8527/library/test/src/lib.rs:701:18
[INFO] [stdout]   48:     0x6019ea9e6445 - test[aada8e7e76ba119b]::run_test_in_process::{closure#0}
[INFO] [stdout]                                at /rustc/e3feeb59cd1bdd011a2bfcc0747b55125d9b8527/library/test/src/lib.rs:724:74
[INFO] [stdout]   49:     0x6019ea9e6445 - <core[a373ad73a504971]::panic::unwind_safe::AssertUnwindSafe<test[aada8e7e76ba119b]::run_test_in_process::{closure#0}> as core[a373ad73a504971]::ops::function::FnOnce<()>>::call_once
[INFO] [stdout]                                at /rustc/e3feeb59cd1bdd011a2bfcc0747b55125d9b8527/library/core/src/panic/unwind_safe.rs:275:9
[INFO] [stdout]   50:     0x6019ea9e6445 - std[617be2ca0a6fd877]::panicking::catch_unwind::do_call::<core[a373ad73a504971]::panic::unwind_safe::AssertUnwindSafe<test[aada8e7e76ba119b]::run_test_in_process::{closure#0}>, core[a373ad73a504971]::result::Result<(), alloc[2e1b2a31b91974c5]::string::String>>
[INFO] [stdout]                                at /rustc/e3feeb59cd1bdd011a2bfcc0747b55125d9b8527/library/std/src/panicking.rs:573:43
[INFO] [stdout]   51:     0x6019ea9e6445 - std[617be2ca0a6fd877]::panicking::catch_unwind::<core[a373ad73a504971]::result::Result<(), alloc[2e1b2a31b91974c5]::string::String>, core[a373ad73a504971]::panic::unwind_safe::AssertUnwindSafe<test[aada8e7e76ba119b]::run_test_in_process::{closure#0}>>
[INFO] [stdout]                                at /rustc/e3feeb59cd1bdd011a2bfcc0747b55125d9b8527/library/std/src/panicking.rs:541:19
[INFO] [stdout]   52:     0x6019ea9e6445 - std[617be2ca0a6fd877]::panic::catch_unwind::<core[a373ad73a504971]::panic::unwind_safe::AssertUnwindSafe<test[aada8e7e76ba119b]::run_test_in_process::{closure#0}>, core[a373ad73a504971]::result::Result<(), alloc[2e1b2a31b91974c5]::string::String>>
[INFO] [stdout]                                at /rustc/e3feeb59cd1bdd011a2bfcc0747b55125d9b8527/library/std/src/panic.rs:359:14
[INFO] [stdout]   53:     0x6019ea9e6445 - test[aada8e7e76ba119b]::run_test_in_process
[INFO] [stdout]                                at /rustc/e3feeb59cd1bdd011a2bfcc0747b55125d9b8527/library/test/src/lib.rs:724:27
[INFO] [stdout]   54:     0x6019ea9e6445 - test[aada8e7e76ba119b]::run_test::{closure#0}
[INFO] [stdout]                                at /rustc/e3feeb59cd1bdd011a2bfcc0747b55125d9b8527/library/test/src/lib.rs:645:43
[INFO] [stdout]   55:     0x6019ea9dfd34 - test[aada8e7e76ba119b]::run_test::{closure#1}
[INFO] [stdout]                                at /rustc/e3feeb59cd1bdd011a2bfcc0747b55125d9b8527/library/test/src/lib.rs:675:41
[INFO] [stdout]   56:     0x6019ea9dfd34 - std[617be2ca0a6fd877]::sys::backtrace::__rust_begin_short_backtrace::<test[aada8e7e76ba119b]::run_test::{closure#1}, ()>
[INFO] [stdout]                                at /rustc/e3feeb59cd1bdd011a2bfcc0747b55125d9b8527/library/std/src/sys/backtrace.rs:166:18
[INFO] [stdout]   57:     0x6019ea9e94d2 - std[617be2ca0a6fd877]::thread::lifecycle::spawn_unchecked::<test[aada8e7e76ba119b]::run_test::{closure#1}, ()>::{closure#1}::{closure#0}
[INFO] [stdout]                                at /rustc/e3feeb59cd1bdd011a2bfcc0747b55125d9b8527/library/std/src/thread/lifecycle.rs:70:13
[INFO] [stdout]   58:     0x6019ea9e94d2 - <core[a373ad73a504971]::panic::unwind_safe::AssertUnwindSafe<std[617be2ca0a6fd877]::thread::lifecycle::spawn_unchecked<test[aada8e7e76ba119b]::run_test::{closure#1}, ()>::{closure#1}::{closure#0}> as core[a373ad73a504971]::ops::function::FnOnce<()>>::call_once
[INFO] [stdout]                                at /rustc/e3feeb59cd1bdd011a2bfcc0747b55125d9b8527/library/core/src/panic/unwind_safe.rs:275:9
[INFO] [stdout]   59:     0x6019ea9e94d2 - std[617be2ca0a6fd877]::panicking::catch_unwind::do_call::<core[a373ad73a504971]::panic::unwind_safe::AssertUnwindSafe<std[617be2ca0a6fd877]::thread::lifecycle::spawn_unchecked<test[aada8e7e76ba119b]::run_test::{closure#1}, ()>::{closure#1}::{closure#0}>, ()>
[INFO] [stdout]                                at /rustc/e3feeb59cd1bdd011a2bfcc0747b55125d9b8527/library/std/src/panicking.rs:573:43
[INFO] [stdout]   60:     0x6019ea9e94d2 - std[617be2ca0a6fd877]::panicking::catch_unwind::<(), core[a373ad73a504971]::panic::unwind_safe::AssertUnwindSafe<std[617be2ca0a6fd877]::thread::lifecycle::spawn_unchecked<test[aada8e7e76ba119b]::run_test::{closure#1}, ()>::{closure#1}::{closure#0}>>
[INFO] [stdout]                                at /rustc/e3feeb59cd1bdd011a2bfcc0747b55125d9b8527/library/std/src/panicking.rs:541:19
[INFO] [stdout]   61:     0x6019ea9e94d2 - std[617be2ca0a6fd877]::panic::catch_unwind::<core[a373ad73a504971]::panic::unwind_safe::AssertUnwindSafe<std[617be2ca0a6fd877]::thread::lifecycle::spawn_unchecked<test[aada8e7e76ba119b]::run_test::{closure#1}, ()>::{closure#1}::{closure#0}>, ()>
[INFO] [stdout]                                at /rustc/e3feeb59cd1bdd011a2bfcc0747b55125d9b8527/library/std/src/panic.rs:359:14
[INFO] [stdout]   62:     0x6019ea9e94d2 - std[617be2ca0a6fd877]::thread::lifecycle::spawn_unchecked::<test[aada8e7e76ba119b]::run_test::{closure#1}, ()>::{closure#1}
[INFO] [stdout]                                at /rustc/e3feeb59cd1bdd011a2bfcc0747b55125d9b8527/library/std/src/thread/lifecycle.rs:68:26
[INFO] [stdout]   63:     0x6019ea9e94d2 - <std[617be2ca0a6fd877]::thread::lifecycle::spawn_unchecked<test[aada8e7e76ba119b]::run_test::{closure#1}, ()>::{closure#1} as core[a373ad73a504971]::ops::function::FnOnce<()>>::call_once::{shim:vtable#0}
[INFO] [stdout]                                at /rustc/e3feeb59cd1bdd011a2bfcc0747b55125d9b8527/library/core/src/ops/function.rs:250:5
[INFO] [stdout]   64:     0x6019eb4c241f - <alloc[2e1b2a31b91974c5]::boxed::Box<dyn core[a373ad73a504971]::ops::function::FnOnce<(), Output = ()> + core[a373ad73a504971]::marker::Send> as core[a373ad73a504971]::ops::function::FnOnce<()>>::call_once
[INFO] [stdout]                                at /rustc/e3feeb59cd1bdd011a2bfcc0747b55125d9b8527/library/alloc/src/boxed.rs:2314:9
[INFO] [stdout]   65:     0x6019eb4c241f - <std[617be2ca0a6fd877]::sys::thread::unix::Thread>::new::thread_start
[INFO] [stdout]                                at /rustc/e3feeb59cd1bdd011a2bfcc0747b55125d9b8527/library/std/src/sys/thread/unix.rs:127:17
[INFO] [stdout]   66:     0x7c1c3b18fdfa - <unknown>
[INFO] [stdout]   67:     0x7c1c3b2233d4 - clone
[INFO] [stdout]   68:                0x0 - <unknown>
[INFO] [stdout] 
[INFO] [stdout] ---- prefilter::prefilter_tests::strict_filter_rejects_pull_request_without_base_branch stdout ----
[INFO] [stdout] 
[INFO] [stdout] thread 'prefilter::prefilter_tests::strict_filter_rejects_pull_request_without_base_branch' (3195) panicked at src/prefilter.rs:812:9:
[INFO] [stdout] error must point the user at --base-branch, got: failed to build event context: Git error: git rev-parse failed: fatal: not a git repository (or any parent up to mount point /opt/rustwide)
[INFO] [stdout] Stopping at filesystem boundary (GIT_DISCOVERY_ACROSS_FILESYSTEM not set).
[INFO] [stdout] stack backtrace:
[INFO] [stdout]    0:     0x6019eb4c37c1 - std[617be2ca0a6fd877]::backtrace_rs::backtrace::libunwind::trace
[INFO] [stdout]                                at /rustc/e3feeb59cd1bdd011a2bfcc0747b55125d9b8527/library/std/src/../../backtrace/src/backtrace/libunwind.rs:117:9
[INFO] [stdout]    1:     0x6019eb4c37c1 - std[617be2ca0a6fd877]::backtrace_rs::backtrace::trace_unsynchronized::<std[617be2ca0a6fd877]::sys::backtrace::_print_fmt::{closure#1}>
[INFO] [stdout]                                at /rustc/e3feeb59cd1bdd011a2bfcc0747b55125d9b8527/library/std/src/../../backtrace/src/backtrace/mod.rs:66:14
[INFO] [stdout]    2:     0x6019eb4c37c1 - std[617be2ca0a6fd877]::sys::backtrace::_print_fmt
[INFO] [stdout]                                at /rustc/e3feeb59cd1bdd011a2bfcc0747b55125d9b8527/library/std/src/sys/backtrace.rs:74:9
[INFO] [stdout]    3:     0x6019eb4c37c1 - <<std[617be2ca0a6fd877]::sys::backtrace::BacktraceLock>::print::DisplayBacktrace as core[a373ad73a504971]::fmt::Display>::fmt
[INFO] [stdout]                                at /rustc/e3feeb59cd1bdd011a2bfcc0747b55125d9b8527/library/std/src/sys/backtrace.rs:44:26
[INFO] [stdout]    4:     0x6019eb4dc28a - <core[a373ad73a504971]::fmt::rt::Argument>::fmt
[INFO] [stdout]                                at /rustc/e3feeb59cd1bdd011a2bfcc0747b55125d9b8527/library/core/src/fmt/rt.rs:152:76
[INFO] [stdout]    5:     0x6019eb4dc28a - core[a373ad73a504971]::fmt::write
[INFO] [stdout]    6:     0x6019eb4c87fc - core[a373ad73a504971]::io::write::default_write_fmt::<alloc[2e1b2a31b91974c5]::vec::Vec<u8>>
[INFO] [stdout]                                at /rustc/e3feeb59cd1bdd011a2bfcc0747b55125d9b8527/library/core/src/io/write.rs:402:11
[INFO] [stdout]    7:     0x6019eb4c87fc - <alloc[2e1b2a31b91974c5]::vec::Vec<u8> as core[a373ad73a504971]::io::write::Write>::write_fmt
[INFO] [stdout]                                at /rustc/e3feeb59cd1bdd011a2bfcc0747b55125d9b8527/library/core/src/io/write.rs:335:13
[INFO] [stdout]    8:     0x6019eb49bf46 - <std[617be2ca0a6fd877]::sys::backtrace::BacktraceLock>::print
[INFO] [stdout]                                at /rustc/e3feeb59cd1bdd011a2bfcc0747b55125d9b8527/library/std/src/sys/backtrace.rs:47:9
[INFO] [stdout]    9:     0x6019eb49bf46 - std[617be2ca0a6fd877]::panicking::default_hook::{closure#0}
[INFO] [stdout]                                at /rustc/e3feeb59cd1bdd011a2bfcc0747b55125d9b8527/library/std/src/panicking.rs:289:27
[INFO] [stdout]   10:     0x6019eb4ba3a9 - std[617be2ca0a6fd877]::panicking::default_hook
[INFO] [stdout]                                at /rustc/e3feeb59cd1bdd011a2bfcc0747b55125d9b8527/library/std/src/panicking.rs:313:9
[INFO] [stdout]   11:     0x6019ea9e5e20 - <alloc[2e1b2a31b91974c5]::boxed::Box<dyn for<'a, 'b> core[a373ad73a504971]::ops::function::Fn<(&'a std[617be2ca0a6fd877]::panic::PanicHookInfo<'b>,), Output = ()> + core[a373ad73a504971]::marker::Sync + core[a373ad73a504971]::marker::Send> as core[a373ad73a504971]::ops::function::Fn<(&std[617be2ca0a6fd877]::panic::PanicHookInfo,)>>::call
[INFO] [stdout]                                at /rustc/e3feeb59cd1bdd011a2bfcc0747b55125d9b8527/library/alloc/src/boxed.rs:2328:9
[INFO] [stdout]   12:     0x6019ea9e5e20 - test[aada8e7e76ba119b]::test_main_inner::{closure#0}
[INFO] [stdout]                                at /rustc/e3feeb59cd1bdd011a2bfcc0747b55125d9b8527/library/test/src/lib.rs:137:21
[INFO] [stdout]   13:     0x6019eb4ba6d2 - <alloc[2e1b2a31b91974c5]::boxed::Box<dyn for<'a, 'b> core[a373ad73a504971]::ops::function::Fn<(&'a std[617be2ca0a6fd877]::panic::PanicHookInfo<'b>,), Output = ()> + core[a373ad73a504971]::marker::Sync + core[a373ad73a504971]::marker::Send> as core[a373ad73a504971]::ops::function::Fn<(&std[617be2ca0a6fd877]::panic::PanicHookInfo,)>>::call
[INFO] [stdout]                                at /rustc/e3feeb59cd1bdd011a2bfcc0747b55125d9b8527/library/alloc/src/boxed.rs:2328:9
[INFO] [stdout]   14:     0x6019eb4ba6d2 - std[617be2ca0a6fd877]::panicking::panic_with_hook
[INFO] [stdout]                                at /rustc/e3feeb59cd1bdd011a2bfcc0747b55125d9b8527/library/std/src/panicking.rs:819:13
[INFO] [stdout]   15:     0x6019eb49bff2 - std[617be2ca0a6fd877]::panicking::panic_handler::{closure#0}
[INFO] [stdout]                                at /rustc/e3feeb59cd1bdd011a2bfcc0747b55125d9b8527/library/std/src/panicking.rs:685:13
[INFO] [stdout]   16:     0x6019eb4943e9 - std[617be2ca0a6fd877]::sys::backtrace::__rust_end_short_backtrace::<std[617be2ca0a6fd877]::panicking::panic_handler::{closure#0}, !>
[INFO] [stdout]                                at /rustc/e3feeb59cd1bdd011a2bfcc0747b55125d9b8527/library/std/src/sys/backtrace.rs:182:18
[INFO] [stdout]   17:     0x6019eb49cefd - __rustc[ea4f61d10b84890b]::rust_begin_unwind
[INFO] [stdout]                                at /rustc/e3feeb59cd1bdd011a2bfcc0747b55125d9b8527/library/std/src/panicking.rs:676:5
[INFO] [stdout]   18:     0x6019eb4dcb5c - core[a373ad73a504971]::panicking::panic_fmt
[INFO] [stdout]                                at /rustc/e3feeb59cd1bdd011a2bfcc0747b55125d9b8527/library/core/src/panicking.rs:80:14
[INFO] [stdout]   19:     0x6019ea9d4148 - wrkflw[cde7933b77790141]::prefilter::prefilter_tests::strict_filter_rejects_pull_request_without_base_branch::{closure#0}
[INFO] [stdout]                                at /opt/rustwide/workdir/src/prefilter.rs:812:9
[INFO] [stdout]   20:     0x6019ea9c8632 - <core[a373ad73a504971]::pin::Pin<&mut dyn core[a373ad73a504971]::future::future::Future<Output = ()>> as core[a373ad73a504971]::future::future::Future>::poll
[INFO] [stdout]                                at /rustc/e3feeb59cd1bdd011a2bfcc0747b55125d9b8527/library/core/src/future/future.rs:133:9
[INFO] [stdout]   21:     0x6019ea9c86ad - <core[a373ad73a504971]::pin::Pin<&mut core[a373ad73a504971]::pin::Pin<&mut dyn core[a373ad73a504971]::future::future::Future<Output = ()>>> as core[a373ad73a504971]::future::future::Future>::poll
[INFO] [stdout]                                at /rustc/e3feeb59cd1bdd011a2bfcc0747b55125d9b8527/library/core/src/future/future.rs:133:9
[INFO] [stdout]   22:     0x6019ea9cd80d - <tokio[64290ea248ff0e65]::runtime::scheduler::current_thread::CoreGuard>::block_on::<core[a373ad73a504971]::pin::Pin<&mut core[a373ad73a504971]::pin::Pin<&mut dyn core[a373ad73a504971]::future::future::Future<Output = ()>>>>::{closure#0}::{closure#0}::{closure#0}
[INFO] [stdout]                                at /opt/rustwide/cargo-home/registry/src/index.crates.io-1949cf8c6b5b557f/tokio-1.47.1/src/runtime/scheduler/current_thread/mod.rs:742:70
[INFO] [stdout]   23:     0x6019ea9cd735 - tokio[64290ea248ff0e65]::task::coop::with_budget::<core[a373ad73a504971]::task::poll::Poll<()>, <tokio[64290ea248ff0e65]::runtime::scheduler::current_thread::CoreGuard>::block_on<core[a373ad73a504971]::pin::Pin<&mut core[a373ad73a504971]::pin::Pin<&mut dyn core[a373ad73a504971]::future::future::Future<Output = ()>>>>::{closure#0}::{closure#0}::{closure#0}>
[INFO] [stdout]                                at /opt/rustwide/cargo-home/registry/src/index.crates.io-1949cf8c6b5b557f/tokio-1.47.1/src/task/coop/mod.rs:167:5
[INFO] [stdout]   24:     0x6019ea9cd735 - tokio[64290ea248ff0e65]::task::coop::budget::<core[a373ad73a504971]::task::poll::Poll<()>, <tokio[64290ea248ff0e65]::runtime::scheduler::current_thread::CoreGuard>::block_on<core[a373ad73a504971]::pin::Pin<&mut core[a373ad73a504971]::pin::Pin<&mut dyn core[a373ad73a504971]::future::future::Future<Output = ()>>>>::{closure#0}::{closure#0}::{closure#0}>
[INFO] [stdout]                                at /opt/rustwide/cargo-home/registry/src/index.crates.io-1949cf8c6b5b557f/tokio-1.47.1/src/task/coop/mod.rs:133:5
[INFO] [stdout]   25:     0x6019ea9cd735 - <tokio[64290ea248ff0e65]::runtime::scheduler::current_thread::CoreGuard>::block_on::<core[a373ad73a504971]::pin::Pin<&mut core[a373ad73a504971]::pin::Pin<&mut dyn core[a373ad73a504971]::future::future::Future<Output = ()>>>>::{closure#0}::{closure#0}
[INFO] [stdout]                                at /opt/rustwide/cargo-home/registry/src/index.crates.io-1949cf8c6b5b557f/tokio-1.47.1/src/runtime/scheduler/current_thread/mod.rs:742:25
[INFO] [stdout]   26:     0x6019ea9c9182 - <tokio[64290ea248ff0e65]::runtime::scheduler::current_thread::Context>::enter::<core[a373ad73a504971]::task::poll::Poll<()>, <tokio[64290ea248ff0e65]::runtime::scheduler::current_thread::CoreGuard>::block_on<core[a373ad73a504971]::pin::Pin<&mut core[a373ad73a504971]::pin::Pin<&mut dyn core[a373ad73a504971]::future::future::Future<Output = ()>>>>::{closure#0}::{closure#0}>
[INFO] [stdout]                                at /opt/rustwide/cargo-home/registry/src/index.crates.io-1949cf8c6b5b557f/tokio-1.47.1/src/runtime/scheduler/current_thread/mod.rs:432:19
[INFO] [stdout]   27:     0x6019ea9cc96d - <tokio[64290ea248ff0e65]::runtime::scheduler::current_thread::CoreGuard>::block_on::<core[a373ad73a504971]::pin::Pin<&mut core[a373ad73a504971]::pin::Pin<&mut dyn core[a373ad73a504971]::future::future::Future<Output = ()>>>>::{closure#0}
[INFO] [stdout]                                at /opt/rustwide/cargo-home/registry/src/index.crates.io-1949cf8c6b5b557f/tokio-1.47.1/src/runtime/scheduler/current_thread/mod.rs:741:44
[INFO] [stdout]   28:     0x6019ea9cbc54 - <tokio[64290ea248ff0e65]::runtime::scheduler::current_thread::CoreGuard>::enter::<<tokio[64290ea248ff0e65]::runtime::scheduler::current_thread::CoreGuard>::block_on<core[a373ad73a504971]::pin::Pin<&mut core[a373ad73a504971]::pin::Pin<&mut dyn core[a373ad73a504971]::future::future::Future<Output = ()>>>>::{closure#0}, core[a373ad73a504971]::option::Option<()>>::{closure#0}
[INFO] [stdout]                                at /opt/rustwide/cargo-home/registry/src/index.crates.io-1949cf8c6b5b557f/tokio-1.47.1/src/runtime/scheduler/current_thread/mod.rs:829:68
[INFO] [stdout]   29:     0x6019ea9c8b8b - <tokio[64290ea248ff0e65]::runtime::context::scoped::Scoped<tokio[64290ea248ff0e65]::runtime::scheduler::Context>>::set::<<tokio[64290ea248ff0e65]::runtime::scheduler::current_thread::CoreGuard>::enter<<tokio[64290ea248ff0e65]::runtime::scheduler::current_thread::CoreGuard>::block_on<core[a373ad73a504971]::pin::Pin<&mut core[a373ad73a504971]::pin::Pin<&mut dyn core[a373ad73a504971]::future::future::Future<Output = ()>>>>::{closure#0}, core[a373ad73a504971]::option::Option<()>>::{closure#0}, (alloc[2e1b2a31b91974c5]::boxed::Box<tokio[64290ea248ff0e65]::runtime::scheduler::current_thread::Core>, core[a373ad73a504971]::option::Option<()>)>
[INFO] [stdout]                                at /opt/rustwide/cargo-home/registry/src/index.crates.io-1949cf8c6b5b557f/tokio-1.47.1/src/runtime/context/scoped.rs:40:9
[INFO] [stdout]   30:     0x6019ea9d1939 - tokio[64290ea248ff0e65]::runtime::context::set_scheduler::<(alloc[2e1b2a31b91974c5]::boxed::Box<tokio[64290ea248ff0e65]::runtime::scheduler::current_thread::Core>, core[a373ad73a504971]::option::Option<()>), <tokio[64290ea248ff0e65]::runtime::scheduler::current_thread::CoreGuard>::enter<<tokio[64290ea248ff0e65]::runtime::scheduler::current_thread::CoreGuard>::block_on<core[a373ad73a504971]::pin::Pin<&mut core[a373ad73a504971]::pin::Pin<&mut dyn core[a373ad73a504971]::future::future::Future<Output = ()>>>>::{closure#0}, core[a373ad73a504971]::option::Option<()>>::{closure#0}>::{closure#0}
[INFO] [stdout]                                at /opt/rustwide/cargo-home/registry/src/index.crates.io-1949cf8c6b5b557f/tokio-1.47.1/src/runtime/context.rs:176:38
[INFO] [stdout]   31:     0x6019ea9bf67f - <std[617be2ca0a6fd877]::thread::local::LocalKey<tokio[64290ea248ff0e65]::runtime::context::Context>>::try_with::<tokio[64290ea248ff0e65]::runtime::context::set_scheduler<(alloc[2e1b2a31b91974c5]::boxed::Box<tokio[64290ea248ff0e65]::runtime::scheduler::current_thread::Core>, core[a373ad73a504971]::option::Option<()>), <tokio[64290ea248ff0e65]::runtime::scheduler::current_thread::CoreGuard>::enter<<tokio[64290ea248ff0e65]::runtime::scheduler::current_thread::CoreGuard>::block_on<core[a373ad73a504971]::pin::Pin<&mut core[a373ad73a504971]::pin::Pin<&mut dyn core[a373ad73a504971]::future::future::Future<Output = ()>>>>::{closure#0}, core[a373ad73a504971]::option::Option<()>>::{closure#0}>::{closure#0}, (alloc[2e1b2a31b91974c5]::boxed::Box<tokio[64290ea248ff0e65]::runtime::scheduler::current_thread::Core>, core[a373ad73a504971]::option::Option<()>)>
[INFO] [stdout]                                at /rustc/e3feeb59cd1bdd011a2bfcc0747b55125d9b8527/library/std/src/thread/local.rs:463:12
[INFO] [stdout]   32:     0x6019ea9bf22e - <std[617be2ca0a6fd877]::thread::local::LocalKey<tokio[64290ea248ff0e65]::runtime::context::Context>>::with::<tokio[64290ea248ff0e65]::runtime::context::set_scheduler<(alloc[2e1b2a31b91974c5]::boxed::Box<tokio[64290ea248ff0e65]::runtime::scheduler::current_thread::Core>, core[a373ad73a504971]::option::Option<()>), <tokio[64290ea248ff0e65]::runtime::scheduler::current_thread::CoreGuard>::enter<<tokio[64290ea248ff0e65]::runtime::scheduler::current_thread::CoreGuard>::block_on<core[a373ad73a504971]::pin::Pin<&mut core[a373ad73a504971]::pin::Pin<&mut dyn core[a373ad73a504971]::future::future::Future<Output = ()>>>>::{closure#0}, core[a373ad73a504971]::option::Option<()>>::{closure#0}>::{closure#0}, (alloc[2e1b2a31b91974c5]::boxed::Box<tokio[64290ea248ff0e65]::runtime::scheduler::current_thread::Core>, core[a373ad73a504971]::option::Option<()>)>
[INFO] [stdout]                                at /rustc/e3feeb59cd1bdd011a2bfcc0747b55125d9b8527/library/std/src/thread/local.rs:427:20
[INFO] [stdout]   33:     0x6019ea9d0bbd - tokio[64290ea248ff0e65]::runtime::context::set_scheduler::<(alloc[2e1b2a31b91974c5]::boxed::Box<tokio[64290ea248ff0e65]::runtime::scheduler::current_thread::Core>, core[a373ad73a504971]::option::Option<()>), <tokio[64290ea248ff0e65]::runtime::scheduler::current_thread::CoreGuard>::enter<<tokio[64290ea248ff0e65]::runtime::scheduler::current_thread::CoreGuard>::block_on<core[a373ad73a504971]::pin::Pin<&mut core[a373ad73a504971]::pin::Pin<&mut dyn core[a373ad73a504971]::future::future::Future<Output = ()>>>>::{closure#0}, core[a373ad73a504971]::option::Option<()>>::{closure#0}>
[INFO] [stdout]                                at /opt/rustwide/cargo-home/registry/src/index.crates.io-1949cf8c6b5b557f/tokio-1.47.1/src/runtime/context.rs:176:17
[INFO] [stdout]   34:     0x6019ea9ca270 - <tokio[64290ea248ff0e65]::runtime::scheduler::current_thread::CoreGuard>::enter::<<tokio[64290ea248ff0e65]::runtime::scheduler::current_thread::CoreGuard>::block_on<core[a373ad73a504971]::pin::Pin<&mut core[a373ad73a504971]::pin::Pin<&mut dyn core[a373ad73a504971]::future::future::Future<Output = ()>>>>::{closure#0}, core[a373ad73a504971]::option::Option<()>>
[INFO] [stdout]                                at /opt/rustwide/cargo-home/registry/src/index.crates.io-1949cf8c6b5b557f/tokio-1.47.1/src/runtime/scheduler/current_thread/mod.rs:829:27
[INFO] [stdout]   35:     0x6019ea9ca566 - <tokio[64290ea248ff0e65]::runtime::scheduler::current_thread::CoreGuard>::block_on::<core[a373ad73a504971]::pin::Pin<&mut core[a373ad73a504971]::pin::Pin<&mut dyn core[a373ad73a504971]::future::future::Future<Output = ()>>>>
[INFO] [stdout]                                at /opt/rustwide/cargo-home/registry/src/index.crates.io-1949cf8c6b5b557f/tokio-1.47.1/src/runtime/scheduler/current_thread/mod.rs:729:24
[INFO] [stdout]   36:     0x6019ea9cb860 - <tokio[64290ea248ff0e65]::runtime::scheduler::current_thread::CurrentThread>::block_on::<core[a373ad73a504971]::pin::Pin<&mut dyn core[a373ad73a504971]::future::future::Future<Output = ()>>>::{closure#0}
[INFO] [stdout]                                at /opt/rustwide/cargo-home/registry/src/index.crates.io-1949cf8c6b5b557f/tokio-1.47.1/src/runtime/scheduler/current_thread/mod.rs:200:33
[INFO] [stdout]   37:     0x6019ea9d1178 - tokio[64290ea248ff0e65]::runtime::context::runtime::enter_runtime::<<tokio[64290ea248ff0e65]::runtime::scheduler::current_thread::CurrentThread>::block_on<core[a373ad73a504971]::pin::Pin<&mut dyn core[a373ad73a504971]::future::future::Future<Output = ()>>>::{closure#0}, ()>
[INFO] [stdout]                                at /opt/rustwide/cargo-home/registry/src/index.crates.io-1949cf8c6b5b557f/tokio-1.47.1/src/runtime/context/runtime.rs:65:16
[INFO] [stdout]   38:     0x6019ea9c8d44 - <tokio[64290ea248ff0e65]::runtime::scheduler::current_thread::CurrentThread>::block_on::<core[a373ad73a504971]::pin::Pin<&mut dyn core[a373ad73a504971]::future::future::Future<Output = ()>>>
[INFO] [stdout]                                at /opt/rustwide/cargo-home/registry/src/index.crates.io-1949cf8c6b5b557f/tokio-1.47.1/src/runtime/scheduler/current_thread/mod.rs:188:9
[INFO] [stdout]   39:     0x6019ea9d008f - <tokio[64290ea248ff0e65]::runtime::runtime::Runtime>::block_on_inner::<core[a373ad73a504971]::pin::Pin<&mut dyn core[a373ad73a504971]::future::future::Future<Output = ()>>>
[INFO] [stdout]                                at /opt/rustwide/cargo-home/registry/src/index.crates.io-1949cf8c6b5b557f/tokio-1.47.1/src/runtime/runtime.rs:356:52
[INFO] [stdout]   40:     0x6019ea9d01db - <tokio[64290ea248ff0e65]::runtime::runtime::Runtime>::block_on::<core[a373ad73a504971]::pin::Pin<&mut dyn core[a373ad73a504971]::future::future::Future<Output = ()>>>
[INFO] [stdout]                                at /opt/rustwide/cargo-home/registry/src/index.crates.io-1949cf8c6b5b557f/tokio-1.47.1/src/runtime/runtime.rs:330:18
[INFO] [stdout]   41:     0x6019ea9d74c4 - wrkflw[cde7933b77790141]::prefilter::prefilter_tests::strict_filter_rejects_pull_request_without_base_branch
[INFO] [stdout]                                at /opt/rustwide/workdir/src/prefilter.rs:821:10
[INFO] [stdout]   42:     0x6019ea9d2267 - wrkflw[cde7933b77790141]::prefilter::prefilter_tests::strict_filter_rejects_pull_request_without_base_branch::{closure#0}
[INFO] [stdout]                                at /opt/rustwide/workdir/src/prefilter.rs:774:70
[INFO] [stdout]   43:     0x6019ea9c88b6 - <wrkflw[cde7933b77790141]::prefilter::prefilter_tests::strict_filter_rejects_pull_request_without_base_branch::{closure#0} as core[a373ad73a504971]::ops::function::FnOnce<()>>::call_once
[INFO] [stdout]                                at /rustc/e3feeb59cd1bdd011a2bfcc0747b55125d9b8527/library/core/src/ops/function.rs:250:5
[INFO] [stdout]   44:     0x6019ea9d926b - <fn() -> core[a373ad73a504971]::result::Result<(), alloc[2e1b2a31b91974c5]::string::String> as core[a373ad73a504971]::ops::function::FnOnce<()>>::call_once
[INFO] [stdout]                                at /rustc/e3feeb59cd1bdd011a2bfcc0747b55125d9b8527/library/core/src/ops/function.rs:250:5
[INFO] [stdout]   45:     0x6019ea9d926b - test[aada8e7e76ba119b]::__rust_begin_short_backtrace::<core[a373ad73a504971]::result::Result<(), alloc[2e1b2a31b91974c5]::string::String>, fn() -> core[a373ad73a504971]::result::Result<(), alloc[2e1b2a31b91974c5]::string::String>>
[INFO] [stdout]                                at /rustc/e3feeb59cd1bdd011a2bfcc0747b55125d9b8527/library/test/src/lib.rs:701:18
[INFO] [stdout]   46:     0x6019ea9e6445 - test[aada8e7e76ba119b]::run_test_in_process::{closure#0}
[INFO] [stdout]                                at /rustc/e3feeb59cd1bdd011a2bfcc0747b55125d9b8527/library/test/src/lib.rs:724:74
[INFO] [stdout]   47:     0x6019ea9e6445 - <core[a373ad73a504971]::panic::unwind_safe::AssertUnwindSafe<test[aada8e7e76ba119b]::run_test_in_process::{closure#0}> as core[a373ad73a504971]::ops::function::FnOnce<()>>::call_once
[INFO] [stdout]                                at /rustc/e3feeb59cd1bdd011a2bfcc0747b55125d9b8527/library/core/src/panic/unwind_safe.rs:275:9
[INFO] [stdout]   48:     0x6019ea9e6445 - std[617be2ca0a6fd877]::panicking::catch_unwind::do_call::<core[a373ad73a504971]::panic::unwind_safe::AssertUnwindSafe<test[aada8e7e76ba119b]::run_test_in_process::{closure#0}>, core[a373ad73a504971]::result::Result<(), alloc[2e1b2a31b91974c5]::string::String>>
[INFO] [stdout]                                at /rustc/e3feeb59cd1bdd011a2bfcc0747b55125d9b8527/library/std/src/panicking.rs:573:43
[INFO] [stdout]   49:     0x6019ea9e6445 - std[617be2ca0a6fd877]::panicking::catch_unwind::<core[a373ad73a504971]::result::Result<(), alloc[2e1b2a31b91974c5]::string::String>, core[a373ad73a504971]::panic::unwind_safe::AssertUnwindSafe<test[aada8e7e76ba119b]::run_test_in_process::{closure#0}>>
[INFO] [stdout]                                at /rustc/e3feeb59cd1bdd011a2bfcc0747b55125d9b8527/library/std/src/panicking.rs:541:19
[INFO] [stdout]   50:     0x6019ea9e6445 - std[617be2ca0a6fd877]::panic::catch_unwind::<core[a373ad73a504971]::panic::unwind_safe::AssertUnwindSafe<test[aada8e7e76ba119b]::run_test_in_process::{closure#0}>, core[a373ad73a504971]::result::Result<(), alloc[2e1b2a31b91974c5]::string::String>>
[INFO] [stdout]                                at /rustc/e3feeb59cd1bdd011a2bfcc0747b55125d9b8527/library/std/src/panic.rs:359:14
[INFO] [stdout]   51:     0x6019ea9e6445 - test[aada8e7e76ba119b]::run_test_in_process
[INFO] [stdout]                                at /rustc/e3feeb59cd1bdd011a2bfcc0747b55125d9b8527/library/test/src/lib.rs:724:27
[INFO] [stdout]   52:     0x6019ea9e6445 - test[aada8e7e76ba119b]::run_test::{closure#0}
[INFO] [stdout]                                at /rustc/e3feeb59cd1bdd011a2bfcc0747b55125d9b8527/library/test/src/lib.rs:645:43
[INFO] [stdout]   53:     0x6019ea9dfd34 - test[aada8e7e76ba119b]::run_test::{closure#1}
[INFO] [stdout]                                at /rustc/e3feeb59cd1bdd011a2bfcc0747b55125d9b8527/library/test/src/lib.rs:675:41
[INFO] [stdout]   54:     0x6019ea9dfd34 - std[617be2ca0a6fd877]::sys::backtrace::__rust_begin_short_backtrace::<test[aada8e7e76ba119b]::run_test::{closure#1}, ()>
[INFO] [stdout]                                at /rustc/e3feeb59cd1bdd011a2bfcc0747b55125d9b8527/library/std/src/sys/backtrace.rs:166:18
[INFO] [stdout]   55:     0x6019ea9e94d2 - std[617be2ca0a6fd877]::thread::lifecycle::spawn_unchecked::<test[aada8e7e76ba119b]::run_test::{closure#1}, ()>::{closure#1}::{closure#0}
[INFO] [stdout]                                at /rustc/e3feeb59cd1bdd011a2bfcc0747b55125d9b8527/library/std/src/thread/lifecycle.rs:70:13
[INFO] [stdout]   56:     0x6019ea9e94d2 - <core[a373ad73a504971]::panic::unwind_safe::AssertUnwindSafe<std[617be2ca0a6fd877]::thread::lifecycle::spawn_unchecked<test[aada8e7e76ba119b]::run_test::{closure#1}, ()>::{closure#1}::{closure#0}> as core[a373ad73a504971]::ops::function::FnOnce<()>>::call_once
[INFO] [stdout]                                at /rustc/e3feeb59cd1bdd011a2bfcc0747b55125d9b8527/library/core/src/panic/unwind_safe.rs:275:9
[INFO] [stdout]   57:     0x6019ea9e94d2 - std[617be2ca0a6fd877]::panicking::catch_unwind::do_call::<core[a373ad73a504971]::panic::unwind_safe::AssertUnwindSafe<std[617be2ca0a6fd877]::thread::lifecycle::spawn_unchecked<test[aada8e7e76ba119b]::run_test::{closure#1}, ()>::{closure#1}::{closure#0}>, ()>
[INFO] [stdout]                                at /rustc/e3feeb59cd1bdd011a2bfcc0747b55125d9b8527/library/std/src/panicking.rs:573:43
[INFO] [stdout]   58:     0x6019ea9e94d2 - std[617be2ca0a6fd877]::panicking::catch_unwind::<(), core[a373ad73a504971]::panic::unwind_safe::AssertUnwindSafe<std[617be2ca0a6fd877]::thread::lifecycle::spawn_unchecked<test[aada8e7e76ba119b]::run_test::{closure#1}, ()>::{closure#1}::{closure#0}>>
[INFO] [stdout]                                at /rustc/e3feeb59cd1bdd011a2bfcc0747b55125d9b8527/library/std/src/panicking.rs:541:19
[INFO] [stdout]   59:     0x6019ea9e94d2 - std[617be2ca0a6fd877]::panic::catch_unwind::<core[a373ad73a504971]::panic::unwind_safe::AssertUnwindSafe<std[617be2ca0a6fd877]::thread::lifecycle::spawn_unchecked<test[aada8e7e76ba119b]::run_test::{closure#1}, ()>::{closure#1}::{closure#0}>, ()>
[INFO] [stdout]                                at /rustc/e3feeb59cd1bdd011a2bfcc0747b55125d9b8527/library/std/src/panic.rs:359:14
[INFO] [stdout]   60:     0x6019ea9e94d2 - std[617be2ca0a6fd877]::thread::lifecycle::spawn_unchecked::<test[aada8e7e76ba119b]::run_test::{closure#1}, ()>::{closure#1}
[INFO] [stdout]                                at /rustc/e3feeb59cd1bdd011a2bfcc0747b55125d9b8527/library/std/src/thread/lifecycle.rs:68:26
[INFO] [stdout]   61:     0x6019ea9e94d2 - <std[617be2ca0a6fd877]::thread::lifecycle::spawn_unchecked<test[aada8e7e76ba119b]::run_test::{closure#1}, ()>::{closure#1} as core[a373ad73a504971]::ops::function::FnOnce<()>>::call_once::{shim:vtable#0}
[INFO] [stdout]                                at /rustc/e3feeb59cd1bdd011a2bfcc0747b55125d9b8527/library/core/src/ops/function.rs:250:5
[INFO] [stdout]   62:     0x6019eb4c241f - <alloc[2e1b2a31b91974c5]::boxed::Box<dyn core[a373ad73a504971]::ops::function::FnOnce<(), Output = ()> + core[a373ad73a504971]::marker::Send> as core[a373ad73a504971]::ops::function::FnOnce<()>>::call_once
[INFO] [stdout]                                at /rustc/e3feeb59cd1bdd011a2bfcc0747b55125d9b8527/library/alloc/src/boxed.rs:2314:9
[INFO] [stdout]   63:     0x6019eb4c241f - <std[617be2ca0a6fd877]::sys::thread::unix::Thread>::new::thread_start
[INFO] [stdout]                                at /rustc/e3feeb59cd1bdd011a2bfcc0747b55125d9b8527/library/std/src/sys/thread/unix.rs:127:17
[INFO] [stdout]   64:     0x7c1c3b18fdfa - <unknown>
[INFO] [stdout]   65:     0x7c1c3b2233d4 - clone
[INFO] [stdout]   66:                0x0 - <unknown>
[INFO] [stdout] 
[INFO] [stdout] 
[INFO] [stdout] failures:
[INFO] [stdout]     prefilter::prefilter_tests::non_strict_filter_allows_event_alone_with_warning_and_empty_change_set
[INFO] [stdout]     prefilter::prefilter_tests::skip_decision_returned_when_trigger_does_not_match
[INFO] [stdout]     prefilter::prefilter_tests::strict_filter_rejects_pull_request_without_base_branch
[INFO] [stdout] 
[INFO] [stdout] test result: FAILED. 7 passed; 3 failed; 0 ignored; 0 measured; 0 filtered out; finished in 0.14s
[INFO] [stdout] 
[INFO] [stderr] error: test failed, to rerun pass `--bin wrkflw`
[INFO] running `Command { std: "docker" "inspect" "67ef48a47829ccc1dc938e2bbaa67d42b9efe69abfdf075a1486c781fc50a8f4", kill_on_drop: false }`
[INFO] running `Command { std: "docker" "rm" "-f" "67ef48a47829ccc1dc938e2bbaa67d42b9efe69abfdf075a1486c781fc50a8f4", kill_on_drop: false }`
[INFO] [stdout] 67ef48a47829ccc1dc938e2bbaa67d42b9efe69abfdf075a1486c781fc50a8f4
