[INFO] fetching crate wovyr-server 0.4.1...
[INFO] testing wovyr-server-0.4.1 against 1.100.0-beta.1 for beta-1.100-2
[INFO] extracting crate wovyr-server 0.4.1 into /workspace/builds/worker-2-tc2/source
[INFO] started tweaking crates.io crate wovyr-server 0.4.1
[INFO] removed 0 missing tests
[INFO] finished tweaking crates.io crate wovyr-server 0.4.1
[INFO] tweaked toml for crates.io crate wovyr-server 0.4.1 written to /workspace/builds/worker-2-tc2/source/Cargo.toml
[INFO] validating manifest of crates.io crate wovyr-server 0.4.1 on toolchain 1.100.0-beta.1
[INFO] running `Command { std: CARGO_HOME="/workspace/cargo-home" RUSTUP_HOME="/workspace/rustup-home" "/workspace/cargo-home/bin/cargo" "+1.100.0-beta.1" "metadata" "--manifest-path" "Cargo.toml" "--no-deps", kill_on_drop: false }`
[INFO] crate crates.io crate wovyr-server 0.4.1 already has a lockfile, it will not be regenerated
[INFO] running `Command { std: CARGO_HOME="/workspace/cargo-home" RUSTUP_HOME="/workspace/rustup-home" "/workspace/cargo-home/bin/cargo" "+1.100.0-beta.1" "fetch" "--manifest-path" "Cargo.toml", kill_on_drop: false }`
[INFO] running `Command { std: "docker" "create" "-v" "/var/lib/crater-agent-workspace/builds/worker-2-tc2/source:/opt/rustwide/workdir:ro,Z" "-v" "/var/lib/crater-agent-workspace/builds/worker-2-tc2/target:/opt/rustwide/target:rw,Z" "-v" "/var/lib/crater-agent-workspace/cargo-home:/opt/rustwide/cargo-home:ro,Z" "-v" "/var/lib/crater-agent-workspace/rustup-home:/opt/rustwide/rustup-home:ro,Z" "-m" "1610612736" "--network" "none" "ghcr.io/rust-lang/crates-build-env/linux@sha256:3111399a4047eeb3a02b7a90e478d715f38a8c6669b5c4b49d30a17385265909" "sleep" "infinity", kill_on_drop: false }`
[INFO] [stdout] f8d5a0617a19242266f5f5d383a79ce6e384c1bd6ecc4b459d57be542363ce0e
[INFO] running `Command { std: "docker" "start" "f8d5a0617a19242266f5f5d383a79ce6e384c1bd6ecc4b459d57be542363ce0e", kill_on_drop: false }`
[INFO] running `Command { std: "docker" "inspect" "f8d5a0617a19242266f5f5d383a79ce6e384c1bd6ecc4b459d57be542363ce0e", kill_on_drop: false }`
[INFO] running `Command { std: "docker" "exec" "-e" "SOURCE_DIR=/opt/rustwide/workdir" "-e" "CARGO_HOME=/opt/rustwide/cargo-home" "-e" "RUSTUP_HOME=/opt/rustwide/rustup-home" "-e" "CARGO_TARGET_DIR=/opt/rustwide/target" "-w" "/opt/rustwide/workdir" "--user" "0:0" "f8d5a0617a19242266f5f5d383a79ce6e384c1bd6ecc4b459d57be542363ce0e" "/opt/rustwide/cargo-home/bin/cargo" "+1.100.0-beta.1" "metadata" "--no-deps" "--format-version=1", kill_on_drop: false }`
[INFO] running `Command { std: "docker" "inspect" "f8d5a0617a19242266f5f5d383a79ce6e384c1bd6ecc4b459d57be542363ce0e", kill_on_drop: false }`
[INFO] running `Command { std: "docker" "exec" "-e" "SOURCE_DIR=/opt/rustwide/workdir" "-e" "CARGO_HOME=/opt/rustwide/cargo-home" "-e" "RUSTUP_HOME=/opt/rustwide/rustup-home" "-e" "CARGO_TARGET_DIR=/opt/rustwide/target" "-e" "CARGO_INCREMENTAL=0" "-e" "RUST_BACKTRACE=full" "-e" "RUSTFLAGS=--cap-lints=warn" "-e" "RUSTDOCFLAGS=--cap-lints=warn" "-w" "/opt/rustwide/workdir" "--user" "0:0" "f8d5a0617a19242266f5f5d383a79ce6e384c1bd6ecc4b459d57be542363ce0e" "/opt/rustwide/cargo-home/bin/cargo" "+1.100.0-beta.1" "build" "--frozen" "--message-format=json", kill_on_drop: false }`
[INFO] [stderr]    Compiling proc-macro2 v1.0.106
[INFO] [stderr]    Compiling quote v1.0.46
[INFO] [stderr]    Compiling unicode-ident v1.0.24
[INFO] [stderr]    Compiling libc v0.2.186
[INFO] [stderr]    Compiling zeroize v1.9.0
[INFO] [stderr]    Compiling cfg-if v1.0.4
[INFO] [stderr]    Compiling serde_core v1.0.228
[INFO] [stderr]    Compiling itoa v1.0.18
[INFO] [stderr]    Compiling subtle v2.6.1
[INFO] [stderr]    Compiling pin-project-lite v0.2.17
[INFO] [stderr]    Compiling memchr v2.8.2
[INFO] [stderr]    Compiling version_check v0.9.5
[INFO] [stderr]    Compiling once_cell v1.21.4
[INFO] [stderr]    Compiling typenum v1.20.1
[INFO] [stderr]    Compiling const-oid v0.9.6
[INFO] [stderr]    Compiling serde v1.0.228
[INFO] [stderr]    Compiling zmij v1.0.21
[INFO] [stderr]    Compiling log v0.4.33
[INFO] [stderr]    Compiling serde_json v1.0.150
[INFO] [stderr]    Compiling futures-core v0.3.32
[INFO] [stderr]    Compiling bytes v1.12.0
[INFO] [stderr]    Compiling find-msvc-tools v0.1.9
[INFO] [stderr]    Compiling tracing-core v0.1.36
[INFO] [stderr]    Compiling smallvec v1.15.2
[INFO] [stderr]    Compiling shlex v2.0.1
[INFO] [stderr]    Compiling thiserror v2.0.18
[INFO] [stderr]    Compiling futures-sink v0.3.32
[INFO] [stderr]    Compiling generic-array v0.14.7
[INFO] [stderr]    Compiling stable_deref_trait v1.2.1
[INFO] [stderr]    Compiling equivalent v1.0.2
[INFO] [stderr]    Compiling cc v1.2.65
[INFO] [stderr]    Compiling hashbrown v0.17.1
[INFO] [stderr]    Compiling slab v0.4.12
[INFO] [stderr]    Compiling futures-channel v0.3.32
[INFO] [stderr]    Compiling untrusted v0.9.0
[INFO] [stderr]    Compiling futures-io v0.3.32
[INFO] [stderr]    Compiling futures-task v0.3.32
[INFO] [stderr]    Compiling writeable v0.5.5
[INFO] [stderr]    Compiling litemap v0.7.3
[INFO] [stderr]    Compiling rustls-pki-types v1.14.1
[INFO] [stderr]    Compiling zerocopy v0.8.52
[INFO] [stderr]    Compiling httparse v1.10.1
[INFO] [stderr]    Compiling tower-service v0.3.3
[INFO] [stderr]    Compiling http v1.4.2
[INFO] [stderr]    Compiling base64ct v1.8.3
[INFO] [stderr]    Compiling percent-encoding v2.3.2
[INFO] [stderr]    Compiling cpufeatures v0.2.17
[INFO] [stderr]    Compiling fnv v1.0.7
[INFO] [stderr]    Compiling base64 v0.22.1
[INFO] [stderr]    Compiling try-lock v0.2.5
[INFO] [stderr]    Compiling atomic-waker v1.1.2
[INFO] [stderr]    Compiling autocfg v1.5.1
[INFO] [stderr]    Compiling pem-rfc7468 v0.7.0
[INFO] [stderr]    Compiling icu_locid_transform_data v1.5.0
[INFO] [stderr]    Compiling want v0.3.1
[INFO] [stderr]    Compiling syn v2.0.118
[INFO] [stderr]    Compiling icu_properties_data v1.5.0
[INFO] [stderr]    Compiling httpdate v1.0.3
[INFO] [stderr]    Compiling rustls v0.23.41
[INFO] [stderr]    Compiling der v0.7.10
[INFO] [stderr]    Compiling ryu v1.0.23
[INFO] [stderr]    Compiling semver v1.0.28
[INFO] [stderr]    Compiling sync_wrapper v1.0.2
[INFO] [stderr]    Compiling utf16_iter v1.0.5
[INFO] [stderr]    Compiling utf8_iter v1.0.4
[INFO] [stderr]    Compiling tower-layer v0.3.3
[INFO] [stderr]    Compiling icu_normalizer_data v1.5.0
[INFO] [stderr]    Compiling write16 v1.0.0
[INFO] [stderr]    Compiling ipnet v2.12.0
[INFO] [stderr]    Compiling form_urlencoded v1.2.2
[INFO] [stderr]    Compiling webpki-roots v1.0.7
[INFO] [stderr]    Compiling ref-cast v1.0.25
[INFO] [stderr]    Compiling libm v0.2.16
[INFO] [stderr]    Compiling num-traits v0.2.19
[INFO] [stderr]    Compiling webpki-roots v0.26.11
[INFO] [stderr]    Compiling bitflags v2.13.0
[INFO] [stderr]    Compiling getrandom v0.2.17
[INFO] [stderr]    Compiling crypto-common v0.1.7
[INFO] [stderr]    Compiling block-buffer v0.10.4
[INFO] [stderr]    Compiling errno v0.3.14
[INFO] [stderr]    Compiling mio v1.2.1
[INFO] [stderr]    Compiling socket2 v0.6.4
[INFO] [stderr]    Compiling fs2 v0.4.3
[INFO] [stderr]    Compiling digest v0.10.7
[INFO] [stderr]    Compiling signal-hook-registry v1.4.8
[INFO] [stderr]    Compiling rand_core v0.6.4
[INFO] [stderr]    Compiling http-body v1.0.1
[INFO] [stderr]    Compiling iri-string v0.7.10
[INFO] [stderr]    Compiling http-body-util v0.1.3
[INFO] [stderr]    Compiling sha2 v0.10.9
[INFO] [stderr]    Compiling hmac v0.12.1
[INFO] [stderr]    Compiling dyn-clone v1.0.20
[INFO] [stderr]    Compiling unsafe-libyaml v0.2.11
[INFO] [stderr]    Compiling signature v2.2.0
[INFO] [stderr]    Compiling ff v0.13.1
[INFO] [stderr]    Compiling spin v0.9.8
[INFO] [stderr]    Compiling ring v0.17.14
[INFO] [stderr]    Compiling base16ct v0.2.0
[INFO] [stderr]    Compiling lazy_static v1.5.0
[INFO] [stderr]    Compiling hkdf v0.12.4
[INFO] [stderr]    Compiling group v0.13.0
[INFO] [stderr]    Compiling crypto-bigint v0.5.5
[INFO] [stderr]    Compiling rustc_version v0.4.1
[INFO] [stderr]    Compiling rfc6979 v0.4.0
[INFO] [stderr]    Compiling rustversion v1.0.22
[INFO] [stderr]    Compiling spki v0.7.3
[INFO] [stderr]    Compiling pkcs8 v0.10.2
[INFO] [stderr]    Compiling regex-syntax v0.8.11
[INFO] [stderr]    Compiling curve25519-dalek v4.1.3
[INFO] [stderr]    Compiling num-conv v0.2.2
[INFO] [stderr]    Compiling num-bigint-dig v0.8.6
[INFO] [stderr]    Compiling sec1 v0.7.3
[INFO] [stderr]    Compiling time-core v0.1.9
[INFO] [stderr]    Compiling fs-err v3.3.1
[INFO] [stderr]    Compiling deranged v0.5.8
[INFO] [stderr]    Compiling powerfmt v0.2.0
[INFO] [stderr]    Compiling time-macros v0.2.31
[INFO] [stderr]    Compiling ed25519 v2.2.3
[INFO] [stderr]    Compiling pkcs1 v0.7.5
[INFO] [stderr]    Compiling sharded-slab v0.1.7
[INFO] [stderr]    Compiling tracing-log v0.2.0
[INFO] [stderr]    Compiling thread_local v1.1.9
[INFO] [stderr]    Compiling indexmap v2.14.0
[INFO] [stderr]    Compiling mime v0.3.17
[INFO] [stderr]    Compiling nu-ansi-term v0.50.3
[INFO] [stderr]    Compiling arc-swap v1.9.2
[INFO] [stderr]    Compiling num-integer v0.1.46
[INFO] [stderr]    Compiling serde_path_to_error v0.1.20
[INFO] [stderr]    Compiling elliptic-curve v0.13.8
[INFO] [stderr]    Compiling pem v3.0.6
[INFO] [stderr]    Compiling regex-automata v0.4.14
[INFO] [stderr]    Compiling matchit v0.8.4
[INFO] [stderr]    Compiling either v1.16.0
[INFO] [stderr]    Compiling num-iter v0.1.45
[INFO] [stderr]    Compiling primeorder v0.13.6
[INFO] [stderr]    Compiling ecdsa v0.16.9
[INFO] [stderr]    Compiling num-bigint v0.4.8
[INFO] [stderr]    Compiling time v0.3.53
[INFO] [stderr]    Compiling p384 v0.13.1
[INFO] [stderr]    Compiling p256 v0.13.2
[INFO] [stderr]    Compiling synstructure v0.13.2
[INFO] [stderr]    Compiling serde_derive_internals v0.29.1
[INFO] [stderr]    Compiling matchers v0.2.0
[INFO] [stderr]    Compiling ppv-lite86 v0.2.21
[INFO] [stderr]    Compiling serde_derive v1.0.228
[INFO] [stderr]    Compiling tracing-attributes v0.1.31
[INFO] [stderr]    Compiling zerofrom-derive v0.1.7
[INFO] [stderr]    Compiling tokio-macros v2.7.0
[INFO] [stderr]    Compiling yoke-derive v0.7.4
[INFO] [stderr]    Compiling thiserror-impl v2.0.18
[INFO] [stderr]    Compiling zerovec-derive v0.10.3
[INFO] [stderr]    Compiling displaydoc v0.2.6
[INFO] [stderr]    Compiling futures-macro v0.3.32
[INFO] [stderr]    Compiling icu_provider_macros v1.5.0
[INFO] [stderr]    Compiling ref-cast-impl v1.0.25
[INFO] [stderr]    Compiling async-stream-impl v0.3.6
[INFO] [stderr]    Compiling rand_chacha v0.3.1
[INFO] [stderr]    Compiling rand v0.8.6
[INFO] [stderr]    Compiling schemars_derive v1.2.1
[INFO] [stderr]    Compiling async-trait v0.1.89
[INFO] [stderr]    Compiling tokio v1.52.3
[INFO] [stderr]    Compiling async-stream v0.3.6
[INFO] [stderr]    Compiling futures-util v0.3.32
[INFO] [stderr]    Compiling wovyr-tool-macros v0.4.1
[INFO] [stderr]    Compiling curve25519-dalek-derive v0.1.1
[INFO] [stderr]    Compiling utoipa-gen v5.5.0
[INFO] [stderr]    Compiling zerofrom v0.1.8
[INFO] [stderr]    Compiling yoke v0.7.4
[INFO] [stderr]    Compiling zerovec v0.10.4
[INFO] [stderr]    Compiling tracing v0.1.44
[INFO] [stderr]    Compiling simple_asn1 v0.6.4
[INFO] [stderr]    Compiling axum-core v0.5.6
[INFO] [stderr]    Compiling ed25519-dalek v2.2.0
[INFO] [stderr]    Compiling rsa v0.9.10
[INFO] [stderr]    Compiling rustls-webpki v0.103.13
[INFO] [stderr]    Compiling tinystr v0.7.6
[INFO] [stderr]    Compiling icu_collections v1.5.0
[INFO] [stderr]    Compiling icu_locid v1.5.0
[INFO] [stderr]    Compiling icu_provider v1.5.0
[INFO] [stderr]    Compiling icu_locid_transform v1.5.0
[INFO] [stderr]    Compiling futures-executor v0.3.32
[INFO] [stderr]    Compiling futures v0.3.32
[INFO] [stderr]    Compiling wovyr-common v0.4.1
[INFO] [stderr]    Compiling hex v0.4.3
[INFO] [stderr]    Compiling serde_urlencoded v0.7.1
[INFO] [stderr]    Compiling schemars v1.2.1
[INFO] [stderr]    Compiling serde_yaml v0.9.34+deprecated
[INFO] [stderr]    Compiling tracing-serde v0.2.0
[INFO] [stderr]    Compiling jsonwebtoken v10.3.0
[INFO] [stderr]    Compiling wovyr-audit v0.4.1
[INFO] [stderr]    Compiling wovyr-tenancy v0.4.1
[INFO] [stderr]    Compiling tracing-subscriber v0.3.23
[INFO] [stderr]    Compiling wovyr-kms v0.4.1
[INFO] [stderr]    Compiling icu_properties v1.5.1
[INFO] [stderr]    Compiling wovyr-secrets v0.4.1
[INFO] [stderr]    Compiling wovyr-events v0.4.1
[INFO] [stderr]    Compiling wovyr-ui v0.4.1
[INFO] [stderr]    Compiling wovyr-config v0.4.1
[INFO] [stderr]    Compiling tokio-util v0.7.18
[INFO] [stderr]    Compiling wovyr-workflow v0.4.1
[INFO] [stderr]    Compiling wovyr-telemetry v0.4.1
[INFO] [stderr]    Compiling wovyr-ui-guard v0.4.1
[INFO] [stderr]    Compiling utoipa v5.5.0
[INFO] [stderr]    Compiling h2 v0.4.15
[INFO] [stderr]    Compiling tower v0.5.3
[INFO] [stderr]    Compiling icu_normalizer v1.5.0
[INFO] [stderr]    Compiling idna_adapter v1.2.0
[INFO] [stderr]    Compiling tokio-rustls v0.26.4
[INFO] [stderr]    Compiling idna v1.1.0
[INFO] [stderr]    Compiling tower-http v0.6.8
[INFO] [stderr]    Compiling url v2.5.8
[INFO] [stderr]    Compiling hyper v1.10.1
[INFO] [stderr]    Compiling hyper-util v0.1.20
[INFO] [stderr]    Compiling hyper-rustls v0.27.2
[INFO] [stderr]    Compiling axum-server v0.8.0
[INFO] [stderr]    Compiling axum v0.8.9
[INFO] [stderr]    Compiling reqwest v0.12.28
[INFO] [stderr]    Compiling wovyr-provider v0.4.1
[INFO] [stderr]    Compiling wovyr-tools v0.4.1
[INFO] [stderr]    Compiling wovyr-memory v0.4.1
[INFO] [stderr]    Compiling wovyr-agent v0.4.1
[INFO] [stderr]    Compiling wovyr-plugin v0.4.1
[INFO] [stderr]    Compiling wovyr-runtime v0.4.1
[INFO] [stderr]    Compiling wovyr-marketplace v0.4.1
[INFO] [stderr]    Compiling wovyr-server v0.4.1 (/opt/rustwide/workdir)
[INFO] [stderr]     Finished `dev` profile [unoptimized + debuginfo] target(s) in 53.05s
[INFO] running `Command { std: "docker" "inspect" "f8d5a0617a19242266f5f5d383a79ce6e384c1bd6ecc4b459d57be542363ce0e", kill_on_drop: false }`
[INFO] running `Command { std: "docker" "exec" "-e" "SOURCE_DIR=/opt/rustwide/workdir" "-e" "CARGO_HOME=/opt/rustwide/cargo-home" "-e" "RUSTUP_HOME=/opt/rustwide/rustup-home" "-e" "CARGO_TARGET_DIR=/opt/rustwide/target" "-e" "CARGO_INCREMENTAL=0" "-e" "RUST_BACKTRACE=full" "-e" "RUSTFLAGS=--cap-lints=warn" "-e" "RUSTDOCFLAGS=--cap-lints=warn" "-w" "/opt/rustwide/workdir" "--user" "0:0" "f8d5a0617a19242266f5f5d383a79ce6e384c1bd6ecc4b459d57be542363ce0e" "/opt/rustwide/cargo-home/bin/cargo" "+1.100.0-beta.1" "test" "--frozen" "--no-run" "--message-format=json", kill_on_drop: false }`
[INFO] [stderr]    Compiling yasna v0.5.2
[INFO] [stderr]    Compiling rcgen v0.13.2
[INFO] [stderr]    Compiling wovyr-server v0.4.1 (/opt/rustwide/workdir)
[INFO] [stderr]     Finished `test` profile [unoptimized + debuginfo] target(s) in 20.45s
[INFO] running `Command { std: "docker" "inspect" "f8d5a0617a19242266f5f5d383a79ce6e384c1bd6ecc4b459d57be542363ce0e", kill_on_drop: false }`
[INFO] running `Command { std: "docker" "exec" "-e" "SOURCE_DIR=/opt/rustwide/workdir" "-e" "CARGO_HOME=/opt/rustwide/cargo-home" "-e" "RUSTUP_HOME=/opt/rustwide/rustup-home" "-e" "CARGO_TARGET_DIR=/opt/rustwide/target" "-e" "CARGO_INCREMENTAL=0" "-e" "RUST_BACKTRACE=full" "-e" "RUSTFLAGS=--cap-lints=warn" "-e" "RUSTDOCFLAGS=--cap-lints=warn" "-w" "/opt/rustwide/workdir" "--user" "0:0" "f8d5a0617a19242266f5f5d383a79ce6e384c1bd6ecc4b459d57be542363ce0e" "/opt/rustwide/cargo-home/bin/cargo" "+1.100.0-beta.1" "test" "--frozen", kill_on_drop: false }`
[INFO] [stderr]     Finished `test` profile [unoptimized + debuginfo] target(s) in 0.49s
[INFO] [stderr]      Running unittests src/lib.rs (/opt/rustwide/target/debug/build/wovyr-server/6c95198cd519038d/out/wovyr_server-6c95198cd519038d)
[INFO] [stdout] 
[INFO] [stdout] running 168 tests
[INFO] [stdout] test auth::tests::api_key_store_round_trips_and_rejects_unknown_keys ... ok
[INFO] [stdout] test hardening::tests::days_from_civil_matches_known_reference_dates ... ok
[INFO] [stdout] test auth::tests::jwt_rejects_wrong_signature ... ok
[INFO] [stdout] test auth::tests::refuses_anonymous_on_non_loopback_bind_only_when_flag_is_set ... ok
[INFO] [stdout] test hardening::tests::cursor_round_trips ... ok
[INFO] [stdout] test auth::tests::jwt_hs256_accepts_a_valid_token_and_extracts_the_principal ... ok
[INFO] [stdout] test hardening::tests::deprecation_table_windows_are_valid ... ok
[INFO] [stdout] test hardening::tests::get_and_head_are_never_replay_eligible ... ok
[INFO] [stdout] test hardening::tests::http_date_formats_known_dates_per_rfc_7231 ... ok
[INFO] [stdout] test auth::tests::jwt_rejects_expired_token ... ok
[INFO] [stdout] test hardening::tests::idempotency_store_is_tenant_scoped ... ok
[INFO] [stdout] test hardening::tests::deprecation_for_matches_exact_and_prefix_but_not_other_routes ... ok
[INFO] [stdout] test hardening::tests::deprecated_route_carries_headers_end_to_end ... ok
[INFO] [stdout] test auth::tests::jwt_rejects_wrong_issuer_and_audience ... ok
[INFO] [stdout] test hardening::tests::if_match_parses_quoted_and_weak_validators ... ok
[INFO] [stdout] test hardening::tests::limit_deserializes_from_a_flattened_query_string ... ok
[INFO] [stdout] test hardening::tests::mutating_methods_are_replay_eligible_except_query_and_stream_shaped_routes ... ok
[INFO] [stdout] test hardening::tests::limit_clamps_to_bounds ... ok
[INFO] [stdout] test hardening::tests::paginate_pages_and_chains_cursor ... ok
[INFO] [stdout] test hardening::tests::path_matches_template_handles_literal_and_param_segments ... ok
[INFO] [stdout] test hardening::tests::record_llm_usage_metrics_labels_cost_and_tokens_by_tenant_and_project ... ok
[INFO] [stdout] test hardening::tests::replay_cached_reconstructs_status_and_body ... ok
[INFO] [stdout] test hardening::tests::record_llm_usage_metrics_shares_the_cap_with_track_metrics_bounding ... ok
[INFO] [stdout] test hardening::tests::request_id_of_reads_the_header_when_present ... ok
[INFO] [stdout] test hardening::tests::request_id_middleware_writes_the_id_back_onto_the_request_for_handlers ... ok
[INFO] [stdout] test hardening::tests::route_label_resolves_known_routes_and_falls_back_for_unknown_ones ... ok
[INFO] [stdout] test hardening::tests::total_entries_are_capped_evicting_the_oldest_first ... ok
[INFO] [stdout] test hardening::tests::tenant_label_cap_bounds_cardinality_by_folding_overflow_into_other ... ok
[INFO] [stdout] test hardening::tests::track_metrics_labels_the_per_tenant_aggregate_from_the_request_header ... ok
[INFO] [stdout] test marketplace::tests::actor_identity_prefers_the_principal_header_then_body_then_default ... ok
[INFO] [stdout] test hardening::tests::route_labels_are_unique_and_unshadowed ... ok
[INFO] [stdout] test marketplace::tests::attestation_without_sbom_or_provenance_is_null ... ok
[INFO] [stdout] test hardening::tests::track_metrics_records_a_normal_response_and_falls_back_for_an_unknown_path ... ok
[INFO] [stdout] test marketplace::tests::publish_requires_an_authenticated_principal ... ok
[INFO] [stdout] test marketplace::tests::attestation_extracts_risk_sbom_provenance_and_digest ... ok
[INFO] [stdout] test hardening::tests::soak_with_unique_keys_stays_within_the_entry_cap ... ok
[INFO] [stdout] test hardening::tests::route_labels_cover_every_documented_route ... ok
[INFO] [stdout] test auth::tests::file_api_key_store_avoids_repeat_reads_after_warm_up ... ok
[INFO] [stdout] test hardening::tests::entries_expire_after_the_configured_ttl ... ok
[INFO] [stdout] test auth::tests::file_api_key_store_persists_minted_keys ... ok
[INFO] [stdout] test auth::tests::legacy_hash_to_principal_format_is_migrated ... ok
[INFO] [stdout] test auth::tests::rotation_issues_new_key_and_expires_old_after_grace ... FAILED
[INFO] [stdout] test openapi::tests::served_spec_covers_every_mounted_route ... ok
[INFO] [stdout] test plugins::tests::disabled_plugins_are_not_registered ... ok
[INFO] [stdout] test auth::tests::revoked_key_is_rejected ... ok
[INFO] [stdout] test plugins::tests::registers_enabled_plugin_tools_into_the_run_registry ... ok
[INFO] [stdout] test rate_limit::tests::admits_up_to_capacity_then_rejects_with_a_retry_after ... ok
[INFO] [stdout] test rate_limit::tests::keys_are_independent ... ok
[INFO] [stdout] test auth::tests::expired_key_is_rejected ... ok
[INFO] [stdout] test rate_limit::tests::sweep_does_not_drop_a_still_exhausted_bucket ... ok
[INFO] [stdout] test state::run_store_tests::in_memory_store_persists_nothing ... ok
[INFO] [stdout] test rate_limit::tests::refills_over_time ... ok
[INFO] [stdout] test auth::tests::file_api_key_store_picks_up_an_external_change ... ok
[INFO] [stdout] test tenancy::tests::day_bucket_flips_at_the_configured_local_midnight ... ok
[INFO] [stdout] test state::test_isolation_tests::for_test_state_never_shares_the_real_agent_store ... ok
[INFO] [stdout] test mcp::tests::a_non_admin_principal_cannot_create_a_stdio_connection ... ok
[INFO] [stdout] test mcp::tests::an_http_connection_is_refused_when_it_resolves_to_a_private_address ... ok
[INFO] [stdout] test mcp::tests::a_stdio_connection_is_refused_without_the_operator_opt_in ... ok
[INFO] [stdout] test tenancy::tests::offset_quota_records_and_enforces_under_its_own_day_bucket ... ok
[INFO] [stdout] test tenancy::tests::priced_run_cost_advances_the_daily_accumulator ... ok
[INFO] [stdout] test tenancy::tests::pre_token_quota_file_loads_with_spend_preserved ... ok
[INFO] [stdout] test auth::tests::apikey_mode_end_to_end_over_the_router ... ok
[INFO] [stdout] test marketplace::tests::moderation_routes_require_marketplace_moderate ... ok
[INFO] [stdout] test plugins::tests::plugin_lifecycle_routes_require_plugins_admin ... ok
[INFO] [stdout] test tenancy::tests::quota_tracker_enforces_concurrency ... ok
[INFO] [stdout] test tenancy::tests::duplicate_org_is_conflict ... ok
[INFO] [stdout] test tenancy::tests::org_and_project_mutations_are_audited ... ok
[INFO] [stdout] test tenancy::tests::token_budget_blocks_admission_at_threshold ... ok
[INFO] [stdout] test tenancy::tests::quota_on_a_nonexistent_project_is_not_found ... ok
[INFO] [stdout] test mcp::tests::the_list_route_reports_whether_stdio_is_operator_enabled ... ok
[INFO] [stdout] test tenancy::tests::quota_accumulator_survives_a_restart_within_the_same_day ... ok
[INFO] [stdout] test state::run_store_tests::running_run_is_reconciled_to_failed_after_restart ... ok
[INFO] [stdout] test tests::agent_store_survives_a_restart_and_stays_tenant_scoped ... ok
[INFO] [stdout] test hardening::tests::put_compacts_the_log_once_it_grows_past_the_threshold ... ok
[INFO] [stdout] test tenancy::tests::run_endpoint_returns_429_when_quota_exceeded ... ok
[INFO] [stdout] test tests::anonymous_default_tenant_caller_reaches_kms_admin_only_up_to_the_auth_layer_now ... ok
[INFO] [stdout] test tenancy::tests::idempotency_key_replays_across_a_route_that_would_otherwise_conflict ... ok
[INFO] [stdout] test tests::agent_mutations_are_audited ... ok
[INFO] [stdout] test tests::anonymous_default_tenant_caller_is_denied_when_the_flag_is_off ... ok
[INFO] [stdout] test mcp::tests::the_env_var_actually_reaches_the_spawned_process ... ok
[INFO] [stdout] test tests::concurrency_limit_sheds_load_past_the_cap_then_recovers ... ok
[INFO] [stdout] test hardening::tests::put_appends_instead_of_rewriting_the_whole_log_each_time ... ok
[INFO] [stdout] test mcp::tests::create_verifies_connectivity_and_returns_real_discovered_tools ... ok
[INFO] [stdout] test mcp::tests::deleting_a_stdio_connection_still_requires_mcp_admin ... ok
[INFO] [stdout] test tests::graceful_shutdown_drains_in_flight_then_refuses_new_connections ... ok
[INFO] [stdout] test tests::async_run_polling_is_tenant_scoped_and_404s_on_unknown ... ok
[INFO] [stdout] test tests::insecure_bind_is_refused_only_without_tls_and_without_upstream_termination_on_non_loopback ... ok
[INFO] [stdout] test tests::async_run_quota_rejection_returns_no_run_id ... ok
[INFO] [stdout] test tests::create_agent_rejects_invalid_manifest ... ok
[INFO] [stdout] test tests::error_envelope_carries_request_id ... ok
[INFO] [stdout] test tests::configured_origin_passes_preflight_but_unlisted_origin_gets_no_allow_header ... ok
[INFO] [stdout] test tests::healthz_ok ... ok
[INFO] [stdout] test tests::audit_route_time_range_and_cursor_page_through_the_window ... ok
[INFO] [stdout] test tests::invalid_manifest_is_400 ... ok
[INFO] [stdout] test tests::agent_level_max_steps_is_a_default_not_a_floor ... ok
[INFO] [stdout] test tests::async_run_returns_immediately_then_polling_reflects_completion ... ok
[INFO] [stdout] test tenancy::tests::project_updates_use_etag_optimistic_concurrency ... ok
[INFO] [stdout] test tenancy::tests::rbac_gates_the_tenancy_lifecycle ... ok
[INFO] [stdout] test tests::agents_are_isolated_per_tenant ... ok
[INFO] [stdout] test tests::request_id_is_generated_and_honored ... ok
[INFO] [stdout] test tests::lists_and_inspects_workflow_executions ... ok
[INFO] [stdout] test tests::kms_tenant_key_mutations_are_audited ... ok
[INFO] [stdout] test tests::memory_is_isolated_per_tenant ... ok
[INFO] [stdout] test tests::no_configured_origins_means_no_cors_headers_at_all ... ok
[INFO] [stdout] test tests::metrics_endpoint_serves_openmetrics_when_accepted ... ok
[INFO] [stdout] test mcp::tests::full_lifecycle_create_list_get_refresh_delete ... ok
[INFO] [stdout] test tests::agent_list_is_cursor_paginated ... ok
[INFO] [stdout] test tests::agent_persistence_lifecycle ... ok
[INFO] [stdout] test tests::oversized_body_is_rejected_with_413 ... ok
[INFO] [stdout] test tests::max_steps_override_is_honored ... ok
[INFO] [stdout] test tests::rate_limit_keys_off_the_verified_principal_not_a_spoofed_header ... ok
[INFO] [stdout] test tests::timeout_drops_the_inner_future_releasing_raii_guards_held_across_it ... ok
[INFO] [stdout] test tests::timeout_layer_converts_elapsed_into_408 ... ok
[INFO] [stdout] test tests::shell_tool_opt_in_env_var_re_enables_it ... ok
[INFO] [stdout] test tests::operability_gauges_move_with_load ... ok
[INFO] [stdout] test tests::metrics_endpoint_reflects_a_run ... ok
[INFO] [stdout] test tests::secret_mutations_are_audited ... ok
[INFO] [stdout] test tests::standard_tier_rate_limit_returns_429_with_retry_after_then_isolates_by_principal ... ok
[INFO] [stdout] test tests::sensitive_memory_record_is_ciphertext_on_disk_and_plaintext_over_the_api ... ok
[INFO] [stdout] test tests::kms_rotate_is_routine_but_destroy_needs_a_higher_tier ... ok
[INFO] [stdout] test tests::the_test_suite_never_resolves_paths_into_the_real_state_directory ... ok
[INFO] [stdout] test tenancy::tests::teams_self_serve_the_full_lifecycle_with_enforced_quotas ... ok
[INFO] [stdout] test tests::tls_config_serves_https_end_to_end ... ok
[INFO] [stdout] test ui::tests::frame_ids_are_deterministic_and_distinct ... ok
[INFO] [stdout] test tests::tenant_rate_tier_is_shared_across_principals_and_isolated_by_tenant ... ok
[INFO] [stdout] test ui::tests::file_backed_frame_store_survives_reopen ... ok
[INFO] [stdout] test tests::run_returns_agent_output ... ok
[INFO] [stdout] test tests::streaming_endpoint_emits_sse_event_frames ... ok
[INFO] [stdout] test tests::streamed_and_non_streamed_runs_are_audited_identically ... ok
[INFO] [stdout] test webhooks::tests::dead_letters_after_max_attempts ... ok
[INFO] [stdout] test webhooks::tests::delivers_with_a_valid_signature ... ok
[INFO] [stdout] test webhook_outbox::tests::dead_letter_is_persisted_and_queryable ... ok
[INFO] [stdout] test tests::tools_endpoint_lists_builtins_with_descriptions ... ok
[INFO] [stdout] test ui::tests::emb701_standalone_present_is_trust_layer_governed_too ... ok
[INFO] [stdout] test ui::tests::emb701_standalone_present_decide_and_retrieve_with_no_workflow_at_all ... ok
[INFO] [stdout] test tools::tests::lists_built_in_tools_with_no_tenant_context_at_all ... ok
[INFO] [stdout] test webhooks::tests::retries_then_succeeds ... ok
[INFO] [stdout] test tools::tests::a_different_tenants_mcp_connections_are_never_leaked ... ok
[INFO] [stdout] test tools::tests::an_unauthorized_caller_sees_the_built_ins_but_no_mcp_tools ... ok
[INFO] [stdout] test webhook_outbox::tests::pending_delivery_survives_reopen ... ok
[INFO] [stdout] test tests::run_is_idempotent_per_key ... ok
[INFO] [stdout] test webhooks::tests::dispatch_fans_out_to_matching_subscriptions_only ... ok
[INFO] [stdout] test webhooks::tests::dispatch_dead_letters_exhausted_delivery_into_the_outbox ... ok
[INFO] [stdout] test webhooks::tests::webhook_management_mutations_are_audited ... ok
[INFO] [stdout] test ui::tests::uc4_credential_frame_is_blocked_never_visible_and_audited ... ok
[INFO] [stdout] test tools::tests::includes_the_callers_tenants_configured_mcp_connections_tools ... ok
[INFO] [stdout] test ui::tests::hosted_floor_denies_interactive_but_passes_display_only ... ok
[INFO] [stdout] test webhooks::tests::mutation_route_emits_and_delivers_a_signed_event ... ok
[INFO] [stdout] test ui::tests::uc1_frame_survives_restart_and_a_validated_decision_resumes ... ok
[INFO] [stdout] test tests::workflows_are_isolated_per_tenant ... ok
[INFO] [stdout] test workflow_runner::tests::agent_activity_fails_for_unknown_agent ... ok
[INFO] [stdout] test tests::secrets_are_isolated_masked_and_rbac_gated ... ok
[INFO] [stdout] test workflow_runner::tests::signal_without_manifest_and_without_a_persisted_definition_is_a_clear_error ... ok
[INFO] [stdout] test workflow_runner::tests::submit_and_cancel_are_audited ... ok
[INFO] [stdout] test workflow_runner::tests::agent_activity_cost_is_charged_to_the_project_accumulator ... ok
[INFO] [stdout] test workflow_runner::tests::signal_rejects_a_drifted_re_uploaded_manifest ... ok
[INFO] [stdout] test workflow_runner::tests::durable_timer_fires_via_the_background_dispatcher_with_no_cli_invocation ... ok
[INFO] [stdout] test workflow_runner::tests::approve_succeeds_with_only_execution_id_when_manifest_is_omitted ... ok
[INFO] [stdout] test workflow_runner::tests::validate_accepts_valid_yaml ... ok
[INFO] [stdout] test workflow_runner::tests::validate_rejects_bad_yaml ... ok
[INFO] [stdout] test workflow_runner::tests::cancel_route_really_cancels_a_suspended_execution ... ok
[INFO] [stdout] test workflow_runner::tests::agent_activity_runs_a_stored_agent ... ok
[INFO] [stdout] test workflow_runner::tests::agent_activity_respects_project_quota ... ok
[INFO] [stdout] test workflow_runner::tests::startup_resume_drives_an_interrupted_execution_to_completion_with_no_duplicate_effects ... ok
[INFO] [stdout] test workflow_runner::tests::approve_decision_is_consumed_and_the_execution_completes ... ok
[INFO] [stdout] test workflow_runner::tests::signal_succeeds_with_only_execution_id_and_event_when_manifest_is_omitted ... ok
[INFO] [stdout] test workflow_runner::tests::submit_returns_execution_id ... ok
[INFO] [stdout] test workflow_runner::tests::research_team_fans_out_and_joins_two_agents ... ok
[INFO] [stdout] 
[INFO] [stdout] failures:
[INFO] [stdout] 
[INFO] [stdout] ---- auth::tests::rotation_issues_new_key_and_expires_old_after_grace stdout ----
[INFO] [stdout] 
[INFO] [stdout] thread 'auth::tests::rotation_issues_new_key_and_expires_old_after_grace' (3542) panicked at src/auth.rs:866:9:
[INFO] [stdout] assertion `left == right` failed
[INFO] [stdout]   left: None
[INFO] [stdout]  right: Some("svc")
[INFO] [stdout] stack backtrace:
[INFO] [stdout]    0:     0x5d9b8b2ab391 - std[617be2ca0a6fd877]::backtrace_rs::backtrace::libunwind::trace
[INFO] [stdout]                                at /rustc/e3feeb59cd1bdd011a2bfcc0747b55125d9b8527/library/std/src/../../backtrace/src/backtrace/libunwind.rs:117:9
[INFO] [stdout]    1:     0x5d9b8b2ab391 - std[617be2ca0a6fd877]::backtrace_rs::backtrace::trace_unsynchronized::<std[617be2ca0a6fd877]::sys::backtrace::_print_fmt::{closure#1}>
[INFO] [stdout]                                at /rustc/e3feeb59cd1bdd011a2bfcc0747b55125d9b8527/library/std/src/../../backtrace/src/backtrace/mod.rs:66:14
[INFO] [stdout]    2:     0x5d9b8b2ab391 - std[617be2ca0a6fd877]::sys::backtrace::_print_fmt
[INFO] [stdout]                                at /rustc/e3feeb59cd1bdd011a2bfcc0747b55125d9b8527/library/std/src/sys/backtrace.rs:74:9
[INFO] [stdout]    3:     0x5d9b8b2ab391 - <<std[617be2ca0a6fd877]::sys::backtrace::BacktraceLock>::print::DisplayBacktrace as core[a373ad73a504971]::fmt::Display>::fmt
[INFO] [stdout]                                at /rustc/e3feeb59cd1bdd011a2bfcc0747b55125d9b8527/library/std/src/sys/backtrace.rs:44:26
[INFO] [stdout]    4:     0x5d9b8b2c4e2a - <core[a373ad73a504971]::fmt::rt::Argument>::fmt
[INFO] [stdout]                                at /rustc/e3feeb59cd1bdd011a2bfcc0747b55125d9b8527/library/core/src/fmt/rt.rs:152:76
[INFO] [stdout]    5:     0x5d9b8b2c4e2a - core[a373ad73a504971]::fmt::write
[INFO] [stdout]    6:     0x5d9b8b2b04bc - core[a373ad73a504971]::io::write::default_write_fmt::<alloc[2e1b2a31b91974c5]::vec::Vec<u8>>
[INFO] [stdout]                                at /rustc/e3feeb59cd1bdd011a2bfcc0747b55125d9b8527/library/core/src/io/write.rs:402:11
[INFO] [stdout]    7:     0x5d9b8b2b04bc - <alloc[2e1b2a31b91974c5]::vec::Vec<u8> as core[a373ad73a504971]::io::write::Write>::write_fmt
[INFO] [stdout]                                at /rustc/e3feeb59cd1bdd011a2bfcc0747b55125d9b8527/library/core/src/io/write.rs:335:13
[INFO] [stdout]    8:     0x5d9b8b2828f6 - <std[617be2ca0a6fd877]::sys::backtrace::BacktraceLock>::print
[INFO] [stdout]                                at /rustc/e3feeb59cd1bdd011a2bfcc0747b55125d9b8527/library/std/src/sys/backtrace.rs:47:9
[INFO] [stdout]    9:     0x5d9b8b2828f6 - std[617be2ca0a6fd877]::panicking::default_hook::{closure#0}
[INFO] [stdout]                                at /rustc/e3feeb59cd1bdd011a2bfcc0747b55125d9b8527/library/std/src/panicking.rs:289:27
[INFO] [stdout]   10:     0x5d9b8b2a16f9 - std[617be2ca0a6fd877]::panicking::default_hook
[INFO] [stdout]                                at /rustc/e3feeb59cd1bdd011a2bfcc0747b55125d9b8527/library/std/src/panicking.rs:313:9
[INFO] [stdout]   11:     0x5d9b8a151150 - <alloc[2e1b2a31b91974c5]::boxed::Box<dyn for<'a, 'b> core[a373ad73a504971]::ops::function::Fn<(&'a std[617be2ca0a6fd877]::panic::PanicHookInfo<'b>,), Output = ()> + core[a373ad73a504971]::marker::Sync + core[a373ad73a504971]::marker::Send> as core[a373ad73a504971]::ops::function::Fn<(&std[617be2ca0a6fd877]::panic::PanicHookInfo,)>>::call
[INFO] [stdout]                                at /rustc/e3feeb59cd1bdd011a2bfcc0747b55125d9b8527/library/alloc/src/boxed.rs:2328:9
[INFO] [stdout]   12:     0x5d9b8a151150 - test[aada8e7e76ba119b]::test_main_inner::{closure#0}
[INFO] [stdout]                                at /rustc/e3feeb59cd1bdd011a2bfcc0747b55125d9b8527/library/test/src/lib.rs:137:21
[INFO] [stdout]   13:     0x5d9b8b2a1a22 - <alloc[2e1b2a31b91974c5]::boxed::Box<dyn for<'a, 'b> core[a373ad73a504971]::ops::function::Fn<(&'a std[617be2ca0a6fd877]::panic::PanicHookInfo<'b>,), Output = ()> + core[a373ad73a504971]::marker::Sync + core[a373ad73a504971]::marker::Send> as core[a373ad73a504971]::ops::function::Fn<(&std[617be2ca0a6fd877]::panic::PanicHookInfo,)>>::call
[INFO] [stdout]                                at /rustc/e3feeb59cd1bdd011a2bfcc0747b55125d9b8527/library/alloc/src/boxed.rs:2328:9
[INFO] [stdout]   14:     0x5d9b8b2a1a22 - std[617be2ca0a6fd877]::panicking::panic_with_hook
[INFO] [stdout]                                at /rustc/e3feeb59cd1bdd011a2bfcc0747b55125d9b8527/library/std/src/panicking.rs:819:13
[INFO] [stdout]   15:     0x5d9b8b2829a2 - std[617be2ca0a6fd877]::panicking::panic_handler::{closure#0}
[INFO] [stdout]                                at /rustc/e3feeb59cd1bdd011a2bfcc0747b55125d9b8527/library/std/src/panicking.rs:685:13
[INFO] [stdout]   16:     0x5d9b8b27b099 - std[617be2ca0a6fd877]::sys::backtrace::__rust_end_short_backtrace::<std[617be2ca0a6fd877]::panicking::panic_handler::{closure#0}, !>
[INFO] [stdout]                                at /rustc/e3feeb59cd1bdd011a2bfcc0747b55125d9b8527/library/std/src/sys/backtrace.rs:182:18
[INFO] [stdout]   17:     0x5d9b8b283b6d - __rustc[ea4f61d10b84890b]::rust_begin_unwind
[INFO] [stdout]                                at /rustc/e3feeb59cd1bdd011a2bfcc0747b55125d9b8527/library/std/src/panicking.rs:676:5
[INFO] [stdout]   18:     0x5d9b8b2c567c - core[a373ad73a504971]::panicking::panic_fmt
[INFO] [stdout]                                at /rustc/e3feeb59cd1bdd011a2bfcc0747b55125d9b8527/library/core/src/panicking.rs:80:14
[INFO] [stdout]   19:     0x5d9b8b2c54e3 - core[a373ad73a504971]::panicking::assert_failed_inner
[INFO] [stdout]                                at /rustc/e3feeb59cd1bdd011a2bfcc0747b55125d9b8527/library/core/src/panicking.rs:452:17
[INFO] [stdout]   20:     0x5d9b89d68efc - core[a373ad73a504971]::panicking::assert_failed::<core[a373ad73a504971]::option::Option<&str>, core[a373ad73a504971]::option::Option<&str>>
[INFO] [stdout]                                at /rustc/e3feeb59cd1bdd011a2bfcc0747b55125d9b8527/library/core/src/panicking.rs:407:5
[INFO] [stdout]   21:     0x5d9b89e331d8 - wovyr_server[8b19fbfced3a418b]::auth::tests::rotation_issues_new_key_and_expires_old_after_grace
[INFO] [stdout]                                at /opt/rustwide/workdir/src/auth.rs:866:9
[INFO] [stdout]   22:     0x5d9b89e0b1a7 - wovyr_server[8b19fbfced3a418b]::auth::tests::rotation_issues_new_key_and_expires_old_after_grace::{closure#0}
[INFO] [stdout]                                at /opt/rustwide/workdir/src/auth.rs:852:61
[INFO] [stdout]   23:     0x5d9b8991f246 - <wovyr_server[8b19fbfced3a418b]::auth::tests::rotation_issues_new_key_and_expires_old_after_grace::{closure#0} as core[a373ad73a504971]::ops::function::FnOnce<()>>::call_once
[INFO] [stdout]                                at /rustc/e3feeb59cd1bdd011a2bfcc0747b55125d9b8527/library/core/src/ops/function.rs:250:5
[INFO] [stdout]   24:     0x5d9b8a14459b - <fn() -> core[a373ad73a504971]::result::Result<(), alloc[2e1b2a31b91974c5]::string::String> as core[a373ad73a504971]::ops::function::FnOnce<()>>::call_once
[INFO] [stdout]                                at /rustc/e3feeb59cd1bdd011a2bfcc0747b55125d9b8527/library/core/src/ops/function.rs:250:5
[INFO] [stdout]   25:     0x5d9b8a14459b - test[aada8e7e76ba119b]::__rust_begin_short_backtrace::<core[a373ad73a504971]::result::Result<(), alloc[2e1b2a31b91974c5]::string::String>, fn() -> core[a373ad73a504971]::result::Result<(), alloc[2e1b2a31b91974c5]::string::String>>
[INFO] [stdout]                                at /rustc/e3feeb59cd1bdd011a2bfcc0747b55125d9b8527/library/test/src/lib.rs:701:18
[INFO] [stdout]   26:     0x5d9b8a151775 - test[aada8e7e76ba119b]::run_test_in_process::{closure#0}
[INFO] [stdout]                                at /rustc/e3feeb59cd1bdd011a2bfcc0747b55125d9b8527/library/test/src/lib.rs:724:74
[INFO] [stdout]   27:     0x5d9b8a151775 - <core[a373ad73a504971]::panic::unwind_safe::AssertUnwindSafe<test[aada8e7e76ba119b]::run_test_in_process::{closure#0}> as core[a373ad73a504971]::ops::function::FnOnce<()>>::call_once
[INFO] [stdout]                                at /rustc/e3feeb59cd1bdd011a2bfcc0747b55125d9b8527/library/core/src/panic/unwind_safe.rs:275:9
[INFO] [stdout]   28:     0x5d9b8a151775 - std[617be2ca0a6fd877]::panicking::catch_unwind::do_call::<core[a373ad73a504971]::panic::unwind_safe::AssertUnwindSafe<test[aada8e7e76ba119b]::run_test_in_process::{closure#0}>, core[a373ad73a504971]::result::Result<(), alloc[2e1b2a31b91974c5]::string::String>>
[INFO] [stdout]                                at /rustc/e3feeb59cd1bdd011a2bfcc0747b55125d9b8527/library/std/src/panicking.rs:573:43
[INFO] [stdout]   29:     0x5d9b8a151775 - std[617be2ca0a6fd877]::panicking::catch_unwind::<core[a373ad73a504971]::result::Result<(), alloc[2e1b2a31b91974c5]::string::String>, core[a373ad73a504971]::panic::unwind_safe::AssertUnwindSafe<test[aada8e7e76ba119b]::run_test_in_process::{closure#0}>>
[INFO] [stdout]                                at /rustc/e3feeb59cd1bdd011a2bfcc0747b55125d9b8527/library/std/src/panicking.rs:541:19
[INFO] [stdout]   30:     0x5d9b8a151775 - std[617be2ca0a6fd877]::panic::catch_unwind::<core[a373ad73a504971]::panic::unwind_safe::AssertUnwindSafe<test[aada8e7e76ba119b]::run_test_in_process::{closure#0}>, core[a373ad73a504971]::result::Result<(), alloc[2e1b2a31b91974c5]::string::String>>
[INFO] [stdout]                                at /rustc/e3feeb59cd1bdd011a2bfcc0747b55125d9b8527/library/std/src/panic.rs:359:14
[INFO] [stdout]   31:     0x5d9b8a151775 - test[aada8e7e76ba119b]::run_test_in_process
[INFO] [stdout]                                at /rustc/e3feeb59cd1bdd011a2bfcc0747b55125d9b8527/library/test/src/lib.rs:724:27
[INFO] [stdout]   32:     0x5d9b8a151775 - test[aada8e7e76ba119b]::run_test::{closure#0}
[INFO] [stdout]                                at /rustc/e3feeb59cd1bdd011a2bfcc0747b55125d9b8527/library/test/src/lib.rs:645:43
[INFO] [stdout]   33:     0x5d9b8a14b064 - test[aada8e7e76ba119b]::run_test::{closure#1}
[INFO] [stdout]                                at /rustc/e3feeb59cd1bdd011a2bfcc0747b55125d9b8527/library/test/src/lib.rs:675:41
[INFO] [stdout]   34:     0x5d9b8a14b064 - std[617be2ca0a6fd877]::sys::backtrace::__rust_begin_short_backtrace::<test[aada8e7e76ba119b]::run_test::{closure#1}, ()>
[INFO] [stdout]                                at /rustc/e3feeb59cd1bdd011a2bfcc0747b55125d9b8527/library/std/src/sys/backtrace.rs:166:18
[INFO] [stdout]   35:     0x5d9b8a154802 - std[617be2ca0a6fd877]::thread::lifecycle::spawn_unchecked::<test[aada8e7e76ba119b]::run_test::{closure#1}, ()>::{closure#1}::{closure#0}
[INFO] [stdout]                                at /rustc/e3feeb59cd1bdd011a2bfcc0747b55125d9b8527/library/std/src/thread/lifecycle.rs:70:13
[INFO] [stdout]   36:     0x5d9b8a154802 - <core[a373ad73a504971]::panic::unwind_safe::AssertUnwindSafe<std[617be2ca0a6fd877]::thread::lifecycle::spawn_unchecked<test[aada8e7e76ba119b]::run_test::{closure#1}, ()>::{closure#1}::{closure#0}> as core[a373ad73a504971]::ops::function::FnOnce<()>>::call_once
[INFO] [stdout]                                at /rustc/e3feeb59cd1bdd011a2bfcc0747b55125d9b8527/library/core/src/panic/unwind_safe.rs:275:9
[INFO] [stdout]   37:     0x5d9b8a154802 - std[617be2ca0a6fd877]::panicking::catch_unwind::do_call::<core[a373ad73a504971]::panic::unwind_safe::AssertUnwindSafe<std[617be2ca0a6fd877]::thread::lifecycle::spawn_unchecked<test[aada8e7e76ba119b]::run_test::{closure#1}, ()>::{closure#1}::{closure#0}>, ()>
[INFO] [stdout]                                at /rustc/e3feeb59cd1bdd011a2bfcc0747b55125d9b8527/library/std/src/panicking.rs:573:43
[INFO] [stdout]   38:     0x5d9b8a154802 - std[617be2ca0a6fd877]::panicking::catch_unwind::<(), core[a373ad73a504971]::panic::unwind_safe::AssertUnwindSafe<std[617be2ca0a6fd877]::thread::lifecycle::spawn_unchecked<test[aada8e7e76ba119b]::run_test::{closure#1}, ()>::{closure#1}::{closure#0}>>
[INFO] [stdout]                                at /rustc/e3feeb59cd1bdd011a2bfcc0747b55125d9b8527/library/std/src/panicking.rs:541:19
[INFO] [stdout]   39:     0x5d9b8a154802 - std[617be2ca0a6fd877]::panic::catch_unwind::<core[a373ad73a504971]::panic::unwind_safe::AssertUnwindSafe<std[617be2ca0a6fd877]::thread::lifecycle::spawn_unchecked<test[aada8e7e76ba119b]::run_test::{closure#1}, ()>::{closure#1}::{closure#0}>, ()>
[INFO] [stdout]                                at /rustc/e3feeb59cd1bdd011a2bfcc0747b55125d9b8527/library/std/src/panic.rs:359:14
[INFO] [stdout]   40:     0x5d9b8a154802 - std[617be2ca0a6fd877]::thread::lifecycle::spawn_unchecked::<test[aada8e7e76ba119b]::run_test::{closure#1}, ()>::{closure#1}
[INFO] [stdout]                                at /rustc/e3feeb59cd1bdd011a2bfcc0747b55125d9b8527/library/std/src/thread/lifecycle.rs:68:26
[INFO] [stdout]   41:     0x5d9b8a154802 - <std[617be2ca0a6fd877]::thread::lifecycle::spawn_unchecked<test[aada8e7e76ba119b]::run_test::{closure#1}, ()>::{closure#1} as core[a373ad73a504971]::ops::function::FnOnce<()>>::call_once::{shim:vtable#0}
[INFO] [stdout]                                at /rustc/e3feeb59cd1bdd011a2bfcc0747b55125d9b8527/library/core/src/ops/function.rs:250:5
[INFO] [stdout]   42:     0x5d9b8b2a9d9f - <alloc[2e1b2a31b91974c5]::boxed::Box<dyn core[a373ad73a504971]::ops::function::FnOnce<(), Output = ()> + core[a373ad73a504971]::marker::Send> as core[a373ad73a504971]::ops::function::FnOnce<()>>::call_once
[INFO] [stdout]                                at /rustc/e3feeb59cd1bdd011a2bfcc0747b55125d9b8527/library/alloc/src/boxed.rs:2314:9
[INFO] [stdout]   43:     0x5d9b8b2a9d9f - <std[617be2ca0a6fd877]::sys::thread::unix::Thread>::new::thread_start
[INFO] [stdout]                                at /rustc/e3feeb59cd1bdd011a2bfcc0747b55125d9b8527/library/std/src/sys/thread/unix.rs:127:17
[INFO] [stdout]   44:     0x7db885cfbdfa - <unknown>
[INFO] [stdout]   45:     0x7db885d8f3d4 - clone
[INFO] [stdout]   46:                0x0 - <unknown>
[INFO] [stdout] 
[INFO] [stdout] 
[INFO] [stdout] failures:
[INFO] [stdout]     auth::tests::rotation_issues_new_key_and_expires_old_after_grace
[INFO] [stdout] 
[INFO] [stdout] test result: FAILED. 167 passed; 1 failed; 0 ignored; 0 measured; 0 filtered out; finished in 11.02s
[INFO] [stdout] 
[INFO] [stderr] error: test failed, to rerun pass `--lib`
[INFO] running `Command { std: "docker" "inspect" "f8d5a0617a19242266f5f5d383a79ce6e384c1bd6ecc4b459d57be542363ce0e", kill_on_drop: false }`
[INFO] running `Command { std: "docker" "rm" "-f" "f8d5a0617a19242266f5f5d383a79ce6e384c1bd6ecc4b459d57be542363ce0e", kill_on_drop: false }`
[INFO] [stdout] f8d5a0617a19242266f5f5d383a79ce6e384c1bd6ecc4b459d57be542363ce0e
