[INFO] fetching crate worktable_dsl 1.10.0-beta2...
[INFO] testing worktable_dsl-1.10.0-beta2 against 1.99.0-beta.8 for beta-1.100-2
[INFO] extracting crate worktable_dsl 1.10.0-beta2 into /workspace/builds/worker-5-tc1/source
[INFO] started tweaking crates.io crate worktable_dsl 1.10.0-beta2
[INFO] removed 0 missing tests
[INFO] finished tweaking crates.io crate worktable_dsl 1.10.0-beta2
[INFO] tweaked toml for crates.io crate worktable_dsl 1.10.0-beta2 written to /workspace/builds/worker-5-tc1/source/Cargo.toml
[INFO] validating manifest of crates.io crate worktable_dsl 1.10.0-beta2 on toolchain 1.99.0-beta.8
[INFO] running `Command { std: CARGO_HOME="/workspace/cargo-home" RUSTUP_HOME="/workspace/rustup-home" "/workspace/cargo-home/bin/cargo" "+1.99.0-beta.8" "metadata" "--manifest-path" "Cargo.toml" "--no-deps", kill_on_drop: false }`
[INFO] crate crates.io crate worktable_dsl 1.10.0-beta2 already has a lockfile, it will not be regenerated
[INFO] running `Command { std: CARGO_HOME="/workspace/cargo-home" RUSTUP_HOME="/workspace/rustup-home" "/workspace/cargo-home/bin/cargo" "+1.99.0-beta.8" "fetch" "--manifest-path" "Cargo.toml", kill_on_drop: false }`
[INFO] running `Command { std: "docker" "create" "-v" "/var/lib/crater-agent-workspace/builds/worker-5-tc1/source:/opt/rustwide/workdir:ro,Z" "-v" "/var/lib/crater-agent-workspace/builds/worker-5-tc1/target:/opt/rustwide/target:rw,Z" "-v" "/var/lib/crater-agent-workspace/cargo-home:/opt/rustwide/cargo-home:ro,Z" "-v" "/var/lib/crater-agent-workspace/rustup-home:/opt/rustwide/rustup-home:ro,Z" "-m" "1610612736" "--network" "none" "ghcr.io/rust-lang/crates-build-env/linux@sha256:3111399a4047eeb3a02b7a90e478d715f38a8c6669b5c4b49d30a17385265909" "sleep" "infinity", kill_on_drop: false }`
[INFO] [stdout] c3da014af07a928b11027d07c97d4be8f369b8b0f856cbbafb3fd3d479916662
[INFO] running `Command { std: "docker" "start" "c3da014af07a928b11027d07c97d4be8f369b8b0f856cbbafb3fd3d479916662", kill_on_drop: false }`
[INFO] running `Command { std: "docker" "inspect" "c3da014af07a928b11027d07c97d4be8f369b8b0f856cbbafb3fd3d479916662", kill_on_drop: false }`
[INFO] running `Command { std: "docker" "exec" "-e" "SOURCE_DIR=/opt/rustwide/workdir" "-e" "CARGO_HOME=/opt/rustwide/cargo-home" "-e" "RUSTUP_HOME=/opt/rustwide/rustup-home" "-e" "CARGO_TARGET_DIR=/opt/rustwide/target" "-w" "/opt/rustwide/workdir" "--user" "0:0" "c3da014af07a928b11027d07c97d4be8f369b8b0f856cbbafb3fd3d479916662" "/opt/rustwide/cargo-home/bin/cargo" "+1.99.0-beta.8" "metadata" "--no-deps" "--format-version=1", kill_on_drop: false }`
[INFO] running `Command { std: "docker" "inspect" "c3da014af07a928b11027d07c97d4be8f369b8b0f856cbbafb3fd3d479916662", kill_on_drop: false }`
[INFO] running `Command { std: "docker" "exec" "-e" "SOURCE_DIR=/opt/rustwide/workdir" "-e" "CARGO_HOME=/opt/rustwide/cargo-home" "-e" "RUSTUP_HOME=/opt/rustwide/rustup-home" "-e" "CARGO_TARGET_DIR=/opt/rustwide/target" "-e" "CARGO_INCREMENTAL=0" "-e" "RUST_BACKTRACE=full" "-e" "RUSTFLAGS=--cap-lints=warn" "-e" "RUSTDOCFLAGS=--cap-lints=warn" "-w" "/opt/rustwide/workdir" "--user" "0:0" "c3da014af07a928b11027d07c97d4be8f369b8b0f856cbbafb3fd3d479916662" "/opt/rustwide/cargo-home/bin/cargo" "+1.99.0-beta.8" "build" "--frozen" "--message-format=json", kill_on_drop: false }`
[INFO] [stderr]    Compiling proc-macro2 v1.0.107
[INFO] [stderr]    Compiling unicode-ident v1.0.26
[INFO] [stderr]    Compiling quote v1.0.47
[INFO] [stderr]    Compiling unicode-segmentation v1.13.3
[INFO] [stderr]    Compiling hashbrown v0.17.1
[INFO] [stderr]    Compiling convert_case v0.6.0
[INFO] [stderr]    Compiling indexmap v2.14.2
[INFO] [stderr]    Compiling syn v2.0.119
[INFO] [stderr]    Compiling worktable_dsl v1.10.0-beta2 (/opt/rustwide/workdir)
[INFO] [stderr]     Finished `dev` profile [unoptimized + debuginfo] target(s) in 7.17s
[INFO] running `Command { std: "docker" "inspect" "c3da014af07a928b11027d07c97d4be8f369b8b0f856cbbafb3fd3d479916662", kill_on_drop: false }`
[INFO] running `Command { std: "docker" "exec" "-e" "SOURCE_DIR=/opt/rustwide/workdir" "-e" "CARGO_HOME=/opt/rustwide/cargo-home" "-e" "RUSTUP_HOME=/opt/rustwide/rustup-home" "-e" "CARGO_TARGET_DIR=/opt/rustwide/target" "-e" "CARGO_INCREMENTAL=0" "-e" "RUST_BACKTRACE=full" "-e" "RUSTFLAGS=--cap-lints=warn" "-e" "RUSTDOCFLAGS=--cap-lints=warn" "-w" "/opt/rustwide/workdir" "--user" "0:0" "c3da014af07a928b11027d07c97d4be8f369b8b0f856cbbafb3fd3d479916662" "/opt/rustwide/cargo-home/bin/cargo" "+1.99.0-beta.8" "test" "--frozen" "--no-run" "--message-format=json", kill_on_drop: false }`
[INFO] [stderr]    Compiling serde_core v1.0.229
[INFO] [stderr]    Compiling zmij v1.0.23
[INFO] [stderr]    Compiling serde_json v1.0.151
[INFO] [stderr]    Compiling memchr v2.8.3
[INFO] [stderr]    Compiling worktable_dsl v1.10.0-beta2 (/opt/rustwide/workdir)
[INFO] [stderr]     Finished `test` profile [unoptimized + debuginfo] target(s) in 8.38s
[INFO] running `Command { std: "docker" "inspect" "c3da014af07a928b11027d07c97d4be8f369b8b0f856cbbafb3fd3d479916662", kill_on_drop: false }`
[INFO] running `Command { std: "docker" "exec" "-e" "SOURCE_DIR=/opt/rustwide/workdir" "-e" "CARGO_HOME=/opt/rustwide/cargo-home" "-e" "RUSTUP_HOME=/opt/rustwide/rustup-home" "-e" "CARGO_TARGET_DIR=/opt/rustwide/target" "-e" "CARGO_INCREMENTAL=0" "-e" "RUST_BACKTRACE=full" "-e" "RUSTFLAGS=--cap-lints=warn" "-e" "RUSTDOCFLAGS=--cap-lints=warn" "-w" "/opt/rustwide/workdir" "--user" "0:0" "c3da014af07a928b11027d07c97d4be8f369b8b0f856cbbafb3fd3d479916662" "/opt/rustwide/cargo-home/bin/cargo" "+1.99.0-beta.8" "test" "--frozen", kill_on_drop: false }`
[INFO] [stderr]     Finished `test` profile [unoptimized + debuginfo] target(s) in 0.04s
[INFO] [stderr]      Running unittests src/lib.rs (/opt/rustwide/target/debug/deps/worktable_dsl-86bc1f0b8644513b)
[INFO] [stdout] 
[INFO] [stdout] running 85 tests
[INFO] [stdout] test parser::attribute::tests::test_empty ... ok
[INFO] [stdout] test parser::attribute::tests::partition_max_size_is_required_beside_partition_by ... ok
[INFO] [stdout] test parser::attribute::tests::test_explicit_memory_only ... ok
[INFO] [stdout] test parser::attribute::tests::partition_by_accepts_every_unsigned_key_type ... ok
[INFO] [stdout] test parser::attribute::tests::test_persistence ... ok
[INFO] [stdout] test parser::attribute::tests::test_wrong_field ... ok
[INFO] [stdout] test parser::attribute::tests::partition_max_size_rejects_a_row_count ... ok
[INFO] [stdout] test parser::attribute::tests::partition_by_is_optional ... ok
[INFO] [stdout] test check::dispatch_agreement::an_unknown_section_is_told_what_was_expected ... ok
[INFO] [stdout] test parser::attribute::tests::partition_max_size_rejects_a_width_it_does_not_have ... ok
[INFO] [stdout] test parser::columnar::tests::parses_columnar_indexes ... ok
[INFO] [stdout] test parser::attribute::tests::partition_by_reports_what_is_missing ... ok
[INFO] [stdout] test parser::attribute::tests::partition_by_rejects_a_key_that_is_not_an_array_index ... ok
[INFO] [stdout] test parser::columnar::tests::rejects_inert_columns_property ... ok
[INFO] [stdout] test parser::attribute::tests::test_literal_field ... ok
[INFO] [stdout] test parser::columnar::tests::rejects_unimplemented_compression ... ok
[INFO] [stdout] test check::dispatch_agreement::check_accepts_every_section_the_macro_does ... ok
[INFO] [stdout] test parser::columns::tests::row::test_row_parse_no_primary_key ... ok
[INFO] [stdout] test check::dispatch_agreement::the_schema_mirror_accepts_every_section_too ... ok
[INFO] [stdout] test parser::columns::tests::row::test_columnar_field_parse ... ok
[INFO] [stdout] test parser::attribute::tests::partition_max_size_accepts_every_width_and_maps_it_to_a_row_count ... ok
[INFO] [stdout] test parser::columns::tests::row::test_primary_backend_parse ... ok
[INFO] [stdout] test parser::columns::tests::row::test_row_parse ... ok
[INFO] [stdout] test parser::columns::tests::test_columns_parse_no_last_comma ... ok
[INFO] [stdout] test parser::columns::tests::row::test_row_parse_optional ... ok
[INFO] [stdout] test parser::columns::tests::row::test_row_parse_no_primary_key_no_comma ... ok
[INFO] [stdout] test parser::attribute::tests::test_no_comma ... ok
[INFO] [stdout] test parser::columns::tests::row::test_row_parse_no_comma ... ok
[INFO] [stdout] test parser::columns::tests::test_columns_parse_no_primary_key ... ok
[INFO] [stdout] test parser::columnar::tests::empty_columnar_field_uses_defaults ... ok
[INFO] [stdout] test parser::columns::tests::row::test_using_rejected_on_plain_column ... ok
[INFO] [stdout] test parser::columnar::tests::parses_columnar_field_options ... ok
[INFO] [stdout] test parser::columns::tests::test_columns_parse ... ok
[INFO] [stdout] test check::dispatch_agreement::the_checker_accepts_every_storage_the_macro_does ... ok
[INFO] [stdout] test parser::attribute::tests::partition_by_leaves_the_following_attribute_parseable ... ok
[INFO] [stdout] test parser::attribute::tests::test_invalid_boolean ... ok
[INFO] [stdout] test parser::index::tests::rejects_unknown_backend ... ok
[INFO] [stdout] test parser::name::tests::test_literal_field ... ok
[INFO] [stdout] test parser::name::tests::test_name_parse ... ok
[INFO] [stdout] test parser::name::tests::test_version_before_other_fields ... ok
[INFO] [stdout] test parser::name::tests::test_version_default ... ok
[INFO] [stdout] test parser::queries::delete::tests::test_update ... ok
[INFO] [stdout] test parser::queries::select::tests::test_update ... ok
[INFO] [stdout] test parser::name::tests::test_wrong_field ... ok
[INFO] [stdout] test parser::queries::tests::each_section_takes_a_runtime_annotation ... ok
[INFO] [stdout] test parser::queries::tests::legacy_in_place_section_is_rejected ... ok
[INFO] [stdout] test parser::index::tests::absent_using_defaults_to_arctic ... ok
[INFO] [stdout] test parser::index::tests::parses_all_backends ... ok
[INFO] [stdout] test parser::columns::tests::test_columns_parse_optional ... ok
[INFO] [stdout] test parser::runtime::tests::backend_names_round_trip ... ok
[INFO] [stdout] test parser::columns::tests::test_columns_parse_three ... ok
[INFO] [stdout] test parser::runtime::tests::bare_nagoya_equals_the_default ... ok
[INFO] [stdout] test parser::queries::tests::sections_are_unannotated_by_default ... ok
[INFO] [stdout] test parser::name::tests::test_empty ... ok
[INFO] [stdout] test parser::queries::in_place::tests::test_update ... ok
[INFO] [stdout] test parser::name::tests::test_version_parse ... ok
[INFO] [stdout] test parser::runtime::tests::leaves_the_next_section_for_the_dispatch_loop ... ok
[INFO] [stdout] test parser::queries::operation::tests::test_operation ... ok
[INFO] [stdout] test parser::runtime::tests::parses_all_backends ... ok
[INFO] [stdout] test parser::runtime::tests::parses_bare_nagoya_as_the_default_flavor ... ok
[INFO] [stdout] test parser::runtime::tests::a_section_annotation_survives_the_whole_declaration ... ok
[INFO] [stdout] test parser::runtime::tests::rejects_a_flavor_on_tokio ... ok
[INFO] [stdout] test parser::runtime::tests::rejects_a_missing_backend ... ok
[INFO] [stdout] test parser::queries::tests::a_section_rejects_a_backend_in_place_of_a_profile ... ok
[INFO] [stdout] test parser::runtime::tests::an_omitted_runtime_is_the_default ... ok
[INFO] [stdout] test parser::queries::update::tests::test_update ... ok
[INFO] [stdout] test parser::runtime::tests::rejects_a_second_runtime ... ok
[INFO] [stdout] test parser::runtime::tests::rejects_an_empty_flavor_list ... ok
[INFO] [stdout] test parser::runtime::tests::rejects_unknown_backend ... ok
[INFO] [stdout] test parser::runtime::tests::rejects_recognised_but_unimplemented_backends ... ok
[INFO] [stdout] test parser::runtime::tests::rejects_two_flavors ... ok
[INFO] [stdout] test parser::queries::tests::an_annotated_section_sits_beside_an_unannotated_one ... ok
[INFO] [stdout] test parser::runtime::tests::runtime_may_follow_queries ... ok
[INFO] [stdout] test parser::runtime::tests::a_declared_runtime_survives_the_round_trip ... ok
[INFO] [stdout] test parser::runtime::tests::section_annotation_rejects_a_backend_literal ... ok
[INFO] [stdout] test parser::runtime::tests::section_annotation_rejects_a_missing_profile_name ... ok
[INFO] [stdout] test parser::runtime::tests::trailing_comma_is_optional ... ok
[INFO] [stdout] test parser::runtime::tests::section_annotation_is_optional ... ok
[INFO] [stdout] test parser::runtime::tests::section_annotation_reads_a_profile_name ... ok
[INFO] [stdout] test parser::runtime::tests::runtime_may_precede_columns ... ok
[INFO] [stdout] test schema::emit_dsl::storage_round_trip::storage_vec_survives_but_paged_is_never_written ... ok
[INFO] [stdout] test schema::emit_dsl::storage_round_trip::the_emitted_text_round_trips ... ok
[INFO] [stdout] test parser::runtime::tests::runtime_may_sit_between_indexes_and_config ... ok
[INFO] [stdout] test parser::runtime::tests::the_default_runtime_is_not_written_back_out ... ok
[INFO] [stdout] test parser::runtime::tests::rejects_unknown_flavor ... ok
[INFO] [stdout] 
[INFO] [stdout] test result: ok. 85 passed; 0 failed; 0 ignored; 0 measured; 0 filtered out; finished in 0.02s
[INFO] [stdout] 
[INFO] [stderr]      Running unittests src/bin/wt-dsl.rs (/opt/rustwide/target/debug/deps/wt_dsl-8f98ddd4ce4a4ebf)
[INFO] [stdout] 
[INFO] [stdout] running 0 tests
[INFO] [stdout] 
[INFO] [stdout] test result: ok. 0 passed; 0 failed; 0 ignored; 0 measured; 0 filtered out; finished in 0.00s
[INFO] [stdout] 
[INFO] [stderr]      Running tests/check.rs (/opt/rustwide/target/debug/deps/check-1485bd236dfb6ba3)
[INFO] [stdout] 
[INFO] [stdout] running 15 tests
[INFO] [stderr]      Running tests/cli.rs (/opt/rustwide/target/debug/deps/cli-5b9ff9486d07b83f)
[INFO] [stdout] test a_rule_failure_still_yields_a_drawable_schema ... ok
[INFO] [stdout] test arctic_rejects_links_wider_than_its_inline_encoding ... ok
[INFO] [stdout] test every_index_that_needs_explicit_persistence_is_reported ... ok
[INFO] [stdout] test a_plain_page_size_is_still_accepted ... ok
[INFO] [stdout] test autoincrement_is_checked_against_its_key_type ... ok
[INFO] [stdout] test a_diagnostic_without_the_spans_feature_carries_no_location ... ok
[INFO] [stdout] test the_same_index_is_accepted_once_its_column_exists ... ok
[INFO] [stdout] test an_unclosed_brace_is_a_diagnostic ... ok
[INFO] [stdout] test a_primary_key_backend_is_checked_against_its_key_type ... ok
[INFO] [stdout] test every_broken_rule_is_reported ... ok
[INFO] [stdout] test a_page_size_that_is_not_a_u32_is_a_diagnostic_not_a_panic ... ok
[INFO] [stdout] test a_grammar_failure_is_distinguished_from_a_rule_failure ... ok
[INFO] [stdout] test a_good_declaration_has_nothing_to_report ... ok
[INFO] [stdout] test an_index_over_a_missing_column_is_reported_rather_than_panicking ... ok
[INFO] [stdout] test every_autoincrement_type_is_accepted_by_check ... ok
[INFO] [stdout] 
[INFO] [stdout] test result: ok. 15 passed; 0 failed; 0 ignored; 0 measured; 0 filtered out; finished in 0.10s
[INFO] [stdout] 
[INFO] [stdout] 
[INFO] [stdout] running 5 tests
[INFO] [stdout] test scan_finds_declarations_in_a_function_body ... ok
[INFO] [stdout] test parse_output_is_byte_stable ... ok
[INFO] [stdout] test a_declaration_the_macro_refuses_is_not_a_successful_round_trip ... ok
[INFO] [stdout] test check_separates_a_grammar_failure_from_a_rule_failure ... ok
[INFO] [stdout] test check_accepts_what_the_macro_accepts_and_refuses_what_it_refuses ... ok
[INFO] [stdout] 
[INFO] [stdout] test result: ok. 5 passed; 0 failed; 0 ignored; 0 measured; 0 filtered out; finished in 0.00s
[INFO] [stdout] 
[INFO] [stderr]      Running tests/columnar_schema.rs (/opt/rustwide/target/debug/deps/columnar_schema-199befd41641aa7d)
[INFO] [stdout] 
[INFO] [stdout] running 6 tests
[INFO] [stdout] test changed_page_size_cannot_reuse_row_links ... ok
[INFO] [stdout] test changing_runtime_is_reported_without_a_row_rewrite ... ok
[INFO] [stdout] test columnar_survives_the_round_trip ... ok
[INFO] [stdout] test every_derived_layout_change_requires_a_rebuild ... ok
[INFO] [stderr]      Running tests/diff.rs (/opt/rustwide/target/debug/deps/diff-7da5980a530d70d7)
[INFO] [stdout] test changing_storage_requires_an_explicit_conversion ... ok
[INFO] [stdout] test checker_rejects_a_cluster_key_that_is_not_columnar ... ok
[INFO] [stdout] 
[INFO] [stdout] test result: ok. 6 passed; 0 failed; 0 ignored; 0 measured; 0 filtered out; finished in 0.01s
[INFO] [stdout] 
[INFO] [stdout] 
[INFO] [stdout] running 20 tests
[INFO] [stdout] test a_new_table_costs_nothing_and_a_dropped_one_is_never_assumed ... ok
[INFO] [stdout] test a_changed_primary_key_needs_a_person ... ok
[INFO] [stdout] test an_unchanged_table_is_absent_from_the_plan ... ok
[INFO] [stdout] test a_changed_partition_size_needs_a_person ... ok
[INFO] [stdout] test an_added_index_leaves_the_rows_where_they_are ... ok
[INFO] [stdout] test a_schema_does_not_differ_from_itself ... ok
[INFO] [stdout] test a_schema_change_without_a_version_bump_is_still_visible ... ok
[INFO] [stdout] test a_changed_partition_key_needs_a_person ... ok
[INFO] [stdout] test a_plan_sorts_tables_into_created_changed_and_dropped ... ok
[INFO] [stdout] test a_renamed_column_reads_as_a_drop_and_an_add ... ok
[INFO] [stdout] test a_type_change_has_to_be_asked_about ... ok
[INFO] [stdout] test a_dropped_column_says_the_data_goes_with_it ... ok
[INFO] [stdout] test an_added_required_column_has_to_be_asked_about ... ok
[INFO] [stdout] test making_an_index_unique_says_it_can_still_fail ... ok
[INFO] [stdout] test queries_and_config_never_reach_the_data ... ok
[INFO] [stdout] test an_added_optional_column_rewrites_rows_but_needs_no_decision ... ok
[INFO] [stdout] test reordering_columns_is_a_layout_change ... ok
[INFO] [stdout] test a_version_bump_on_its_own_costs_nothing ... ok
[INFO] [stdout] test widening_to_optional_is_decided_but_narrowing_is_not ... ok
[INFO] [stdout] test the_report_names_the_cost_the_changes_and_what_is_still_needed ... ok
[INFO] [stdout] 
[INFO] [stdout] test result: ok. 20 passed; 0 failed; 0 ignored; 0 measured; 0 filtered out; finished in 0.01s
[INFO] [stdout] 
[INFO] [stderr]      Running tests/never_panics.rs (/opt/rustwide/target/debug/deps/never_panics-eec17152448c4184)
[INFO] [stdout] 
[INFO] [stdout] running 2 tests
[INFO] [stdout] test check_reports_semantic_errors_rather_than_panicking ... ok
[INFO] [stdout] test check_never_panics_on_malformed_input ... ok
[INFO] [stdout] 
[INFO] [stdout] test result: ok. 2 passed; 0 failed; 0 ignored; 0 measured; 0 filtered out; finished in 0.14s
[INFO] [stdout] 
[INFO] [stderr]      Running tests/query_storage.rs (/opt/rustwide/target/debug/deps/query_storage-7f47ef06c1088420)
[INFO] [stdout] 
[INFO] [stdout] running 3 tests
[INFO] [stdout] test paged_mutation_shapes_fail_before_emission ... ok
[INFO] [stdout] test supported_paged_index_updates_remain_valid ... ok
[INFO] [stdout] test a_vec_query_cannot_silently_ignore_a_runtime_profile ... ok
[INFO] [stdout] 
[INFO] [stdout] test result: ok. 3 passed; 0 failed; 0 ignored; 0 measured; 0 filtered out; finished in 0.00s
[INFO] [stdout] 
[INFO] [stderr]      Running tests/readable_from_outside.rs (/opt/rustwide/target/debug/deps/readable_from_outside-7183497370d113d9)
[INFO] [stdout] 
[INFO] [stdout] running 2 tests
[INFO] [stdout] test declaration_order_is_recovered_from_field_positions ... ok
[INFO] [stdout] test a_declaration_parses_into_a_model ... ok
[INFO] [stdout] 
[INFO] [stdout] test result: ok. 2 passed; 0 failed; 0 ignored; 0 measured; 0 filtered out; finished in 0.00s
[INFO] [stdout] 
[INFO] [stderr]      Running tests/round_trip.rs (/opt/rustwide/target/debug/deps/round_trip-ba387c8c5a958af8)
[INFO] [stdout] 
[INFO] [stdout] running 3 tests
[INFO] [stdout] test reading_the_same_declaration_twice_gives_the_same_schema ... ok
[INFO] [stdout] test every_top_level_block_survives_the_emitter ... ok
[INFO] [stdout] test every_declaration_in_the_repository_survives_a_round_trip ... FAILED
[INFO] [stdout] 
[INFO] [stdout] failures:
[INFO] [stdout] 
[INFO] [stdout] ---- every_declaration_in_the_repository_survives_a_round_trip stdout ----
[INFO] [stdout] 
[INFO] [stdout] thread 'every_declaration_in_the_repository_survives_a_round_trip' (876) panicked at tests/round_trip.rs:55:5:
[INFO] [stdout] found no sources to read
[INFO] [stdout] stack backtrace:
[INFO] [stdout]    0:     0x61c04bd16701 - std[70759c8f55707aa4]::backtrace_rs::backtrace::libunwind::trace
[INFO] [stdout]                                at /rustc/dfb0accb7f508ae8be965d8629557221c889dd98/library/std/src/../../backtrace/src/backtrace/libunwind.rs:117:9
[INFO] [stdout]    1:     0x61c04bd16701 - std[70759c8f55707aa4]::backtrace_rs::backtrace::trace_unsynchronized::<std[70759c8f55707aa4]::sys::backtrace::_print_fmt::{closure#1}>
[INFO] [stdout]                                at /rustc/dfb0accb7f508ae8be965d8629557221c889dd98/library/std/src/../../backtrace/src/backtrace/mod.rs:66:14
[INFO] [stdout]    2:     0x61c04bd16701 - std[70759c8f55707aa4]::sys::backtrace::_print_fmt
[INFO] [stdout]                                at /rustc/dfb0accb7f508ae8be965d8629557221c889dd98/library/std/src/sys/backtrace.rs:74:9
[INFO] [stdout]    3:     0x61c04bd16701 - <<std[70759c8f55707aa4]::sys::backtrace::BacktraceLock>::print::DisplayBacktrace as core[df12db4294e9bfd3]::fmt::Display>::fmt
[INFO] [stdout]                                at /rustc/dfb0accb7f508ae8be965d8629557221c889dd98/library/std/src/sys/backtrace.rs:44:26
[INFO] [stdout]    4:     0x61c04bd2b4ea - <core[df12db4294e9bfd3]::fmt::rt::Argument>::fmt
[INFO] [stdout]                                at /rustc/dfb0accb7f508ae8be965d8629557221c889dd98/library/core/src/fmt/rt.rs:152:76
[INFO] [stdout]    5:     0x61c04bd2b4ea - core[df12db4294e9bfd3]::fmt::write
[INFO] [stdout]    6:     0x61c04bd1aedc - core[df12db4294e9bfd3]::io::write::default_write_fmt::<alloc[2182bb758b4b3781]::vec::Vec<u8>>
[INFO] [stdout]                                at /rustc/dfb0accb7f508ae8be965d8629557221c889dd98/library/core/src/io/write.rs:402:11
[INFO] [stdout]    7:     0x61c04bd1aedc - <alloc[2182bb758b4b3781]::vec::Vec<u8> as core[df12db4294e9bfd3]::io::write::Write>::write_fmt
[INFO] [stdout]                                at /rustc/dfb0accb7f508ae8be965d8629557221c889dd98/library/core/src/io/write.rs:335:13
[INFO] [stdout]    8:     0x61c04bcf1d46 - <std[70759c8f55707aa4]::sys::backtrace::BacktraceLock>::print
[INFO] [stdout]                                at /rustc/dfb0accb7f508ae8be965d8629557221c889dd98/library/std/src/sys/backtrace.rs:47:9
[INFO] [stdout]    9:     0x61c04bcf1d46 - std[70759c8f55707aa4]::panicking::default_hook::{closure#0}
[INFO] [stdout]                                at /rustc/dfb0accb7f508ae8be965d8629557221c889dd98/library/std/src/panicking.rs:292:27
[INFO] [stdout]   10:     0x61c04bd0e729 - std[70759c8f55707aa4]::panicking::default_hook
[INFO] [stdout]                                at /rustc/dfb0accb7f508ae8be965d8629557221c889dd98/library/std/src/panicking.rs:316:9
[INFO] [stdout]   11:     0x61c04bb34de0 - <alloc[2182bb758b4b3781]::boxed::Box<dyn for<'a, 'b> core[df12db4294e9bfd3]::ops::function::Fn<(&'a std[70759c8f55707aa4]::panic::PanicHookInfo<'b>,), Output = ()> + core[df12db4294e9bfd3]::marker::Send + core[df12db4294e9bfd3]::marker::Sync> as core[df12db4294e9bfd3]::ops::function::Fn<(&std[70759c8f55707aa4]::panic::PanicHookInfo,)>>::call
[INFO] [stdout]                                at /rustc/dfb0accb7f508ae8be965d8629557221c889dd98/library/alloc/src/boxed.rs:2334:9
[INFO] [stdout]   12:     0x61c04bb34de0 - test[9d35eded1c95d3be]::test_main_inner::<test[9d35eded1c95d3be]::test_main_static::{closure#0}>::{closure#0}
[INFO] [stdout]                                at /rustc/dfb0accb7f508ae8be965d8629557221c889dd98/library/test/src/lib.rs:155:21
[INFO] [stdout]   13:     0x61c04bd0ea52 - <alloc[2182bb758b4b3781]::boxed::Box<dyn for<'a, 'b> core[df12db4294e9bfd3]::ops::function::Fn<(&'a std[70759c8f55707aa4]::panic::PanicHookInfo<'b>,), Output = ()> + core[df12db4294e9bfd3]::marker::Send + core[df12db4294e9bfd3]::marker::Sync> as core[df12db4294e9bfd3]::ops::function::Fn<(&std[70759c8f55707aa4]::panic::PanicHookInfo,)>>::call
[INFO] [stdout]                                at /rustc/dfb0accb7f508ae8be965d8629557221c889dd98/library/alloc/src/boxed.rs:2334:9
[INFO] [stdout]   14:     0x61c04bd0ea52 - std[70759c8f55707aa4]::panicking::panic_with_hook
[INFO] [stdout]                                at /rustc/dfb0accb7f508ae8be965d8629557221c889dd98/library/std/src/panicking.rs:823:13
[INFO] [stdout]   15:     0x61c04bcf1e24 - std[70759c8f55707aa4]::panicking::panic_handler::{closure#0}
[INFO] [stdout]                                at /rustc/dfb0accb7f508ae8be965d8629557221c889dd98/library/std/src/panicking.rs:681:13
[INFO] [stdout]   16:     0x61c04bcea949 - std[70759c8f55707aa4]::sys::backtrace::__rust_end_short_backtrace::<std[70759c8f55707aa4]::panicking::panic_handler::{closure#0}, !>
[INFO] [stdout]                                at /rustc/dfb0accb7f508ae8be965d8629557221c889dd98/library/std/src/sys/backtrace.rs:182:18
[INFO] [stdout]   17:     0x61c04bcf29ed - __rustc[8fa7c3cbc660c2b3]::rust_begin_unwind
[INFO] [stdout]                                at /rustc/dfb0accb7f508ae8be965d8629557221c889dd98/library/std/src/panicking.rs:679:5
[INFO] [stdout]   18:     0x61c04bd2bd0c - core[df12db4294e9bfd3]::panicking::panic_fmt
[INFO] [stdout]                                at /rustc/dfb0accb7f508ae8be965d8629557221c889dd98/library/core/src/panicking.rs:80:14
[INFO] [stdout]   19:     0x61c04bb20ea1 - round_trip[2c681a1e851fdeb3]::every_declaration_in_the_repository_survives_a_round_trip
[INFO] [stdout]                                at /opt/rustwide/workdir/tests/round_trip.rs:55:5
[INFO] [stdout]   20:     0x61c04bb1eb57 - round_trip[2c681a1e851fdeb3]::every_declaration_in_the_repository_survives_a_round_trip::{closure#0}
[INFO] [stdout]                                at /opt/rustwide/workdir/tests/round_trip.rs:45:63
[INFO] [stdout]   21:     0x61c04bb27fd6 - <round_trip[2c681a1e851fdeb3]::every_declaration_in_the_repository_survives_a_round_trip::{closure#0} as core[df12db4294e9bfd3]::ops::function::FnOnce<()>>::call_once
[INFO] [stdout]                                at /rustc/dfb0accb7f508ae8be965d8629557221c889dd98/library/core/src/ops/function.rs:250:5
[INFO] [stdout]   22:     0x61c04bb280cb - <fn() -> core[df12db4294e9bfd3]::result::Result<(), alloc[2182bb758b4b3781]::string::String> as core[df12db4294e9bfd3]::ops::function::FnOnce<()>>::call_once
[INFO] [stdout]                                at /rustc/dfb0accb7f508ae8be965d8629557221c889dd98/library/core/src/ops/function.rs:250:5
[INFO] [stdout]   23:     0x61c04bb280cb - test[9d35eded1c95d3be]::__rust_begin_short_backtrace::<core[df12db4294e9bfd3]::result::Result<(), alloc[2182bb758b4b3781]::string::String>, fn() -> core[df12db4294e9bfd3]::result::Result<(), alloc[2182bb758b4b3781]::string::String>>
[INFO] [stdout]                                at /rustc/dfb0accb7f508ae8be965d8629557221c889dd98/library/test/src/lib.rs:733:18
[INFO] [stdout]   24:     0x61c04bb35735 - test[9d35eded1c95d3be]::run_test_in_process::{closure#0}
[INFO] [stdout]                                at /rustc/dfb0accb7f508ae8be965d8629557221c889dd98/library/test/src/lib.rs:756:74
[INFO] [stdout]   25:     0x61c04bb35735 - <core[df12db4294e9bfd3]::panic::unwind_safe::AssertUnwindSafe<test[9d35eded1c95d3be]::run_test_in_process::{closure#0}> as core[df12db4294e9bfd3]::ops::function::FnOnce<()>>::call_once
[INFO] [stdout]                                at /rustc/dfb0accb7f508ae8be965d8629557221c889dd98/library/core/src/panic/unwind_safe.rs:275:9
[INFO] [stdout]   26:     0x61c04bb35735 - std[70759c8f55707aa4]::panicking::catch_unwind::do_call::<core[df12db4294e9bfd3]::panic::unwind_safe::AssertUnwindSafe<test[9d35eded1c95d3be]::run_test_in_process::{closure#0}>, core[df12db4294e9bfd3]::result::Result<(), alloc[2182bb758b4b3781]::string::String>>
[INFO] [stdout]                                at /rustc/dfb0accb7f508ae8be965d8629557221c889dd98/library/std/src/panicking.rs:576:43
[INFO] [stdout]   27:     0x61c04bb35735 - std[70759c8f55707aa4]::panicking::catch_unwind::<core[df12db4294e9bfd3]::result::Result<(), alloc[2182bb758b4b3781]::string::String>, core[df12db4294e9bfd3]::panic::unwind_safe::AssertUnwindSafe<test[9d35eded1c95d3be]::run_test_in_process::{closure#0}>>
[INFO] [stdout]                                at /rustc/dfb0accb7f508ae8be965d8629557221c889dd98/library/std/src/panicking.rs:544:19
[INFO] [stdout]   28:     0x61c04bb35735 - std[70759c8f55707aa4]::panic::catch_unwind::<core[df12db4294e9bfd3]::panic::unwind_safe::AssertUnwindSafe<test[9d35eded1c95d3be]::run_test_in_process::{closure#0}>, core[df12db4294e9bfd3]::result::Result<(), alloc[2182bb758b4b3781]::string::String>>
[INFO] [stdout]                                at /rustc/dfb0accb7f508ae8be965d8629557221c889dd98/library/std/src/panic.rs:359:14
[INFO] [stdout]   29:     0x61c04bb35735 - test[9d35eded1c95d3be]::run_test_in_process
[INFO] [stdout]                                at /rustc/dfb0accb7f508ae8be965d8629557221c889dd98/library/test/src/lib.rs:756:27
[INFO] [stdout]   30:     0x61c04bb35735 - test[9d35eded1c95d3be]::run_test::{closure#0}
[INFO] [stdout]                                at /rustc/dfb0accb7f508ae8be965d8629557221c889dd98/library/test/src/lib.rs:677:43
[INFO] [stdout]   31:     0x61c04bb2eff4 - test[9d35eded1c95d3be]::run_test::{closure#1}
[INFO] [stdout]                                at /rustc/dfb0accb7f508ae8be965d8629557221c889dd98/library/test/src/lib.rs:707:41
[INFO] [stdout]   32:     0x61c04bb2eff4 - std[70759c8f55707aa4]::sys::backtrace::__rust_begin_short_backtrace::<test[9d35eded1c95d3be]::run_test::{closure#1}, ()>
[INFO] [stdout]                                at /rustc/dfb0accb7f508ae8be965d8629557221c889dd98/library/std/src/sys/backtrace.rs:166:18
[INFO] [stdout]   33:     0x61c04bb38892 - std[70759c8f55707aa4]::thread::lifecycle::spawn_unchecked::<test[9d35eded1c95d3be]::run_test::{closure#1}, ()>::{closure#1}::{closure#0}
[INFO] [stdout]                                at /rustc/dfb0accb7f508ae8be965d8629557221c889dd98/library/std/src/thread/lifecycle.rs:70:13
[INFO] [stdout]   34:     0x61c04bb38892 - <core[df12db4294e9bfd3]::panic::unwind_safe::AssertUnwindSafe<std[70759c8f55707aa4]::thread::lifecycle::spawn_unchecked<test[9d35eded1c95d3be]::run_test::{closure#1}, ()>::{closure#1}::{closure#0}> as core[df12db4294e9bfd3]::ops::function::FnOnce<()>>::call_once
[INFO] [stdout]                                at /rustc/dfb0accb7f508ae8be965d8629557221c889dd98/library/core/src/panic/unwind_safe.rs:275:9
[INFO] [stdout]   35:     0x61c04bb38892 - std[70759c8f55707aa4]::panicking::catch_unwind::do_call::<core[df12db4294e9bfd3]::panic::unwind_safe::AssertUnwindSafe<std[70759c8f55707aa4]::thread::lifecycle::spawn_unchecked<test[9d35eded1c95d3be]::run_test::{closure#1}, ()>::{closure#1}::{closure#0}>, ()>
[INFO] [stdout]                                at /rustc/dfb0accb7f508ae8be965d8629557221c889dd98/library/std/src/panicking.rs:576:43
[INFO] [stdout]   36:     0x61c04bb38892 - std[70759c8f55707aa4]::panicking::catch_unwind::<(), core[df12db4294e9bfd3]::panic::unwind_safe::AssertUnwindSafe<std[70759c8f55707aa4]::thread::lifecycle::spawn_unchecked<test[9d35eded1c95d3be]::run_test::{closure#1}, ()>::{closure#1}::{closure#0}>>
[INFO] [stdout]                                at /rustc/dfb0accb7f508ae8be965d8629557221c889dd98/library/std/src/panicking.rs:544:19
[INFO] [stdout]   37:     0x61c04bb38892 - std[70759c8f55707aa4]::panic::catch_unwind::<core[df12db4294e9bfd3]::panic::unwind_safe::AssertUnwindSafe<std[70759c8f55707aa4]::thread::lifecycle::spawn_unchecked<test[9d35eded1c95d3be]::run_test::{closure#1}, ()>::{closure#1}::{closure#0}>, ()>
[INFO] [stdout]                                at /rustc/dfb0accb7f508ae8be965d8629557221c889dd98/library/std/src/panic.rs:359:14
[INFO] [stdout]   38:     0x61c04bb38892 - std[70759c8f55707aa4]::thread::lifecycle::spawn_unchecked::<test[9d35eded1c95d3be]::run_test::{closure#1}, ()>::{closure#1}
[INFO] [stdout]                                at /rustc/dfb0accb7f508ae8be965d8629557221c889dd98/library/std/src/thread/lifecycle.rs:68:26
[INFO] [stdout]   39:     0x61c04bb38892 - <std[70759c8f55707aa4]::thread::lifecycle::spawn_unchecked<test[9d35eded1c95d3be]::run_test::{closure#1}, ()>::{closure#1} as core[df12db4294e9bfd3]::ops::function::FnOnce<()>>::call_once::{shim:vtable#0}
[INFO] [stdout]                                at /rustc/dfb0accb7f508ae8be965d8629557221c889dd98/library/core/src/ops/function.rs:250:5
[INFO] [stdout]   40:     0x61c04bd15c59 - <alloc[2182bb758b4b3781]::boxed::Box<dyn core[df12db4294e9bfd3]::ops::function::FnOnce<(), Output = ()> + core[df12db4294e9bfd3]::marker::Send> as core[df12db4294e9bfd3]::ops::function::FnOnce<()>>::call_once
[INFO] [stdout]                                at /rustc/dfb0accb7f508ae8be965d8629557221c889dd98/library/alloc/src/boxed.rs:2320:9
[INFO] [stdout]   41:     0x61c04bd15c59 - <std[70759c8f55707aa4]::sys::thread::unix::Thread>::new::thread_start
[INFO] [stdout]                                at /rustc/dfb0accb7f508ae8be965d8629557221c889dd98/library/std/src/sys/thread/unix.rs:123:17
[INFO] [stdout]   42:     0x7dfd2ab22dfa - <unknown>
[INFO] [stdout]   43:     0x7dfd2abb63d4 - clone
[INFO] [stdout]   44:                0x0 - <unknown>
[INFO] [stdout] 
[INFO] [stdout] 
[INFO] [stdout] failures:
[INFO] [stdout]     every_declaration_in_the_repository_survives_a_round_trip
[INFO] [stdout] 
[INFO] [stdout] test result: FAILED. 2 passed; 1 failed; 0 ignored; 0 measured; 0 filtered out; finished in 0.05s
[INFO] [stdout] 
[INFO] [stderr] error: test failed, to rerun pass `--test round_trip`
[INFO] running `Command { std: "docker" "inspect" "c3da014af07a928b11027d07c97d4be8f369b8b0f856cbbafb3fd3d479916662", kill_on_drop: false }`
[INFO] running `Command { std: "docker" "rm" "-f" "c3da014af07a928b11027d07c97d4be8f369b8b0f856cbbafb3fd3d479916662", kill_on_drop: false }`
[INFO] [stdout] c3da014af07a928b11027d07c97d4be8f369b8b0f856cbbafb3fd3d479916662
