[INFO] fetching crate word-tally 0.28.0...
[INFO] testing word-tally-0.28.0 against 1.100.0-beta.1 for beta-1.100-2
[INFO] extracting crate word-tally 0.28.0 into /workspace/builds/worker-0-tc2/source
[INFO] removed /workspace/builds/worker-0-tc2/source/.cargo/config.toml
[INFO] started tweaking crates.io crate word-tally 0.28.0
[INFO] removed 0 missing tests
[INFO] finished tweaking crates.io crate word-tally 0.28.0
[INFO] tweaked toml for crates.io crate word-tally 0.28.0 written to /workspace/builds/worker-0-tc2/source/Cargo.toml
[INFO] validating manifest of crates.io crate word-tally 0.28.0 on toolchain 1.100.0-beta.1
[INFO] running `Command { std: CARGO_HOME="/workspace/cargo-home" RUSTUP_HOME="/workspace/rustup-home" "/workspace/cargo-home/bin/cargo" "+1.100.0-beta.1" "metadata" "--manifest-path" "Cargo.toml" "--no-deps", kill_on_drop: false }`
[INFO] crate crates.io crate word-tally 0.28.0 already has a lockfile, it will not be regenerated
[INFO] running `Command { std: CARGO_HOME="/workspace/cargo-home" RUSTUP_HOME="/workspace/rustup-home" "/workspace/cargo-home/bin/cargo" "+1.100.0-beta.1" "fetch" "--manifest-path" "Cargo.toml", kill_on_drop: false }`
[INFO] [stderr] warning: `package.homepage` is redundant with `package.repository`
[INFO] [stderr]    --> Cargo.toml:162:12
[INFO] [stderr]     |
[INFO] [stderr] 162 | homepage = "https://github.com/havenwood/word-tally"
[INFO] [stderr]     |            ^^^^^^^^^^^^^^^^^^^^^^^^^^^^^^^^^^^^^^^^^
[INFO] [stderr] ...
[INFO] [stderr] 167 | repository = "https://github.com/havenwood/word-tally"
[INFO] [stderr]     |              -----------------------------------------
[INFO] [stderr]     |
[INFO] [stderr]     = note: `cargo::redundant_homepage` is set to `warn` by default
[INFO] [stderr] help: consider removing `package.homepage`
[INFO] [stderr] warning: `word-tally` (manifest) generated 1 warning
[INFO] running `Command { std: "docker" "create" "-v" "/var/lib/crater-agent-workspace/builds/worker-0-tc2/source:/opt/rustwide/workdir:ro,Z" "-v" "/var/lib/crater-agent-workspace/builds/worker-0-tc2/target:/opt/rustwide/target:rw,Z" "-v" "/var/lib/crater-agent-workspace/cargo-home:/opt/rustwide/cargo-home:ro,Z" "-v" "/var/lib/crater-agent-workspace/rustup-home:/opt/rustwide/rustup-home:ro,Z" "-m" "1610612736" "--network" "none" "ghcr.io/rust-lang/crates-build-env/linux@sha256:3111399a4047eeb3a02b7a90e478d715f38a8c6669b5c4b49d30a17385265909" "sleep" "infinity", kill_on_drop: false }`
[INFO] [stdout] fba2b5b9246ebb0cb6b08f5f697e9823f63661529540c3d16fe5e17231d536db
[INFO] running `Command { std: "docker" "start" "fba2b5b9246ebb0cb6b08f5f697e9823f63661529540c3d16fe5e17231d536db", kill_on_drop: false }`
[INFO] running `Command { std: "docker" "inspect" "fba2b5b9246ebb0cb6b08f5f697e9823f63661529540c3d16fe5e17231d536db", kill_on_drop: false }`
[INFO] running `Command { std: "docker" "exec" "-e" "SOURCE_DIR=/opt/rustwide/workdir" "-e" "CARGO_HOME=/opt/rustwide/cargo-home" "-e" "RUSTUP_HOME=/opt/rustwide/rustup-home" "-e" "CARGO_TARGET_DIR=/opt/rustwide/target" "-w" "/opt/rustwide/workdir" "--user" "0:0" "fba2b5b9246ebb0cb6b08f5f697e9823f63661529540c3d16fe5e17231d536db" "/opt/rustwide/cargo-home/bin/cargo" "+1.100.0-beta.1" "metadata" "--no-deps" "--format-version=1", kill_on_drop: false }`
[INFO] running `Command { std: "docker" "inspect" "fba2b5b9246ebb0cb6b08f5f697e9823f63661529540c3d16fe5e17231d536db", kill_on_drop: false }`
[INFO] running `Command { std: "docker" "exec" "-e" "SOURCE_DIR=/opt/rustwide/workdir" "-e" "CARGO_HOME=/opt/rustwide/cargo-home" "-e" "RUSTUP_HOME=/opt/rustwide/rustup-home" "-e" "CARGO_TARGET_DIR=/opt/rustwide/target" "-e" "CARGO_INCREMENTAL=0" "-e" "RUST_BACKTRACE=full" "-e" "RUSTFLAGS=--cap-lints=warn" "-e" "RUSTDOCFLAGS=--cap-lints=warn" "-w" "/opt/rustwide/workdir" "--user" "0:0" "fba2b5b9246ebb0cb6b08f5f697e9823f63661529540c3d16fe5e17231d536db" "/opt/rustwide/cargo-home/bin/cargo" "+1.100.0-beta.1" "build" "--frozen" "--message-format=json", kill_on_drop: false }`
[INFO] [stderr] warning: `package.homepage` is redundant with `package.repository`
[INFO] [stderr]    --> Cargo.toml:162:12
[INFO] [stderr]     |
[INFO] [stderr] 162 | homepage = "https://github.com/havenwood/word-tally"
[INFO] [stderr]     |            ^^^^^^^^^^^^^^^^^^^^^^^^^^^^^^^^^^^^^^^^^
[INFO] [stderr] ...
[INFO] [stderr] 167 | repository = "https://github.com/havenwood/word-tally"
[INFO] [stderr]     |              -----------------------------------------
[INFO] [stderr]     |
[INFO] [stderr]     = note: `cargo::redundant_homepage` is set to `warn` by default
[INFO] [stderr] help: consider removing `package.homepage`
[INFO] [stderr] warning: `word-tally` (manifest) generated 1 warning
[INFO] [stderr]    Compiling memchr v2.7.5
[INFO] [stderr]    Compiling icu_locale_data v2.0.0
[INFO] [stderr]    Compiling serde v1.0.219
[INFO] [stderr]    Compiling icu_segmenter_data v2.0.0
[INFO] [stderr]    Compiling anstyle-query v1.1.3
[INFO] [stderr]    Compiling anstyle v1.0.11
[INFO] [stderr]    Compiling regex-syntax v0.8.5
[INFO] [stderr]    Compiling clap_lex v0.7.5
[INFO] [stderr]    Compiling syn v2.0.104
[INFO] [stderr]    Compiling either v1.15.0
[INFO] [stderr]    Compiling hashbrown v0.15.4
[INFO] [stderr]    Compiling memmap2 v0.9.5
[INFO] [stderr]    Compiling simdutf8 v0.1.5
[INFO] [stderr]    Compiling anstream v0.6.19
[INFO] [stderr]    Compiling rayon v1.10.0
[INFO] [stderr]    Compiling clap_builder v4.5.40
[INFO] [stderr]    Compiling aho-corasick v1.1.3
[INFO] [stderr]    Compiling csv-core v0.1.12
[INFO] [stderr]    Compiling regex-automata v0.4.9
[INFO] [stderr]    Compiling synstructure v0.13.2
[INFO] [stderr]    Compiling regex v1.11.1
[INFO] [stderr]    Compiling zerofrom-derive v0.1.6
[INFO] [stderr]    Compiling yoke-derive v0.8.0
[INFO] [stderr]    Compiling zerovec-derive v0.11.1
[INFO] [stderr]    Compiling displaydoc v0.2.5
[INFO] [stderr]    Compiling serde_derive v1.0.219
[INFO] [stderr]    Compiling thiserror-impl v2.0.12
[INFO] [stderr]    Compiling clap_derive v4.5.40
[INFO] [stderr]    Compiling zerotrie v0.2.2
[INFO] [stderr]    Compiling zerofrom v0.1.6
[INFO] [stderr]    Compiling yoke v0.8.0
[INFO] [stderr]    Compiling thiserror v2.0.12
[INFO] [stderr]    Compiling zerovec v0.11.2
[INFO] [stderr]    Compiling clap v4.5.40
[INFO] [stderr]    Compiling tinystr v0.8.1
[INFO] [stderr]    Compiling potential_utf v0.1.2
[INFO] [stderr]    Compiling icu_collections v2.0.0
[INFO] [stderr]    Compiling icu_locale_core v2.0.0
[INFO] [stderr]    Compiling icu_provider v2.0.0
[INFO] [stderr]    Compiling icu_locale v2.0.0
[INFO] [stderr]    Compiling icu_segmenter v2.0.0
[INFO] [stderr]    Compiling serde_json v1.0.140
[INFO] [stderr]    Compiling csv v1.3.1
[INFO] [stderr]    Compiling word-tally v0.28.0 (/opt/rustwide/workdir)
[INFO] [stderr]     Finished `dev` profile [unoptimized + debuginfo] target(s) in 12.91s
[INFO] running `Command { std: "docker" "inspect" "fba2b5b9246ebb0cb6b08f5f697e9823f63661529540c3d16fe5e17231d536db", kill_on_drop: false }`
[INFO] running `Command { std: "docker" "exec" "-e" "SOURCE_DIR=/opt/rustwide/workdir" "-e" "CARGO_HOME=/opt/rustwide/cargo-home" "-e" "RUSTUP_HOME=/opt/rustwide/rustup-home" "-e" "CARGO_TARGET_DIR=/opt/rustwide/target" "-e" "CARGO_INCREMENTAL=0" "-e" "RUST_BACKTRACE=full" "-e" "RUSTFLAGS=--cap-lints=warn" "-e" "RUSTDOCFLAGS=--cap-lints=warn" "-w" "/opt/rustwide/workdir" "--user" "0:0" "fba2b5b9246ebb0cb6b08f5f697e9823f63661529540c3d16fe5e17231d536db" "/opt/rustwide/cargo-home/bin/cargo" "+1.100.0-beta.1" "test" "--frozen" "--no-run" "--message-format=json", kill_on_drop: false }`
[INFO] [stderr] warning: `package.homepage` is redundant with `package.repository`
[INFO] [stderr]    --> Cargo.toml:162:12
[INFO] [stderr]     |
[INFO] [stderr] 162 | homepage = "https://github.com/havenwood/word-tally"
[INFO] [stderr]     |            ^^^^^^^^^^^^^^^^^^^^^^^^^^^^^^^^^^^^^^^^^
[INFO] [stderr] ...
[INFO] [stderr] 167 | repository = "https://github.com/havenwood/word-tally"
[INFO] [stderr]     |              -----------------------------------------
[INFO] [stderr]     |
[INFO] [stderr]     = note: `cargo::redundant_homepage` is set to `warn` by default
[INFO] [stderr] help: consider removing `package.homepage`
[INFO] [stderr] warning: `word-tally` (manifest) generated 1 warning
[INFO] [stderr]    Compiling regex-automata v0.4.9
[INFO] [stderr]    Compiling serde v1.0.219
[INFO] [stderr]    Compiling zerocopy v0.8.26
[INFO] [stderr]    Compiling getrandom v0.3.3
[INFO] [stderr]    Compiling half v2.6.0
[INFO] [stderr]    Compiling rustix v1.0.7
[INFO] [stderr]    Compiling predicates-core v1.0.9
[INFO] [stderr]    Compiling doc-comment v0.3.3
[INFO] [stderr]    Compiling float-cmp v0.10.0
[INFO] [stderr]    Compiling assert_cmd v2.0.17
[INFO] [stderr]    Compiling bitflags v2.9.1
[INFO] [stderr]    Compiling linux-raw-sys v0.9.4
[INFO] [stderr]    Compiling wait-timeout v0.2.1
[INFO] [stderr]    Compiling predicates-tree v1.0.12
[INFO] [stderr]    Compiling deunicode v1.6.2
[INFO] [stderr]    Compiling rand_core v0.9.3
[INFO] [stderr]    Compiling once_cell v1.21.3
[INFO] [stderr]    Compiling ciborium-ll v0.2.2
[INFO] [stderr]    Compiling ppv-lite86 v0.2.21
[INFO] [stderr]    Compiling rand_chacha v0.9.0
[INFO] [stderr]    Compiling rand v0.9.1
[INFO] [stderr]    Compiling regex v1.11.1
[INFO] [stderr]    Compiling bstr v1.12.0
[INFO] [stderr]    Compiling serde_json v1.0.140
[INFO] [stderr]    Compiling csv v1.3.1
[INFO] [stderr]    Compiling ciborium v0.2.2
[INFO] [stderr]    Compiling tempfile v3.20.0
[INFO] [stderr]    Compiling predicates v3.1.3
[INFO] [stderr]    Compiling fake v4.3.0
[INFO] [stderr]    Compiling tinytemplate v1.2.1
[INFO] [stderr]    Compiling word-tally v0.28.0 (/opt/rustwide/workdir)
[INFO] [stderr]    Compiling criterion v0.6.0
[INFO] [stderr]     Finished `test` profile [unoptimized + debuginfo] target(s) in 10.49s
[INFO] running `Command { std: "docker" "inspect" "fba2b5b9246ebb0cb6b08f5f697e9823f63661529540c3d16fe5e17231d536db", kill_on_drop: false }`
[INFO] running `Command { std: "docker" "exec" "-e" "SOURCE_DIR=/opt/rustwide/workdir" "-e" "CARGO_HOME=/opt/rustwide/cargo-home" "-e" "RUSTUP_HOME=/opt/rustwide/rustup-home" "-e" "CARGO_TARGET_DIR=/opt/rustwide/target" "-e" "CARGO_INCREMENTAL=0" "-e" "RUST_BACKTRACE=full" "-e" "RUSTFLAGS=--cap-lints=warn" "-e" "RUSTDOCFLAGS=--cap-lints=warn" "-w" "/opt/rustwide/workdir" "--user" "0:0" "fba2b5b9246ebb0cb6b08f5f697e9823f63661529540c3d16fe5e17231d536db" "/opt/rustwide/cargo-home/bin/cargo" "+1.100.0-beta.1" "test" "--frozen", kill_on_drop: false }`
[INFO] [stderr] warning: `package.homepage` is redundant with `package.repository`
[INFO] [stderr]    --> Cargo.toml:162:12
[INFO] [stderr]     |
[INFO] [stderr] 162 | homepage = "https://github.com/havenwood/word-tally"
[INFO] [stderr]     |            ^^^^^^^^^^^^^^^^^^^^^^^^^^^^^^^^^^^^^^^^^
[INFO] [stderr] ...
[INFO] [stderr] 167 | repository = "https://github.com/havenwood/word-tally"
[INFO] [stderr]     |              -----------------------------------------
[INFO] [stderr]     |
[INFO] [stderr]     = note: `cargo::redundant_homepage` is set to `warn` by default
[INFO] [stderr] help: consider removing `package.homepage`
[INFO] [stderr] warning: `word-tally` (manifest) generated 1 warning
[INFO] [stderr]     Finished `test` profile [unoptimized + debuginfo] target(s) in 0.66s
[INFO] [stderr]      Running unittests src/lib.rs (/opt/rustwide/target/debug/build/word-tally/8bc64091fca6716f/out/word_tally-8bc64091fca6716f)
[INFO] [stdout] 
[INFO] [stdout] running 0 tests
[INFO] [stdout] 
[INFO] [stdout] test result: ok. 0 passed; 0 failed; 0 ignored; 0 measured; 0 filtered out; finished in 0.00s
[INFO] [stdout] 
[INFO] [stderr]      Running unittests src/main.rs (/opt/rustwide/target/debug/build/word-tally/8b3dd8e02716de99/out/word_tally-8b3dd8e02716de99)
[INFO] [stdout] 
[INFO] [stdout] running 0 tests
[INFO] [stdout] 
[INFO] [stdout] test result: ok. 0 passed; 0 failed; 0 ignored; 0 measured; 0 filtered out; finished in 0.00s
[INFO] [stdout] 
[INFO] [stderr]      Running tests/api.rs (/opt/rustwide/target/debug/build/word-tally/0c66d3c3705b0711/out/api-0c66d3c3705b0711)
[INFO] [stdout] 
[INFO] [stdout] running 2 tests
[INFO] [stdout] test from_bytes_api ... ok
[INFO] [stdout] test api_basic_functionality ... ok
[INFO] [stdout] 
[INFO] [stdout] test result: ok. 2 passed; 0 failed; 0 ignored; 0 measured; 0 filtered out; finished in 0.00s
[INFO] [stdout] 
[INFO] [stderr]      Running tests/args.rs (/opt/rustwide/target/debug/build/word-tally/2e38865e3bfaf7b7/out/args-2e38865e3bfaf7b7)
[INFO] [stdout] 
[INFO] [stdout] running 41 tests
[INFO] [stdout] test args_default_output ... ok
[INFO] [stdout] test args_defaults ... ok
[INFO] [stdout] test args_escaped_words ... ok
[INFO] [stdout] test args_delimiter_unknown_escape ... ok
[INFO] [stdout] test args_all_defaults ... ok
[INFO] [stdout] test args_delimiter_trailing_backslash ... ok
[INFO] [stdout] test args_default_verbose ... ok
[INFO] [stdout] test args_exclude_words_list ... ok
[INFO] [stdout] test args_defaults_with_minimal_flags ... ok
[INFO] [stdout] test args_invalid_min_count ... ok
[INFO] [stdout] test args_environment_interaction ... ok
[INFO] [stdout] test args_default_filters ... ok
[INFO] [stdout] test args_invalid_regex_include ... ok
[INFO] [stdout] test args_invalid_regex_exclude ... ok
[INFO] [stdout] test args_io_bytes_error ... ok
[INFO] [stdout] test args_delimiter_unescape ... ok
[INFO] [stdout] test args_case_modes ... ok
[INFO] [stdout] test args_multiple_exclude_patterns ... ok
[INFO] [stdout] test args_invalid_enum_values ... ok
[INFO] [stdout] test args_input_from_file ... ok
[INFO] [stdout] test args_filters_comprehensive ... ok
[INFO] [stdout] test args_mmap_alias ... ok
[INFO] [stdout] test args_multiple_patterns ... ok
[INFO] [stdout] test args_stdin_explicit ... ok
[INFO] [stdout] test args_output_to_file ... ok
[INFO] [stdout] test args_options_comprehensive ... ok
[INFO] [stdout] test args_multiple_include_patterns ... ok
[INFO] [stdout] test args_shorthand_flags ... ok
[INFO] [stdout] test args_verbose_flag ... ok
[INFO] [stdout] test args_delimiter_edge_cases ... ok
[INFO] [stdout] test get_filters ... ok
[INFO] [stdout] test get_options ... ok
[INFO] [stdout] test args_output_file_shorthand ... ok
[INFO] [stdout] test get_formatting ... ok
[INFO] [stdout] test io_shorthand_flag ... ok
[INFO] [stdout] test args_all_io_modes ... ok
[INFO] [stdout] test get_filters_with_patterns ... ok
[INFO] [stdout] test get_performance ... ok
[INFO] [stdout] test args_format_modes ... ok
[INFO] [stdout] test args_sort_modes ... ok
[INFO] [stdout] test args_delimiter_escape_sequences ... ok
[INFO] [stdout] 
[INFO] [stdout] test result: ok. 41 passed; 0 failed; 0 ignored; 0 measured; 0 filtered out; finished in 0.21s
[INFO] [stdout] 
[INFO] [stderr]      Running tests/buffered.rs (/opt/rustwide/target/debug/build/word-tally/9b59ccedeea2a6fc/out/buffered-9b59ccedeea2a6fc)
[INFO] [stdout] 
[INFO] [stdout] running 7 tests
[INFO] [stdout] test reader_try_from_str_stdin ... ok
[INFO] [stdout] test reader_from_stdin ... ok
[INFO] [stdout] test reader_file_not_found ... ok
[INFO] [stdout] test reader_from_file ... ok
[INFO] [stdout] test reader_with_buf_read ... ok
[INFO] [stdout] test reader_try_from_pathbuf ... ok
[INFO] [stdout] test reader_display ... ok
[INFO] [stdout] 
[INFO] [stdout] test result: ok. 7 passed; 0 failed; 0 ignored; 0 measured; 0 filtered out; finished in 0.00s
[INFO] [stdout] 
[INFO] [stderr]      Running tests/case.rs (/opt/rustwide/target/debug/build/word-tally/a137a02cdfebbfd5/out/case-a137a02cdfebbfd5)
[INFO] [stdout] 
[INFO] [stdout] running 11 tests
[INFO] [stdout] test case_default ... ok
[INFO] [stdout] test case_display ... ok
[INFO] [stdout] test normalize_mixed_content ... ok
[INFO] [stdout] test normalize_unicode_edge_cases ... ok
[INFO] [stdout] test normalize_unicode_lower_case_already_lower ... ok
[INFO] [stdout] test normalize_unicode_lower_case_needs_conversion ... ok
[INFO] [stdout] test normalize_unicode_original_case ... ok
[INFO] [stdout] test normalize_unicode_special_case_mappings ... ok
[INFO] [stdout] test normalize_unicode_unicode_characters ... ok
[INFO] [stdout] test normalize_unicode_upper_case_already_upper ... ok
[INFO] [stdout] test normalize_unicode_upper_case_needs_conversion ... ok
[INFO] [stdout] 
[INFO] [stdout] test result: ok. 11 passed; 0 failed; 0 ignored; 0 measured; 0 filtered out; finished in 0.00s
[INFO] [stdout] 
[INFO] [stderr]      Running tests/cli.rs (/opt/rustwide/target/debug/build/word-tally/1375966ab00493ff/out/cli-1375966ab00493ff)
[INFO] [stdout] 
[INFO] [stdout] running 29 tests
[INFO] [stdout] test delimiter_with_csv_format_fails ... ok
[INFO] [stdout] test delimiter_with_json_format_fails ... ok
[INFO] [stdout] test help ... ok
[INFO] [stdout] test multi_file_with_parallel ... ok
[INFO] [stdout] test case_original ... ok
[INFO] [stdout] test case_upper ... ok
[INFO] [stdout] test empty_args_defaults_to_stdin ... ok
[INFO] [stdout] test multi_file_with_mmap ... ok
[INFO] [stdout] test help_long ... ok
[INFO] [stdout] test discard_words ... ok
[INFO] [stdout] test normal_pipe_operation ... ok
[INFO] [stdout] test multiple_file_inputs ... ok
[INFO] [stdout] test broken_pipe_behavior ... ok
[INFO] [stdout] test parallel_with_large_chunk ... ok
[INFO] [stdout] test output_shorthand ... ok
[INFO] [stdout] test case_default ... ok
[INFO] [stdout] test sort_default ... ok
[INFO] [stdout] test sort_asc ... ok
[INFO] [stdout] test version ... ok
[INFO] [stdout] test no_words ... ok
[INFO] [stdout] test output_longhand ... ok
[INFO] [stdout] test single_file_input ... ok
[INFO] [stdout] test parallel_with_env_vars ... ok
[INFO] [stdout] test stdin_with_file_as_sources ... ok
[INFO] [stdout] test parallel_flags ... ok
[INFO] [stdout] test stdin_with_parallel_shorthand ... ok
[INFO] [stdout] test delimiter_with_text_format_succeeds ... ok
[INFO] [stdout] test large_input_broken_pipe ... ok
[INFO] [stdout] test stdin_with_parallel ... ok
[INFO] [stdout] 
[INFO] [stdout] test result: ok. 29 passed; 0 failed; 0 ignored; 0 measured; 0 filtered out; finished in 0.04s
[INFO] [stdout] 
[INFO] [stderr]      Running tests/cli_delimiter_output.rs (/opt/rustwide/target/debug/build/word-tally/5e66fa02c3f1bd3b/out/cli_delimiter_output-5e66fa02c3f1bd3b)
[INFO] [stdout] 
[INFO] [stdout] running 9 tests
[INFO] [stdout] test backslash_delimiter_with_backslash_in_input ... ok
[INFO] [stdout] test backslash_in_input_is_not_word_boundary ... ok
[INFO] [stdout] test single_backslash_delimiter_succeeds ... ok
[INFO] [stdout] test backslash_output_delimiter ... ok
[INFO] [stdout] test double_escaped_backslash_output_delimiter ... ok
[INFO] [stdout] test various_escape_sequences_as_delimiters ... ok
[INFO] [stdout] test escaped_record_delimiter ... ok
[INFO] [stdout] test custom_record_delimiter ... ok
[INFO] [stdout] test delimiter_only_affects_output_not_input ... ok
[INFO] [stdout] 
[INFO] [stdout] test result: ok. 9 passed; 0 failed; 0 ignored; 0 measured; 0 filtered out; finished in 0.02s
[INFO] [stdout] 
[INFO] [stderr]      Running tests/cli_env.rs (/opt/rustwide/target/debug/build/word-tally/4f3a1c065f016bbd/out/cli_env-4f3a1c065f016bbd)
[INFO] [stdout] 
[INFO] [stdout] running 5 tests
[INFO] [stdout] test word_tally_threads_env ... ok
[INFO] [stdout] test word_tally_uniqueness_ratio_env ... ok
[INFO] [stdout] test word_tally_chunk_size_env ... ok
[INFO] [stdout] test word_tally_stdin_buffer_size_env ... ok
[INFO] [stdout] test word_tally_words_per_kb_env ... ok
[INFO] [stdout] 
[INFO] [stdout] test result: ok. 5 passed; 0 failed; 0 ignored; 0 measured; 0 filtered out; finished in 0.01s
[INFO] [stdout] 
[INFO] [stderr]      Running tests/cli_pattern.rs (/opt/rustwide/target/debug/build/word-tally/d21e434839a22c39/out/cli_pattern-d21e434839a22c39)
[INFO] [stdout] 
[INFO] [stdout] running 6 tests
[INFO] [stdout] test exclude_words_list ... ok
[INFO] [stdout] test include_patterns ... ok
[INFO] [stdout] test multiple_exclude_patterns ... ok
[INFO] [stdout] test combine_exclusions ... ok
[INFO] [stdout] test multiple_include_patterns ... ok
[INFO] [stdout] test exclude_patterns ... ok
[INFO] [stdout] 
[INFO] [stdout] test result: ok. 6 passed; 0 failed; 0 ignored; 0 measured; 0 filtered out; finished in 0.01s
[INFO] [stdout] 
[INFO] [stderr]      Running tests/cli_serialization.rs (/opt/rustwide/target/debug/build/word-tally/3782e5b37c30dfba/out/cli_serialization-3782e5b37c30dfba)
[INFO] [stdout] 
[INFO] [stdout] running 5 tests
[INFO] [stdout] test format_csv ... ok
[INFO] [stdout] test csv_escaping ... ok
[INFO] [stdout] test delimiter_longhand ... ok
[INFO] [stdout] test delimiter_shorthand ... ok
[INFO] [stdout] test format_json ... ok
[INFO] [stdout] 
[INFO] [stdout] test result: ok. 5 passed; 0 failed; 0 ignored; 0 measured; 0 filtered out; finished in 0.01s
[INFO] [stdout] 
[INFO] [stderr]      Running tests/cli_verbose.rs (/opt/rustwide/target/debug/build/word-tally/640b3c4687f816a7/out/cli_verbose-640b3c4687f816a7)
[INFO] [stdout] 
[INFO] [stdout] running 11 tests
[INFO] [stdout] test verbose_with_csv_format ... ok
[INFO] [stdout] test verbose_csv_full_output ... ok
[INFO] [stdout] test verbose_with_exclude_words ... ok
[INFO] [stdout] test verbose_json_with_options ... ok
[INFO] [stdout] test verbose_json_full_output ... ok
[INFO] [stdout] test verbose_csv_with_options ... ok
[INFO] [stdout] test verbose_with_json_format ... ok
[INFO] [stdout] test verbose_with_min_count ... ok
[INFO] [stdout] test verbose_without_input ... ok
[INFO] [stdout] test verbose_csv_delimiter_formatting ... ok
[INFO] [stdout] test verbose_with_min_chars ... ok
[INFO] [stdout] 
[INFO] [stdout] test result: ok. 11 passed; 0 failed; 0 ignored; 0 measured; 0 filtered out; finished in 0.01s
[INFO] [stdout] 
[INFO] [stderr]      Running tests/delimiters.rs (/opt/rustwide/target/debug/build/word-tally/8fead2301f6f0251/out/delimiters-8fead2301f6f0251)
[INFO] [stdout] 
[INFO] [stdout] running 20 tests
[INFO] [stdout] test delimiters_chaining ... ok
[INFO] [stdout] test delimiters_clone ... ok
[INFO] [stdout] test delimiters_constants ... ok
[INFO] [stdout] test delimiters_default ... ok
[INFO] [stdout] test delimiters_debug ... ok
[INFO] [stdout] test delimiters_display ... ok
[INFO] [stdout] test delimiters_empty_delimiters ... ok
[INFO] [stdout] test delimiters_entry_display ... ok
[INFO] [stdout] test delimiters_equality ... ok
[INFO] [stdout] test delimiters_field_display ... ok
[INFO] [stdout] test delimiters_hash ... ok
[INFO] [stdout] test delimiters_new ... ok
[INFO] [stdout] test delimiters_ord ... ok
[INFO] [stdout] test delimiters_preserves_literal_backslash ... ok
[INFO] [stdout] test delimiters_serde_field_names ... ok
[INFO] [stdout] test delimiters_serialization ... ok
[INFO] [stdout] test delimiters_unicode ... ok
[INFO] [stdout] test delimiters_with_entry_delimiter ... ok
[INFO] [stderr]      Running tests/error_integration.rs (/opt/rustwide/target/debug/build/word-tally/fa6c011f6f66afa0/out/error_integration-fa6c011f6f66afa0)
[INFO] [stdout] test delimiters_with_field_delimiter ... ok
[INFO] [stdout] test delimiters_with_literal_delimiters ... ok
[INFO] [stdout] 
[INFO] [stdout] test result: ok. 20 passed; 0 failed; 0 ignored; 0 measured; 0 filtered out; finished in 0.00s
[INFO] [stdout] 
[INFO] [stdout] 
[INFO] [stdout] running 5 tests
[INFO] [stdout] test new_invalid_utf8_error ... ok
[INFO] [stdout] test input_file_not_found_error ... ok
[INFO] [stdout] test nonexistent_path_error ... ok
[INFO] [stdout] test input_file_permission_denied_error ... FAILED
[INFO] [stdout] test permission_denied_error ... FAILED
[INFO] [stdout] 
[INFO] [stdout] failures:
[INFO] [stdout] 
[INFO] [stdout] ---- input_file_permission_denied_error stdout ----
[INFO] [stdout] 
[INFO] [stdout] thread 'input_file_permission_denied_error' (4857) panicked at /rustc/e3feeb59cd1bdd011a2bfcc0747b55125d9b8527/library/core/src/ops/function.rs:250:5:
[INFO] [stdout] Unexpected success
[INFO] [stdout] command=`"/opt/rustwide/target/debug/word-tally" "/tmp/.tmptHZMxi/no_read_permission.txt"`
[INFO] [stdout] code=0
[INFO] [stdout] stdout=""
[INFO] [stdout] stderr=""
[INFO] [stdout] 
[INFO] [stdout] stack backtrace:
[INFO] [stdout]    0:     0x607d42ac46c1 - std[617be2ca0a6fd877]::backtrace_rs::backtrace::libunwind::trace
[INFO] [stdout]                                at /rustc/e3feeb59cd1bdd011a2bfcc0747b55125d9b8527/library/std/src/../../backtrace/src/backtrace/libunwind.rs:117:9
[INFO] [stdout]    1:     0x607d42ac46c1 - std[617be2ca0a6fd877]::backtrace_rs::backtrace::trace_unsynchronized::<std[617be2ca0a6fd877]::sys::backtrace::_print_fmt::{closure#1}>
[INFO] [stdout]                                at /rustc/e3feeb59cd1bdd011a2bfcc0747b55125d9b8527/library/std/src/../../backtrace/src/backtrace/mod.rs:66:14
[INFO] [stdout]    2:     0x607d42ac46c1 - std[617be2ca0a6fd877]::sys::backtrace::_print_fmt
[INFO] [stdout]                                at /rustc/e3feeb59cd1bdd011a2bfcc0747b55125d9b8527/library/std/src/sys/backtrace.rs:74:9
[INFO] [stdout]    3:     0x607d42ac46c1 - <<std[617be2ca0a6fd877]::sys::backtrace::BacktraceLock>::print::DisplayBacktrace as core[a373ad73a504971]::fmt::Display>::fmt
[INFO] [stdout]                                at /rustc/e3feeb59cd1bdd011a2bfcc0747b55125d9b8527/library/std/src/sys/backtrace.rs:44:26
[INFO] [stdout]    4:     0x607d42adb24a - <core[a373ad73a504971]::fmt::rt::Argument>::fmt
[INFO] [stdout]                                at /rustc/e3feeb59cd1bdd011a2bfcc0747b55125d9b8527/library/core/src/fmt/rt.rs:152:76
[INFO] [stdout]    5:     0x607d42adb24a - core[a373ad73a504971]::fmt::write
[INFO] [stdout]    6:     0x607d42ac9f4c - core[a373ad73a504971]::io::write::default_write_fmt::<alloc[2e1b2a31b91974c5]::vec::Vec<u8>>
[INFO] [stdout]                                at /rustc/e3feeb59cd1bdd011a2bfcc0747b55125d9b8527/library/core/src/io/write.rs:402:11
[INFO] [stdout]    7:     0x607d42ac9f4c - <alloc[2e1b2a31b91974c5]::vec::Vec<u8> as core[a373ad73a504971]::io::write::Write>::write_fmt
[INFO] [stdout]                                at /rustc/e3feeb59cd1bdd011a2bfcc0747b55125d9b8527/library/core/src/io/write.rs:335:13
[INFO] [stdout]    8:     0x607d42a9edd6 - <std[617be2ca0a6fd877]::sys::backtrace::BacktraceLock>::print
[INFO] [stdout]                                at /rustc/e3feeb59cd1bdd011a2bfcc0747b55125d9b8527/library/std/src/sys/backtrace.rs:47:9
[INFO] [stdout]    9:     0x607d42a9edd6 - std[617be2ca0a6fd877]::panicking::default_hook::{closure#0}
[INFO] [stdout]                                at /rustc/e3feeb59cd1bdd011a2bfcc0747b55125d9b8527/library/std/src/panicking.rs:289:27
[INFO] [stdout]   10:     0x607d42abc399 - std[617be2ca0a6fd877]::panicking::default_hook
[INFO] [stdout]                                at /rustc/e3feeb59cd1bdd011a2bfcc0747b55125d9b8527/library/std/src/panicking.rs:313:9
[INFO] [stdout]   11:     0x607d42a08f70 - <alloc[2e1b2a31b91974c5]::boxed::Box<dyn for<'a, 'b> core[a373ad73a504971]::ops::function::Fn<(&'a std[617be2ca0a6fd877]::panic::PanicHookInfo<'b>,), Output = ()> + core[a373ad73a504971]::marker::Sync + core[a373ad73a504971]::marker::Send> as core[a373ad73a504971]::ops::function::Fn<(&std[617be2ca0a6fd877]::panic::PanicHookInfo,)>>::call
[INFO] [stdout]                                at /rustc/e3feeb59cd1bdd011a2bfcc0747b55125d9b8527/library/alloc/src/boxed.rs:2328:9
[INFO] [stdout]   12:     0x607d42a08f70 - test[aada8e7e76ba119b]::test_main_inner::{closure#0}
[INFO] [stdout]                                at /rustc/e3feeb59cd1bdd011a2bfcc0747b55125d9b8527/library/test/src/lib.rs:137:21
[INFO] [stdout]   13:     0x607d42abc552 - <alloc[2e1b2a31b91974c5]::boxed::Box<dyn for<'a, 'b> core[a373ad73a504971]::ops::function::Fn<(&'a std[617be2ca0a6fd877]::panic::PanicHookInfo<'b>,), Output = ()> + core[a373ad73a504971]::marker::Sync + core[a373ad73a504971]::marker::Send> as core[a373ad73a504971]::ops::function::Fn<(&std[617be2ca0a6fd877]::panic::PanicHookInfo,)>>::call
[INFO] [stdout]                                at /rustc/e3feeb59cd1bdd011a2bfcc0747b55125d9b8527/library/alloc/src/boxed.rs:2328:9
[INFO] [stdout]   14:     0x607d42abc552 - std[617be2ca0a6fd877]::panicking::panic_with_hook
[INFO] [stdout]                                at /rustc/e3feeb59cd1bdd011a2bfcc0747b55125d9b8527/library/std/src/panicking.rs:819:13
[INFO] [stdout]   15:     0x607d42a9ee82 - std[617be2ca0a6fd877]::panicking::panic_handler::{closure#0}
[INFO] [stdout]                                at /rustc/e3feeb59cd1bdd011a2bfcc0747b55125d9b8527/library/std/src/panicking.rs:685:13
[INFO] [stdout]   16:     0x607d42a97a79 - std[617be2ca0a6fd877]::sys::backtrace::__rust_end_short_backtrace::<std[617be2ca0a6fd877]::panicking::panic_handler::{closure#0}, !>
[INFO] [stdout]                                at /rustc/e3feeb59cd1bdd011a2bfcc0747b55125d9b8527/library/std/src/sys/backtrace.rs:182:18
[INFO] [stdout]   17:     0x607d42a9fb4d - __rustc[ea4f61d10b84890b]::rust_begin_unwind
[INFO] [stdout]                                at /rustc/e3feeb59cd1bdd011a2bfcc0747b55125d9b8527/library/std/src/panicking.rs:676:5
[INFO] [stdout]   18:     0x607d42adbabc - core[a373ad73a504971]::panicking::panic_fmt
[INFO] [stdout]                                at /rustc/e3feeb59cd1bdd011a2bfcc0747b55125d9b8527/library/core/src/panicking.rs:80:14
[INFO] [stdout]   19:     0x607d42a57928 - core[a373ad73a504971]::panicking::panic_display::<assert_cmd[88b55ed7b51ec546]::assert::AssertError>
[INFO] [stdout]                                at /rustc/e3feeb59cd1bdd011a2bfcc0747b55125d9b8527/library/core/src/panicking.rs:259:5
[INFO] [stdout]   20:     0x607d42a577c7 - <assert_cmd[88b55ed7b51ec546]::assert::AssertError>::panic::<assert_cmd[88b55ed7b51ec546]::assert::Assert>
[INFO] [stdout]                                at /opt/rustwide/cargo-home/registry/src/index.crates.io-1949cf8c6b5b557f/assert_cmd-2.0.17/src/assert.rs:1033:9
[INFO] [stdout]   21:     0x607d42a62297 - <<assert_cmd[88b55ed7b51ec546]::assert::AssertError>::panic<assert_cmd[88b55ed7b51ec546]::assert::Assert> as core[a373ad73a504971]::ops::function::FnOnce<(assert_cmd[88b55ed7b51ec546]::assert::AssertError,)>>::call_once
[INFO] [stdout]                                at /rustc/e3feeb59cd1bdd011a2bfcc0747b55125d9b8527/library/core/src/ops/function.rs:250:5
[INFO] [stdout]   22:     0x607d42a49b8b - <core[a373ad73a504971]::result::Result<assert_cmd[88b55ed7b51ec546]::assert::Assert, assert_cmd[88b55ed7b51ec546]::assert::AssertError>>::unwrap_or_else::<<assert_cmd[88b55ed7b51ec546]::assert::AssertError>::panic<assert_cmd[88b55ed7b51ec546]::assert::Assert>>
[INFO] [stdout]                                at /rustc/e3feeb59cd1bdd011a2bfcc0747b55125d9b8527/library/core/src/result.rs:1619:23
[INFO] [stdout]   23:     0x607d42a583c0 - <assert_cmd[88b55ed7b51ec546]::assert::Assert>::failure
[INFO] [stdout]                                at /opt/rustwide/cargo-home/registry/src/index.crates.io-1949cf8c6b5b557f/assert_cmd-2.0.17/src/assert.rs:187:28
[INFO] [stdout]   24:     0x607d429fa814 - error_integration[b52508c06de3b546]::input_file_permission_denied_error
[INFO] [stdout]                                at /opt/rustwide/workdir/tests/error_integration.rs:120:12
[INFO] [stdout]   25:     0x607d429f91e7 - error_integration[b52508c06de3b546]::input_file_permission_denied_error::{closure#0}
[INFO] [stdout]                                at /opt/rustwide/workdir/tests/error_integration.rs:98:40
[INFO] [stdout]   26:     0x607d429fc2c6 - <error_integration[b52508c06de3b546]::input_file_permission_denied_error::{closure#0} as core[a373ad73a504971]::ops::function::FnOnce<()>>::call_once
[INFO] [stdout]                                at /rustc/e3feeb59cd1bdd011a2bfcc0747b55125d9b8527/library/core/src/ops/function.rs:250:5
[INFO] [stdout]   27:     0x607d429fc3bb - <fn() -> core[a373ad73a504971]::result::Result<(), alloc[2e1b2a31b91974c5]::string::String> as core[a373ad73a504971]::ops::function::FnOnce<()>>::call_once
[INFO] [stdout]                                at /rustc/e3feeb59cd1bdd011a2bfcc0747b55125d9b8527/library/core/src/ops/function.rs:250:5
[INFO] [stdout]   28:     0x607d429fc3bb - test[aada8e7e76ba119b]::__rust_begin_short_backtrace::<core[a373ad73a504971]::result::Result<(), alloc[2e1b2a31b91974c5]::string::String>, fn() -> core[a373ad73a504971]::result::Result<(), alloc[2e1b2a31b91974c5]::string::String>>
[INFO] [stdout]                                at /rustc/e3feeb59cd1bdd011a2bfcc0747b55125d9b8527/library/test/src/lib.rs:701:18
[INFO] [stdout]   29:     0x607d42a09595 - test[aada8e7e76ba119b]::run_test_in_process::{closure#0}
[INFO] [stdout]                                at /rustc/e3feeb59cd1bdd011a2bfcc0747b55125d9b8527/library/test/src/lib.rs:724:74
[INFO] [stdout]   30:     0x607d42a09595 - <core[a373ad73a504971]::panic::unwind_safe::AssertUnwindSafe<test[aada8e7e76ba119b]::run_test_in_process::{closure#0}> as core[a373ad73a504971]::ops::function::FnOnce<()>>::call_once
[INFO] [stdout]                                at /rustc/e3feeb59cd1bdd011a2bfcc0747b55125d9b8527/library/core/src/panic/unwind_safe.rs:275:9
[INFO] [stdout]   31:     0x607d42a09595 - std[617be2ca0a6fd877]::panicking::catch_unwind::do_call::<core[a373ad73a504971]::panic::unwind_safe::AssertUnwindSafe<test[aada8e7e76ba119b]::run_test_in_process::{closure#0}>, core[a373ad73a504971]::result::Result<(), alloc[2e1b2a31b91974c5]::string::String>>
[INFO] [stdout]                                at /rustc/e3feeb59cd1bdd011a2bfcc0747b55125d9b8527/library/std/src/panicking.rs:573:43
[INFO] [stdout]   32:     0x607d42a09595 - std[617be2ca0a6fd877]::panicking::catch_unwind::<core[a373ad73a504971]::result::Result<(), alloc[2e1b2a31b91974c5]::string::String>, core[a373ad73a504971]::panic::unwind_safe::AssertUnwindSafe<test[aada8e7e76ba119b]::run_test_in_process::{closure#0}>>
[INFO] [stdout]                                at /rustc/e3feeb59cd1bdd011a2bfcc0747b55125d9b8527/library/std/src/panicking.rs:541:19
[INFO] [stdout]   33:     0x607d42a09595 - std[617be2ca0a6fd877]::panic::catch_unwind::<core[a373ad73a504971]::panic::unwind_safe::AssertUnwindSafe<test[aada8e7e76ba119b]::run_test_in_process::{closure#0}>, core[a373ad73a504971]::result::Result<(), alloc[2e1b2a31b91974c5]::string::String>>
[INFO] [stdout]                                at /rustc/e3feeb59cd1bdd011a2bfcc0747b55125d9b8527/library/std/src/panic.rs:359:14
[INFO] [stdout]   34:     0x607d42a09595 - test[aada8e7e76ba119b]::run_test_in_process
[INFO] [stdout]                                at /rustc/e3feeb59cd1bdd011a2bfcc0747b55125d9b8527/library/test/src/lib.rs:724:27
[INFO] [stdout]   35:     0x607d42a09595 - test[aada8e7e76ba119b]::run_test::{closure#0}
[INFO] [stdout]                                at /rustc/e3feeb59cd1bdd011a2bfcc0747b55125d9b8527/library/test/src/lib.rs:645:43
[INFO] [stdout]   36:     0x607d42a02e84 - test[aada8e7e76ba119b]::run_test::{closure#1}
[INFO] [stdout]                                at /rustc/e3feeb59cd1bdd011a2bfcc0747b55125d9b8527/library/test/src/lib.rs:675:41
[INFO] [stdout]   37:     0x607d42a02e84 - std[617be2ca0a6fd877]::sys::backtrace::__rust_begin_short_backtrace::<test[aada8e7e76ba119b]::run_test::{closure#1}, ()>
[INFO] [stdout]                                at /rustc/e3feeb59cd1bdd011a2bfcc0747b55125d9b8527/library/std/src/sys/backtrace.rs:166:18
[INFO] [stdout]   38:     0x607d42a0c622 - std[617be2ca0a6fd877]::thread::lifecycle::spawn_unchecked::<test[aada8e7e76ba119b]::run_test::{closure#1}, ()>::{closure#1}::{closure#0}
[INFO] [stdout]                                at /rustc/e3feeb59cd1bdd011a2bfcc0747b55125d9b8527/library/std/src/thread/lifecycle.rs:70:13
[INFO] [stdout]   39:     0x607d42a0c622 - <core[a373ad73a504971]::panic::unwind_safe::AssertUnwindSafe<std[617be2ca0a6fd877]::thread::lifecycle::spawn_unchecked<test[aada8e7e76ba119b]::run_test::{closure#1}, ()>::{closure#1}::{closure#0}> as core[a373ad73a504971]::ops::function::FnOnce<()>>::call_once
[INFO] [stdout]                                at /rustc/e3feeb59cd1bdd011a2bfcc0747b55125d9b8527/library/core/src/panic/unwind_safe.rs:275:9
[INFO] [stdout]   40:     0x607d42a0c622 - std[617be2ca0a6fd877]::panicking::catch_unwind::do_call::<core[a373ad73a504971]::panic::unwind_safe::AssertUnwindSafe<std[617be2ca0a6fd877]::thread::lifecycle::spawn_unchecked<test[aada8e7e76ba119b]::run_test::{closure#1}, ()>::{closure#1}::{closure#0}>, ()>
[INFO] [stdout]                                at /rustc/e3feeb59cd1bdd011a2bfcc0747b55125d9b8527/library/std/src/panicking.rs:573:43
[INFO] [stdout]   41:     0x607d42a0c622 - std[617be2ca0a6fd877]::panicking::catch_unwind::<(), core[a373ad73a504971]::panic::unwind_safe::AssertUnwindSafe<std[617be2ca0a6fd877]::thread::lifecycle::spawn_unchecked<test[aada8e7e76ba119b]::run_test::{closure#1}, ()>::{closure#1}::{closure#0}>>
[INFO] [stdout]                                at /rustc/e3feeb59cd1bdd011a2bfcc0747b55125d9b8527/library/std/src/panicking.rs:541:19
[INFO] [stdout]   42:     0x607d42a0c622 - std[617be2ca0a6fd877]::panic::catch_unwind::<core[a373ad73a504971]::panic::unwind_safe::AssertUnwindSafe<std[617be2ca0a6fd877]::thread::lifecycle::spawn_unchecked<test[aada8e7e76ba119b]::run_test::{closure#1}, ()>::{closure#1}::{closure#0}>, ()>
[INFO] [stdout]                                at /rustc/e3feeb59cd1bdd011a2bfcc0747b55125d9b8527/library/std/src/panic.rs:359:14
[INFO] [stdout]   43:     0x607d42a0c622 - std[617be2ca0a6fd877]::thread::lifecycle::spawn_unchecked::<test[aada8e7e76ba119b]::run_test::{closure#1}, ()>::{closure#1}
[INFO] [stdout]                                at /rustc/e3feeb59cd1bdd011a2bfcc0747b55125d9b8527/library/std/src/thread/lifecycle.rs:68:26
[INFO] [stdout]   44:     0x607d42a0c622 - <std[617be2ca0a6fd877]::thread::lifecycle::spawn_unchecked<test[aada8e7e76ba119b]::run_test::{closure#1}, ()>::{closure#1} as core[a373ad73a504971]::ops::function::FnOnce<()>>::call_once::{shim:vtable#0}
[INFO] [stdout]                                at /rustc/e3feeb59cd1bdd011a2bfcc0747b55125d9b8527/library/core/src/ops/function.rs:250:5
[INFO] [stdout]   45:     0x607d42ac3e9f - <alloc[2e1b2a31b91974c5]::boxed::Box<dyn core[a373ad73a504971]::ops::function::FnOnce<(), Output = ()> + core[a373ad73a504971]::marker::Send> as core[a373ad73a504971]::ops::function::FnOnce<()>>::call_once
[INFO] [stdout]                                at /rustc/e3feeb59cd1bdd011a2bfcc0747b55125d9b8527/library/alloc/src/boxed.rs:2314:9
[INFO] [stdout]   46:     0x607d42ac3e9f - <std[617be2ca0a6fd877]::sys::thread::unix::Thread>::new::thread_start
[INFO] [stdout]                                at /rustc/e3feeb59cd1bdd011a2bfcc0747b55125d9b8527/library/std/src/sys/thread/unix.rs:127:17
[INFO] [stdout]   47:     0x7c3a1d252dfa - <unknown>
[INFO] [stdout]   48:     0x7c3a1d2e63d4 - clone
[INFO] [stdout]   49:                0x0 - <unknown>
[INFO] [stdout] 
[INFO] [stdout] ---- permission_denied_error stdout ----
[INFO] [stdout] 
[INFO] [stdout] thread 'permission_denied_error' (4860) panicked at /rustc/e3feeb59cd1bdd011a2bfcc0747b55125d9b8527/library/core/src/ops/function.rs:250:5:
[INFO] [stdout] Unexpected success
[INFO] [stdout] command=`"/opt/rustwide/target/debug/word-tally" "-v" "--format=csv" "--output=/tmp/.tmpAnOPJS/test-output.txt"`
[INFO] [stdout] code=0
[INFO] [stdout] stdout=""
[INFO] [stdout] stderr=```
[INFO] [stdout] source,file-type,total-words,unique-words,delimiter,entry-delimiter,case,order,io,min-chars,min-count,exclude-words,exclude-patterns,include-patterns
[INFO] [stdout] -,unknown,0,0,n/a,n/a,original,desc,auto,none,none,none,none,none
[INFO] [stdout] 
[INFO] [stdout] ```
[INFO] [stdout] 
[INFO] [stdout] 
[INFO] [stdout] stack backtrace:
[INFO] [stdout]    0:     0x607d42ac46c1 - std[617be2ca0a6fd877]::backtrace_rs::backtrace::libunwind::trace
[INFO] [stdout]                                at /rustc/e3feeb59cd1bdd011a2bfcc0747b55125d9b8527/library/std/src/../../backtrace/src/backtrace/libunwind.rs:117:9
[INFO] [stdout]    1:     0x607d42ac46c1 - std[617be2ca0a6fd877]::backtrace_rs::backtrace::trace_unsynchronized::<std[617be2ca0a6fd877]::sys::backtrace::_print_fmt::{closure#1}>
[INFO] [stdout]                                at /rustc/e3feeb59cd1bdd011a2bfcc0747b55125d9b8527/library/std/src/../../backtrace/src/backtrace/mod.rs:66:14
[INFO] [stdout]    2:     0x607d42ac46c1 - std[617be2ca0a6fd877]::sys::backtrace::_print_fmt
[INFO] [stdout]                                at /rustc/e3feeb59cd1bdd011a2bfcc0747b55125d9b8527/library/std/src/sys/backtrace.rs:74:9
[INFO] [stdout]    3:     0x607d42ac46c1 - <<std[617be2ca0a6fd877]::sys::backtrace::BacktraceLock>::print::DisplayBacktrace as core[a373ad73a504971]::fmt::Display>::fmt
[INFO] [stdout]                                at /rustc/e3feeb59cd1bdd011a2bfcc0747b55125d9b8527/library/std/src/sys/backtrace.rs:44:26
[INFO] [stdout]    4:     0x607d42adb24a - <core[a373ad73a504971]::fmt::rt::Argument>::fmt
[INFO] [stdout]                                at /rustc/e3feeb59cd1bdd011a2bfcc0747b55125d9b8527/library/core/src/fmt/rt.rs:152:76
[INFO] [stdout]    5:     0x607d42adb24a - core[a373ad73a504971]::fmt::write
[INFO] [stdout]    6:     0x607d42ac9f4c - core[a373ad73a504971]::io::write::default_write_fmt::<alloc[2e1b2a31b91974c5]::vec::Vec<u8>>
[INFO] [stdout]                                at /rustc/e3feeb59cd1bdd011a2bfcc0747b55125d9b8527/library/core/src/io/write.rs:402:11
[INFO] [stdout]    7:     0x607d42ac9f4c - <alloc[2e1b2a31b91974c5]::vec::Vec<u8> as core[a373ad73a504971]::io::write::Write>::write_fmt
[INFO] [stdout]                                at /rustc/e3feeb59cd1bdd011a2bfcc0747b55125d9b8527/library/core/src/io/write.rs:335:13
[INFO] [stdout]    8:     0x607d42a9edd6 - <std[617be2ca0a6fd877]::sys::backtrace::BacktraceLock>::print
[INFO] [stdout]                                at /rustc/e3feeb59cd1bdd011a2bfcc0747b55125d9b8527/library/std/src/sys/backtrace.rs:47:9
[INFO] [stdout]    9:     0x607d42a9edd6 - std[617be2ca0a6fd877]::panicking::default_hook::{closure#0}
[INFO] [stdout]                                at /rustc/e3feeb59cd1bdd011a2bfcc0747b55125d9b8527/library/std/src/panicking.rs:289:27
[INFO] [stdout]   10:     0x607d42abc399 - std[617be2ca0a6fd877]::panicking::default_hook
[INFO] [stdout]                                at /rustc/e3feeb59cd1bdd011a2bfcc0747b55125d9b8527/library/std/src/panicking.rs:313:9
[INFO] [stdout]   11:     0x607d42a08f70 - <alloc[2e1b2a31b91974c5]::boxed::Box<dyn for<'a, 'b> core[a373ad73a504971]::ops::function::Fn<(&'a std[617be2ca0a6fd877]::panic::PanicHookInfo<'b>,), Output = ()> + core[a373ad73a504971]::marker::Sync + core[a373ad73a504971]::marker::Send> as core[a373ad73a504971]::ops::function::Fn<(&std[617be2ca0a6fd877]::panic::PanicHookInfo,)>>::call
[INFO] [stdout]                                at /rustc/e3feeb59cd1bdd011a2bfcc0747b55125d9b8527/library/alloc/src/boxed.rs:2328:9
[INFO] [stdout]   12:     0x607d42a08f70 - test[aada8e7e76ba119b]::test_main_inner::{closure#0}
[INFO] [stdout]                                at /rustc/e3feeb59cd1bdd011a2bfcc0747b55125d9b8527/library/test/src/lib.rs:137:21
[INFO] [stdout]   13:     0x607d42abc552 - <alloc[2e1b2a31b91974c5]::boxed::Box<dyn for<'a, 'b> core[a373ad73a504971]::ops::function::Fn<(&'a std[617be2ca0a6fd877]::panic::PanicHookInfo<'b>,), Output = ()> + core[a373ad73a504971]::marker::Sync + core[a373ad73a504971]::marker::Send> as core[a373ad73a504971]::ops::function::Fn<(&std[617be2ca0a6fd877]::panic::PanicHookInfo,)>>::call
[INFO] [stdout]                                at /rustc/e3feeb59cd1bdd011a2bfcc0747b55125d9b8527/library/alloc/src/boxed.rs:2328:9
[INFO] [stdout]   14:     0x607d42abc552 - std[617be2ca0a6fd877]::panicking::panic_with_hook
[INFO] [stdout]                                at /rustc/e3feeb59cd1bdd011a2bfcc0747b55125d9b8527/library/std/src/panicking.rs:819:13
[INFO] [stdout]   15:     0x607d42a9ee82 - std[617be2ca0a6fd877]::panicking::panic_handler::{closure#0}
[INFO] [stdout]                                at /rustc/e3feeb59cd1bdd011a2bfcc0747b55125d9b8527/library/std/src/panicking.rs:685:13
[INFO] [stdout]   16:     0x607d42a97a79 - std[617be2ca0a6fd877]::sys::backtrace::__rust_end_short_backtrace::<std[617be2ca0a6fd877]::panicking::panic_handler::{closure#0}, !>
[INFO] [stdout]                                at /rustc/e3feeb59cd1bdd011a2bfcc0747b55125d9b8527/library/std/src/sys/backtrace.rs:182:18
[INFO] [stdout]   17:     0x607d42a9fb4d - __rustc[ea4f61d10b84890b]::rust_begin_unwind
[INFO] [stdout]                                at /rustc/e3feeb59cd1bdd011a2bfcc0747b55125d9b8527/library/std/src/panicking.rs:676:5
[INFO] [stdout]   18:     0x607d42adbabc - core[a373ad73a504971]::panicking::panic_fmt
[INFO] [stdout]                                at /rustc/e3feeb59cd1bdd011a2bfcc0747b55125d9b8527/library/core/src/panicking.rs:80:14
[INFO] [stdout]   19:     0x607d42a57928 - core[a373ad73a504971]::panicking::panic_display::<assert_cmd[88b55ed7b51ec546]::assert::AssertError>
[INFO] [stdout]                                at /rustc/e3feeb59cd1bdd011a2bfcc0747b55125d9b8527/library/core/src/panicking.rs:259:5
[INFO] [stdout]   20:     0x607d42a577c7 - <assert_cmd[88b55ed7b51ec546]::assert::AssertError>::panic::<assert_cmd[88b55ed7b51ec546]::assert::Assert>
[INFO] [stdout]                                at /opt/rustwide/cargo-home/registry/src/index.crates.io-1949cf8c6b5b557f/assert_cmd-2.0.17/src/assert.rs:1033:9
[INFO] [stdout]   21:     0x607d42a62297 - <<assert_cmd[88b55ed7b51ec546]::assert::AssertError>::panic<assert_cmd[88b55ed7b51ec546]::assert::Assert> as core[a373ad73a504971]::ops::function::FnOnce<(assert_cmd[88b55ed7b51ec546]::assert::AssertError,)>>::call_once
[INFO] [stdout]                                at /rustc/e3feeb59cd1bdd011a2bfcc0747b55125d9b8527/library/core/src/ops/function.rs:250:5
[INFO] [stdout]   22:     0x607d42a49b8b - <core[a373ad73a504971]::result::Result<assert_cmd[88b55ed7b51ec546]::assert::Assert, assert_cmd[88b55ed7b51ec546]::assert::AssertError>>::unwrap_or_else::<<assert_cmd[88b55ed7b51ec546]::assert::AssertError>::panic<assert_cmd[88b55ed7b51ec546]::assert::Assert>>
[INFO] [stdout]                                at /rustc/e3feeb59cd1bdd011a2bfcc0747b55125d9b8527/library/core/src/result.rs:1619:23
[INFO] [stdout]   23:     0x607d42a583c0 - <assert_cmd[88b55ed7b51ec546]::assert::Assert>::failure
[INFO] [stdout]                                at /opt/rustwide/cargo-home/registry/src/index.crates.io-1949cf8c6b5b557f/assert_cmd-2.0.17/src/assert.rs:187:28
[INFO] [stdout]   24:     0x607d429fa0bb - error_integration[b52508c06de3b546]::permission_denied_error
[INFO] [stdout]                                at /opt/rustwide/workdir/tests/error_integration.rs:44:10
[INFO] [stdout]   25:     0x607d429f9187 - error_integration[b52508c06de3b546]::permission_denied_error::{closure#0}
[INFO] [stdout]                                at /opt/rustwide/workdir/tests/error_integration.rs:13:29
[INFO] [stdout]   26:     0x607d429fc286 - <error_integration[b52508c06de3b546]::permission_denied_error::{closure#0} as core[a373ad73a504971]::ops::function::FnOnce<()>>::call_once
[INFO] [stdout]                                at /rustc/e3feeb59cd1bdd011a2bfcc0747b55125d9b8527/library/core/src/ops/function.rs:250:5
[INFO] [stdout]   27:     0x607d429fc3bb - <fn() -> core[a373ad73a504971]::result::Result<(), alloc[2e1b2a31b91974c5]::string::String> as core[a373ad73a504971]::ops::function::FnOnce<()>>::call_once
[INFO] [stdout]                                at /rustc/e3feeb59cd1bdd011a2bfcc0747b55125d9b8527/library/core/src/ops/function.rs:250:5
[INFO] [stdout]   28:     0x607d429fc3bb - test[aada8e7e76ba119b]::__rust_begin_short_backtrace::<core[a373ad73a504971]::result::Result<(), alloc[2e1b2a31b91974c5]::string::String>, fn() -> core[a373ad73a504971]::result::Result<(), alloc[2e1b2a31b91974c5]::string::String>>
[INFO] [stdout]                                at /rustc/e3feeb59cd1bdd011a2bfcc0747b55125d9b8527/library/test/src/lib.rs:701:18
[INFO] [stdout]   29:     0x607d42a09595 - test[aada8e7e76ba119b]::run_test_in_process::{closure#0}
[INFO] [stdout]                                at /rustc/e3feeb59cd1bdd011a2bfcc0747b55125d9b8527/library/test/src/lib.rs:724:74
[INFO] [stdout]   30:     0x607d42a09595 - <core[a373ad73a504971]::panic::unwind_safe::AssertUnwindSafe<test[aada8e7e76ba119b]::run_test_in_process::{closure#0}> as core[a373ad73a504971]::ops::function::FnOnce<()>>::call_once
[INFO] [stdout]                                at /rustc/e3feeb59cd1bdd011a2bfcc0747b55125d9b8527/library/core/src/panic/unwind_safe.rs:275:9
[INFO] [stdout]   31:     0x607d42a09595 - std[617be2ca0a6fd877]::panicking::catch_unwind::do_call::<core[a373ad73a504971]::panic::unwind_safe::AssertUnwindSafe<test[aada8e7e76ba119b]::run_test_in_process::{closure#0}>, core[a373ad73a504971]::result::Result<(), alloc[2e1b2a31b91974c5]::string::String>>
[INFO] [stdout]                                at /rustc/e3feeb59cd1bdd011a2bfcc0747b55125d9b8527/library/std/src/panicking.rs:573:43
[INFO] [stdout]   32:     0x607d42a09595 - std[617be2ca0a6fd877]::panicking::catch_unwind::<core[a373ad73a504971]::result::Result<(), alloc[2e1b2a31b91974c5]::string::String>, core[a373ad73a504971]::panic::unwind_safe::AssertUnwindSafe<test[aada8e7e76ba119b]::run_test_in_process::{closure#0}>>
[INFO] [stdout]                                at /rustc/e3feeb59cd1bdd011a2bfcc0747b55125d9b8527/library/std/src/panicking.rs:541:19
[INFO] [stdout]   33:     0x607d42a09595 - std[617be2ca0a6fd877]::panic::catch_unwind::<core[a373ad73a504971]::panic::unwind_safe::AssertUnwindSafe<test[aada8e7e76ba119b]::run_test_in_process::{closure#0}>, core[a373ad73a504971]::result::Result<(), alloc[2e1b2a31b91974c5]::string::String>>
[INFO] [stdout]                                at /rustc/e3feeb59cd1bdd011a2bfcc0747b55125d9b8527/library/std/src/panic.rs:359:14
[INFO] [stdout]   34:     0x607d42a09595 - test[aada8e7e76ba119b]::run_test_in_process
[INFO] [stdout]                                at /rustc/e3feeb59cd1bdd011a2bfcc0747b55125d9b8527/library/test/src/lib.rs:724:27
[INFO] [stdout]   35:     0x607d42a09595 - test[aada8e7e76ba119b]::run_test::{closure#0}
[INFO] [stdout]                                at /rustc/e3feeb59cd1bdd011a2bfcc0747b55125d9b8527/library/test/src/lib.rs:645:43
[INFO] [stdout]   36:     0x607d42a02e84 - test[aada8e7e76ba119b]::run_test::{closure#1}
[INFO] [stdout]                                at /rustc/e3feeb59cd1bdd011a2bfcc0747b55125d9b8527/library/test/src/lib.rs:675:41
[INFO] [stdout]   37:     0x607d42a02e84 - std[617be2ca0a6fd877]::sys::backtrace::__rust_begin_short_backtrace::<test[aada8e7e76ba119b]::run_test::{closure#1}, ()>
[INFO] [stdout]                                at /rustc/e3feeb59cd1bdd011a2bfcc0747b55125d9b8527/library/std/src/sys/backtrace.rs:166:18
[INFO] [stdout]   38:     0x607d42a0c622 - std[617be2ca0a6fd877]::thread::lifecycle::spawn_unchecked::<test[aada8e7e76ba119b]::run_test::{closure#1}, ()>::{closure#1}::{closure#0}
[INFO] [stdout]                                at /rustc/e3feeb59cd1bdd011a2bfcc0747b55125d9b8527/library/std/src/thread/lifecycle.rs:70:13
[INFO] [stdout]   39:     0x607d42a0c622 - <core[a373ad73a504971]::panic::unwind_safe::AssertUnwindSafe<std[617be2ca0a6fd877]::thread::lifecycle::spawn_unchecked<test[aada8e7e76ba119b]::run_test::{closure#1}, ()>::{closure#1}::{closure#0}> as core[a373ad73a504971]::ops::function::FnOnce<()>>::call_once
[INFO] [stdout]                                at /rustc/e3feeb59cd1bdd011a2bfcc0747b55125d9b8527/library/core/src/panic/unwind_safe.rs:275:9
[INFO] [stdout]   40:     0x607d42a0c622 - std[617be2ca0a6fd877]::panicking::catch_unwind::do_call::<core[a373ad73a504971]::panic::unwind_safe::AssertUnwindSafe<std[617be2ca0a6fd877]::thread::lifecycle::spawn_unchecked<test[aada8e7e76ba119b]::run_test::{closure#1}, ()>::{closure#1}::{closure#0}>, ()>
[INFO] [stdout]                                at /rustc/e3feeb59cd1bdd011a2bfcc0747b55125d9b8527/library/std/src/panicking.rs:573:43
[INFO] [stdout]   41:     0x607d42a0c622 - std[617be2ca0a6fd877]::panicking::catch_unwind::<(), core[a373ad73a504971]::panic::unwind_safe::AssertUnwindSafe<std[617be2ca0a6fd877]::thread::lifecycle::spawn_unchecked<test[aada8e7e76ba119b]::run_test::{closure#1}, ()>::{closure#1}::{closure#0}>>
[INFO] [stdout]                                at /rustc/e3feeb59cd1bdd011a2bfcc0747b55125d9b8527/library/std/src/panicking.rs:541:19
[INFO] [stdout]   42:     0x607d42a0c622 - std[617be2ca0a6fd877]::panic::catch_unwind::<core[a373ad73a504971]::panic::unwind_safe::AssertUnwindSafe<std[617be2ca0a6fd877]::thread::lifecycle::spawn_unchecked<test[aada8e7e76ba119b]::run_test::{closure#1}, ()>::{closure#1}::{closure#0}>, ()>
[INFO] [stdout]                                at /rustc/e3feeb59cd1bdd011a2bfcc0747b55125d9b8527/library/std/src/panic.rs:359:14
[INFO] [stdout]   43:     0x607d42a0c622 - std[617be2ca0a6fd877]::thread::lifecycle::spawn_unchecked::<test[aada8e7e76ba119b]::run_test::{closure#1}, ()>::{closure#1}
[INFO] [stdout]                                at /rustc/e3feeb59cd1bdd011a2bfcc0747b55125d9b8527/library/std/src/thread/lifecycle.rs:68:26
[INFO] [stdout]   44:     0x607d42a0c622 - <std[617be2ca0a6fd877]::thread::lifecycle::spawn_unchecked<test[aada8e7e76ba119b]::run_test::{closure#1}, ()>::{closure#1} as core[a373ad73a504971]::ops::function::FnOnce<()>>::call_once::{shim:vtable#0}
[INFO] [stdout]                                at /rustc/e3feeb59cd1bdd011a2bfcc0747b55125d9b8527/library/core/src/ops/function.rs:250:5
[INFO] [stdout]   45:     0x607d42ac3e9f - <alloc[2e1b2a31b91974c5]::boxed::Box<dyn core[a373ad73a504971]::ops::function::FnOnce<(), Output = ()> + core[a373ad73a504971]::marker::Send> as core[a373ad73a504971]::ops::function::FnOnce<()>>::call_once
[INFO] [stdout]                                at /rustc/e3feeb59cd1bdd011a2bfcc0747b55125d9b8527/library/alloc/src/boxed.rs:2314:9
[INFO] [stdout]   46:     0x607d42ac3e9f - <std[617be2ca0a6fd877]::sys::thread::unix::Thread>::new::thread_start
[INFO] [stdout]                                at /rustc/e3feeb59cd1bdd011a2bfcc0747b55125d9b8527/library/std/src/sys/thread/unix.rs:127:17
[INFO] [stdout]   47:     0x7c3a1d252dfa - <unknown>
[INFO] [stdout]   48:     0x7c3a1d2e63d4 - clone
[INFO] [stdout]   49:                0x0 - <unknown>
[INFO] [stdout] 
[INFO] [stdout] 
[INFO] [stdout] failures:
[INFO] [stdout]     input_file_permission_denied_error
[INFO] [stdout]     permission_denied_error
[INFO] [stdout] 
[INFO] [stdout] test result: FAILED. 3 passed; 2 failed; 0 ignored; 0 measured; 0 filtered out; finished in 0.04s
[INFO] [stdout] 
[INFO] [stderr] error: test failed, to rerun pass `--test error_integration`
[INFO] running `Command { std: "docker" "inspect" "fba2b5b9246ebb0cb6b08f5f697e9823f63661529540c3d16fe5e17231d536db", kill_on_drop: false }`
[INFO] running `Command { std: "docker" "rm" "-f" "fba2b5b9246ebb0cb6b08f5f697e9823f63661529540c3d16fe5e17231d536db", kill_on_drop: false }`
[INFO] [stdout] fba2b5b9246ebb0cb6b08f5f697e9823f63661529540c3d16fe5e17231d536db
