[INFO] fetching crate word-ooxml 1.0.0...
[INFO] testing word-ooxml-1.0.0 against 1.99.0-beta.8 for beta-1.100-2
[INFO] extracting crate word-ooxml 1.0.0 into /workspace/builds/worker-1-tc1/source
[INFO] started tweaking crates.io crate word-ooxml 1.0.0
[INFO] removed 0 missing tests
[INFO] finished tweaking crates.io crate word-ooxml 1.0.0
[INFO] tweaked toml for crates.io crate word-ooxml 1.0.0 written to /workspace/builds/worker-1-tc1/source/Cargo.toml
[INFO] validating manifest of crates.io crate word-ooxml 1.0.0 on toolchain 1.99.0-beta.8
[INFO] running `Command { std: CARGO_HOME="/workspace/cargo-home" RUSTUP_HOME="/workspace/rustup-home" "/workspace/cargo-home/bin/cargo" "+1.99.0-beta.8" "metadata" "--manifest-path" "Cargo.toml" "--no-deps", kill_on_drop: false }`
[INFO] crate crates.io crate word-ooxml 1.0.0 already has a lockfile, it will not be regenerated
[INFO] running `Command { std: CARGO_HOME="/workspace/cargo-home" RUSTUP_HOME="/workspace/rustup-home" "/workspace/cargo-home/bin/cargo" "+1.99.0-beta.8" "fetch" "--manifest-path" "Cargo.toml", kill_on_drop: false }`
[INFO] [stderr]     Updating crates.io index
[INFO] [stderr]  Downloading crates ...
[INFO] [stderr]   Downloaded xml-core v1.0.0
[INFO] [stderr]   Downloaded cc v1.2.67
[INFO] [stderr]   Downloaded opc-ooxml v1.0.0
[INFO] [stderr]   Downloaded hybrid-array v0.4.13
[INFO] [stderr]   Downloaded drawingml v1.0.0
[INFO] [stderr]   Downloaded chart v1.0.0
[INFO] [stderr]   Downloaded time_compute v1.0.0
[INFO] [stderr]   Downloaded zlib-rs v0.6.6
[INFO] [stderr]   Downloaded lzma-rust2 v0.16.5
[INFO] [stderr]   Downloaded astro v2.0.0
[INFO] running `Command { std: "docker" "create" "-v" "/var/lib/crater-agent-workspace/builds/worker-1-tc1/source:/opt/rustwide/workdir:ro,Z" "-v" "/var/lib/crater-agent-workspace/builds/worker-1-tc1/target:/opt/rustwide/target:rw,Z" "-v" "/var/lib/crater-agent-workspace/cargo-home:/opt/rustwide/cargo-home:ro,Z" "-v" "/var/lib/crater-agent-workspace/rustup-home:/opt/rustwide/rustup-home:ro,Z" "-m" "1610612736" "--network" "none" "ghcr.io/rust-lang/crates-build-env/linux@sha256:3111399a4047eeb3a02b7a90e478d715f38a8c6669b5c4b49d30a17385265909" "sleep" "infinity", kill_on_drop: false }`
[INFO] [stdout] 1abe9d5db94b13e8857b1360949222472a9fded8d92903c0a0beaa0df655535f
[INFO] running `Command { std: "docker" "start" "1abe9d5db94b13e8857b1360949222472a9fded8d92903c0a0beaa0df655535f", kill_on_drop: false }`
[INFO] running `Command { std: "docker" "inspect" "1abe9d5db94b13e8857b1360949222472a9fded8d92903c0a0beaa0df655535f", kill_on_drop: false }`
[INFO] running `Command { std: "docker" "exec" "-e" "SOURCE_DIR=/opt/rustwide/workdir" "-e" "CARGO_HOME=/opt/rustwide/cargo-home" "-e" "RUSTUP_HOME=/opt/rustwide/rustup-home" "-e" "CARGO_TARGET_DIR=/opt/rustwide/target" "-w" "/opt/rustwide/workdir" "--user" "0:0" "1abe9d5db94b13e8857b1360949222472a9fded8d92903c0a0beaa0df655535f" "/opt/rustwide/cargo-home/bin/cargo" "+1.99.0-beta.8" "metadata" "--no-deps" "--format-version=1", kill_on_drop: false }`
[INFO] running `Command { std: "docker" "inspect" "1abe9d5db94b13e8857b1360949222472a9fded8d92903c0a0beaa0df655535f", kill_on_drop: false }`
[INFO] running `Command { std: "docker" "exec" "-e" "SOURCE_DIR=/opt/rustwide/workdir" "-e" "CARGO_HOME=/opt/rustwide/cargo-home" "-e" "RUSTUP_HOME=/opt/rustwide/rustup-home" "-e" "CARGO_TARGET_DIR=/opt/rustwide/target" "-e" "CARGO_INCREMENTAL=0" "-e" "RUST_BACKTRACE=full" "-e" "RUSTFLAGS=--cap-lints=warn" "-e" "RUSTDOCFLAGS=--cap-lints=warn" "-w" "/opt/rustwide/workdir" "--user" "0:0" "1abe9d5db94b13e8857b1360949222472a9fded8d92903c0a0beaa0df655535f" "/opt/rustwide/cargo-home/bin/cargo" "+1.99.0-beta.8" "build" "--frozen" "--message-format=json", kill_on_drop: false }`
[INFO] [stderr]    Compiling typenum v1.20.1
[INFO] [stderr]    Compiling libc v0.2.186
[INFO] [stderr]    Compiling zstd-safe v7.2.4
[INFO] [stderr]    Compiling quick-xml v0.41.0
[INFO] [stderr]    Compiling tz-rs v0.7.3
[INFO] [stderr]    Compiling getrandom v0.4.3
[INFO] [stderr]    Compiling cpubits v0.1.1
[INFO] [stderr]    Compiling log v0.4.33
[INFO] [stderr]    Compiling bumpalo v3.20.3
[INFO] [stderr]    Compiling libbz2-rs-sys v0.2.5
[INFO] [stderr]    Compiling simd-adler32 v0.3.10
[INFO] [stderr]    Compiling zlib-rs v0.6.6
[INFO] [stderr]    Compiling time v0.3.53
[INFO] [stderr]    Compiling syn v2.0.119
[INFO] [stderr]    Compiling ppmd-rust v1.4.0
[INFO] [stderr]    Compiling astro v2.0.0
[INFO] [stderr]    Compiling deflate64 v0.1.12
[INFO] [stderr]    Compiling typed-path v0.12.3
[INFO] [stderr]    Compiling constant_time_eq v0.4.2
[INFO] [stderr]    Compiling zopfli v0.8.3
[INFO] [stderr]    Compiling tzdb_data v0.2.5
[INFO] [stderr]    Compiling bzip2 v0.6.1
[INFO] [stderr]    Compiling jobserver v0.1.35
[INFO] [stderr]    Compiling hybrid-array v0.4.13
[INFO] [stderr]    Compiling cc v1.2.67
[INFO] [stderr]    Compiling crypto-common v0.2.2
[INFO] [stderr]    Compiling block-buffer v0.12.1
[INFO] [stderr]    Compiling inout v0.2.2
[INFO] [stderr]    Compiling thiserror-impl v2.0.18
[INFO] [stderr]    Compiling zstd-sys v2.0.16+zstd.1.5.7
[INFO] [stderr]    Compiling digest v0.11.3
[INFO] [stderr]    Compiling cipher v0.5.2
[INFO] [stderr]    Compiling tzdb v0.7.3
[INFO] [stderr]    Compiling hmac v0.13.0
[INFO] [stderr]    Compiling sha2 v0.11.0
[INFO] [stderr]    Compiling sha1 v0.11.0
[INFO] [stderr]    Compiling aes v0.9.1
[INFO] [stderr]    Compiling pbkdf2 v0.13.0
[INFO] [stderr]    Compiling thiserror v2.0.18
[INFO] [stderr]    Compiling xml-core v1.0.0
[INFO] [stderr]    Compiling lzma-rust2 v0.16.5
[INFO] [stderr]    Compiling drawingml v1.0.0
[INFO] [stderr]    Compiling time_compute v1.0.0
[INFO] [stderr]    Compiling chart v1.0.0
[INFO] [stderr]    Compiling flate2 v1.1.9
[INFO] [stderr]    Compiling zstd v0.13.3
[INFO] [stderr]    Compiling zip v8.6.0
[INFO] [stderr]    Compiling opc-ooxml v1.0.0
[INFO] [stderr]    Compiling word-ooxml v1.0.0 (/opt/rustwide/workdir)
[INFO] [stderr]     Finished `dev` profile [unoptimized + debuginfo] target(s) in 7.81s
[INFO] running `Command { std: "docker" "inspect" "1abe9d5db94b13e8857b1360949222472a9fded8d92903c0a0beaa0df655535f", kill_on_drop: false }`
[INFO] running `Command { std: "docker" "exec" "-e" "SOURCE_DIR=/opt/rustwide/workdir" "-e" "CARGO_HOME=/opt/rustwide/cargo-home" "-e" "RUSTUP_HOME=/opt/rustwide/rustup-home" "-e" "CARGO_TARGET_DIR=/opt/rustwide/target" "-e" "CARGO_INCREMENTAL=0" "-e" "RUST_BACKTRACE=full" "-e" "RUSTFLAGS=--cap-lints=warn" "-e" "RUSTDOCFLAGS=--cap-lints=warn" "-w" "/opt/rustwide/workdir" "--user" "0:0" "1abe9d5db94b13e8857b1360949222472a9fded8d92903c0a0beaa0df655535f" "/opt/rustwide/cargo-home/bin/cargo" "+1.99.0-beta.8" "test" "--frozen" "--no-run" "--message-format=json", kill_on_drop: false }`
[INFO] [stderr]    Compiling word-ooxml v1.0.0 (/opt/rustwide/workdir)
[INFO] [stderr]     Finished `test` profile [unoptimized + debuginfo] target(s) in 2.20s
[INFO] running `Command { std: "docker" "inspect" "1abe9d5db94b13e8857b1360949222472a9fded8d92903c0a0beaa0df655535f", kill_on_drop: false }`
[INFO] running `Command { std: "docker" "exec" "-e" "SOURCE_DIR=/opt/rustwide/workdir" "-e" "CARGO_HOME=/opt/rustwide/cargo-home" "-e" "RUSTUP_HOME=/opt/rustwide/rustup-home" "-e" "CARGO_TARGET_DIR=/opt/rustwide/target" "-e" "CARGO_INCREMENTAL=0" "-e" "RUST_BACKTRACE=full" "-e" "RUSTFLAGS=--cap-lints=warn" "-e" "RUSTDOCFLAGS=--cap-lints=warn" "-w" "/opt/rustwide/workdir" "--user" "0:0" "1abe9d5db94b13e8857b1360949222472a9fded8d92903c0a0beaa0df655535f" "/opt/rustwide/cargo-home/bin/cargo" "+1.99.0-beta.8" "test" "--frozen", kill_on_drop: false }`
[INFO] [stderr]     Finished `test` profile [unoptimized + debuginfo] target(s) in 0.05s
[INFO] [stderr]      Running unittests src/lib.rs (/opt/rustwide/target/debug/deps/word_ooxml-13adefc5e01f883d)
[INFO] [stdout] 
[INFO] [stdout] running 228 tests
[INFO] [stdout] test reader::tests::a_comment_with_no_id_is_skipped ... ok
[INFO] [stdout] test reader::tests::a_document_without_a_comments_relationship_has_none ... ok
[INFO] [stdout] test reader::tests::a_cell_with_no_tcpr_has_no_merge_properties ... ok
[INFO] [stdout] test reader::tests::a_baseline_vert_align_value_is_not_set ... ok
[INFO] [stdout] test reader::tests::a_document_without_a_numbering_relationship_has_no_numbering_definitions ... ok
[INFO] [stdout] test reader::tests::a_document_without_a_footnotes_or_endnotes_relationship_has_none ... ok
[INFO] [stdout] test reader::tests::a_hyperlink_id_with_no_matching_relationship_is_dropped_but_its_run_is_kept ... ok
[INFO] [stdout] test reader::tests::a_drawing_with_no_blip_yields_no_image_run ... ok
[INFO] [stdout] test reader::tests::a_nested_structured_document_tag_parses_correctly ... ok
[INFO] [stdout] test reader::tests::a_document_without_a_styles_relationship_has_no_styles ... ok
[INFO] [stdout] test reader::tests::a_missing_pgsz_keeps_the_default_page_setup ... ok
[INFO] [stdout] test reader::tests::a_num_referencing_an_undeclared_abstractnum_gets_empty_levels ... ok
[INFO] [stdout] test reader::tests::a_page_number_field_can_carry_a_run_style ... ok
[INFO] [stdout] test reader::tests::a_paragraph_without_numpr_has_no_numbering ... ok
[INFO] [stdout] test reader::tests::a_row_with_no_trpr_has_default_row_properties ... ok
[INFO] [stdout] test reader::tests::a_run_outside_any_hyperlink_has_no_hyperlink ... ok
[INFO] [stdout] test reader::tests::a_self_closed_field_with_no_inner_run_is_parsed ... ok
[INFO] [stdout] test reader::tests::a_settings_xml_with_no_documentprotection_parses_protection_as_none ... ok
[INFO] [stdout] test reader::tests::a_settings_xml_with_no_trackrevisions_parses_as_false ... ok
[INFO] [stdout] test reader::tests::a_structured_document_tag_interleaved_with_paragraphs_keeps_reading_order ... ok
[INFO] [stdout] test reader::tests::a_structured_document_tag_with_no_sdtpr_has_no_properties ... ok
[INFO] [stdout] test reader::tests::a_sysclr_color_slot_uses_its_lastclr_fallback ... ok
[INFO] [stdout] test reader::tests::a_table_with_the_fixed_auto_border_color_leaves_border_color_unset ... ok
[INFO] [stdout] test reader::tests::a_u_element_with_val_none_is_not_underlined ... ok
[INFO] [stdout] test reader::tests::a_theme_with_no_font_scheme_keeps_the_default_fonts ... ok
[INFO] [stdout] test reader::tests::an_empty_core_properties_element_parses_as_all_none ... ok
[INFO] [stdout] test reader::tests::an_unrecognized_documentprotection_edit_value_parses_as_none ... ok
[INFO] [stdout] test reader::tests::an_unrecognized_highlight_value_is_not_set ... ok
[INFO] [stdout] test reader::tests::an_unrecognized_style_type_is_skipped_without_disturbing_the_next_style ... ok
[INFO] [stdout] test reader::tests::an_explicit_trackrevisions_val_false_parses_as_false ... ok
[INFO] [stdout] test reader::tests::an_unsupported_field_instruction_is_silently_dropped ... ok
[INFO] [stdout] test reader::tests::captures_the_default_header_and_footer_relationship_ids_from_sectpr ... ok
[INFO] [stdout] test reader::tests::captures_first_and_even_header_footer_reference_ids_separately ... ok
[INFO] [stdout] test reader::tests::multiple_runs_inside_one_hyperlink_all_get_the_same_target ... ok
[INFO] [stdout] test reader::tests::no_header_or_footer_reference_yields_none ... ok
[INFO] [stdout] test reader::tests::numid_and_abstractnumid_can_differ_like_in_a_real_word_document ... ok
[INFO] [stdout] test reader::tests::cell_borders_and_margins_do_not_leak_into_the_table_level_border_color ... ok
[INFO] [stdout] test reader::tests::paragraph_and_run_level_shading_and_spacing_do_not_collide ... ok
[INFO] [stdout] test reader::tests::overlapping_comment_ranges_parse_back_into_each_run_s_own_id_set ... ok
[INFO] [stdout] test reader::tests::paragraphs_and_tables_are_kept_in_reading_order ... ok
[INFO] [stdout] test reader::tests::parses_a_cell_border_shading_valign_margins_and_text_direction ... ok
[INFO] [stdout] test reader::tests::parses_a_bookmark_range_into_the_covered_run_s_bookmarks ... ok
[INFO] [stdout] test reader::tests::parses_a_character_style_referenced_by_rstyle ... ok
[INFO] [stdout] test reader::tests::overlapping_bookmarks_parse_back_into_each_run_s_own_set ... ok
[INFO] [stdout] test reader::tests::parses_a_comment_range_into_the_covered_run_s_comment_ids ... ok
[INFO] [stdout] test reader::tests::parses_a_custom_table_border_color ... ok
[INFO] [stdout] test reader::tests::paragraphs_without_jc_have_no_alignment ... ok
[INFO] [stdout] test reader::tests::parses_a_page_number_field ... ok
[INFO] [stdout] test reader::tests::parses_a_horizontal_cell_merge ... ok
[INFO] [stdout] test reader::tests::parses_a_footnote_reference_run_into_a_run_content_variant ... ok
[INFO] [stdout] test reader::tests::parses_a_paragraph_with_multiple_runs ... ok
[INFO] [stdout] test reader::tests::parses_a_nested_table_inside_a_cell ... ok
[INFO] [stdout] test reader::tests::parses_a_paragraph_border ... ok
[INFO] [stdout] test reader::tests::parses_a_paragraph_style_with_spacing_shading_and_border ... ok
[INFO] [stdout] test reader::tests::parses_a_structured_document_tag_with_its_properties_and_content ... ok
[INFO] [stdout] test reader::tests::parses_a_style_with_a_double_underline_and_color ... ok
[INFO] [stdout] test reader::tests::parses_a_style_with_a_highlight ... ok
[INFO] [stdout] test reader::tests::parses_a_highlighted_run ... ok
[INFO] [stdout] test reader::tests::parses_a_paragraph_shading_color ... ok
[INFO] [stdout] test reader::tests::parses_a_paragraph_style_referenced_by_pstyle ... ok
[INFO] [stdout] test reader::tests::parses_a_shading_color ... ok
[INFO] [stdout] test reader::tests::parses_a_style_with_small_caps_shading_border_spacing_and_hidden ... ok
[INFO] [stdout] test reader::tests::parses_a_paragraph_style_with_keep_settings_tabs_and_contextual_spacing ... ok
[INFO] [stdout] test reader::tests::parses_a_style_with_strike_and_subscript ... ok
[INFO] [stdout] test reader::tests::parses_a_superscript_run ... ok
[INFO] [stdout] test reader::tests::parses_a_text_border ... ok
[INFO] [stdout] test reader::tests::parses_a_style_with_color_size_and_font_family ... ok
[INFO] [stdout] test reader::tests::parses_a_table_of_text_cells ... ok
[INFO] [stdout] test reader::tests::parses_a_total_pages_field_and_does_not_confuse_it_with_page ... ok
[INFO] [stdout] test reader::tests::parses_a_theme_with_colors_and_fonts ... ok
[INFO] [stdout] test reader::tests::parses_an_a3_page_size_distinct_from_the_default_a4 ... ok
[INFO] [stdout] test reader::tests::parses_a_paragraphs_numpr_into_numbering_id_and_level ... ok
[INFO] [stdout] test reader::tests::parses_an_endnote_reference_run ... ok
[INFO] [stdout] test reader::tests::parses_an_internal_hyperlink_from_its_anchor_attribute ... ok
[INFO] [stdout] test reader::tests::parses_bold_italic_and_underline_run_properties ... ok
[INFO] [stdout] test reader::tests::parses_a_vertical_cell_merge ... ok
[INFO] [stdout] test reader::tests::parses_character_spacing_and_vertical_position ... ok
[INFO] [stdout] test reader::tests::parses_a_wave_underline_and_color ... ok
[INFO] [stdout] test reader::tests::parses_color_size_and_font_family_run_properties ... ok
[INFO] [stdout] test reader::tests::parses_a_struck_through_run ... ok
[INFO] [stdout] test reader::tests::parses_comments_xml_into_comments_with_author_date_initials_and_blocks ... ok
[INFO] [stdout] test reader::tests::parses_core_properties_xml_into_documentproperties ... ok
[INFO] [stdout] test reader::tests::parses_documentprotection_edit_value_into_protectionkind ... ok
[INFO] [stdout] test reader::tests::parses_hidden_text ... ok
[INFO] [stdout] test reader::tests::parses_gridcol_widths_into_column_widths ... ok
[INFO] [stdout] test reader::tests::parses_keep_next_keep_lines_page_break_before_and_contextual_spacing ... ok
[INFO] [stdout] test reader::tests::parses_notes_xml_into_notes_with_their_blocks ... ok
[INFO] [stdout] test reader::tests::parses_numbering_xml_resolving_num_through_its_abstractnum ... ok
[INFO] [stdout] test reader::tests::parses_page_and_column_breaks_and_a_carriage_return ... ok
[INFO] [stdout] test reader::tests::parses_paragraph_line_spacing_and_before_after ... ok
[INFO] [stdout] test reader::tests::parses_page_size_margins_and_columns_from_sectpr ... ok
[INFO] [stdout] test reader::tests::parses_custom_tab_stops_in_order ... ok
[INFO] [stdout] test reader::tests::parses_paragraph_alignment ... ok
[INFO] [stdout] test reader::tests::parses_row_repeat_as_header_height_and_cant_split ... ok
[INFO] [stdout] test reader::tests::parses_paragraphs_and_runs ... ok
[INFO] [stdout] test reader::tests::parses_trackrevisions_from_settings_xml ... ok
[INFO] [stdout] test reader::tests::parses_styles_xml_into_paragraph_and_character_styles ... ok
[INFO] [stdout] test reader::tests::parses_table_style_alignment_and_indent ... ok
[INFO] [stdout] test reader::tests::skips_separator_and_continuation_separator_notes ... ok
[INFO] [stdout] test reader::tests::parses_small_caps_and_all_caps ... ok
[INFO] [stdout] test reader::tests::resolves_an_external_hyperlink_via_its_relationship ... ok
[INFO] [stdout] test reader::tests::style_paragraph_and_run_level_shading_and_spacing_do_not_collide ... ok
[INFO] [stdout] test reader::tests::unescapes_xml_special_characters_from_hand_written_xml ... ok
[INFO] [stdout] test reader::tests::resolves_an_inline_image_via_its_relationship ... ok
[INFO] [stdout] test writer::tests::a_character_style_ignores_keep_settings_tabs_and_contextual_spacing ... ok
[INFO] [stdout] test writer::tests::a_character_style_ignores_paragraph_level_spacing_shading_and_border ... ok
[INFO] [stdout] test writer::tests::a_cell_ending_in_a_paragraph_after_a_nested_table_gets_no_extra_trailing_paragraph ... ok
[INFO] [stdout] test writer::tests::a_bookmark_left_open_at_the_paragraph_s_end_still_closes ... ok
[INFO] [stdout] test writer::tests::a_comment_range_left_open_at_the_paragraph_s_end_still_closes ... ok
[INFO] [stdout] test writer::tests::a_document_with_a_structured_document_tag_interleaved_with_paragraphs_writes_all_blocks ... ok
[INFO] [stdout] test writer::tests::a_hyperlinked_run_still_carries_its_own_formatting ... ok
[INFO] [stdout] test writer::tests::a_run_marked_with_a_comment_id_gets_a_range_start_end_and_reference ... ok
[INFO] [stdout] test writer::tests::a_document_with_no_explicit_page_setup_matches_the_old_fixed_a4_values ... ok
[INFO] [stdout] test writer::tests::a_row_with_no_special_properties_omits_trpr ... ok
[INFO] [stdout] test writer::tests::a_run_marked_with_a_bookmark_gets_a_start_and_end_pair ... ok
[INFO] [stdout] test writer::tests::a_structured_document_tag_with_no_properties_omits_sdtpr ... ok
[INFO] [stdout] test writer::tests::a_table_with_no_alignment_indent_or_style_omits_them ... ok
[INFO] [stdout] test writer::tests::a_nested_structured_document_tag_writes_correctly ... ok
[INFO] [stdout] test writer::tests::bullet_and_decimal_convenience_definitions_have_three_levels ... ok
[INFO] [stdout] test writer::tests::an_internal_hyperlink_can_point_to_a_real_bookmark_written_elsewhere ... ok
[INFO] [stdout] test writer::tests::a_table_with_no_border_color_keeps_the_fixed_auto_color ... ok
[INFO] [stdout] test writer::tests::combines_color_size_font_and_bold_italic_underline_in_one_run ... ok
[INFO] [stdout] test writer::tests::column_widths_shorter_than_the_real_column_count_fall_back_to_the_default_width ... ok
[INFO] [stdout] test writer::tests::a_table_with_no_column_widths_keeps_auto_layout ... ok
[INFO] [stdout] test writer::tests::combines_strike_and_vertical_align_with_highlight_color_size_font_and_bold_italic_underline ... ok
[INFO] [stdout] test writer::tests::combines_highlight_with_color_size_font_and_bold_italic_underline ... ok
[INFO] [stdout] test writer::tests::consecutive_runs_sharing_a_bookmark_get_a_single_start_end_pair ... ok
[INFO] [stdout] test writer::tests::marks_runs_with_significant_whitespace_as_preserved ... ok
[INFO] [stdout] test writer::tests::omits_titlepg_and_evenandoddheaders_when_only_the_default_header_is_set ... ok
[INFO] [stdout] test writer::tests::consecutive_runs_sharing_a_comment_id_get_a_single_start_end_pair ... ok
[INFO] [stdout] test writer::tests::escapes_xml_special_characters_in_written_text ... ok
[INFO] [stdout] test writer::tests::footnote_and_endnote_with_text_convenience_builds_marker_space_and_text ... ok
[INFO] [stdout] test writer::tests::overlapping_comment_ranges_each_get_their_own_start_end_pair ... ok
[INFO] [stdout] test writer::tests::overlapping_bookmarks_each_get_their_own_start_end_pair ... ok
[INFO] [stdout] test writer::tests::plain_runs_have_no_run_properties_element ... ok
[INFO] [stdout] test writer::tests::tblgrid_column_count_accounts_for_horizontal_span ... ok
[INFO] [stdout] test writer::tests::two_runs_with_the_same_url_each_get_their_own_relationship ... ok
[INFO] [stdout] test writer::tests::a_document_with_no_theme_does_not_write_that_part ... ok
[INFO] [stdout] test writer::tests::a_document_with_no_styles_does_not_write_a_styles_part ... ok
[INFO] [stdout] test writer::tests::a_document_with_no_properties_set_writes_an_empty_coreproperties_element ... ok
[INFO] [stdout] test writer::tests::a_document_with_track_changes_unset_omits_trackrevisions ... ok
[INFO] [stdout] test writer::tests::a_document_with_no_footnotes_or_endnotes_does_not_write_those_parts ... ok
[INFO] [stdout] test writer::tests::a_document_with_no_comments_does_not_write_that_part ... ok
[INFO] [stdout] test writer::tests::a_document_with_no_protection_set_omits_documentprotection ... ok
[INFO] [stdout] test writer::tests::a_document_with_no_numbering_definitions_does_not_write_a_numbering_part ... ok
[INFO] [stdout] test writer::tests::a_document_with_no_extended_properties_set_only_writes_application ... ok
[INFO] [stdout] test writer::tests::write_to_uses_a_configurable_landscape_page_setup_with_columns ... ok
[INFO] [stdout] test writer::tests::write_to_writes_an_a3_page_size_distinct_from_the_default_a4 ... ok
[INFO] [stdout] test writer::tests::a_document_with_no_custom_properties_omits_the_custom_properties_part ... ok
[INFO] [stdout] test writer::tests::writes_a_cell_border ... ok
[INFO] [stdout] test writer::tests::writes_a_cell_text_direction ... ok
[INFO] [stdout] test writer::tests::writes_a_cell_vertical_alignment ... ok
[INFO] [stdout] test writer::tests::writes_a_cell_shading_color ... ok
[INFO] [stdout] test writer::tests::writes_a_custom_table_border_color ... ok
[INFO] [stdout] test writer::tests::writes_a_highlighted_run ... ok
[INFO] [stdout] test writer::tests::writes_a_horizontal_cell_merge ... ok
[INFO] [stdout] test writer::tests::writes_a_page_number_field_as_fldsimple_not_a_run ... ok
[INFO] [stdout] test writer::tests::writes_a_nested_table_inside_a_cell_followed_by_a_trailing_paragraph ... ok
[INFO] [stdout] test writer::tests::writes_a_paragraph_shading_color ... ok
[INFO] [stdout] test writer::tests::writes_a_paragraph_border_on_all_four_sides ... ok
[INFO] [stdout] test writer::tests::writes_a_paragraph_style_with_spacing_shading_and_border ... ok
[INFO] [stdout] test writer::tests::writes_a_shading_color ... ok
[INFO] [stdout] test writer::tests::writes_a_structured_document_tag_with_its_properties_and_content ... ok
[INFO] [stdout] test writer::tests::writes_a_note_reference_run_with_its_id_and_reference_style ... ok
[INFO] [stdout] test writer::tests::writes_a_style_with_a_double_underline_and_color ... ok
[INFO] [stdout] test writer::tests::writes_a_struck_through_run ... ok
[INFO] [stdout] test writer::tests::writes_a_style_with_a_highlight ... ok
[INFO] [stdout] test writer::tests::writes_a_style_with_color_size_and_font_family ... ok
[INFO] [stdout] test writer::tests::writes_a_style_with_small_caps_shading_border_spacing_and_hidden ... ok
[INFO] [stdout] test writer::tests::writes_a_subscript_run ... ok
[INFO] [stdout] test writer::tests::writes_a_superscript_run ... ok
[INFO] [stdout] test writer::tests::writes_a_style_with_strike_and_subscript ... ok
[INFO] [stdout] test writer::tests::writes_a_paragraph_style_with_keep_settings_tabs_and_contextual_spacing ... ok
[INFO] [stdout] test writer::tests::writes_a_vertical_cell_merge ... ok
[INFO] [stdout] test writer::tests::writes_a_table_with_tblpr_before_tblgrid_before_rows ... ok
[INFO] [stdout] test writer::tests::writes_a_repeating_header_row ... ok
[INFO] [stdout] test writer::tests::writes_a_text_border ... ok
[INFO] [stdout] test writer::tests::settings_xml_never_sets_update_fields_even_with_a_field_present ... ok
[INFO] [stdout] test writer::tests::writes_an_endnote_reference_with_the_endnote_element_and_style ... ok
[INFO] [stdout] test writer::tests::write_to_declares_a_numbering_relationship_when_definitions_are_present ... ok
[INFO] [stdout] test writer::tests::writes_a_row_height_with_at_least_rule ... ok
[INFO] [stdout] test writer::tests::writes_an_internal_hyperlink_as_an_anchor_with_no_relationship ... ok
[INFO] [stdout] test writer::tests::writes_an_underline_color ... ok
[INFO] [stdout] test writer::tests::writes_an_empty_paragraph_for_an_empty_table_cell ... ok
[INFO] [stdout] test writer::tests::writes_cant_split_before_tr_height_before_tbl_header ... ok
[INFO] [stdout] test writer::tests::writes_a_wave_underline ... ok
[INFO] [stdout] test writer::tests::writes_cell_margins_in_tcmar_order ... ok
[INFO] [stdout] test writer::tests::write_to_declares_a_comments_relationship_when_comments_are_present ... ok
[INFO] [stdout] test writer::tests::writes_an_external_hyperlink_wrapping_a_run_not_wrapped_in_it ... ok
[INFO] [stdout] test writer::tests::writes_bold_italic_and_underline_run_properties ... ok
[INFO] [stdout] test writer::tests::writes_an_inline_image_and_registers_it_starting_after_settings ... ok
[INFO] [stdout] test writer::tests::writes_an_endnote_marker_with_the_endnote_ref_element ... ok
[INFO] [stdout] test writer::tests::writes_character_spacing_and_vertical_position ... ok
[INFO] [stdout] test writer::tests::writes_comments_xml_with_author_date_and_initials ... ok
[INFO] [stdout] test writer::tests::write_to_produces_header1_and_footer1_parts_with_relationships ... ok
[INFO] [stdout] test writer::tests::write_to_declares_footnote_and_endnote_relationships_when_notes_are_present ... ok
[INFO] [stdout] test writer::tests::write_to_declares_a_theme_relationship_when_a_theme_is_present ... ok
[INFO] [stdout] test writer::tests::writes_custom_tab_stops_in_the_order_they_were_added ... ok
[INFO] [stdout] test writer::tests::writes_explicit_column_widths_and_a_fixed_layout ... ok
[INFO] [stdout] test writer::tests::writes_color_size_and_font_family_run_properties ... ok
[INFO] [stdout] test writer::tests::writes_footnotes_xml_with_one_footnote_element_per_note ... ok
[INFO] [stdout] test writer::tests::writes_hidden_text ... ok
[INFO] [stdout] test writer::tests::writes_keep_next_keep_lines_page_break_before_and_contextual_spacing ... ok
[INFO] [stdout] test writer::tests::writes_gridspan_before_vmerge_in_tcpr ... ok
[INFO] [stdout] test writer::tests::writes_header_and_footer_content_as_hdr_and_ftr_parts ... ok
[INFO] [stdout] test writer::tests::writes_header_and_footer_references_before_pgsz ... ok
[INFO] [stdout] test writer::tests::write_to_declares_a_styles_relationship_when_styles_are_present ... ok
[INFO] [stdout] test writer::tests::writes_numbering_xml_with_one_abstractnum_and_num_per_definition ... ok
[INFO] [stdout] test writer::tests::writes_page_and_column_breaks_and_a_carriage_return_in_runs ... ok
[INFO] [stdout] test writer::tests::writes_paragraph_alignment_before_its_runs ... ok
[INFO] [stdout] test writer::tests::writes_paragraph_line_spacing_and_before_after ... ok
[INFO] [stdout] test writer::tests::writes_paragraphs_and_runs ... ok
[INFO] [stdout] test writer::tests::writes_pbdr_before_shd_before_spacing_before_jc ... ok
[INFO] [stdout] test writer::tests::writes_pstyle_before_jc_and_rstyle_in_rpr ... ok
[INFO] [stdout] test writer::tests::writes_pstyle_before_numpr_before_jc_in_ppr ... ok
[INFO] [stdout] test writer::tests::writes_styles_xml_with_name_based_on_ppr_then_rpr_in_order ... ok
[INFO] [stdout] test writer::tests::writes_small_caps_and_all_caps ... ok
[INFO] [stdout] test writer::tests::writes_tblstyle_before_tblw_and_jc_and_tblind_after_it ... ok
[INFO] [stdout] test writer::tests::writes_tcpr_children_in_ct_tcpr_sequence_order ... ok
[INFO] [stdout] test writer::tests::writes_a_theme_part_with_colors_and_fonts ... ok
[INFO] [stdout] test writer::tests::writes_documentprotection_between_trackrevisions_and_evenandoddheaders ... ok
[INFO] [stdout] test writer::tests::writes_documentprotection_with_the_given_edit_value_and_enforcement ... ok
[INFO] [stdout] test writer::tests::writes_core_properties_with_every_field_set ... ok
[INFO] [stdout] test writer::tests::writes_company_and_manager_in_extended_properties_when_set ... ok
[INFO] [stdout] test writer::tests::writes_custom_properties_with_sequential_pids_and_the_right_variant_types ... ok
[INFO] [stdout] test writer::tests::writes_trackrevisions_when_track_changes_is_set ... ok
[INFO] [stdout] test writer::tests::writes_first_and_even_header_footer_references_titlepg_and_evenandoddheaders ... ok
[INFO] [stdout] test writer::tests::writes_trackrevisions_before_evenandoddheaders_when_both_are_set ... ok
[INFO] [stdout] 
[INFO] [stdout] test result: ok. 228 passed; 0 failed; 0 ignored; 0 measured; 0 filtered out; finished in 0.03s
[INFO] [stdout] 
[INFO] [stderr]      Running tests/real_docx.rs (/opt/rustwide/target/debug/deps/real_docx-1dc0043ffce9c90c)
[INFO] [stdout] 
[INFO] [stdout] running 1 test
[INFO] [stdout] test reads_the_paragraphs_of_a_real_document ... FAILED
[INFO] [stdout] 
[INFO] [stdout] failures:
[INFO] [stdout] 
[INFO] [stdout] ---- reads_the_paragraphs_of_a_real_document stdout ----
[INFO] [stdout] 
[INFO] [stdout] thread 'reads_the_paragraphs_of_a_real_document' (1135) panicked at tests/real_docx.rs:12:10:
[INFO] [stdout] tests-data/word/minimal.docx should exist at the workspace root: Os { code: 2, kind: NotFound, message: "No such file or directory" }
[INFO] [stdout] stack backtrace:
[INFO] [stdout]    0:     0x58c7be22b3d1 - std[70759c8f55707aa4]::backtrace_rs::backtrace::libunwind::trace
[INFO] [stdout]                                at /rustc/dfb0accb7f508ae8be965d8629557221c889dd98/library/std/src/../../backtrace/src/backtrace/libunwind.rs:117:9
[INFO] [stdout]    1:     0x58c7be22b3d1 - std[70759c8f55707aa4]::backtrace_rs::backtrace::trace_unsynchronized::<std[70759c8f55707aa4]::sys::backtrace::_print_fmt::{closure#1}>
[INFO] [stdout]                                at /rustc/dfb0accb7f508ae8be965d8629557221c889dd98/library/std/src/../../backtrace/src/backtrace/mod.rs:66:14
[INFO] [stdout]    2:     0x58c7be22b3d1 - std[70759c8f55707aa4]::sys::backtrace::_print_fmt
[INFO] [stdout]                                at /rustc/dfb0accb7f508ae8be965d8629557221c889dd98/library/std/src/sys/backtrace.rs:74:9
[INFO] [stdout]    3:     0x58c7be22b3d1 - <<std[70759c8f55707aa4]::sys::backtrace::BacktraceLock>::print::DisplayBacktrace as core[df12db4294e9bfd3]::fmt::Display>::fmt
[INFO] [stdout]                                at /rustc/dfb0accb7f508ae8be965d8629557221c889dd98/library/std/src/sys/backtrace.rs:44:26
[INFO] [stdout]    4:     0x58c7be24155a - <core[df12db4294e9bfd3]::fmt::rt::Argument>::fmt
[INFO] [stdout]                                at /rustc/dfb0accb7f508ae8be965d8629557221c889dd98/library/core/src/fmt/rt.rs:152:76
[INFO] [stdout]    5:     0x58c7be24155a - core[df12db4294e9bfd3]::fmt::write
[INFO] [stdout]    6:     0x58c7be22f95c - core[df12db4294e9bfd3]::io::write::default_write_fmt::<alloc[2182bb758b4b3781]::vec::Vec<u8>>
[INFO] [stdout]                                at /rustc/dfb0accb7f508ae8be965d8629557221c889dd98/library/core/src/io/write.rs:402:11
[INFO] [stdout]    7:     0x58c7be22f95c - <alloc[2182bb758b4b3781]::vec::Vec<u8> as core[df12db4294e9bfd3]::io::write::Write>::write_fmt
[INFO] [stdout]                                at /rustc/dfb0accb7f508ae8be965d8629557221c889dd98/library/core/src/io/write.rs:335:13
[INFO] [stdout]    8:     0x58c7be2079c6 - <std[70759c8f55707aa4]::sys::backtrace::BacktraceLock>::print
[INFO] [stdout]                                at /rustc/dfb0accb7f508ae8be965d8629557221c889dd98/library/std/src/sys/backtrace.rs:47:9
[INFO] [stdout]    9:     0x58c7be2079c6 - std[70759c8f55707aa4]::panicking::default_hook::{closure#0}
[INFO] [stdout]                                at /rustc/dfb0accb7f508ae8be965d8629557221c889dd98/library/std/src/panicking.rs:292:27
[INFO] [stdout]   10:     0x58c7be223b39 - std[70759c8f55707aa4]::panicking::default_hook
[INFO] [stdout]                                at /rustc/dfb0accb7f508ae8be965d8629557221c889dd98/library/std/src/panicking.rs:316:9
[INFO] [stdout]   11:     0x58c7bdf9bda0 - <alloc[2182bb758b4b3781]::boxed::Box<dyn for<'a, 'b> core[df12db4294e9bfd3]::ops::function::Fn<(&'a std[70759c8f55707aa4]::panic::PanicHookInfo<'b>,), Output = ()> + core[df12db4294e9bfd3]::marker::Send + core[df12db4294e9bfd3]::marker::Sync> as core[df12db4294e9bfd3]::ops::function::Fn<(&std[70759c8f55707aa4]::panic::PanicHookInfo,)>>::call
[INFO] [stdout]                                at /rustc/dfb0accb7f508ae8be965d8629557221c889dd98/library/alloc/src/boxed.rs:2334:9
[INFO] [stdout]   12:     0x58c7bdf9bda0 - test[9d35eded1c95d3be]::test_main_inner::<test[9d35eded1c95d3be]::test_main_static::{closure#0}>::{closure#0}
[INFO] [stdout]                                at /rustc/dfb0accb7f508ae8be965d8629557221c889dd98/library/test/src/lib.rs:155:21
[INFO] [stdout]   13:     0x58c7be223cf2 - <alloc[2182bb758b4b3781]::boxed::Box<dyn for<'a, 'b> core[df12db4294e9bfd3]::ops::function::Fn<(&'a std[70759c8f55707aa4]::panic::PanicHookInfo<'b>,), Output = ()> + core[df12db4294e9bfd3]::marker::Send + core[df12db4294e9bfd3]::marker::Sync> as core[df12db4294e9bfd3]::ops::function::Fn<(&std[70759c8f55707aa4]::panic::PanicHookInfo,)>>::call
[INFO] [stdout]                                at /rustc/dfb0accb7f508ae8be965d8629557221c889dd98/library/alloc/src/boxed.rs:2334:9
[INFO] [stdout]   14:     0x58c7be223cf2 - std[70759c8f55707aa4]::panicking::panic_with_hook
[INFO] [stdout]                                at /rustc/dfb0accb7f508ae8be965d8629557221c889dd98/library/std/src/panicking.rs:823:13
[INFO] [stdout]   15:     0x58c7be207a72 - std[70759c8f55707aa4]::panicking::panic_handler::{closure#0}
[INFO] [stdout]                                at /rustc/dfb0accb7f508ae8be965d8629557221c889dd98/library/std/src/panicking.rs:688:13
[INFO] [stdout]   16:     0x58c7be2007f9 - std[70759c8f55707aa4]::sys::backtrace::__rust_end_short_backtrace::<std[70759c8f55707aa4]::panicking::panic_handler::{closure#0}, !>
[INFO] [stdout]                                at /rustc/dfb0accb7f508ae8be965d8629557221c889dd98/library/std/src/sys/backtrace.rs:182:18
[INFO] [stdout]   17:     0x58c7be20866d - __rustc[8fa7c3cbc660c2b3]::rust_begin_unwind
[INFO] [stdout]                                at /rustc/dfb0accb7f508ae8be965d8629557221c889dd98/library/std/src/panicking.rs:679:5
[INFO] [stdout]   18:     0x58c7be241d4c - core[df12db4294e9bfd3]::panicking::panic_fmt
[INFO] [stdout]                                at /rustc/dfb0accb7f508ae8be965d8629557221c889dd98/library/core/src/panicking.rs:80:14
[INFO] [stdout]   19:     0x58c7be241aa2 - core[df12db4294e9bfd3]::result::unwrap_failed
[INFO] [stdout]                                at /rustc/dfb0accb7f508ae8be965d8629557221c889dd98/library/core/src/result.rs:1871:5
[INFO] [stdout]   20:     0x58c7bdf514de - <core[df12db4294e9bfd3]::result::Result<std[70759c8f55707aa4]::fs::File, core[df12db4294e9bfd3]::io::error::Error>>::expect
[INFO] [stdout]                                at /rustc/dfb0accb7f508ae8be965d8629557221c889dd98/library/core/src/result.rs:1184:23
[INFO] [stdout]   21:     0x58c7bdf6160f - real_docx[fead35107b576e3]::reads_the_paragraphs_of_a_real_document
[INFO] [stdout]                                at /opt/rustwide/workdir/tests/real_docx.rs:12:10
[INFO] [stdout]   22:     0x58c7bdf613d7 - real_docx[fead35107b576e3]::reads_the_paragraphs_of_a_real_document::{closure#0}
[INFO] [stdout]                                at /opt/rustwide/workdir/tests/real_docx.rs:10:45
[INFO] [stdout]   23:     0x58c7bdf8a716 - <real_docx[fead35107b576e3]::reads_the_paragraphs_of_a_real_document::{closure#0} as core[df12db4294e9bfd3]::ops::function::FnOnce<()>>::call_once
[INFO] [stdout]                                at /rustc/dfb0accb7f508ae8be965d8629557221c889dd98/library/core/src/ops/function.rs:250:5
[INFO] [stdout]   24:     0x58c7bdf8f08b - <fn() -> core[df12db4294e9bfd3]::result::Result<(), alloc[2182bb758b4b3781]::string::String> as core[df12db4294e9bfd3]::ops::function::FnOnce<()>>::call_once
[INFO] [stdout]                                at /rustc/dfb0accb7f508ae8be965d8629557221c889dd98/library/core/src/ops/function.rs:250:5
[INFO] [stdout]   25:     0x58c7bdf8f08b - test[9d35eded1c95d3be]::__rust_begin_short_backtrace::<core[df12db4294e9bfd3]::result::Result<(), alloc[2182bb758b4b3781]::string::String>, fn() -> core[df12db4294e9bfd3]::result::Result<(), alloc[2182bb758b4b3781]::string::String>>
[INFO] [stdout]                                at /rustc/dfb0accb7f508ae8be965d8629557221c889dd98/library/test/src/lib.rs:733:18
[INFO] [stdout]   26:     0x58c7bdf9c6f5 - test[9d35eded1c95d3be]::run_test_in_process::{closure#0}
[INFO] [stdout]                                at /rustc/dfb0accb7f508ae8be965d8629557221c889dd98/library/test/src/lib.rs:756:74
[INFO] [stdout]   27:     0x58c7bdf9c6f5 - <core[df12db4294e9bfd3]::panic::unwind_safe::AssertUnwindSafe<test[9d35eded1c95d3be]::run_test_in_process::{closure#0}> as core[df12db4294e9bfd3]::ops::function::FnOnce<()>>::call_once
[INFO] [stdout]                                at /rustc/dfb0accb7f508ae8be965d8629557221c889dd98/library/core/src/panic/unwind_safe.rs:275:9
[INFO] [stdout]   28:     0x58c7bdf9c6f5 - std[70759c8f55707aa4]::panicking::catch_unwind::do_call::<core[df12db4294e9bfd3]::panic::unwind_safe::AssertUnwindSafe<test[9d35eded1c95d3be]::run_test_in_process::{closure#0}>, core[df12db4294e9bfd3]::result::Result<(), alloc[2182bb758b4b3781]::string::String>>
[INFO] [stdout]                                at /rustc/dfb0accb7f508ae8be965d8629557221c889dd98/library/std/src/panicking.rs:576:43
[INFO] [stdout]   29:     0x58c7bdf9c6f5 - std[70759c8f55707aa4]::panicking::catch_unwind::<core[df12db4294e9bfd3]::result::Result<(), alloc[2182bb758b4b3781]::string::String>, core[df12db4294e9bfd3]::panic::unwind_safe::AssertUnwindSafe<test[9d35eded1c95d3be]::run_test_in_process::{closure#0}>>
[INFO] [stdout]                                at /rustc/dfb0accb7f508ae8be965d8629557221c889dd98/library/std/src/panicking.rs:544:19
[INFO] [stdout]   30:     0x58c7bdf9c6f5 - std[70759c8f55707aa4]::panic::catch_unwind::<core[df12db4294e9bfd3]::panic::unwind_safe::AssertUnwindSafe<test[9d35eded1c95d3be]::run_test_in_process::{closure#0}>, core[df12db4294e9bfd3]::result::Result<(), alloc[2182bb758b4b3781]::string::String>>
[INFO] [stdout]                                at /rustc/dfb0accb7f508ae8be965d8629557221c889dd98/library/std/src/panic.rs:359:14
[INFO] [stdout]   31:     0x58c7bdf9c6f5 - test[9d35eded1c95d3be]::run_test_in_process
[INFO] [stdout]                                at /rustc/dfb0accb7f508ae8be965d8629557221c889dd98/library/test/src/lib.rs:756:27
[INFO] [stdout]   32:     0x58c7bdf9c6f5 - test[9d35eded1c95d3be]::run_test::{closure#0}
[INFO] [stdout]                                at /rustc/dfb0accb7f508ae8be965d8629557221c889dd98/library/test/src/lib.rs:677:43
[INFO] [stdout]   33:     0x58c7bdf95fb4 - test[9d35eded1c95d3be]::run_test::{closure#1}
[INFO] [stdout]                                at /rustc/dfb0accb7f508ae8be965d8629557221c889dd98/library/test/src/lib.rs:707:41
[INFO] [stdout]   34:     0x58c7bdf95fb4 - std[70759c8f55707aa4]::sys::backtrace::__rust_begin_short_backtrace::<test[9d35eded1c95d3be]::run_test::{closure#1}, ()>
[INFO] [stdout]                                at /rustc/dfb0accb7f508ae8be965d8629557221c889dd98/library/std/src/sys/backtrace.rs:166:18
[INFO] [stdout]   35:     0x58c7bdf9f852 - std[70759c8f55707aa4]::thread::lifecycle::spawn_unchecked::<test[9d35eded1c95d3be]::run_test::{closure#1}, ()>::{closure#1}::{closure#0}
[INFO] [stdout]                                at /rustc/dfb0accb7f508ae8be965d8629557221c889dd98/library/std/src/thread/lifecycle.rs:70:13
[INFO] [stdout]   36:     0x58c7bdf9f852 - <core[df12db4294e9bfd3]::panic::unwind_safe::AssertUnwindSafe<std[70759c8f55707aa4]::thread::lifecycle::spawn_unchecked<test[9d35eded1c95d3be]::run_test::{closure#1}, ()>::{closure#1}::{closure#0}> as core[df12db4294e9bfd3]::ops::function::FnOnce<()>>::call_once
[INFO] [stdout]                                at /rustc/dfb0accb7f508ae8be965d8629557221c889dd98/library/core/src/panic/unwind_safe.rs:275:9
[INFO] [stdout]   37:     0x58c7bdf9f852 - std[70759c8f55707aa4]::panicking::catch_unwind::do_call::<core[df12db4294e9bfd3]::panic::unwind_safe::AssertUnwindSafe<std[70759c8f55707aa4]::thread::lifecycle::spawn_unchecked<test[9d35eded1c95d3be]::run_test::{closure#1}, ()>::{closure#1}::{closure#0}>, ()>
[INFO] [stdout]                                at /rustc/dfb0accb7f508ae8be965d8629557221c889dd98/library/std/src/panicking.rs:576:43
[INFO] [stdout]   38:     0x58c7bdf9f852 - std[70759c8f55707aa4]::panicking::catch_unwind::<(), core[df12db4294e9bfd3]::panic::unwind_safe::AssertUnwindSafe<std[70759c8f55707aa4]::thread::lifecycle::spawn_unchecked<test[9d35eded1c95d3be]::run_test::{closure#1}, ()>::{closure#1}::{closure#0}>>
[INFO] [stdout]                                at /rustc/dfb0accb7f508ae8be965d8629557221c889dd98/library/std/src/panicking.rs:544:19
[INFO] [stdout]   39:     0x58c7bdf9f852 - std[70759c8f55707aa4]::panic::catch_unwind::<core[df12db4294e9bfd3]::panic::unwind_safe::AssertUnwindSafe<std[70759c8f55707aa4]::thread::lifecycle::spawn_unchecked<test[9d35eded1c95d3be]::run_test::{closure#1}, ()>::{closure#1}::{closure#0}>, ()>
[INFO] [stdout]                                at /rustc/dfb0accb7f508ae8be965d8629557221c889dd98/library/std/src/panic.rs:359:14
[INFO] [stdout]   40:     0x58c7bdf9f852 - std[70759c8f55707aa4]::thread::lifecycle::spawn_unchecked::<test[9d35eded1c95d3be]::run_test::{closure#1}, ()>::{closure#1}
[INFO] [stdout]                                at /rustc/dfb0accb7f508ae8be965d8629557221c889dd98/library/std/src/thread/lifecycle.rs:68:26
[INFO] [stdout]   41:     0x58c7bdf9f852 - <std[70759c8f55707aa4]::thread::lifecycle::spawn_unchecked<test[9d35eded1c95d3be]::run_test::{closure#1}, ()>::{closure#1} as core[df12db4294e9bfd3]::ops::function::FnOnce<()>>::call_once::{shim:vtable#0}
[INFO] [stdout]                                at /rustc/dfb0accb7f508ae8be965d8629557221c889dd98/library/core/src/ops/function.rs:250:5
[INFO] [stdout]   42:     0x58c7be22aca9 - <alloc[2182bb758b4b3781]::boxed::Box<dyn core[df12db4294e9bfd3]::ops::function::FnOnce<(), Output = ()> + core[df12db4294e9bfd3]::marker::Send> as core[df12db4294e9bfd3]::ops::function::FnOnce<()>>::call_once
[INFO] [stdout]                                at /rustc/dfb0accb7f508ae8be965d8629557221c889dd98/library/alloc/src/boxed.rs:2320:9
[INFO] [stdout]   43:     0x58c7be22aca9 - <std[70759c8f55707aa4]::sys::thread::unix::Thread>::new::thread_start
[INFO] [stdout]                                at /rustc/dfb0accb7f508ae8be965d8629557221c889dd98/library/std/src/sys/thread/unix.rs:123:17
[INFO] [stdout]   44:     0x7e5f0d145dfa - <unknown>
[INFO] [stdout]   45:     0x7e5f0d1d93d4 - clone
[INFO] [stdout]   46:                0x0 - <unknown>
[INFO] [stdout] 
[INFO] [stdout] 
[INFO] [stdout] failures:
[INFO] [stdout]     reads_the_paragraphs_of_a_real_document
[INFO] [stdout] 
[INFO] [stdout] test result: FAILED. 0 passed; 1 failed; 0 ignored; 0 measured; 0 filtered out; finished in 0.03s
[INFO] [stdout] 
[INFO] [stderr] error: test failed, to rerun pass `--test real_docx`
[INFO] running `Command { std: "docker" "inspect" "1abe9d5db94b13e8857b1360949222472a9fded8d92903c0a0beaa0df655535f", kill_on_drop: false }`
[INFO] running `Command { std: "docker" "rm" "-f" "1abe9d5db94b13e8857b1360949222472a9fded8d92903c0a0beaa0df655535f", kill_on_drop: false }`
[INFO] [stdout] 1abe9d5db94b13e8857b1360949222472a9fded8d92903c0a0beaa0df655535f
