[INFO] fetching crate worbrow 0.2.4...
[INFO] testing worbrow-0.2.4 against 1.100.0-beta.1 for beta-1.100-2
[INFO] extracting crate worbrow 0.2.4 into /workspace/builds/worker-4-tc2/source
[INFO] started tweaking crates.io crate worbrow 0.2.4
[INFO] removed 0 missing examples
[INFO] removed 0 missing tests
[INFO] finished tweaking crates.io crate worbrow 0.2.4
[INFO] tweaked toml for crates.io crate worbrow 0.2.4 written to /workspace/builds/worker-4-tc2/source/Cargo.toml
[INFO] validating manifest of crates.io crate worbrow 0.2.4 on toolchain 1.100.0-beta.1
[INFO] running `Command { std: CARGO_HOME="/workspace/cargo-home" RUSTUP_HOME="/workspace/rustup-home" "/workspace/cargo-home/bin/cargo" "+1.100.0-beta.1" "metadata" "--manifest-path" "Cargo.toml" "--no-deps", kill_on_drop: false }`
[INFO] crate crates.io crate worbrow 0.2.4 already has a lockfile, it will not be regenerated
[INFO] running `Command { std: CARGO_HOME="/workspace/cargo-home" RUSTUP_HOME="/workspace/rustup-home" "/workspace/cargo-home/bin/cargo" "+1.100.0-beta.1" "fetch" "--manifest-path" "Cargo.toml", kill_on_drop: false }`
[INFO] running `Command { std: "docker" "create" "-v" "/var/lib/crater-agent-workspace/builds/worker-4-tc2/source:/opt/rustwide/workdir:ro,Z" "-v" "/var/lib/crater-agent-workspace/builds/worker-4-tc2/target:/opt/rustwide/target:rw,Z" "-v" "/var/lib/crater-agent-workspace/cargo-home:/opt/rustwide/cargo-home:ro,Z" "-v" "/var/lib/crater-agent-workspace/rustup-home:/opt/rustwide/rustup-home:ro,Z" "-m" "1610612736" "--network" "none" "ghcr.io/rust-lang/crates-build-env/linux@sha256:3111399a4047eeb3a02b7a90e478d715f38a8c6669b5c4b49d30a17385265909" "sleep" "infinity", kill_on_drop: false }`
[INFO] [stdout] 2d16b95f3fa923508873b09c02525d1fa3a6de8e425d837763bcf6568becdcb0
[INFO] running `Command { std: "docker" "start" "2d16b95f3fa923508873b09c02525d1fa3a6de8e425d837763bcf6568becdcb0", kill_on_drop: false }`
[INFO] running `Command { std: "docker" "inspect" "2d16b95f3fa923508873b09c02525d1fa3a6de8e425d837763bcf6568becdcb0", kill_on_drop: false }`
[INFO] running `Command { std: "docker" "exec" "-e" "SOURCE_DIR=/opt/rustwide/workdir" "-e" "CARGO_HOME=/opt/rustwide/cargo-home" "-e" "RUSTUP_HOME=/opt/rustwide/rustup-home" "-e" "CARGO_TARGET_DIR=/opt/rustwide/target" "-w" "/opt/rustwide/workdir" "--user" "0:0" "2d16b95f3fa923508873b09c02525d1fa3a6de8e425d837763bcf6568becdcb0" "/opt/rustwide/cargo-home/bin/cargo" "+1.100.0-beta.1" "metadata" "--no-deps" "--format-version=1", kill_on_drop: false }`
[INFO] running `Command { std: "docker" "inspect" "2d16b95f3fa923508873b09c02525d1fa3a6de8e425d837763bcf6568becdcb0", kill_on_drop: false }`
[INFO] running `Command { std: "docker" "exec" "-e" "SOURCE_DIR=/opt/rustwide/workdir" "-e" "CARGO_HOME=/opt/rustwide/cargo-home" "-e" "RUSTUP_HOME=/opt/rustwide/rustup-home" "-e" "CARGO_TARGET_DIR=/opt/rustwide/target" "-e" "CARGO_INCREMENTAL=0" "-e" "RUST_BACKTRACE=full" "-e" "RUSTFLAGS=--cap-lints=warn" "-e" "RUSTDOCFLAGS=--cap-lints=warn" "-w" "/opt/rustwide/workdir" "--user" "0:0" "2d16b95f3fa923508873b09c02525d1fa3a6de8e425d837763bcf6568becdcb0" "/opt/rustwide/cargo-home/bin/cargo" "+1.100.0-beta.1" "build" "--frozen" "--message-format=json", kill_on_drop: false }`
[INFO] [stderr]    Compiling proc-macro2 v1.0.107
[INFO] [stderr]    Compiling unicode-ident v1.0.24
[INFO] [stderr]    Compiling quote v1.0.47
[INFO] [stderr]    Compiling libc v0.2.189
[INFO] [stderr]    Compiling cfg-if v1.0.4
[INFO] [stderr]    Compiling siphasher v1.0.3
[INFO] [stderr]    Compiling stable_deref_trait v1.2.1
[INFO] [stderr]    Compiling fastrand v2.5.0
[INFO] [stderr]    Compiling smallvec v1.15.2
[INFO] [stderr]    Compiling itoa v1.0.18
[INFO] [stderr]    Compiling log v0.4.33
[INFO] [stderr]    Compiling rand_core v0.10.1
[INFO] [stderr]    Compiling pin-project-lite v0.2.17
[INFO] [stderr]    Compiling find-msvc-tools v0.1.9
[INFO] [stderr]    Compiling getrandom v0.4.3
[INFO] [stderr]    Compiling shlex v2.0.1
[INFO] [stderr]    Compiling serde_core v1.0.229
[INFO] [stderr]    Compiling bytes v1.12.1
[INFO] [stderr]    Compiling parking_lot_core v0.9.12
[INFO] [stderr]    Compiling zmij v1.0.23
[INFO] [stderr]    Compiling typenum v1.20.1
[INFO] [stderr]    Compiling phf_shared v0.13.1
[INFO] [stderr]    Compiling once_cell v1.21.4
[INFO] [stderr]    Compiling strsim v0.11.1
[INFO] [stderr]    Compiling futures-core v0.3.34
[INFO] [stderr]    Compiling new_debug_unreachable v1.0.6
[INFO] [stderr]    Compiling cc v1.4.0
[INFO] [stderr]    Compiling litemap v0.8.2
[INFO] [stderr]    Compiling writeable v0.6.3
[INFO] [stderr]    Compiling futures-sink v0.3.34
[INFO] [stderr]    Compiling scopeguard v1.2.0
[INFO] [stderr]    Compiling memchr v2.8.3
[INFO] [stderr]    Compiling precomputed-hash v0.1.1
[INFO] [stderr]    Compiling icu_properties_data v2.2.0
[INFO] [stderr]    Compiling lock_api v0.4.14
[INFO] [stderr]    Compiling autocfg v1.5.1
[INFO] [stderr]    Compiling utf8_iter v1.0.4
[INFO] [stderr]    Compiling phf_generator v0.13.1
[INFO] [stderr]    Compiling httparse v1.10.1
[INFO] [stderr]    Compiling icu_normalizer_data v2.2.0
[INFO] [stderr]    Compiling futures-channel v0.3.34
[INFO] [stderr]    Compiling phf_codegen v0.13.1
[INFO] [stderr]    Compiling zeroize v1.9.0
[INFO] [stderr]    Compiling thiserror v2.0.20
[INFO] [stderr]    Compiling serde v1.0.229
[INFO] [stderr]    Compiling futures-io v0.3.34
[INFO] [stderr]    Compiling futures-task v0.3.34
[INFO] [stderr]    Compiling slab v0.4.12
[INFO] [stderr]    Compiling cpufeatures v0.3.0
[INFO] [stderr]    Compiling ident_case v1.0.1
[INFO] [stderr]    Compiling http v1.5.0
[INFO] [stderr]    Compiling rustls-pki-types v1.15.1
[INFO] [stderr]    Compiling serde_json v1.0.151
[INFO] [stderr]    Compiling crc32fast v1.5.0
[INFO] [stderr]    Compiling num-traits v0.2.19
[INFO] [stderr]    Compiling ref-cast v1.0.26
[INFO] [stderr]    Compiling dtoa v1.0.11
[INFO] [stderr]    Compiling untrusted v0.9.0
[INFO] [stderr]    Compiling syn v3.0.3
[INFO] [stderr]    Compiling syn v2.0.119
[INFO] [stderr]    Compiling string_cache_codegen v0.6.1
[INFO] [stderr]    Compiling const-oid v0.10.2
[INFO] [stderr]    Compiling bitflags v2.13.1
[INFO] [stderr]    Compiling dtoa-short v0.3.5
[INFO] [stderr]    Compiling chacha20 v0.10.2
[INFO] [stderr]    Compiling selectors v0.38.0
[INFO] [stderr]    Compiling tracing-core v0.1.36
[INFO] [stderr]    Compiling tendril v0.5.1
[INFO] [stderr]    Compiling simd-adler32 v0.3.10
[INFO] [stderr]    Compiling rustls v0.23.45
[INFO] [stderr]    Compiling hybrid-array v0.4.14
[INFO] [stderr]    Compiling base64 v0.23.1
[INFO] [stderr]    Compiling rustix v1.1.4
[INFO] [stderr]    Compiling web_atoms v0.2.5
[INFO] [stderr]    Compiling errno v0.3.14
[INFO] [stderr]    Compiling signal-hook-registry v1.4.8
[INFO] [stderr]    Compiling socket2 v0.6.5
[INFO] [stderr]    Compiling parking_lot v0.12.5
[INFO] [stderr]    Compiling getrandom v0.2.17
[INFO] [stderr]    Compiling mio v1.2.2
[INFO] [stderr]    Compiling ring v0.17.14
[INFO] [stderr]    Compiling percent-encoding v2.3.2
[INFO] [stderr]    Compiling iana-time-zone v0.1.65
[INFO] [stderr]    Compiling adler2 v2.0.1
[INFO] [stderr]    Compiling string_cache v0.9.0
[INFO] [stderr]    Compiling crypto-common v0.2.2
[INFO] [stderr]    Compiling block-buffer v0.12.1
[INFO] [stderr]    Compiling miniz_oxide v0.8.9
[INFO] [stderr]    Compiling rand v0.10.2
[INFO] [stderr]    Compiling servo_arc v0.4.3
[INFO] [stderr]    Compiling heck v0.5.0
[INFO] [stderr]    Compiling data-encoding v2.11.0
[INFO] [stderr]    Compiling unicode-width v0.2.2
[INFO] [stderr]    Compiling dyn-clone v1.0.20
[INFO] [stderr]    Compiling equivalent v1.0.2
[INFO] [stderr]    Compiling rustc-hash v2.1.3
[INFO] [stderr]    Compiling lazy_static v1.5.0
[INFO] [stderr]    Compiling anstyle v1.0.14
[INFO] [stderr]    Compiling linux-raw-sys v0.12.1
[INFO] [stderr]    Compiling hashbrown v0.17.1
[INFO] [stderr]    Compiling subtle v2.6.1
[INFO] [stderr]    Compiling rmcp v3.3.0
[INFO] [stderr]    Compiling clap_lex v1.1.0
[INFO] [stderr]    Compiling sharded-slab v0.1.7
[INFO] [stderr]    Compiling getopts v0.2.24
[INFO] [stderr]    Compiling form_urlencoded v1.2.2
[INFO] [stderr]    Compiling clap_builder v4.6.6
[INFO] [stderr]    Compiling flate2 v1.1.9
[INFO] [stderr]    Compiling ureq-proto v0.6.2
[INFO] [stderr]    Compiling uuid v1.26.0
[INFO] [stderr]    Compiling digest v0.11.3
[INFO] [stderr]    Compiling webpki-roots v1.0.9
[INFO] [stderr]    Compiling thread_local v1.1.10
[INFO] [stderr]    Compiling ego-tree v0.11.0
[INFO] [stderr]    Compiling pastey v0.2.3
[INFO] [stderr]    Compiling sha1 v0.11.0
[INFO] [stderr]    Compiling nu-ansi-term v0.50.3
[INFO] [stderr]    Compiling utf8-zero v0.8.1
[INFO] [stderr]    Compiling indexmap v2.14.2
[INFO] [stderr]    Compiling tracing-subscriber v0.3.23
[INFO] [stderr]    Compiling tempfile v3.27.0
[INFO] [stderr]    Compiling darling_core v0.24.1
[INFO] [stderr]    Compiling serde_derive_internals v0.30.0
[INFO] [stderr]    Compiling displaydoc v0.2.7
[INFO] [stderr]    Compiling futures-macro v0.3.34
[INFO] [stderr]    Compiling tokio-macros v2.7.2
[INFO] [stderr]    Compiling thiserror-impl v2.0.20
[INFO] [stderr]    Compiling serde_derive v1.0.229
[INFO] [stderr]    Compiling ref-cast-impl v1.0.26
[INFO] [stderr]    Compiling clap_derive v4.6.4
[INFO] [stderr]    Compiling async-trait v0.1.92
[INFO] [stderr]    Compiling synstructure v0.13.2
[INFO] [stderr]    Compiling schemars_derive v1.2.2
[INFO] [stderr]    Compiling tokio v1.53.1
[INFO] [stderr]    Compiling futures-util v0.3.34
[INFO] [stderr]    Compiling zerofrom-derive v0.1.7
[INFO] [stderr]    Compiling yoke-derive v0.8.2
[INFO] [stderr]    Compiling zerovec-derive v0.11.3
[INFO] [stderr]    Compiling phf_macros v0.13.1
[INFO] [stderr]    Compiling cssparser-macros v0.7.0
[INFO] [stderr]    Compiling derive_more-impl v2.1.1
[INFO] [stderr]    Compiling tracing-attributes v0.1.31
[INFO] [stderr]    Compiling tungstenite v0.30.0
[INFO] [stderr]    Compiling phf v0.13.1
[INFO] [stderr]    Compiling rustls-webpki v0.103.15
[INFO] [stderr]    Compiling cssparser v0.37.0
[INFO] [stderr]    Compiling derive_more v2.1.1
[INFO] [stderr]    Compiling clap v4.6.6
[INFO] [stderr]    Compiling zerofrom v0.1.8
[INFO] [stderr]    Compiling tracing v0.1.44
[INFO] [stderr]    Compiling yoke v0.8.3
[INFO] [stderr]    Compiling zerovec v0.11.6
[INFO] [stderr]    Compiling zerotrie v0.2.4
[INFO] [stderr]    Compiling darling_macro v0.24.1
[INFO] [stderr]    Compiling markup5ever v0.39.0
[INFO] [stderr]    Compiling html5ever v0.39.0
[INFO] [stderr]    Compiling darling v0.24.1
[INFO] [stderr]    Compiling rmcp-macros v3.3.0
[INFO] [stderr]    Compiling tinystr v0.8.3
[INFO] [stderr]    Compiling potential_utf v0.1.5
[INFO] [stderr]    Compiling icu_collections v2.2.0
[INFO] [stderr]    Compiling icu_locale_core v2.2.0
[INFO] [stderr]    Compiling chrono v0.4.45
[INFO] [stderr]    Compiling scraper v0.27.0
[INFO] [stderr]    Compiling futures-executor v0.3.33
[INFO] [stderr]    Compiling icu_provider v2.2.0
[INFO] [stderr]    Compiling futures v0.3.33
[INFO] [stderr]    Compiling icu_normalizer v2.2.0
[INFO] [stderr]    Compiling icu_properties v2.2.0
[INFO] [stderr]    Compiling schemars v1.2.2
[INFO] [stderr]    Compiling idna_adapter v1.2.2
[INFO] [stderr]    Compiling idna v1.1.0
[INFO] [stderr]    Compiling tokio-util v0.7.19
[INFO] [stderr]    Compiling tokio-tungstenite v0.30.0
[INFO] [stderr]    Compiling url v2.5.8
[INFO] [stderr]    Compiling ureq v3.4.1
[INFO] [stderr]    Compiling worbrow v0.2.4 (/opt/rustwide/workdir)
[INFO] [stderr]     Finished `dev` profile [unoptimized + debuginfo] target(s) in 27.47s
[INFO] running `Command { std: "docker" "inspect" "2d16b95f3fa923508873b09c02525d1fa3a6de8e425d837763bcf6568becdcb0", kill_on_drop: false }`
[INFO] running `Command { std: "docker" "exec" "-e" "SOURCE_DIR=/opt/rustwide/workdir" "-e" "CARGO_HOME=/opt/rustwide/cargo-home" "-e" "RUSTUP_HOME=/opt/rustwide/rustup-home" "-e" "CARGO_TARGET_DIR=/opt/rustwide/target" "-e" "CARGO_INCREMENTAL=0" "-e" "RUST_BACKTRACE=full" "-e" "RUSTFLAGS=--cap-lints=warn" "-e" "RUSTDOCFLAGS=--cap-lints=warn" "-w" "/opt/rustwide/workdir" "--user" "0:0" "2d16b95f3fa923508873b09c02525d1fa3a6de8e425d837763bcf6568becdcb0" "/opt/rustwide/cargo-home/bin/cargo" "+1.100.0-beta.1" "test" "--frozen" "--no-run" "--message-format=json", kill_on_drop: false }`
[INFO] [stderr]    Compiling predicates-core v1.0.10
[INFO] [stderr]    Compiling termtree v0.5.1
[INFO] [stderr]    Compiling regex-automata v0.4.16
[INFO] [stderr]    Compiling difflib v0.4.0
[INFO] [stderr]    Compiling assert_cmd v2.2.2
[INFO] [stderr]    Compiling wait-timeout v0.2.1
[INFO] [stderr]    Compiling diff v0.1.13
[INFO] [stderr]    Compiling yansi v1.0.1
[INFO] [stderr]    Compiling predicates-tree v1.0.13
[INFO] [stderr]    Compiling predicates v3.1.4
[INFO] [stderr]    Compiling pretty_assertions v1.4.1
[INFO] [stderr]    Compiling bstr v1.13.0
[INFO] [stderr]    Compiling worbrow v0.2.4 (/opt/rustwide/workdir)
[INFO] [stderr]     Finished `test` profile [unoptimized + debuginfo] target(s) in 6.72s
[INFO] running `Command { std: "docker" "inspect" "2d16b95f3fa923508873b09c02525d1fa3a6de8e425d837763bcf6568becdcb0", kill_on_drop: false }`
[INFO] running `Command { std: "docker" "exec" "-e" "SOURCE_DIR=/opt/rustwide/workdir" "-e" "CARGO_HOME=/opt/rustwide/cargo-home" "-e" "RUSTUP_HOME=/opt/rustwide/rustup-home" "-e" "CARGO_TARGET_DIR=/opt/rustwide/target" "-e" "CARGO_INCREMENTAL=0" "-e" "RUST_BACKTRACE=full" "-e" "RUSTFLAGS=--cap-lints=warn" "-e" "RUSTDOCFLAGS=--cap-lints=warn" "-w" "/opt/rustwide/workdir" "--user" "0:0" "2d16b95f3fa923508873b09c02525d1fa3a6de8e425d837763bcf6568becdcb0" "/opt/rustwide/cargo-home/bin/cargo" "+1.100.0-beta.1" "test" "--frozen", kill_on_drop: false }`
[INFO] [stderr]     Finished `test` profile [unoptimized + debuginfo] target(s) in 0.12s
[INFO] [stderr]      Running unittests src/lib.rs (/opt/rustwide/target/debug/build/worbrow/a3febb103f1fe3fb/out/worbrow-a3febb103f1fe3fb)
[INFO] [stdout] 
[INFO] [stdout] running 157 tests
[INFO] [stdout] test app::tests::backoff_delay_is_exponential_capped ... ok
[INFO] [stdout] test app::tests::config_builder_overrides_and_clamps ... ok
[INFO] [stdout] test app::tests::config_proxy_builder_sets_field ... ok
[INFO] [stdout] test app::tests::config_new_applies_defaults ... ok
[INFO] [stdout] test app::tests::engine_chain_parses_comma_separated_order ... ok
[INFO] [stdout] test app::tests::captcha_error_is_not_retried ... ok
[INFO] [stdout] test app::tests::fetch_via_fake_rejects_bad_url_before_resolve ... ok
[INFO] [stdout] test app::tests::fetch_reports_http_status_and_waits_for_selector ... ok
[INFO] [stdout] test app::tests::fetch_with_rejects_invalid_url ... ok
[INFO] [stdout] test app::tests::fetch_wait_selector_timeout_is_best_effort ... ok
[INFO] [stdout] test app::tests::ads_sort_last_and_drop_when_truncating ... ok
[INFO] [stdout] test app::tests::domain_flooding_is_capped ... ok
[INFO] [stdout] test app::tests::driver_without_http_serp_ignores_static_http ... ok
[INFO] [stdout] test app::tests::irrelevant_results_single_engine_marks_low_yield ... ok
[INFO] [stdout] test app::tests::fetch_with_text_false_skips_body ... ok
[INFO] [stdout] test app::tests::fetch_via_fake_without_text ... ok
[INFO] [stdout] test app::tests::fetch_with_returns_text_fields_and_final_url ... ok
[INFO] [stdout] test app::tests::normalize_fetch_url_auto_prefixes_and_validates ... ok
[INFO] [stdout] test app::tests::relevant_empty_results_is_not_off_topic ... ok
[INFO] [stdout] test app::tests::relevant_detects_topic_mismatch_for_multi_term_queries ... ok
[INFO] [stdout] test app::tests::relevant_is_case_insensitive ... ok
[INFO] [stdout] test app::tests::relevant_requires_hit_ratio_threshold ... ok
[INFO] [stdout] test app::tests::relevant_short_generic_word_does_not_count_as_hit ... ok
[INFO] [stdout] test app::tests::fetch_with_markdown_format_preserves_structure ... ok
[INFO] [stdout] test app::tests::relevant_skips_single_term_and_short_term_queries ... ok
[INFO] [stdout] test app::tests::dictionary_pollution_triggers_engine_fallback ... ok
[INFO] [stdout] test app::tests::run_with_invalid_proxy_returns_cli_error ... ok
[INFO] [stdout] test app::tests::content_results_do_not_trigger_fallback ... ok
[INFO] [stdout] test app::tests::hub_homepages_trigger_engine_fallback ... ok
[INFO] [stdout] test app::tests::wait_load_returns_on_eval_error ... ok
[INFO] [stdout] test app::tests::static_http_parse_failure_falls_back_to_browser ... ok
[INFO] [stdout] test app::tests::irrelevant_web_results_trigger_engine_fallback ... ok
[INFO] [stdout] test app::tests::site_filter_disables_domain_dedup ... ok
[INFO] [stdout] test app::tests::homogeneous_pollution_triggers_fallback ... ok
[INFO] [stdout] test app::tests::static_http_success_skips_browser_navigate ... ok
[INFO] [stdout] test app::tests::with_fallback_engines_appends_deduplicated ... ok
[INFO] [stdout] test domain::tests::engine_text_appends_site_and_filetype ... ok
[INFO] [stdout] test domain::tests::browser_kind_from_arg_normalizes_and_aliases ... ok
[INFO] [stdout] test domain::tests::extract_field_parse_and_keys ... ok
[INFO] [stdout] test domain::tests::fetch_text_format_from_arg_and_as_str ... ok
[INFO] [stdout] test domain::tests::freshness_from_arg_and_mappings ... ok
[INFO] [stdout] test domain::tests::safesearch_from_arg_and_mappings ... ok
[INFO] [stdout] test drivers::cdp::tests::parses_devtools_ws_url ... ok
[INFO] [stdout] test app::tests::relevant_multi_term_results_do_not_trigger_fallback ... ok
[INFO] [stdout] test app::tests::run_with_valid_proxy_succeeds_on_fake ... ok
[INFO] [stdout] test app::tests::fetch_via_fake_driver_truncates_and_returns_url ... ok
[INFO] [stdout] test app::tests::static_http_get_failure_falls_back_to_browser ... ok
[INFO] [stdout] test drivers::cdp::tests::send_surfaces_protocol_error ... ok
[INFO] [stdout] test drivers::discovery::tests::chrome_names_cover_common_binaries ... ok
[INFO] [stdout] test drivers::discovery::tests::fake_kind_has_no_binary ... ok
[INFO] [stdout] test drivers::discovery::tests::parses_firefox_and_chrome_version_strings ... ok
[INFO] [stdout] test drivers::jsonrpc::tests::id_allocator_is_monotonic ... ok
[INFO] [stdout] test drivers::jsonrpc::tests::incoming_dispatches_response_vs_event ... ok
[INFO] [stdout] test drivers::jsonrpc::tests::request_serializes_session_id_for_cdp ... ok
[INFO] [stdout] test drivers::jsonrpc::tests::request_serializes_without_params_when_none ... ok
[INFO] [stdout] test drivers::marionette::tests::profile_proxy_defaults_port_by_scheme ... ok
[INFO] [stdout] test drivers::marionette::tests::connect_rejects_non_hello_frame ... ok
[INFO] [stdout] test drivers::marionette::tests::frame_roundtrip ... ok
[INFO] [stdout] test drivers::cdp::tests::driver_end_to_end_with_mock_protocol ... ok
[INFO] [stdout] test drivers::marionette::tests::profile_writes_marionette_port_only_without_proxy ... ok
[INFO] [stdout] test app::tests::run_with_network_error_leaves_driver_usable ... ok
[INFO] [stdout] test drivers::pool::tests::spawn_failure_releases_permit ... ok
[INFO] [stdout] test drivers::marionette::tests::transport_surfaces_marionette_error ... ok
[INFO] [stdout] test drivers::pool::tests::unhealthy_session_is_discarded ... ok
[INFO] [stdout] test drivers::tests::validate_proxy_accepts_http_and_https ... ok
[INFO] [stdout] test drivers::tests::resolve_with_invalid_proxy_fails_before_browser ... ok
[INFO] [stdout] test engines::baidu::tests::captcha_heuristics_covered ... ok
[INFO] [stdout] test drivers::tests::validate_proxy_rejects_bad_input ... ok
[INFO] [stdout] test engines::baidu::tests::name_is_baidu ... ok
[INFO] [stdout] test engines::baidu::tests::page_url_appends_pn_offset ... ok
[INFO] [stdout] test engines::baidu::tests::parse_missing_structure_returns_engine_failure ... ok
[INFO] [stdout] test engines::baidu::tests::result_url_encodes_query ... ok
[INFO] [stdout] test engines::bing::tests::captcha_heuristics_covered ... ok
[INFO] [stdout] test engines::bing::tests::name_is_bing ... ok
[INFO] [stdout] test engines::bing::tests::page_url_appends_first_offset ... ok
[INFO] [stdout] test app::tests::run_with_matches_run_on_same_fixture ... ok
[INFO] [stdout] test engines::baidu::tests::parse_fixture_yields_expected_results ... ok
[INFO] [stdout] test engines::bing::tests::parse_expands_ck_redirect_url ... ok
[INFO] [stdout] test engines::bing::tests::result_selector_is_li_b_algo ... ok
[INFO] [stdout] test engines::bing::tests::parse_missing_structure_returns_engine_failure ... ok
[INFO] [stdout] test engines::bing::tests::result_url_appends_filetype ... ok
[INFO] [stdout] test engines::duckduckgo::tests::captcha_heuristics_covered ... ok
[INFO] [stdout] test engines::bing::tests::result_url_encodes_query ... ok
[INFO] [stdout] test engines::duckduckgo::tests::page_url_appends_offset ... ok
[INFO] [stdout] test engines::duckduckgo::tests::parse_marks_ad_results ... ok
[INFO] [stdout] test engines::duckduckgo::tests::parse_fixture_yields_expected_results ... ok
[INFO] [stdout] test engines::duckduckgo::tests::parse_marks_yjs_href_as_ad_and_unwraps_target ... ok
[INFO] [stdout] test engines::duckduckgo::tests::parse_missing_structure_returns_engine_failure ... ok
[INFO] [stdout] test engines::duckduckgo::tests::prefers_static_http_html ... ok
[INFO] [stdout] test engines::duckduckgo::tests::result_url_appends_filetype_and_strict ... ok
[INFO] [stdout] test engines::duckduckgo::tests::result_url_encodes_query ... ok
[INFO] [stdout] test error::tests::code_strs_are_stable ... ok
[INFO] [stdout] test error::tests::engine_variant_exposes_source_chain ... ok
[INFO] [stdout] test error::tests::exit_codes_match_contract ... ok
[INFO] [stdout] test engines::bing::tests::parse_fixture_yields_expected_results ... ok
[INFO] [stdout] test extract::tests::bing_ck_decodes_to_non_http_kept_as_is ... ok
[INFO] [stdout] test extract::tests::bing_ck_invalid_base64_kept_as_is ... ok
[INFO] [stdout] test extract::tests::bing_ck_without_u_param_kept_as_is ... ok
[INFO] [stdout] test extract::tests::cleans_control_chars_and_whitespace ... ok
[INFO] [stdout] test extract::tests::expands_bing_aclick_plain_base64 ... ok
[INFO] [stdout] test extract::tests::expands_bing_ck_redirect ... ok
[INFO] [stdout] test extract::tests::expands_ddg_yjs_u3 ... ok
[INFO] [stdout] test extract::tests::expands_ddg_yjs_nested_bing_aclick ... ok
[INFO] [stdout] test extract::tests::expands_uddg_redirect ... ok
[INFO] [stdout] test extract::tests::extract_date_returns_none_without_date ... ok
[INFO] [stdout] test extract::tests::extract_date_supports_common_formats ... ok
[INFO] [stdout] test extract::tests::extract_fields_empty_when_nothing_found ... ok
[INFO] [stdout] test extract::tests::extract_fields_falls_back_to_json_ld_and_omits_missing ... ok
[INFO] [stdout] test extract::tests::extract_main_text_empty_page ... ok
[INFO] [stdout] test extract::tests::extract_fields_prefers_meta_and_keeps_json_ld_types ... ok
[INFO] [stdout] test extract::tests::extract_main_text_keeps_body_drops_noise ... ok
[INFO] [stdout] test extract::tests::extract_main_text_truncates_at_max_chars ... ok
[INFO] [stdout] test extract::tests::extract_markdown_empty_page ... ok
[INFO] [stdout] test extract::tests::extract_markdown_preserves_structure ... ok
[INFO] [stdout] test extract::tests::extract_markdown_on_article_fixture ... ok
[INFO] [stdout] test extract::tests::extract_markdown_truncates_at_max_chars ... ok
[INFO] [stdout] test extract::tests::result_kind_falls_back_to_web ... ok
[INFO] [stdout] test extract::tests::inline_text_preserves_boundary_spaces ... ok
[INFO] [stdout] test extract::tests::result_kind_keeps_content_urls_as_web ... ok
[INFO] [stdout] test drivers::pool::tests::reuses_idle_session ... ok
[INFO] [stdout] test drivers::marionette::tests::profile_writes_proxy_prefs_for_http_proxy ... ok
[INFO] [stdout] test extract::tests::result_kind_marks_hub_urls ... ok
[INFO] [stdout] test drivers::pool::tests::max_idle_trims_oldest ... ok
[INFO] [stdout] test extract::tests::strips_fragment_not_resolved ... ok
[INFO] [stdout] test extract::tests::result_kind_marks_pollution_urls ... ok
[INFO] [stdout] test extract::tests::url_origin_extracts_host_and_scheme ... ok
[INFO] [stdout] test extract::tests::yjs_without_u3_kept_as_is ... ok
[INFO] [stdout] test extract::tests::unwrap_depth_is_capped ... ok
[INFO] [stdout] test http_serp::tests::get_html_rejects_non_http_scheme ... ok
[INFO] [stdout] test mcp::tests::cache_distinguishes_keys ... ok
[INFO] [stdout] test mcp::tests::cache_evicts_lru_on_capacity ... ok
[INFO] [stdout] test mcp::tests::cache_hit_returns_cached_outcome ... ok
[INFO] [stdout] test mcp::tests::serve_stdio_rejects_invalid_proxy ... ok
[INFO] [stdout] test output::tests::compact_payload_only_contains_rank_title_url ... ok
[INFO] [stdout] test output::tests::failure_detail_contains_engine_code ... ok
[INFO] [stdout] test output::tests::failure_payload_matches_exit_code_semantics ... ok
[INFO] [stdout] test output::tests::failure_text_includes_code ... ok
[INFO] [stdout] test output::tests::fetch_success_payload_has_contract_shape ... ok
[INFO] [stdout] test output::tests::fetch_success_text_is_human_readable ... ok
[INFO] [stdout] test output::tests::fetch_success_text_shows_redirect ... ok
[INFO] [stdout] test output::tests::success_payload_contains_schema_version_and_low_yield ... ok
[INFO] [stdout] test output::tests::success_text_lists_results ... ok
[INFO] [stdout] test http_serp::tests::get_html_reads_http_body ... ok
[INFO] [stdout] test http_serp::tests::get_html_rejects_http_error_status ... ok
[INFO] [stdout] test http_serp::tests::get_html_rejects_oversize_content_length ... ok
[INFO] [stdout] test http_serp::tests::get_html_uses_proxy_when_configured ... ok
[INFO] [stdout] test drivers::cdp::tests::transport_handles_id_matching_and_events ... ok
[INFO] [stdout] test drivers::marionette::tests::transport_handles_hello_and_id_matching ... ok
[INFO] [stdout] test drivers::pool::tests::concurrent_acquire_is_limited ... ok
[INFO] [stdout] test drivers::pool::tests::within_ttl_reuses_session ... ok
[INFO] [stdout] test mcp::tests::cache_expires_after_ttl ... ok
[INFO] [stdout] test app::tests::wait_load_gives_up_after_budget ... ok
[INFO] [stdout] test drivers::cdp::tests::send_times_out_when_no_response ... ok
[INFO] [stdout] test drivers::marionette::tests::send_times_out_when_no_response ... ok
[INFO] [stdout] test drivers::pool::tests::idle_ttl_reaps_expired_session ... ok
[INFO] [stdout] test app::tests::retry_exhausted_returns_network_error ... ok
[INFO] [stdout] test app::tests::retry_recovers_from_transient_network_error ... ok
[INFO] [stdout] 
[INFO] [stdout] test result: ok. 157 passed; 0 failed; 0 ignored; 0 measured; 0 filtered out; finished in 1.01s
[INFO] [stdout] 
[INFO] [stderr]      Running unittests src/main.rs (/opt/rustwide/target/debug/build/worbrow/47771105657d0ed3/out/worbrow-47771105657d0ed3)
[INFO] [stdout] 
[INFO] [stdout] running 0 tests
[INFO] [stdout] 
[INFO] [stdout] test result: ok. 0 passed; 0 failed; 0 ignored; 0 measured; 0 filtered out; finished in 0.00s
[INFO] [stdout] 
[INFO] [stderr]      Running tests/benchmark.rs (/opt/rustwide/target/debug/build/worbrow/237684c31b3b055d/out/benchmark-237684c31b3b055d)
[INFO] [stdout] 
[INFO] [stdout] running 1 test
[INFO] [stdout] test benchmark_queries_fixture_has_id_and_query ... ok
[INFO] [stdout] 
[INFO] [stdout] test result: ok. 1 passed; 0 failed; 0 ignored; 0 measured; 0 filtered out; finished in 0.00s
[INFO] [stdout] 
[INFO] [stderr]      Running tests/cdp_smoke.rs (/opt/rustwide/target/debug/build/worbrow/9e6cabec44d454b6/out/cdp_smoke-9e6cabec44d454b6)
[INFO] [stdout] 
[INFO] [stdout] running 7 tests
[INFO] [stdout] test abort_cancels_and_kills_browser ... ignored, 需要本机 Chrome/Chromium ≥ 109
[INFO] [stdout] test concurrent_spawns_use_distinct_ports ... ignored, 需要本机 Chrome/Chromium ≥ 109
[INFO] [stdout] test end_to_end_on_data_url ... ignored, 需要本机 Chrome/Chromium ≥ 109
[INFO] [stdout] test navigate_invalid_url_errors_instead_of_hanging ... ignored, 需要本机 Chrome/Chromium ≥ 109
[INFO] [stdout] test search_timeout_recycles_browser ... ignored, 需要本机 Chrome/Chromium ≥ 109
[INFO] [stdout] test spawn_then_drop_kills_chrome ... ignored, 需要本机 Chrome/Chromium ≥ 109
[INFO] [stdout] test wait_for_missing_selector_times_out ... ignored, 需要本机 Chrome/Chromium ≥ 109
[INFO] [stdout] 
[INFO] [stdout] test result: ok. 0 passed; 0 failed; 7 ignored; 0 measured; 0 filtered out; finished in 0.00s
[INFO] [stdout] 
[INFO] [stderr]      Running tests/cli.rs (/opt/rustwide/target/debug/build/worbrow/93ab41afca2b778d/out/cli-93ab41afca2b778d)
[INFO] [stdout] 
[INFO] [stdout] running 10 tests
[INFO] [stdout] test fetch_subcommand_invalid_extract_is_cli_error ... ok
[INFO] [stdout] test fetch_subcommand_invalid_format_is_cli_error ... ok
[INFO] [stdout] test list_subcommand_lists_engines ... ok
[INFO] [stdout] test doctor_subcommand_exits_zero ... ok
[INFO] [stdout] test fetch_subcommand_missing_url_is_cli_error ... ok
[INFO] [stdout] test missing_query_without_json_is_human_error ... ok
[INFO] [stdout] test missing_query_with_json_is_error_payload ... ok
[INFO] [stdout] test invalid_proxy_is_cli_error ... ok
[INFO] [stdout] test fetch_subcommand_invalid_url_is_cli_error ... ok
[INFO] [stdout] test unknown_engine_is_cli_error ... FAILED
[INFO] [stdout] 
[INFO] [stdout] failures:
[INFO] [stdout] 
[INFO] [stdout] ---- unknown_engine_is_cli_error stdout ----
[INFO] [stdout] 
[INFO] [stdout] thread 'unknown_engine_is_cli_error' (3694) panicked at tests/cli.rs:61:5:
[INFO] [stdout] assertion `left == right` failed
[INFO] [stdout]   left: 3
[INFO] [stdout]  right: 2
[INFO] [stdout] stack backtrace:
[INFO] [stdout]    0:     0x5998ae42a691 - std[617be2ca0a6fd877]::backtrace_rs::backtrace::libunwind::trace
[INFO] [stdout]                                at /rustc/e3feeb59cd1bdd011a2bfcc0747b55125d9b8527/library/std/src/../../backtrace/src/backtrace/libunwind.rs:117:9
[INFO] [stdout]    1:     0x5998ae42a691 - std[617be2ca0a6fd877]::backtrace_rs::backtrace::trace_unsynchronized::<std[617be2ca0a6fd877]::sys::backtrace::_print_fmt::{closure#1}>
[INFO] [stdout]                                at /rustc/e3feeb59cd1bdd011a2bfcc0747b55125d9b8527/library/std/src/../../backtrace/src/backtrace/mod.rs:66:14
[INFO] [stdout]    2:     0x5998ae42a691 - std[617be2ca0a6fd877]::sys::backtrace::_print_fmt
[INFO] [stdout]                                at /rustc/e3feeb59cd1bdd011a2bfcc0747b55125d9b8527/library/std/src/sys/backtrace.rs:74:9
[INFO] [stdout]    3:     0x5998ae42a691 - <<std[617be2ca0a6fd877]::sys::backtrace::BacktraceLock>::print::DisplayBacktrace as core[a373ad73a504971]::fmt::Display>::fmt
[INFO] [stdout]                                at /rustc/e3feeb59cd1bdd011a2bfcc0747b55125d9b8527/library/std/src/sys/backtrace.rs:44:26
[INFO] [stdout]    4:     0x5998ae43fb5a - <core[a373ad73a504971]::fmt::rt::Argument>::fmt
[INFO] [stdout]                                at /rustc/e3feeb59cd1bdd011a2bfcc0747b55125d9b8527/library/core/src/fmt/rt.rs:152:76
[INFO] [stdout]    5:     0x5998ae43fb5a - core[a373ad73a504971]::fmt::write
[INFO] [stdout]    6:     0x5998ae42ea9c - core[a373ad73a504971]::io::write::default_write_fmt::<alloc[2e1b2a31b91974c5]::vec::Vec<u8>>
[INFO] [stdout]                                at /rustc/e3feeb59cd1bdd011a2bfcc0747b55125d9b8527/library/core/src/io/write.rs:402:11
[INFO] [stdout]    7:     0x5998ae42ea9c - <alloc[2e1b2a31b91974c5]::vec::Vec<u8> as core[a373ad73a504971]::io::write::Write>::write_fmt
[INFO] [stdout]                                at /rustc/e3feeb59cd1bdd011a2bfcc0747b55125d9b8527/library/core/src/io/write.rs:335:13
[INFO] [stdout]    8:     0x5998ae406226 - <std[617be2ca0a6fd877]::sys::backtrace::BacktraceLock>::print
[INFO] [stdout]                                at /rustc/e3feeb59cd1bdd011a2bfcc0747b55125d9b8527/library/std/src/sys/backtrace.rs:47:9
[INFO] [stdout]    9:     0x5998ae406226 - std[617be2ca0a6fd877]::panicking::default_hook::{closure#0}
[INFO] [stdout]                                at /rustc/e3feeb59cd1bdd011a2bfcc0747b55125d9b8527/library/std/src/panicking.rs:289:27
[INFO] [stdout]   10:     0x5998ae422d29 - std[617be2ca0a6fd877]::panicking::default_hook
[INFO] [stdout]                                at /rustc/e3feeb59cd1bdd011a2bfcc0747b55125d9b8527/library/std/src/panicking.rs:313:9
[INFO] [stdout]   11:     0x5998ae3834a0 - <alloc[2e1b2a31b91974c5]::boxed::Box<dyn for<'a, 'b> core[a373ad73a504971]::ops::function::Fn<(&'a std[617be2ca0a6fd877]::panic::PanicHookInfo<'b>,), Output = ()> + core[a373ad73a504971]::marker::Sync + core[a373ad73a504971]::marker::Send> as core[a373ad73a504971]::ops::function::Fn<(&std[617be2ca0a6fd877]::panic::PanicHookInfo,)>>::call
[INFO] [stdout]                                at /rustc/e3feeb59cd1bdd011a2bfcc0747b55125d9b8527/library/alloc/src/boxed.rs:2328:9
[INFO] [stdout]   12:     0x5998ae3834a0 - test[aada8e7e76ba119b]::test_main_inner::{closure#0}
[INFO] [stdout]                                at /rustc/e3feeb59cd1bdd011a2bfcc0747b55125d9b8527/library/test/src/lib.rs:137:21
[INFO] [stdout]   13:     0x5998ae422ee2 - <alloc[2e1b2a31b91974c5]::boxed::Box<dyn for<'a, 'b> core[a373ad73a504971]::ops::function::Fn<(&'a std[617be2ca0a6fd877]::panic::PanicHookInfo<'b>,), Output = ()> + core[a373ad73a504971]::marker::Sync + core[a373ad73a504971]::marker::Send> as core[a373ad73a504971]::ops::function::Fn<(&std[617be2ca0a6fd877]::panic::PanicHookInfo,)>>::call
[INFO] [stdout]                                at /rustc/e3feeb59cd1bdd011a2bfcc0747b55125d9b8527/library/alloc/src/boxed.rs:2328:9
[INFO] [stdout]   14:     0x5998ae422ee2 - std[617be2ca0a6fd877]::panicking::panic_with_hook
[INFO] [stdout]                                at /rustc/e3feeb59cd1bdd011a2bfcc0747b55125d9b8527/library/std/src/panicking.rs:819:13
[INFO] [stdout]   15:     0x5998ae4062d2 - std[617be2ca0a6fd877]::panicking::panic_handler::{closure#0}
[INFO] [stdout]                                at /rustc/e3feeb59cd1bdd011a2bfcc0747b55125d9b8527/library/std/src/panicking.rs:685:13
[INFO] [stdout]   16:     0x5998ae3fefe9 - std[617be2ca0a6fd877]::sys::backtrace::__rust_end_short_backtrace::<std[617be2ca0a6fd877]::panicking::panic_handler::{closure#0}, !>
[INFO] [stdout]                                at /rustc/e3feeb59cd1bdd011a2bfcc0747b55125d9b8527/library/std/src/sys/backtrace.rs:182:18
[INFO] [stdout]   17:     0x5998ae406edd - __rustc[ea4f61d10b84890b]::rust_begin_unwind
[INFO] [stdout]                                at /rustc/e3feeb59cd1bdd011a2bfcc0747b55125d9b8527/library/std/src/panicking.rs:676:5
[INFO] [stdout]   18:     0x5998ae44034c - core[a373ad73a504971]::panicking::panic_fmt
[INFO] [stdout]                                at /rustc/e3feeb59cd1bdd011a2bfcc0747b55125d9b8527/library/core/src/panicking.rs:80:14
[INFO] [stdout]   19:     0x5998ae4401e3 - core[a373ad73a504971]::panicking::assert_failed_inner
[INFO] [stdout]                                at /rustc/e3feeb59cd1bdd011a2bfcc0747b55125d9b8527/library/core/src/panicking.rs:452:17
[INFO] [stdout]   20:     0x5998ae3feb85 - core[a373ad73a504971]::panicking::assert_failed::<i32, i32>
[INFO] [stdout]                                at /rustc/e3feeb59cd1bdd011a2bfcc0747b55125d9b8527/library/core/src/panicking.rs:407:5
[INFO] [stdout]   21:     0x5998ae372b71 - unknown_engine_is_cli_error
[INFO] [stdout]                                at /opt/rustwide/workdir/tests/cli.rs:61:5
[INFO] [stdout]   22:     0x5998ae3722d3 - cli[1f9070cf9818a5aa]::unknown_engine_is_cli_error::{closure#0}
[INFO] [stdout]                                at /opt/rustwide/workdir/tests/cli.rs:58:33
[INFO] [stdout]   23:     0x5998ae376746 - <cli[1f9070cf9818a5aa]::unknown_engine_is_cli_error::{closure#0} as core[a373ad73a504971]::ops::function::FnOnce<()>>::call_once
[INFO] [stdout]                                at /rustc/e3feeb59cd1bdd011a2bfcc0747b55125d9b8527/library/core/src/ops/function.rs:250:5
[INFO] [stdout]   24:     0x5998ae3768eb - <fn() -> core[a373ad73a504971]::result::Result<(), alloc[2e1b2a31b91974c5]::string::String> as core[a373ad73a504971]::ops::function::FnOnce<()>>::call_once
[INFO] [stdout]                                at /rustc/e3feeb59cd1bdd011a2bfcc0747b55125d9b8527/library/core/src/ops/function.rs:250:5
[INFO] [stdout]   25:     0x5998ae3768eb - test[aada8e7e76ba119b]::__rust_begin_short_backtrace::<core[a373ad73a504971]::result::Result<(), alloc[2e1b2a31b91974c5]::string::String>, fn() -> core[a373ad73a504971]::result::Result<(), alloc[2e1b2a31b91974c5]::string::String>>
[INFO] [stdout]                                at /rustc/e3feeb59cd1bdd011a2bfcc0747b55125d9b8527/library/test/src/lib.rs:701:18
[INFO] [stdout]   26:     0x5998ae383ac5 - test[aada8e7e76ba119b]::run_test_in_process::{closure#0}
[INFO] [stdout]                                at /rustc/e3feeb59cd1bdd011a2bfcc0747b55125d9b8527/library/test/src/lib.rs:724:74
[INFO] [stdout]   27:     0x5998ae383ac5 - <core[a373ad73a504971]::panic::unwind_safe::AssertUnwindSafe<test[aada8e7e76ba119b]::run_test_in_process::{closure#0}> as core[a373ad73a504971]::ops::function::FnOnce<()>>::call_once
[INFO] [stdout]                                at /rustc/e3feeb59cd1bdd011a2bfcc0747b55125d9b8527/library/core/src/panic/unwind_safe.rs:275:9
[INFO] [stdout]   28:     0x5998ae383ac5 - std[617be2ca0a6fd877]::panicking::catch_unwind::do_call::<core[a373ad73a504971]::panic::unwind_safe::AssertUnwindSafe<test[aada8e7e76ba119b]::run_test_in_process::{closure#0}>, core[a373ad73a504971]::result::Result<(), alloc[2e1b2a31b91974c5]::string::String>>
[INFO] [stdout]                                at /rustc/e3feeb59cd1bdd011a2bfcc0747b55125d9b8527/library/std/src/panicking.rs:573:43
[INFO] [stdout]   29:     0x5998ae383ac5 - std[617be2ca0a6fd877]::panicking::catch_unwind::<core[a373ad73a504971]::result::Result<(), alloc[2e1b2a31b91974c5]::string::String>, core[a373ad73a504971]::panic::unwind_safe::AssertUnwindSafe<test[aada8e7e76ba119b]::run_test_in_process::{closure#0}>>
[INFO] [stdout]                                at /rustc/e3feeb59cd1bdd011a2bfcc0747b55125d9b8527/library/std/src/panicking.rs:541:19
[INFO] [stdout]   30:     0x5998ae383ac5 - std[617be2ca0a6fd877]::panic::catch_unwind::<core[a373ad73a504971]::panic::unwind_safe::AssertUnwindSafe<test[aada8e7e76ba119b]::run_test_in_process::{closure#0}>, core[a373ad73a504971]::result::Result<(), alloc[2e1b2a31b91974c5]::string::String>>
[INFO] [stdout]                                at /rustc/e3feeb59cd1bdd011a2bfcc0747b55125d9b8527/library/std/src/panic.rs:359:14
[INFO] [stdout]   31:     0x5998ae383ac5 - test[aada8e7e76ba119b]::run_test_in_process
[INFO] [stdout]                                at /rustc/e3feeb59cd1bdd011a2bfcc0747b55125d9b8527/library/test/src/lib.rs:724:27
[INFO] [stdout]   32:     0x5998ae383ac5 - test[aada8e7e76ba119b]::run_test::{closure#0}
[INFO] [stdout]                                at /rustc/e3feeb59cd1bdd011a2bfcc0747b55125d9b8527/library/test/src/lib.rs:645:43
[INFO] [stdout]   33:     0x5998ae37d3b4 - test[aada8e7e76ba119b]::run_test::{closure#1}
[INFO] [stdout]                                at /rustc/e3feeb59cd1bdd011a2bfcc0747b55125d9b8527/library/test/src/lib.rs:675:41
[INFO] [stdout]   34:     0x5998ae37d3b4 - std[617be2ca0a6fd877]::sys::backtrace::__rust_begin_short_backtrace::<test[aada8e7e76ba119b]::run_test::{closure#1}, ()>
[INFO] [stdout]                                at /rustc/e3feeb59cd1bdd011a2bfcc0747b55125d9b8527/library/std/src/sys/backtrace.rs:166:18
[INFO] [stdout]   35:     0x5998ae386b52 - std[617be2ca0a6fd877]::thread::lifecycle::spawn_unchecked::<test[aada8e7e76ba119b]::run_test::{closure#1}, ()>::{closure#1}::{closure#0}
[INFO] [stdout]                                at /rustc/e3feeb59cd1bdd011a2bfcc0747b55125d9b8527/library/std/src/thread/lifecycle.rs:70:13
[INFO] [stdout]   36:     0x5998ae386b52 - <core[a373ad73a504971]::panic::unwind_safe::AssertUnwindSafe<std[617be2ca0a6fd877]::thread::lifecycle::spawn_unchecked<test[aada8e7e76ba119b]::run_test::{closure#1}, ()>::{closure#1}::{closure#0}> as core[a373ad73a504971]::ops::function::FnOnce<()>>::call_once
[INFO] [stdout]                                at /rustc/e3feeb59cd1bdd011a2bfcc0747b55125d9b8527/library/core/src/panic/unwind_safe.rs:275:9
[INFO] [stdout]   37:     0x5998ae386b52 - std[617be2ca0a6fd877]::panicking::catch_unwind::do_call::<core[a373ad73a504971]::panic::unwind_safe::AssertUnwindSafe<std[617be2ca0a6fd877]::thread::lifecycle::spawn_unchecked<test[aada8e7e76ba119b]::run_test::{closure#1}, ()>::{closure#1}::{closure#0}>, ()>
[INFO] [stdout]                                at /rustc/e3feeb59cd1bdd011a2bfcc0747b55125d9b8527/library/std/src/panicking.rs:573:43
[INFO] [stdout]   38:     0x5998ae386b52 - std[617be2ca0a6fd877]::panicking::catch_unwind::<(), core[a373ad73a504971]::panic::unwind_safe::AssertUnwindSafe<std[617be2ca0a6fd877]::thread::lifecycle::spawn_unchecked<test[aada8e7e76ba119b]::run_test::{closure#1}, ()>::{closure#1}::{closure#0}>>
[INFO] [stdout]                                at /rustc/e3feeb59cd1bdd011a2bfcc0747b55125d9b8527/library/std/src/panicking.rs:541:19
[INFO] [stdout]   39:     0x5998ae386b52 - std[617be2ca0a6fd877]::panic::catch_unwind::<core[a373ad73a504971]::panic::unwind_safe::AssertUnwindSafe<std[617be2ca0a6fd877]::thread::lifecycle::spawn_unchecked<test[aada8e7e76ba119b]::run_test::{closure#1}, ()>::{closure#1}::{closure#0}>, ()>
[INFO] [stdout]                                at /rustc/e3feeb59cd1bdd011a2bfcc0747b55125d9b8527/library/std/src/panic.rs:359:14
[INFO] [stdout]   40:     0x5998ae386b52 - std[617be2ca0a6fd877]::thread::lifecycle::spawn_unchecked::<test[aada8e7e76ba119b]::run_test::{closure#1}, ()>::{closure#1}
[INFO] [stdout]                                at /rustc/e3feeb59cd1bdd011a2bfcc0747b55125d9b8527/library/std/src/thread/lifecycle.rs:68:26
[INFO] [stdout]   41:     0x5998ae386b52 - <std[617be2ca0a6fd877]::thread::lifecycle::spawn_unchecked<test[aada8e7e76ba119b]::run_test::{closure#1}, ()>::{closure#1} as core[a373ad73a504971]::ops::function::FnOnce<()>>::call_once::{shim:vtable#0}
[INFO] [stdout]                                at /rustc/e3feeb59cd1bdd011a2bfcc0747b55125d9b8527/library/core/src/ops/function.rs:250:5
[INFO] [stdout]   42:     0x5998ae429eef - <alloc[2e1b2a31b91974c5]::boxed::Box<dyn core[a373ad73a504971]::ops::function::FnOnce<(), Output = ()> + core[a373ad73a504971]::marker::Send> as core[a373ad73a504971]::ops::function::FnOnce<()>>::call_once
[INFO] [stdout]                                at /rustc/e3feeb59cd1bdd011a2bfcc0747b55125d9b8527/library/alloc/src/boxed.rs:2314:9
[INFO] [stdout]   43:     0x5998ae429eef - <std[617be2ca0a6fd877]::sys::thread::unix::Thread>::new::thread_start
[INFO] [stdout]                                at /rustc/e3feeb59cd1bdd011a2bfcc0747b55125d9b8527/library/std/src/sys/thread/unix.rs:127:17
[INFO] [stdout]   44:     0x7fe2101b2dfa - <unknown>
[INFO] [stdout]   45:     0x7fe2102463d4 - clone
[INFO] [stdout]   46:                0x0 - <unknown>
[INFO] [stdout] 
[INFO] [stdout] 
[INFO] [stdout] failures:
[INFO] [stdout]     unknown_engine_is_cli_error
[INFO] [stdout] 
[INFO] [stdout] test result: FAILED. 9 passed; 1 failed; 0 ignored; 0 measured; 0 filtered out; finished in 0.02s
[INFO] [stdout] 
[INFO] [stderr] error: test failed, to rerun pass `--test cli`
[INFO] running `Command { std: "docker" "inspect" "2d16b95f3fa923508873b09c02525d1fa3a6de8e425d837763bcf6568becdcb0", kill_on_drop: false }`
[INFO] running `Command { std: "docker" "rm" "-f" "2d16b95f3fa923508873b09c02525d1fa3a6de8e425d837763bcf6568becdcb0", kill_on_drop: false }`
[INFO] [stdout] 2d16b95f3fa923508873b09c02525d1fa3a6de8e425d837763bcf6568becdcb0
