[INFO] fetching crate woodshed 0.1.0...
[INFO] testing woodshed-0.1.0 against 1.100.0-beta.1 for beta-1.100-2
[INFO] extracting crate woodshed 0.1.0 into /workspace/builds/worker-1-tc2/source
[INFO] started tweaking crates.io crate woodshed 0.1.0
[INFO] finished tweaking crates.io crate woodshed 0.1.0
[INFO] tweaked toml for crates.io crate woodshed 0.1.0 written to /workspace/builds/worker-1-tc2/source/Cargo.toml
[INFO] validating manifest of crates.io crate woodshed 0.1.0 on toolchain 1.100.0-beta.1
[INFO] running `Command { std: CARGO_HOME="/workspace/cargo-home" RUSTUP_HOME="/workspace/rustup-home" "/workspace/cargo-home/bin/cargo" "+1.100.0-beta.1" "metadata" "--manifest-path" "Cargo.toml" "--no-deps", kill_on_drop: false }`
[INFO] crate crates.io crate woodshed 0.1.0 already has a lockfile, it will not be regenerated
[INFO] running `Command { std: CARGO_HOME="/workspace/cargo-home" RUSTUP_HOME="/workspace/rustup-home" "/workspace/cargo-home/bin/cargo" "+1.100.0-beta.1" "fetch" "--manifest-path" "Cargo.toml", kill_on_drop: false }`
[INFO] running `Command { std: "docker" "create" "-v" "/var/lib/crater-agent-workspace/builds/worker-1-tc2/source:/opt/rustwide/workdir:ro,Z" "-v" "/var/lib/crater-agent-workspace/builds/worker-1-tc2/target:/opt/rustwide/target:rw,Z" "-v" "/var/lib/crater-agent-workspace/cargo-home:/opt/rustwide/cargo-home:ro,Z" "-v" "/var/lib/crater-agent-workspace/rustup-home:/opt/rustwide/rustup-home:ro,Z" "-m" "1610612736" "--network" "none" "ghcr.io/rust-lang/crates-build-env/linux@sha256:3111399a4047eeb3a02b7a90e478d715f38a8c6669b5c4b49d30a17385265909" "sleep" "infinity", kill_on_drop: false }`
[INFO] [stdout] 25ddc5e30c668890fc635fd2daff806ab9d4cd75a48e3c8b96ca25c42b8d14a8
[INFO] running `Command { std: "docker" "start" "25ddc5e30c668890fc635fd2daff806ab9d4cd75a48e3c8b96ca25c42b8d14a8", kill_on_drop: false }`
[INFO] running `Command { std: "docker" "inspect" "25ddc5e30c668890fc635fd2daff806ab9d4cd75a48e3c8b96ca25c42b8d14a8", kill_on_drop: false }`
[INFO] running `Command { std: "docker" "exec" "-e" "SOURCE_DIR=/opt/rustwide/workdir" "-e" "CARGO_HOME=/opt/rustwide/cargo-home" "-e" "RUSTUP_HOME=/opt/rustwide/rustup-home" "-e" "CARGO_TARGET_DIR=/opt/rustwide/target" "-w" "/opt/rustwide/workdir" "--user" "0:0" "25ddc5e30c668890fc635fd2daff806ab9d4cd75a48e3c8b96ca25c42b8d14a8" "/opt/rustwide/cargo-home/bin/cargo" "+1.100.0-beta.1" "metadata" "--no-deps" "--format-version=1", kill_on_drop: false }`
[INFO] running `Command { std: "docker" "inspect" "25ddc5e30c668890fc635fd2daff806ab9d4cd75a48e3c8b96ca25c42b8d14a8", kill_on_drop: false }`
[INFO] running `Command { std: "docker" "exec" "-e" "SOURCE_DIR=/opt/rustwide/workdir" "-e" "CARGO_HOME=/opt/rustwide/cargo-home" "-e" "RUSTUP_HOME=/opt/rustwide/rustup-home" "-e" "CARGO_TARGET_DIR=/opt/rustwide/target" "-e" "CARGO_INCREMENTAL=0" "-e" "RUST_BACKTRACE=full" "-e" "RUSTFLAGS=--cap-lints=warn" "-e" "RUSTDOCFLAGS=--cap-lints=warn" "-w" "/opt/rustwide/workdir" "--user" "0:0" "25ddc5e30c668890fc635fd2daff806ab9d4cd75a48e3c8b96ca25c42b8d14a8" "/opt/rustwide/cargo-home/bin/cargo" "+1.100.0-beta.1" "build" "--frozen" "--message-format=json", kill_on_drop: false }`
[INFO] [stderr]    Compiling find-msvc-tools v0.1.12
[INFO] [stderr]    Compiling crc32fast v1.5.1
[INFO] [stderr]    Compiling rustls v0.23.44
[INFO] [stderr]    Compiling simd-adler32 v0.3.10
[INFO] [stderr]    Compiling adler2 v2.0.1
[INFO] [stderr]    Compiling xattr v1.6.1
[INFO] [stderr]    Compiling ureq-proto v0.6.2
[INFO] [stderr]    Compiling filetime v0.2.29
[INFO] [stderr]    Compiling toml_datetime v0.7.5+spec-1.1.0
[INFO] [stderr]    Compiling winnow v0.7.15
[INFO] [stderr]    Compiling fs4 v0.13.1
[INFO] [stderr]    Compiling serde v1.0.229
[INFO] [stderr]    Compiling cc v1.4.5
[INFO] [stderr]    Compiling tar v0.4.46
[INFO] [stderr]    Compiling miniz_oxide v0.9.1
[INFO] [stderr]    Compiling flate2 v1.1.10
[INFO] [stderr]    Compiling ring v0.17.14
[INFO] [stderr]    Compiling toml v0.9.12+spec-1.1.0
[INFO] [stderr]    Compiling rustls-webpki v0.103.15
[INFO] [stderr]    Compiling ureq v3.4.1
[INFO] [stderr]    Compiling woodshed v0.1.0 (/opt/rustwide/workdir)
[INFO] [stderr]     Finished `dev` profile [unoptimized + debuginfo] target(s) in 13.83s
[INFO] running `Command { std: "docker" "inspect" "25ddc5e30c668890fc635fd2daff806ab9d4cd75a48e3c8b96ca25c42b8d14a8", kill_on_drop: false }`
[INFO] running `Command { std: "docker" "exec" "-e" "SOURCE_DIR=/opt/rustwide/workdir" "-e" "CARGO_HOME=/opt/rustwide/cargo-home" "-e" "RUSTUP_HOME=/opt/rustwide/rustup-home" "-e" "CARGO_TARGET_DIR=/opt/rustwide/target" "-e" "CARGO_INCREMENTAL=0" "-e" "RUST_BACKTRACE=full" "-e" "RUSTFLAGS=--cap-lints=warn" "-e" "RUSTDOCFLAGS=--cap-lints=warn" "-w" "/opt/rustwide/workdir" "--user" "0:0" "25ddc5e30c668890fc635fd2daff806ab9d4cd75a48e3c8b96ca25c42b8d14a8" "/opt/rustwide/cargo-home/bin/cargo" "+1.100.0-beta.1" "test" "--frozen" "--no-run" "--message-format=json", kill_on_drop: false }`
[INFO] [stderr]    Compiling woodshed v0.1.0 (/opt/rustwide/workdir)
[INFO] [stderr]     Finished `test` profile [unoptimized + debuginfo] target(s) in 1.26s
[INFO] running `Command { std: "docker" "inspect" "25ddc5e30c668890fc635fd2daff806ab9d4cd75a48e3c8b96ca25c42b8d14a8", kill_on_drop: false }`
[INFO] running `Command { std: "docker" "exec" "-e" "SOURCE_DIR=/opt/rustwide/workdir" "-e" "CARGO_HOME=/opt/rustwide/cargo-home" "-e" "RUSTUP_HOME=/opt/rustwide/rustup-home" "-e" "CARGO_TARGET_DIR=/opt/rustwide/target" "-e" "CARGO_INCREMENTAL=0" "-e" "RUST_BACKTRACE=full" "-e" "RUSTFLAGS=--cap-lints=warn" "-e" "RUSTDOCFLAGS=--cap-lints=warn" "-w" "/opt/rustwide/workdir" "--user" "0:0" "25ddc5e30c668890fc635fd2daff806ab9d4cd75a48e3c8b96ca25c42b8d14a8" "/opt/rustwide/cargo-home/bin/cargo" "+1.100.0-beta.1" "test" "--frozen", kill_on_drop: false }`
[INFO] [stderr]     Finished `test` profile [unoptimized + debuginfo] target(s) in 0.07s
[INFO] [stderr]      Running unittests src/lib.rs (/opt/rustwide/target/debug/build/woodshed/525815e4b1e9c9dc/out/woodshed-525815e4b1e9c9dc)
[INFO] [stdout] 
[INFO] [stdout] running 25 tests
[INFO] [stdout] test archive::tests::an_unknown_format_names_the_feature_to_enable ... ok
[INFO] [stdout] test cache::tests::lock_path_does_not_truncate_compound_extensions ... ok
[INFO] [stdout] test cache::tests::lock_path_keeps_dotted_names_distinct ... ok
[INFO] [stdout] test dep::tests::a_dep_without_markers_is_trivially_present ... ok
[INFO] [stdout] test dep::tests::archive_file_falls_back_to_the_name ... ok
[INFO] [stdout] test cache::tests::project_root_keeps_flat_or_ambiguous_trees ... ok
[INFO] [stdout] test dep::tests::source_dir_name_pairs_name_and_version ... ok
[INFO] [stdout] test dep::tests::explicit_file_overrides_the_url ... ok
[INFO] [stdout] test tests::a_windows_target_is_not_unix_even_on_a_unix_host ... ok
[INFO] [stdout] test cache::tests::is_complete_requires_every_marker ... ok
[INFO] [stdout] test dep::tests::markers_distinguish_files_from_directories ... ok
[INFO] [stdout] test cache::tests::build_key_is_deterministic_and_sensitive ... ok
[INFO] [stdout] test cache::tests::lock_is_reentrant_across_sequential_holders ... ok
[INFO] [stdout] test cache::tests::build_key_order_is_significant ... ok
[INFO] [stdout] test cache::tests::project_root_unwraps_single_directory ... ok
[INFO] [stdout] test toolchain::tests::find_on_path_locates_a_real_tool ... ok
[INFO] [stdout] test tests::verify_sha256_reports_a_missing_file ... ok
[INFO] [stdout] test dep::tests::archive_file_comes_from_the_url ... ok
[INFO] [stdout] test tests::crt_static_reads_the_target_feature_list ... ok
[INFO] [stdout] test toolchain::tests::find_on_path_ignores_missing_tools ... ok
[INFO] [stdout] test toolchain::tests::find_on_path_skips_non_executable_files ... ok
[INFO] [stdout] test tests::multi_family_targets_still_count_as_unix ... ok
[INFO] [stdout] test tests::target_helpers_read_the_target_not_the_host ... ok
[INFO] [stdout] test cache::tests::copy_dir_reproduces_nested_trees ... ok
[INFO] [stdout] test tests::verify_sha256_accepts_a_correct_digest_and_rejects_a_wrong_one ... ok
[INFO] [stdout] 
[INFO] [stdout] test result: ok. 25 passed; 0 failed; 0 ignored; 0 measured; 0 filtered out; finished in 0.01s
[INFO] [stdout] 
[INFO] [stderr]    Doc-tests woodshed
[INFO] [stdout] 
[INFO] [stdout] running 1 test
[INFO] [stdout] test src/lib.rs - (line 42) - compile ... FAILED
[INFO] [stdout] 
[INFO] [stdout] failures:
[INFO] [stdout] 
[INFO] [stdout] ---- src/lib.rs - (line 42) stdout ----
[INFO] [stdout] error[E0432]: unresolved import `woodshed::CmakeBuild`
[INFO] [stdout]   --> src/lib.rs:45:33
[INFO] [stdout]    |
[INFO] [stdout] 45 | use woodshed::{BuildKey, Cache, CmakeBuild, Manifest};
[INFO] [stdout]    |                                 ^^^^^^^^^^ no `CmakeBuild` in the root
[INFO] [stdout]    |
[INFO] [stderr] error: doctest failed, to rerun pass `--doc`
[INFO] [stdout] note: found an item that was configured out
[INFO] [stdout]   --> src/lib.rs:89:17
[INFO] [stdout]    |
[INFO] [stdout] 88 | #[cfg(feature = "cmake")]
[INFO] [stdout]    |       ----------------- the item is gated behind the `cmake` feature
[INFO] [stdout] 89 | pub use cmake::{CmakeBuild, MsvcRuntime};
[INFO] [stdout]    |                 ^^^^^^^^^^
[INFO] [stdout] 
[INFO] [stdout] error: aborting due to 1 previous error
[INFO] [stdout] 
[INFO] [stdout] For more information about this error, try `rustc --explain E0432`.
[INFO] [stdout] Couldn't compile the test.
[INFO] [stdout] 
[INFO] [stdout] failures:
[INFO] [stdout]     src/lib.rs - (line 42)
[INFO] [stdout] 
[INFO] [stdout] test result: FAILED. 0 passed; 1 failed; 0 ignored; 0 measured; 0 filtered out; finished in 0.07s
[INFO] [stdout] 
[INFO] [stdout] all doctests ran in 0.13s; merged doctests compilation took 0.07s
[INFO] running `Command { std: "docker" "inspect" "25ddc5e30c668890fc635fd2daff806ab9d4cd75a48e3c8b96ca25c42b8d14a8", kill_on_drop: false }`
[INFO] running `Command { std: "docker" "rm" "-f" "25ddc5e30c668890fc635fd2daff806ab9d4cd75a48e3c8b96ca25c42b8d14a8", kill_on_drop: false }`
[INFO] [stdout] 25ddc5e30c668890fc635fd2daff806ab9d4cd75a48e3c8b96ca25c42b8d14a8
