[INFO] fetching crate wisp-cli-core 1.3.0...
[INFO] testing wisp-cli-core-1.3.0 against 1.100.0-beta.1 for beta-1.100-2
[INFO] extracting crate wisp-cli-core 1.3.0 into /workspace/builds/worker-5-tc2/source
[INFO] started tweaking crates.io crate wisp-cli-core 1.3.0
[INFO] removed 0 missing tests
[INFO] finished tweaking crates.io crate wisp-cli-core 1.3.0
[INFO] tweaked toml for crates.io crate wisp-cli-core 1.3.0 written to /workspace/builds/worker-5-tc2/source/Cargo.toml
[INFO] validating manifest of crates.io crate wisp-cli-core 1.3.0 on toolchain 1.100.0-beta.1
[INFO] running `Command { std: CARGO_HOME="/workspace/cargo-home" RUSTUP_HOME="/workspace/rustup-home" "/workspace/cargo-home/bin/cargo" "+1.100.0-beta.1" "metadata" "--manifest-path" "Cargo.toml" "--no-deps", kill_on_drop: false }`
[INFO] crate crates.io crate wisp-cli-core 1.3.0 already has a lockfile, it will not be regenerated
[INFO] running `Command { std: CARGO_HOME="/workspace/cargo-home" RUSTUP_HOME="/workspace/rustup-home" "/workspace/cargo-home/bin/cargo" "+1.100.0-beta.1" "fetch" "--manifest-path" "Cargo.toml", kill_on_drop: false }`
[INFO] running `Command { std: "docker" "create" "-v" "/var/lib/crater-agent-workspace/builds/worker-5-tc2/source:/opt/rustwide/workdir:ro,Z" "-v" "/var/lib/crater-agent-workspace/builds/worker-5-tc2/target:/opt/rustwide/target:rw,Z" "-v" "/var/lib/crater-agent-workspace/cargo-home:/opt/rustwide/cargo-home:ro,Z" "-v" "/var/lib/crater-agent-workspace/rustup-home:/opt/rustwide/rustup-home:ro,Z" "-m" "1610612736" "--network" "none" "ghcr.io/rust-lang/crates-build-env/linux@sha256:3111399a4047eeb3a02b7a90e478d715f38a8c6669b5c4b49d30a17385265909" "sleep" "infinity", kill_on_drop: false }`
[INFO] [stdout] 0d0609be46a1f321247063a0c5c484be5b092eecb6211e4289415c98a6569785
[INFO] running `Command { std: "docker" "start" "0d0609be46a1f321247063a0c5c484be5b092eecb6211e4289415c98a6569785", kill_on_drop: false }`
[INFO] running `Command { std: "docker" "inspect" "0d0609be46a1f321247063a0c5c484be5b092eecb6211e4289415c98a6569785", kill_on_drop: false }`
[INFO] running `Command { std: "docker" "exec" "-e" "SOURCE_DIR=/opt/rustwide/workdir" "-e" "CARGO_HOME=/opt/rustwide/cargo-home" "-e" "RUSTUP_HOME=/opt/rustwide/rustup-home" "-e" "CARGO_TARGET_DIR=/opt/rustwide/target" "-w" "/opt/rustwide/workdir" "--user" "0:0" "0d0609be46a1f321247063a0c5c484be5b092eecb6211e4289415c98a6569785" "/opt/rustwide/cargo-home/bin/cargo" "+1.100.0-beta.1" "metadata" "--no-deps" "--format-version=1", kill_on_drop: false }`
[INFO] running `Command { std: "docker" "inspect" "0d0609be46a1f321247063a0c5c484be5b092eecb6211e4289415c98a6569785", kill_on_drop: false }`
[INFO] running `Command { std: "docker" "exec" "-e" "SOURCE_DIR=/opt/rustwide/workdir" "-e" "CARGO_HOME=/opt/rustwide/cargo-home" "-e" "RUSTUP_HOME=/opt/rustwide/rustup-home" "-e" "CARGO_TARGET_DIR=/opt/rustwide/target" "-e" "CARGO_INCREMENTAL=0" "-e" "RUST_BACKTRACE=full" "-e" "RUSTFLAGS=--cap-lints=warn" "-e" "RUSTDOCFLAGS=--cap-lints=warn" "-w" "/opt/rustwide/workdir" "--user" "0:0" "0d0609be46a1f321247063a0c5c484be5b092eecb6211e4289415c98a6569785" "/opt/rustwide/cargo-home/bin/cargo" "+1.100.0-beta.1" "build" "--frozen" "--message-format=json", kill_on_drop: false }`
[INFO] [stderr]    Compiling proc-macro2 v1.0.106
[INFO] [stderr]    Compiling unicode-ident v1.0.24
[INFO] [stderr]    Compiling quote v1.0.45
[INFO] [stderr]    Compiling libc v0.2.186
[INFO] [stderr]    Compiling version_check v0.9.5
[INFO] [stderr]    Compiling stable_deref_trait v1.2.1
[INFO] [stderr]    Compiling cfg-if v1.0.4
[INFO] [stderr]    Compiling itoa v1.0.18
[INFO] [stderr]    Compiling litemap v0.7.5
[INFO] [stderr]    Compiling icu_locid_transform_data v1.5.1
[INFO] [stderr]    Compiling writeable v0.5.5
[INFO] [stderr]    Compiling icu_properties_data v1.5.1
[INFO] [stderr]    Compiling smallvec v1.15.1
[INFO] [stderr]    Compiling subtle v2.6.1
[INFO] [stderr]    Compiling icu_normalizer_data v1.5.1
[INFO] [stderr]    Compiling find-msvc-tools v0.1.9
[INFO] [stderr]    Compiling bytes v1.11.1
[INFO] [stderr]    Compiling shlex v1.3.0
[INFO] [stderr]    Compiling serde_core v1.0.228
[INFO] [stderr]    Compiling pin-project-lite v0.2.17
[INFO] [stderr]    Compiling futures-core v0.3.32
[INFO] [stderr]    Compiling typenum v1.20.0
[INFO] [stderr]    Compiling zeroize v1.8.2
[INFO] [stderr]    Compiling cc v1.2.62
[INFO] [stderr]    Compiling utf16_iter v1.0.5
[INFO] [stderr]    Compiling memchr v2.8.0
[INFO] [stderr]    Compiling utf8_iter v1.0.4
[INFO] [stderr]    Compiling write16 v1.0.0
[INFO] [stderr]    Compiling rustls-pki-types v1.14.1
[INFO] [stderr]    Compiling percent-encoding v2.3.2
[INFO] [stderr]    Compiling ident_case v1.0.1
[INFO] [stderr]    Compiling fnv v1.0.7
[INFO] [stderr]    Compiling once_cell v1.21.4
[INFO] [stderr]    Compiling generic-array v0.14.7
[INFO] [stderr]    Compiling strsim v0.11.1
[INFO] [stderr]    Compiling time-core v0.1.8
[INFO] [stderr]    Compiling untrusted v0.9.0
[INFO] [stderr]    Compiling powerfmt v0.2.0
[INFO] [stderr]    Compiling num-conv v0.2.2
[INFO] [stderr]    Compiling getrandom v0.3.4
[INFO] [stderr]    Compiling zerocopy v0.8.48
[INFO] [stderr]    Compiling httparse v1.10.1
[INFO] [stderr]    Compiling form_urlencoded v1.2.2
[INFO] [stderr]    Compiling slab v0.4.12
[INFO] [stderr]    Compiling futures-task v0.3.32
[INFO] [stderr]    Compiling time-macros v0.2.27
[INFO] [stderr]    Compiling try-lock v0.2.5
[INFO] [stderr]    Compiling rustls v0.23.40
[INFO] [stderr]    Compiling deranged v0.5.8
[INFO] [stderr]    Compiling zmij v1.0.21
[INFO] [stderr]    Compiling serde v1.0.228
[INFO] [stderr]    Compiling futures-util v0.3.32
[INFO] [stderr]    Compiling want v0.3.1
[INFO] [stderr]    Compiling tracing-core v0.1.36
[INFO] [stderr]    Compiling cookie v0.18.1
[INFO] [stderr]    Compiling futures-channel v0.3.32
[INFO] [stderr]    Compiling atomic-waker v1.1.2
[INFO] [stderr]    Compiling serde_json v1.0.150
[INFO] [stderr]    Compiling errno v0.3.14
[INFO] [stderr]    Compiling socket2 v0.6.3
[INFO] [stderr]    Compiling mio v1.2.0
[INFO] [stderr]    Compiling signal-hook-registry v1.4.8
[INFO] [stderr]    Compiling http v1.4.0
[INFO] [stderr]    Compiling getrandom v0.2.17
[INFO] [stderr]    Compiling syn v2.0.117
[INFO] [stderr]    Compiling aho-corasick v1.1.4
[INFO] [stderr]    Compiling regex-syntax v0.8.10
[INFO] [stderr]    Compiling tower-service v0.3.3
[INFO] [stderr]    Compiling block-buffer v0.10.4
[INFO] [stderr]    Compiling crypto-common v0.1.7
[INFO] [stderr]    Compiling digest v0.10.7
[INFO] [stderr]    Compiling rand_core v0.9.5
[INFO] [stderr]    Compiling tracing v0.1.44
[INFO] [stderr]    Compiling webpki-roots v1.0.7
[INFO] [stderr]    Compiling psl-types v2.0.11
[INFO] [stderr]    Compiling cpufeatures v0.2.17
[INFO] [stderr]    Compiling bit-vec v0.8.0
[INFO] [stderr]    Compiling litrs v1.0.0
[INFO] [stderr]    Compiling sync_wrapper v1.0.2
[INFO] [stderr]    Compiling winnow v1.0.3
[INFO] [stderr]    Compiling time v0.3.47
[INFO] [stderr]    Compiling hmac v0.12.1
[INFO] [stderr]    Compiling log v0.4.29
[INFO] [stderr]    Compiling bit-set v0.8.0
[INFO] [stderr]    Compiling tower-layer v0.3.3
[INFO] [stderr]    Compiling ryu v1.0.23
[INFO] [stderr]    Compiling either v1.16.0
[INFO] [stderr]    Compiling thiserror v2.0.18
[INFO] [stderr]    Compiling sha2 v0.10.9
[INFO] [stderr]    Compiling sha1 v0.10.6
[INFO] [stderr]    Compiling itertools v0.14.0
[INFO] [stderr]    Compiling webpki-roots v0.26.11
[INFO] [stderr]    Compiling rustls-pemfile v2.2.0
[INFO] [stderr]    Compiling ring v0.17.14
[INFO] [stderr]    Compiling toml_parser v1.1.2+spec-1.1.0
[INFO] [stderr]    Compiling base32 v0.5.1
[INFO] [stderr]    Compiling winnow v0.7.15
[INFO] [stderr]    Compiling lazy_static v1.5.0
[INFO] [stderr]    Compiling base64 v0.22.1
[INFO] [stderr]    Compiling constant_time_eq v0.3.1
[INFO] [stderr]    Compiling http-body v1.0.1
[INFO] [stderr]    Compiling document-features v0.2.12
[INFO] [stderr]    Compiling urlencoding v2.1.3
[INFO] [stderr]    Compiling http-body-util v0.1.3
[INFO] [stderr]    Compiling mime v0.3.17
[INFO] [stderr]    Compiling ipnet v2.12.0
[INFO] [stderr]    Compiling toml_writer v1.1.1+spec-1.1.0
[INFO] [stderr]    Compiling pbkdf2 v0.12.2
[INFO] [stderr]    Compiling qrcode v0.14.1
[INFO] [stderr]    Compiling regex-automata v0.4.14
[INFO] [stderr]    Compiling serde_spanned v1.1.1
[INFO] [stderr]    Compiling toml_datetime v0.7.5+spec-1.1.0
[INFO] [stderr]    Compiling toml v0.9.12+spec-1.1.0
[INFO] [stderr]    Compiling synstructure v0.13.2
[INFO] [stderr]    Compiling darling_core v0.20.11
[INFO] [stderr]    Compiling ppv-lite86 v0.2.21
[INFO] [stderr]    Compiling zerofrom-derive v0.1.7
[INFO] [stderr]    Compiling yoke-derive v0.7.5
[INFO] [stderr]    Compiling zerovec-derive v0.10.3
[INFO] [stderr]    Compiling displaydoc v0.2.5
[INFO] [stderr]    Compiling icu_provider_macros v1.5.0
[INFO] [stderr]    Compiling tokio-macros v2.7.0
[INFO] [stderr]    Compiling serde_derive v1.0.228
[INFO] [stderr]    Compiling thiserror-impl v2.0.18
[INFO] [stderr]    Compiling rustls-webpki v0.103.13
[INFO] [stderr]    Compiling rand_chacha v0.9.0
[INFO] [stderr]    Compiling rand v0.9.4
[INFO] [stderr]    Compiling regex v1.12.3
[INFO] [stderr]    Compiling fancy-regex v0.18.0
[INFO] [stderr]    Compiling tokio v1.52.3
[INFO] [stderr]    Compiling zerofrom v0.1.8
[INFO] [stderr]    Compiling yoke v0.7.5
[INFO] [stderr]    Compiling zerovec v0.10.4
[INFO] [stderr]    Compiling darling_macro v0.20.11
[INFO] [stderr]    Compiling darling v0.20.11
[INFO] [stderr]    Compiling derive_builder_core v0.20.2
[INFO] [stderr]    Compiling tinystr v0.7.6
[INFO] [stderr]    Compiling icu_collections v1.5.0
[INFO] [stderr]    Compiling icu_locid v1.5.0
[INFO] [stderr]    Compiling serde_urlencoded v0.7.1
[INFO] [stderr]    Compiling icu_provider v1.5.0
[INFO] [stderr]    Compiling derive_builder_macro v0.20.2
[INFO] [stderr]    Compiling icu_locid_transform v1.5.0
[INFO] [stderr]    Compiling derive_builder v0.20.2
[INFO] [stderr]    Compiling zxcvbn v3.1.1
[INFO] [stderr]    Compiling icu_properties v1.5.1
[INFO] [stderr]    Compiling hyper v1.9.0
[INFO] [stderr]    Compiling tokio-rustls v0.26.4
[INFO] [stderr]    Compiling tower v0.5.3
[INFO] [stderr]    Compiling hyper-util v0.1.20
[INFO] [stderr]    Compiling hyper-rustls v0.27.9
[INFO] [stderr]    Compiling icu_normalizer v1.5.0
[INFO] [stderr]    Compiling idna_adapter v1.2.0
[INFO] [stderr]    Compiling idna v1.1.0
[INFO] [stderr]    Compiling url v2.5.8
[INFO] [stderr]    Compiling publicsuffix v2.3.0
[INFO] [stderr]    Compiling cookie_store v0.21.1
[INFO] [stderr]    Compiling totp-rs v5.7.1
[INFO] [stderr]    Compiling reqwest v0.12.15
[INFO] [stderr]    Compiling wisp-cli-core v1.3.0 (/opt/rustwide/workdir)
[INFO] [stderr] warning: unused dependency `qrcode`
[INFO] [stderr]   --> Cargo.toml:13:15
[INFO] [stderr]    |
[INFO] [stderr] 13 | [dependencies.qrcode]
[INFO] [stderr]    |               ^^^^^^^
[INFO] [stderr]    |
[INFO] [stderr]    = note: `cargo::unused_dependencies` is set to `warn` by default
[INFO] [stderr] help: consider removing the dependency on `qrcode`
[INFO] [stderr] warning: `wisp-cli-core` (manifest) generated 1 warning
[INFO] [stderr]     Finished `dev` profile [unoptimized + debuginfo] target(s) in 1m 07s
[INFO] running `Command { std: "docker" "inspect" "0d0609be46a1f321247063a0c5c484be5b092eecb6211e4289415c98a6569785", kill_on_drop: false }`
[INFO] running `Command { std: "docker" "exec" "-e" "SOURCE_DIR=/opt/rustwide/workdir" "-e" "CARGO_HOME=/opt/rustwide/cargo-home" "-e" "RUSTUP_HOME=/opt/rustwide/rustup-home" "-e" "CARGO_TARGET_DIR=/opt/rustwide/target" "-e" "CARGO_INCREMENTAL=0" "-e" "RUST_BACKTRACE=full" "-e" "RUSTFLAGS=--cap-lints=warn" "-e" "RUSTDOCFLAGS=--cap-lints=warn" "-w" "/opt/rustwide/workdir" "--user" "0:0" "0d0609be46a1f321247063a0c5c484be5b092eecb6211e4289415c98a6569785" "/opt/rustwide/cargo-home/bin/cargo" "+1.100.0-beta.1" "test" "--frozen" "--no-run" "--message-format=json", kill_on_drop: false }`
[INFO] [stderr]    Compiling memchr v2.8.0
[INFO] [stderr]    Compiling futures-sink v0.3.32
[INFO] [stderr]    Compiling fnv v1.0.7
[INFO] [stderr]    Compiling slab v0.4.12
[INFO] [stderr]    Compiling futures-task v0.3.32
[INFO] [stderr]    Compiling syn v2.0.117
[INFO] [stderr]    Compiling futures-io v0.3.32
[INFO] [stderr]    Compiling equivalent v1.0.2
[INFO] [stderr]    Compiling hashbrown v0.17.1
[INFO] [stderr]    Compiling futures-channel v0.3.32
[INFO] [stderr]    Compiling httpdate v1.0.3
[INFO] [stderr]    Compiling parking_lot_core v0.9.12
[INFO] [stderr]    Compiling scopeguard v1.2.0
[INFO] [stderr]    Compiling rustix v1.1.4
[INFO] [stderr]    Compiling num_cpus v1.17.0
[INFO] [stderr]    Compiling linux-raw-sys v0.12.1
[INFO] [stderr]    Compiling bitflags v2.11.1
[INFO] [stderr]    Compiling deadpool-runtime v0.1.4
[INFO] [stderr]    Compiling fastrand v2.4.1
[INFO] [stderr]    Compiling assert_matches v1.5.0
[INFO] [stderr]    Compiling lock_api v0.4.14
[INFO] [stderr]    Compiling aho-corasick v1.1.4
[INFO] [stderr]    Compiling serde_json v1.0.150
[INFO] [stderr]    Compiling indexmap v2.14.0
[INFO] [stderr]    Compiling parking_lot v0.12.5
[INFO] [stderr]    Compiling regex-automata v0.4.14
[INFO] [stderr]    Compiling tempfile v3.27.0
[INFO] [stderr]    Compiling synstructure v0.13.2
[INFO] [stderr]    Compiling darling_core v0.20.11
[INFO] [stderr]    Compiling zerofrom-derive v0.1.7
[INFO] [stderr]    Compiling yoke-derive v0.7.5
[INFO] [stderr]    Compiling zerovec-derive v0.10.3
[INFO] [stderr]    Compiling displaydoc v0.2.5
[INFO] [stderr]    Compiling icu_provider_macros v1.5.0
[INFO] [stderr]    Compiling tokio-macros v2.7.0
[INFO] [stderr]    Compiling futures-macro v0.3.32
[INFO] [stderr]    Compiling serde_derive v1.0.228
[INFO] [stderr]    Compiling thiserror-impl v2.0.18
[INFO] [stderr]    Compiling async-trait v0.1.89
[INFO] [stderr]    Compiling regex v1.12.3
[INFO] [stderr]    Compiling fancy-regex v0.18.0
[INFO] [stderr]    Compiling tokio v1.52.3
[INFO] [stderr]    Compiling futures-util v0.3.32
[INFO] [stderr]    Compiling zerofrom v0.1.8
[INFO] [stderr]    Compiling thiserror v2.0.18
[INFO] [stderr]    Compiling yoke v0.7.5
[INFO] [stderr]    Compiling zerovec v0.10.4
[INFO] [stderr]    Compiling darling_macro v0.20.11
[INFO] [stderr]    Compiling darling v0.20.11
[INFO] [stderr]    Compiling tinystr v0.7.6
[INFO] [stderr]    Compiling icu_collections v1.5.0
[INFO] [stderr]    Compiling derive_builder_core v0.20.2
[INFO] [stderr]    Compiling icu_locid v1.5.0
[INFO] [stderr]    Compiling serde v1.0.228
[INFO] [stderr]    Compiling icu_provider v1.5.0
[INFO] [stderr]    Compiling icu_locid_transform v1.5.0
[INFO] [stderr]    Compiling serde_urlencoded v0.7.1
[INFO] [stderr]    Compiling assert-json-diff v2.0.2
[INFO] [stderr]    Compiling derive_builder_macro v0.20.2
[INFO] [stderr]    Compiling derive_builder v0.20.2
[INFO] [stderr]    Compiling zxcvbn v3.1.1
[INFO] [stderr]    Compiling icu_properties v1.5.1
[INFO] [stderr]    Compiling futures-executor v0.3.32
[INFO] [stderr]    Compiling futures v0.3.32
[INFO] [stderr]    Compiling temp-env v0.3.6
[INFO] [stderr]    Compiling icu_normalizer v1.5.0
[INFO] [stderr]    Compiling tokio-util v0.7.18
[INFO] [stderr]    Compiling tokio-rustls v0.26.4
[INFO] [stderr]    Compiling tower v0.5.3
[INFO] [stderr]    Compiling deadpool v0.10.0
[INFO] [stderr]    Compiling idna_adapter v1.2.0
[INFO] [stderr]    Compiling idna v1.1.0
[INFO] [stderr]    Compiling h2 v0.4.14
[INFO] [stderr]    Compiling url v2.5.8
[INFO] [stderr]    Compiling publicsuffix v2.3.0
[INFO] [stderr]    Compiling cookie_store v0.21.1
[INFO] [stderr]    Compiling totp-rs v5.7.1
[INFO] [stderr]    Compiling hyper v1.9.0
[INFO] [stderr]    Compiling hyper-util v0.1.20
[INFO] [stderr]    Compiling hyper-rustls v0.27.9
[INFO] [stderr]    Compiling wiremock v0.6.2
[INFO] [stderr]    Compiling reqwest v0.12.15
[INFO] [stderr]    Compiling wisp-cli-core v1.3.0 (/opt/rustwide/workdir)
[INFO] [stderr] warning: unused dependency `qrcode`
[INFO] [stderr]   --> Cargo.toml:13:15
[INFO] [stderr]    |
[INFO] [stderr] 13 | [dependencies.qrcode]
[INFO] [stderr]    |               ^^^^^^^
[INFO] [stderr]    |
[INFO] [stderr]    = note: `cargo::unused_dependencies` is set to `warn` by default
[INFO] [stderr] help: consider removing the dependency on `qrcode`
[INFO] [stderr] warning: `wisp-cli-core` (manifest) generated 1 warning
[INFO] [stderr]     Finished `test` profile [unoptimized + debuginfo] target(s) in 47.13s
[INFO] running `Command { std: "docker" "inspect" "0d0609be46a1f321247063a0c5c484be5b092eecb6211e4289415c98a6569785", kill_on_drop: false }`
[INFO] running `Command { std: "docker" "exec" "-e" "SOURCE_DIR=/opt/rustwide/workdir" "-e" "CARGO_HOME=/opt/rustwide/cargo-home" "-e" "RUSTUP_HOME=/opt/rustwide/rustup-home" "-e" "CARGO_TARGET_DIR=/opt/rustwide/target" "-e" "CARGO_INCREMENTAL=0" "-e" "RUST_BACKTRACE=full" "-e" "RUSTFLAGS=--cap-lints=warn" "-e" "RUSTDOCFLAGS=--cap-lints=warn" "-w" "/opt/rustwide/workdir" "--user" "0:0" "0d0609be46a1f321247063a0c5c484be5b092eecb6211e4289415c98a6569785" "/opt/rustwide/cargo-home/bin/cargo" "+1.100.0-beta.1" "test" "--frozen", kill_on_drop: false }`
[INFO] [stderr] warning: unused dependency `qrcode`
[INFO] [stderr]   --> Cargo.toml:13:15
[INFO] [stderr]    |
[INFO] [stderr] 13 | [dependencies.qrcode]
[INFO] [stderr]    |               ^^^^^^^
[INFO] [stderr]    |
[INFO] [stderr]    = note: `cargo::unused_dependencies` is set to `warn` by default
[INFO] [stderr] help: consider removing the dependency on `qrcode`
[INFO] [stderr] warning: `wisp-cli-core` (manifest) generated 1 warning
[INFO] [stderr]     Finished `test` profile [unoptimized + debuginfo] target(s) in 0.26s
[INFO] [stderr]      Running unittests src/lib.rs (/opt/rustwide/target/debug/build/wisp-cli-core/02de274c03ed95f5/out/wisp_cli_core-02de274c03ed95f5)
[INFO] [stdout] 
[INFO] [stdout] running 170 tests
[INFO] [stdout] test api::client::tests::audit_query_decodes_next_cursor ... ok
[INFO] [stdout] test api::client::tests::audit_query_no_filters_sends_limit_only ... ok
[INFO] [stdout] test api::client::tests::audit_query_since_duration_passes_verbatim ... ok
[INFO] [stdout] test api::cli_auth::tests::poll_decodes_three_states ... ok
[INFO] [stdout] test api::client::tests::audit_rotation_happy_path_with_bearer ... ok
[INFO] [stdout] test api::client::tests::audit_query_since_iso_passes_verbatim ... ok
[INFO] [stdout] test api::client::tests::audit_tail_sends_cookie_and_decodes ... ok
[INFO] [stdout] test api::client::tests::client_create_400_invalid_request ... ok
[INFO] [stdout] test api::client::tests::client_create_500_create_failed ... ok
[INFO] [stdout] test api::cli_auth::tests::parses_4xx_error_envelope ... ok
[INFO] [stdout] test api::client::tests::audit_rotation_with_cookie_sends_cookie_header ... ok
[INFO] [stdout] test api::client::tests::client_create_401_unauthorized ... ok
[INFO] [stdout] test api::client::tests::audit_query_401_is_api_error ... ok
[INFO] [stdout] test api::client::tests::audit_query_cursor_param_passed ... ok
[INFO] [stdout] test api::cli_auth::tests::init_returns_verification_uri ... ok
[INFO] [stdout] test api::client::tests::audit_rotation_sends_note_when_provided ... ok
[INFO] [stdout] test api::client::tests::client_create_public_omits_hash_in_wire ... ok
[INFO] [stdout] test api::client::tests::client_rotate_secret_401_unauthorized ... ok
[INFO] [stdout] test api::client::tests::client_create_unstructured_500_unexpected_body ... ok
[INFO] [stdout] test api::client::tests::client_rotate_secret_409_client_is_public ... ok
[INFO] [stdout] test api::client::tests::audit_query_multi_actor_sends_repeated_params ... ok
[INFO] [stdout] test api::client::tests::audit_query_multi_event_sends_repeated_params ... ok
[INFO] [stdout] test api::client::tests::client_create_public_happy_path ... ok
[INFO] [stdout] test api::client::tests::client_rotate_secret_403_forbidden ... ok
[INFO] [stdout] test api::client::tests::client_rotate_secret_404_not_found ... ok
[INFO] [stdout] test api::client::tests::audit_rotation_403_surfaces_as_admin_error ... ok
[INFO] [stdout] test api::client::tests::client_rotate_secret_sends_content_type_json ... ok
[INFO] [stdout] test api::client::tests::key_rotate_401_is_api_error ... ok
[INFO] [stdout] test api::client::tests::audit_query_target_user_and_client_params ... ok
[INFO] [stdout] test api::client::tests::audit_rotation_401_surfaces_as_admin_error ... ok
[INFO] [stdout] test api::client::tests::client_rotate_secret_happy_path ... ok
[INFO] [stdout] test api::client::tests::keys_list_401_is_api_error ... ok
[INFO] [stdout] test api::client::tests::key_rotate_without_confirm_no_previous_kid ... ok
[INFO] [stdout] test api::client::tests::client_create_confidential_happy_path ... ok
[INFO] [stdout] test api::client::tests::client_rotate_secret_500_rotate_failed ... ok
[INFO] [stdout] test api::client::tests::key_rotate_without_confirm_returns_dry_run ... ok
[INFO] [stdout] test api::client::tests::client_rotate_secret_with_cookie_sends_cookie_header ... ok
[INFO] [stdout] test api::client::tests::key_rotate_with_confirm_returns_rotated ... ok
[INFO] [stdout] test api::client::tests::key_rotate_with_confirm_returns_retired_kid ... ok
[INFO] [stdout] test api::client::tests::redacts_cookie_in_debug_with_cookie_constructor ... ok
[INFO] [stdout] test api::client::tests::redacts_session_cookie_in_debug ... ok
[INFO] [stdout] test api::client::tests::audit_query_decodes_populated_response ... ok
[INFO] [stdout] test api::client::tests::redacts_bearer_token_in_debug ... ok
[INFO] [stdout] test api::client::tests::token_create_no_expiry_returns_null_expires_at ... ok
[INFO] [stdout] test api::client::tests::sync_401_surfaces_as_admin_error ... ok
[INFO] [stdout] test api::client::tests::token_revoke_404_surfaces_as_admin_error ... ok
[INFO] [stdout] test api::client::tests::token_revoke_happy_path ... ok
[INFO] [stdout] test api::client::tests::sync_sends_dry_run_and_force_delete_flags ... ok
[INFO] [stdout] test api::client::tests::keys_list_no_previous_kid ... ok
[INFO] [stdout] test api::client::tests::keys_list_happy_path ... ok
[INFO] [stdout] test api::client::tests::parses_unstructured_500_into_unexpected_body ... ok
[INFO] [stdout] test api::client::tests::parses_structured_400_with_issues ... ok
[INFO] [stdout] test api::client::tests::sync_412_safety_rail_surfaces_as_admin_error ... ok
[INFO] [stdout] test api::client::tests::token_self_revoke_404_surfaces_as_admin_error ... ok
[INFO] [stdout] test api::client::tests::sync_dry_run_returns_dry_run_variant ... ok
[INFO] [stdout] test api::client::tests::tokens_list_empty ... ok
[INFO] [stdout] test api::client::tests::token_create_400_invalid_scope_surfaces_as_admin_error_with_issues ... ok
[INFO] [stdout] test api::client::tests::audit_rotation_all_kinds_serialize_snake_case ... ok
[INFO] [stdout] test api::client::tests::token_self_revoke_sends_post_with_bearer_and_decodes ... ok
[INFO] [stdout] test api::client::tests::tokens_list_401_is_api_error ... ok
[INFO] [stdout] test api::client::tests::token_create_happy_path_with_expiry ... ok
[INFO] [stdout] test api::client::tests::sync_dry_run_with_violations_decodes_violation_kinds ... ok
[INFO] [stdout] test api::client::tests::token_create_401_surfaces_as_admin_error ... ok
[INFO] [stdout] test api::client::tests::user_enable_already_enabled_unchanged ... ok
[INFO] [stdout] test api::client::tests::user_disable_already_disabled_unchanged ... ok
[INFO] [stdout] test api::client::tests::tokens_list_happy_path ... ok
[INFO] [stdout] test api::client::tests::user_disable_happy_path ... ok
[INFO] [stdout] test api::client::tests::user_enable_happy_path ... ok
[INFO] [stdout] test api::client::tests::user_enroll_409_user_disabled ... ok
[INFO] [stdout] test api::client::tests::user_enroll_404_not_found ... ok
[INFO] [stdout] test config::profile::tests::extract_profile_flag_equals_separated ... ok
[INFO] [stdout] test config::profile::tests::extract_profile_flag_no_value_errors ... ok
[INFO] [stdout] test config::profile::tests::extract_profile_flag_space_separated ... ok
[INFO] [stdout] test config::profile::tests::env_parse_valid ... ok
[INFO] [stdout] test config::profile::tests::extract_profile_flag_stops_at_first_positional ... ok
[INFO] [stdout] test config::profile::tests::error_messages_name_active_profile ... ok
[INFO] [stdout] test config::profile::tests::extract_profile_flag_absent ... ok
[INFO] [stdout] test api::client::tests::with_cookie_sends_cookie_header ... ok
[INFO] [stdout] test api::client::tests::user_reset_auth_happy_path_200 ... ok
[INFO] [stdout] test config::profile::tests::env_as_str ... ok
[INFO] [stdout] test config::profile::tests::load_profile_invalid_env_value_throws ... ok
[INFO] [stdout] test config::profile::tests::load_profile_loads_default_profile ... ok
[INFO] [stdout] test config::profile::tests::load_profile_malformed_toml_throws ... ok
[INFO] [stdout] test api::client::tests::with_token_sends_bearer_header ... ok
[INFO] [stdout] test config::profile::tests::extract_profile_flag_before_command_word_only ... ok
[INFO] [stdout] test config::profile::tests::extract_profile_flag_empty_equals_errors ... ok
[INFO] [stdout] test config::profile::tests::load_profile_secret_key_at_top_level_rejected ... ok
[INFO] [stdout] test config::profile::tests::load_profile_named_profile ... ok
[INFO] [stdout] test config::profile::tests::load_profile_misc_secret_keys_rejected ... ok
[INFO] [stdout] test config::profile::tests::load_profile_no_profiles_table_throws ... ok
[INFO] [stdout] test config::profile::tests::load_profile_file_missing_with_request_throws ... ok
[INFO] [stdout] test config::profile::tests::load_profile_file_missing_no_request_returns_empty ... ok
[INFO] [stdout] test api::client::tests::users_list_no_group_filter ... ok
[INFO] [stdout] test config::profile::tests::load_profile_profile_config_dir_wins_over_top_level ... ok
[INFO] [stdout] test config::profile::tests::resolve_config_dir_custom_built_in ... ok
[INFO] [stdout] test config::profile::tests::resolve_config_dir_bare_tilde_expands_to_home ... ok
[INFO] [stdout] test config::profile::tests::load_profile_secret_key_inside_profile_rejected ... ok
[INFO] [stdout] test config::profile::tests::resolve_config_dir_env_var_beats_profile ... ok
[INFO] [stdout] test config::profile::tests::load_profile_top_level_store_id_propagates ... ok
[INFO] [stdout] test config::profile::tests::load_profile_top_level_config_dir_propagates ... ok
[INFO] [stdout] test api::client::tests::user_reset_auth_404_not_found ... ok
[INFO] [stdout] test config::profile::tests::load_profile_only_top_level_fields_when_no_profile_selected ... ok
[INFO] [stdout] test config::profile::tests::load_profile_top_level_config_dir_without_profile ... ok
[INFO] [stdout] test config::profile::tests::resolve_config_dir_expands_leading_tilde ... ok
[INFO] [stdout] test config::profile::tests::load_profile_unknown_profile_lists_available ... ok
[INFO] [stdout] test config::profile::tests::resolve_config_dir_default_config ... ok
[INFO] [stdout] test config::profile::tests::resolve_config_dir_non_leading_tilde_untouched ... ok
[INFO] [stdout] test config::profile::tests::load_profile_wisp_profile_env_var_selects_profile ... ok
[INFO] [stdout] test api::client::tests::users_list_with_group_filter ... ok
[INFO] [stdout] test api::client::tests::user_enroll_happy_path_201 ... ok
[INFO] [stdout] test config::profile::tests::resolve_config_dir_profile_wins_over_built_in ... ok
[INFO] [stdout] test config::profile::tests::resolve_config_dir_flag_beats_env ... ok
[INFO] [stdout] test config::profile::tests::resolve_issuer_env_var_applies ... ok
[INFO] [stdout] test config::profile::tests::resolve_env_from_profile ... ok
[INFO] [stdout] test config::profile::tests::resolve_env_invalid_flag_throws ... ok
[INFO] [stdout] test config::profile::tests::resolve_env_env_var_beats_profile ... ok
[INFO] [stdout] test config::profile::tests::resolve_issuer_error_names_profile ... ok
[INFO] [stdout] test config::profile::tests::resolve_issuer_falls_through_to_built_in ... ok
[INFO] [stdout] test config::profile::tests::resolve_store_id_env_var_beats_profile ... ok
[INFO] [stdout] test config::profile::tests::resolve_env_flag_beats_env_var ... ok
[INFO] [stdout] test config::profile::tests::resolve_store_id_flag_wins ... ok
[INFO] [stdout] test config::profile::tests::resolve_store_id_trims_whitespace ... ok
[INFO] [stdout] test config::profile::tests::resolve_issuer_profile_wins_over_built_in ... ok
[INFO] [stdout] test config::profile::tests::resolve_env_missing_throws ... ok
[INFO] [stdout] test config::profile::tests::resolve_store_id_whitespace_only_throws ... ok
[INFO] [stdout] test crypto::base64url::tests::encode_does_not_pad ... ok
[INFO] [stdout] test config::profile::tests::resolve_config_dir_no_home_leaves_tilde_verbatim ... ok
[INFO] [stdout] test config::profile::tests::resolve_store_id_flag_beats_env ... ok
[INFO] [stdout] test config::profile::tests::resolve_store_id_from_profile ... ok
[INFO] [stdout] test config::profile::tests::resolve_issuer_invalid_url_throws ... ok
[INFO] [stdout] test config::profile::tests::resolve_issuer_flag_wins_over_env_and_profile ... ok
[INFO] [stdout] test config::profile::tests::resolve_store_id_missing_throws ... ok
[INFO] [stdout] test crypto::base64url::tests::roundtrip_random_bytes ... ok
[INFO] [stdout] test crypto::password_strength::tests::min_score_constant_is_three ... ok
[INFO] [stdout] test crypto::base64url::tests::encode_empty_is_empty ... ok
[INFO] [stdout] test crypto::base64url::tests::encode_known_vector ... ok
[INFO] [stdout] test config::profile::tests::resolve_issuer_missing_throws ... ok
[INFO] [stdout] test config::profile::tests::load_profile_flag_wins_over_wisp_profile ... ok
[INFO] [stdout] test config::profile::tests::resolve_config_dir_flag_wins ... ok
[INFO] [stdout] test crypto::random::tests::recovery_code_alphabet ... ok
[INFO] [stdout] test crypto::random::tests::recovery_code_length ... ok
[INFO] [stdout] test crypto::totp::tests::base32_encode_no_padding ... ok
[INFO] [stdout] test crypto::totp::tests::random_totp_secret_length ... ok
[INFO] [stdout] test crypto::totp::tests::random_totp_secret_unique ... ok
[INFO] [stdout] test secrets_store::client::tests::base_url_honors_override_in_debug_build ... ok
[INFO] [stdout] test secrets_store::client::tests::base_url_returns_prod_when_env_unset ... ok
[INFO] [stdout] test crypto::random::tests::recovery_code_hyphen_position ... ok
[INFO] [stdout] test crypto::random::tests::recovery_codes_batch_unique ... ok
[INFO] [stdout] test crypto::random::tests::recovery_code_no_ambiguous_chars ... ok
[INFO] [stdout] test secrets_store::client::tests::redacts_api_token_in_debug ... ok
[INFO] [stdout] test crypto::totp::tests::otpauth_url_format ... ok
[INFO] [stdout] test crypto::random::tests::recovery_code_uniqueness ... ok
[INFO] [stdout] test crypto::totp::tests::totp_verify_wrong_code ... ok
[INFO] [stdout] test crypto::totp::tests::totp_verify_current_window ... ok
[INFO] [stdout] test secrets_store::client::tests::redacts_value_in_debug ... ok
[INFO] [stdout] test wire::bootstrap::tests::as_str_matches_wire_form ... ok
[INFO] [stdout] test wire::bootstrap::tests::audit_rotation_request_serializes_with_note ... ok
[INFO] [stdout] test wire::bootstrap::tests::audit_rotation_response_round_trip ... ok
[INFO] [stdout] test wire::bootstrap::tests::rotation_kind_serializes_snake_case ... ok
[INFO] [stdout] test wire::bootstrap::tests::audit_rotation_request_serializes_without_note ... ok
[INFO] [stdout] test secrets_store::client::tests::put_secret_propagates_5xx_with_body ... ok
[INFO] [stdout] test secrets_store::client::tests::put_secret_posts_bearer_and_body ... ok
[INFO] [stdout] test secrets_store::client::tests::list_secrets_unwraps_envelope ... ok
[INFO] [stdout] test api::client::tests::client_create_409_already_exists ... ok
[INFO] [stdout] test api::client::tests::user_reset_auth_no_credentials_still_200 ... ok
[INFO] [stdout] test crypto::pbkdf2::tests::ts_parity_vectors ... FAILED
[INFO] [stdout] test crypto::password_strength::tests::weak_password_fails ... ok
[INFO] [stdout] test crypto::password_strength::tests::user_inputs_penalise_derived_password ... ok
[INFO] [stdout] test crypto::password_strength::tests::strong_password_passes ... ok
[INFO] [stdout] test crypto::password_strength::tests::short_password_returns_low_score ... ok
[INFO] [stdout] 
[INFO] [stdout] failures:
[INFO] [stdout] 
[INFO] [stdout] ---- crypto::pbkdf2::tests::ts_parity_vectors stdout ----
[INFO] [stdout] 
[INFO] [stdout] thread 'crypto::pbkdf2::tests::ts_parity_vectors' (3858) panicked at src/crypto/pbkdf2.rs:72:33:
[INFO] [stdout] read /opt/rustwide/workdir/../../../test/fixtures/crypto/pbkdf2-vectors.json: No such file or directory (os error 2)
[INFO] [stdout] stack backtrace:
[INFO] [stdout]    0:     0x572d208485b1 - std[617be2ca0a6fd877]::backtrace_rs::backtrace::libunwind::trace
[INFO] [stdout]                                at /rustc/e3feeb59cd1bdd011a2bfcc0747b55125d9b8527/library/std/src/../../backtrace/src/backtrace/libunwind.rs:117:9
[INFO] [stdout]    1:     0x572d208485b1 - std[617be2ca0a6fd877]::backtrace_rs::backtrace::trace_unsynchronized::<std[617be2ca0a6fd877]::sys::backtrace::_print_fmt::{closure#1}>
[INFO] [stdout]                                at /rustc/e3feeb59cd1bdd011a2bfcc0747b55125d9b8527/library/std/src/../../backtrace/src/backtrace/mod.rs:66:14
[INFO] [stdout]    2:     0x572d208485b1 - std[617be2ca0a6fd877]::sys::backtrace::_print_fmt
[INFO] [stdout]                                at /rustc/e3feeb59cd1bdd011a2bfcc0747b55125d9b8527/library/std/src/sys/backtrace.rs:74:9
[INFO] [stdout]    3:     0x572d208485b1 - <<std[617be2ca0a6fd877]::sys::backtrace::BacktraceLock>::print::DisplayBacktrace as core[a373ad73a504971]::fmt::Display>::fmt
[INFO] [stdout]                                at /rustc/e3feeb59cd1bdd011a2bfcc0747b55125d9b8527/library/std/src/sys/backtrace.rs:44:26
[INFO] [stdout]    4:     0x572d20860e6a - <core[a373ad73a504971]::fmt::rt::Argument>::fmt
[INFO] [stdout]                                at /rustc/e3feeb59cd1bdd011a2bfcc0747b55125d9b8527/library/core/src/fmt/rt.rs:152:76
[INFO] [stdout]    5:     0x572d20860e6a - core[a373ad73a504971]::fmt::write
[INFO] [stdout]    6:     0x572d2084d1ec - core[a373ad73a504971]::io::write::default_write_fmt::<alloc[2e1b2a31b91974c5]::vec::Vec<u8>>
[INFO] [stdout]                                at /rustc/e3feeb59cd1bdd011a2bfcc0747b55125d9b8527/library/core/src/io/write.rs:402:11
[INFO] [stdout]    7:     0x572d2084d1ec - <alloc[2e1b2a31b91974c5]::vec::Vec<u8> as core[a373ad73a504971]::io::write::Write>::write_fmt
[INFO] [stdout]                                at /rustc/e3feeb59cd1bdd011a2bfcc0747b55125d9b8527/library/core/src/io/write.rs:335:13
[INFO] [stdout]    8:     0x572d208223c6 - <std[617be2ca0a6fd877]::sys::backtrace::BacktraceLock>::print
[INFO] [stdout]                                at /rustc/e3feeb59cd1bdd011a2bfcc0747b55125d9b8527/library/std/src/sys/backtrace.rs:47:9
[INFO] [stdout]    9:     0x572d208223c6 - std[617be2ca0a6fd877]::panicking::default_hook::{closure#0}
[INFO] [stdout]                                at /rustc/e3feeb59cd1bdd011a2bfcc0747b55125d9b8527/library/std/src/panicking.rs:289:27
[INFO] [stdout]   10:     0x572d2083fd89 - std[617be2ca0a6fd877]::panicking::default_hook
[INFO] [stdout]                                at /rustc/e3feeb59cd1bdd011a2bfcc0747b55125d9b8527/library/std/src/panicking.rs:313:9
[INFO] [stdout]   11:     0x572d1fe76370 - <alloc[2e1b2a31b91974c5]::boxed::Box<dyn for<'a, 'b> core[a373ad73a504971]::ops::function::Fn<(&'a std[617be2ca0a6fd877]::panic::PanicHookInfo<'b>,), Output = ()> + core[a373ad73a504971]::marker::Sync + core[a373ad73a504971]::marker::Send> as core[a373ad73a504971]::ops::function::Fn<(&std[617be2ca0a6fd877]::panic::PanicHookInfo,)>>::call
[INFO] [stdout]                                at /rustc/e3feeb59cd1bdd011a2bfcc0747b55125d9b8527/library/alloc/src/boxed.rs:2328:9
[INFO] [stdout]   12:     0x572d1fe76370 - test[aada8e7e76ba119b]::test_main_inner::{closure#0}
[INFO] [stdout]                                at /rustc/e3feeb59cd1bdd011a2bfcc0747b55125d9b8527/library/test/src/lib.rs:137:21
[INFO] [stdout]   13:     0x572d208400b2 - <alloc[2e1b2a31b91974c5]::boxed::Box<dyn for<'a, 'b> core[a373ad73a504971]::ops::function::Fn<(&'a std[617be2ca0a6fd877]::panic::PanicHookInfo<'b>,), Output = ()> + core[a373ad73a504971]::marker::Sync + core[a373ad73a504971]::marker::Send> as core[a373ad73a504971]::ops::function::Fn<(&std[617be2ca0a6fd877]::panic::PanicHookInfo,)>>::call
[INFO] [stdout]                                at /rustc/e3feeb59cd1bdd011a2bfcc0747b55125d9b8527/library/alloc/src/boxed.rs:2328:9
[INFO] [stdout]   14:     0x572d208400b2 - std[617be2ca0a6fd877]::panicking::panic_with_hook
[INFO] [stdout]                                at /rustc/e3feeb59cd1bdd011a2bfcc0747b55125d9b8527/library/std/src/panicking.rs:819:13
[INFO] [stdout]   15:     0x572d20822472 - std[617be2ca0a6fd877]::panicking::panic_handler::{closure#0}
[INFO] [stdout]                                at /rustc/e3feeb59cd1bdd011a2bfcc0747b55125d9b8527/library/std/src/panicking.rs:685:13
[INFO] [stdout]   16:     0x572d2081acd9 - std[617be2ca0a6fd877]::sys::backtrace::__rust_end_short_backtrace::<std[617be2ca0a6fd877]::panicking::panic_handler::{closure#0}, !>
[INFO] [stdout]                                at /rustc/e3feeb59cd1bdd011a2bfcc0747b55125d9b8527/library/std/src/sys/backtrace.rs:182:18
[INFO] [stdout]   17:     0x572d2082348d - __rustc[ea4f61d10b84890b]::rust_begin_unwind
[INFO] [stdout]                                at /rustc/e3feeb59cd1bdd011a2bfcc0747b55125d9b8527/library/std/src/panicking.rs:676:5
[INFO] [stdout]   18:     0x572d2086170c - core[a373ad73a504971]::panicking::panic_fmt
[INFO] [stdout]                                at /rustc/e3feeb59cd1bdd011a2bfcc0747b55125d9b8527/library/core/src/panicking.rs:80:14
[INFO] [stdout]   19:     0x572d1fcb15b8 - wisp_cli_core[be2b330341e5321e]::crypto::pbkdf2::tests::ts_parity_vectors::{closure#0}
[INFO] [stdout]                                at /opt/rustwide/workdir/src/crypto/pbkdf2.rs:72:33
[INFO] [stdout]   20:     0x572d1fd028e1 - <core[a373ad73a504971]::result::Result<alloc[2e1b2a31b91974c5]::string::String, core[a373ad73a504971]::io::error::Error>>::unwrap_or_else::<wisp_cli_core[be2b330341e5321e]::crypto::pbkdf2::tests::ts_parity_vectors::{closure#0}>
[INFO] [stdout]                                at /rustc/e3feeb59cd1bdd011a2bfcc0747b55125d9b8527/library/core/src/result.rs:1619:23
[INFO] [stdout]   21:     0x572d1fcb1bed - wisp_cli_core[be2b330341e5321e]::crypto::pbkdf2::tests::ts_parity_vectors
[INFO] [stdout]                                at /opt/rustwide/workdir/src/crypto/pbkdf2.rs:72:14
[INFO] [stdout]   22:     0x572d1fcb1487 - wisp_cli_core[be2b330341e5321e]::crypto::pbkdf2::tests::ts_parity_vectors::{closure#0}
[INFO] [stdout]                                at /opt/rustwide/workdir/src/crypto/pbkdf2.rs:68:27
[INFO] [stdout]   23:     0x572d1fc271f6 - <wisp_cli_core[be2b330341e5321e]::crypto::pbkdf2::tests::ts_parity_vectors::{closure#0} as core[a373ad73a504971]::ops::function::FnOnce<()>>::call_once
[INFO] [stdout]                                at /rustc/e3feeb59cd1bdd011a2bfcc0747b55125d9b8527/library/core/src/ops/function.rs:250:5
[INFO] [stdout]   24:     0x572d1fe697bb - <fn() -> core[a373ad73a504971]::result::Result<(), alloc[2e1b2a31b91974c5]::string::String> as core[a373ad73a504971]::ops::function::FnOnce<()>>::call_once
[INFO] [stdout]                                at /rustc/e3feeb59cd1bdd011a2bfcc0747b55125d9b8527/library/core/src/ops/function.rs:250:5
[INFO] [stdout]   25:     0x572d1fe697bb - test[aada8e7e76ba119b]::__rust_begin_short_backtrace::<core[a373ad73a504971]::result::Result<(), alloc[2e1b2a31b91974c5]::string::String>, fn() -> core[a373ad73a504971]::result::Result<(), alloc[2e1b2a31b91974c5]::string::String>>
[INFO] [stdout]                                at /rustc/e3feeb59cd1bdd011a2bfcc0747b55125d9b8527/library/test/src/lib.rs:701:18
[INFO] [stdout]   26:     0x572d1fe76995 - test[aada8e7e76ba119b]::run_test_in_process::{closure#0}
[INFO] [stdout]                                at /rustc/e3feeb59cd1bdd011a2bfcc0747b55125d9b8527/library/test/src/lib.rs:724:74
[INFO] [stdout]   27:     0x572d1fe76995 - <core[a373ad73a504971]::panic::unwind_safe::AssertUnwindSafe<test[aada8e7e76ba119b]::run_test_in_process::{closure#0}> as core[a373ad73a504971]::ops::function::FnOnce<()>>::call_once
[INFO] [stdout]                                at /rustc/e3feeb59cd1bdd011a2bfcc0747b55125d9b8527/library/core/src/panic/unwind_safe.rs:275:9
[INFO] [stdout]   28:     0x572d1fe76995 - std[617be2ca0a6fd877]::panicking::catch_unwind::do_call::<core[a373ad73a504971]::panic::unwind_safe::AssertUnwindSafe<test[aada8e7e76ba119b]::run_test_in_process::{closure#0}>, core[a373ad73a504971]::result::Result<(), alloc[2e1b2a31b91974c5]::string::String>>
[INFO] [stdout]                                at /rustc/e3feeb59cd1bdd011a2bfcc0747b55125d9b8527/library/std/src/panicking.rs:573:43
[INFO] [stdout]   29:     0x572d1fe76995 - std[617be2ca0a6fd877]::panicking::catch_unwind::<core[a373ad73a504971]::result::Result<(), alloc[2e1b2a31b91974c5]::string::String>, core[a373ad73a504971]::panic::unwind_safe::AssertUnwindSafe<test[aada8e7e76ba119b]::run_test_in_process::{closure#0}>>
[INFO] [stdout]                                at /rustc/e3feeb59cd1bdd011a2bfcc0747b55125d9b8527/library/std/src/panicking.rs:541:19
[INFO] [stdout]   30:     0x572d1fe76995 - std[617be2ca0a6fd877]::panic::catch_unwind::<core[a373ad73a504971]::panic::unwind_safe::AssertUnwindSafe<test[aada8e7e76ba119b]::run_test_in_process::{closure#0}>, core[a373ad73a504971]::result::Result<(), alloc[2e1b2a31b91974c5]::string::String>>
[INFO] [stdout]                                at /rustc/e3feeb59cd1bdd011a2bfcc0747b55125d9b8527/library/std/src/panic.rs:359:14
[INFO] [stdout]   31:     0x572d1fe76995 - test[aada8e7e76ba119b]::run_test_in_process
[INFO] [stdout]                                at /rustc/e3feeb59cd1bdd011a2bfcc0747b55125d9b8527/library/test/src/lib.rs:724:27
[INFO] [stdout]   32:     0x572d1fe76995 - test[aada8e7e76ba119b]::run_test::{closure#0}
[INFO] [stdout]                                at /rustc/e3feeb59cd1bdd011a2bfcc0747b55125d9b8527/library/test/src/lib.rs:645:43
[INFO] [stdout]   33:     0x572d1fe70284 - test[aada8e7e76ba119b]::run_test::{closure#1}
[INFO] [stdout]                                at /rustc/e3feeb59cd1bdd011a2bfcc0747b55125d9b8527/library/test/src/lib.rs:675:41
[INFO] [stdout]   34:     0x572d1fe70284 - std[617be2ca0a6fd877]::sys::backtrace::__rust_begin_short_backtrace::<test[aada8e7e76ba119b]::run_test::{closure#1}, ()>
[INFO] [stdout]                                at /rustc/e3feeb59cd1bdd011a2bfcc0747b55125d9b8527/library/std/src/sys/backtrace.rs:166:18
[INFO] [stdout]   35:     0x572d1fe79a22 - std[617be2ca0a6fd877]::thread::lifecycle::spawn_unchecked::<test[aada8e7e76ba119b]::run_test::{closure#1}, ()>::{closure#1}::{closure#0}
[INFO] [stdout]                                at /rustc/e3feeb59cd1bdd011a2bfcc0747b55125d9b8527/library/std/src/thread/lifecycle.rs:70:13
[INFO] [stdout]   36:     0x572d1fe79a22 - <core[a373ad73a504971]::panic::unwind_safe::AssertUnwindSafe<std[617be2ca0a6fd877]::thread::lifecycle::spawn_unchecked<test[aada8e7e76ba119b]::run_test::{closure#1}, ()>::{closure#1}::{closure#0}> as core[a373ad73a504971]::ops::function::FnOnce<()>>::call_once
[INFO] [stdout]                                at /rustc/e3feeb59cd1bdd011a2bfcc0747b55125d9b8527/library/core/src/panic/unwind_safe.rs:275:9
[INFO] [stdout]   37:     0x572d1fe79a22 - std[617be2ca0a6fd877]::panicking::catch_unwind::do_call::<core[a373ad73a504971]::panic::unwind_safe::AssertUnwindSafe<std[617be2ca0a6fd877]::thread::lifecycle::spawn_unchecked<test[aada8e7e76ba119b]::run_test::{closure#1}, ()>::{closure#1}::{closure#0}>, ()>
[INFO] [stdout]                                at /rustc/e3feeb59cd1bdd011a2bfcc0747b55125d9b8527/library/std/src/panicking.rs:573:43
[INFO] [stdout]   38:     0x572d1fe79a22 - std[617be2ca0a6fd877]::panicking::catch_unwind::<(), core[a373ad73a504971]::panic::unwind_safe::AssertUnwindSafe<std[617be2ca0a6fd877]::thread::lifecycle::spawn_unchecked<test[aada8e7e76ba119b]::run_test::{closure#1}, ()>::{closure#1}::{closure#0}>>
[INFO] [stdout]                                at /rustc/e3feeb59cd1bdd011a2bfcc0747b55125d9b8527/library/std/src/panicking.rs:541:19
[INFO] [stdout]   39:     0x572d1fe79a22 - std[617be2ca0a6fd877]::panic::catch_unwind::<core[a373ad73a504971]::panic::unwind_safe::AssertUnwindSafe<std[617be2ca0a6fd877]::thread::lifecycle::spawn_unchecked<test[aada8e7e76ba119b]::run_test::{closure#1}, ()>::{closure#1}::{closure#0}>, ()>
[INFO] [stdout]                                at /rustc/e3feeb59cd1bdd011a2bfcc0747b55125d9b8527/library/std/src/panic.rs:359:14
[INFO] [stdout]   40:     0x572d1fe79a22 - std[617be2ca0a6fd877]::thread::lifecycle::spawn_unchecked::<test[aada8e7e76ba119b]::run_test::{closure#1}, ()>::{closure#1}
[INFO] [stdout]                                at /rustc/e3feeb59cd1bdd011a2bfcc0747b55125d9b8527/library/std/src/thread/lifecycle.rs:68:26
[INFO] [stdout]   41:     0x572d1fe79a22 - <std[617be2ca0a6fd877]::thread::lifecycle::spawn_unchecked<test[aada8e7e76ba119b]::run_test::{closure#1}, ()>::{closure#1} as core[a373ad73a504971]::ops::function::FnOnce<()>>::call_once::{shim:vtable#0}
[INFO] [stdout]                                at /rustc/e3feeb59cd1bdd011a2bfcc0747b55125d9b8527/library/core/src/ops/function.rs:250:5
[INFO] [stdout]   42:     0x572d208474af - <alloc[2e1b2a31b91974c5]::boxed::Box<dyn core[a373ad73a504971]::ops::function::FnOnce<(), Output = ()> + core[a373ad73a504971]::marker::Send> as core[a373ad73a504971]::ops::function::FnOnce<()>>::call_once
[INFO] [stdout]                                at /rustc/e3feeb59cd1bdd011a2bfcc0747b55125d9b8527/library/alloc/src/boxed.rs:2314:9
[INFO] [stdout]   43:     0x572d208474af - <std[617be2ca0a6fd877]::sys::thread::unix::Thread>::new::thread_start
[INFO] [stdout]                                at /rustc/e3feeb59cd1bdd011a2bfcc0747b55125d9b8527/library/std/src/sys/thread/unix.rs:127:17
[INFO] [stdout]   44:     0x73d52fcd4dfa - <unknown>
[INFO] [stdout]   45:     0x73d52fd683d4 - clone
[INFO] [stdout]   46:                0x0 - <unknown>
[INFO] [stdout] 
[INFO] [stdout] 
[INFO] [stdout] failures:
[INFO] [stdout]     crypto::pbkdf2::tests::ts_parity_vectors
[INFO] [stdout] 
[INFO] [stdout] test result: FAILED. 169 passed; 1 failed; 0 ignored; 0 measured; 0 filtered out; finished in 0.25s
[INFO] [stdout] 
[INFO] [stderr] error: test failed, to rerun pass `--lib`
[INFO] running `Command { std: "docker" "inspect" "0d0609be46a1f321247063a0c5c484be5b092eecb6211e4289415c98a6569785", kill_on_drop: false }`
[INFO] running `Command { std: "docker" "rm" "-f" "0d0609be46a1f321247063a0c5c484be5b092eecb6211e4289415c98a6569785", kill_on_drop: false }`
[INFO] [stdout] 0d0609be46a1f321247063a0c5c484be5b092eecb6211e4289415c98a6569785
