[INFO] fetching crate windows-api-utils 0.2.0...
[INFO] testing windows-api-utils-0.2.0 against 1.99.0-beta.8 for beta-1.100-2
[INFO] extracting crate windows-api-utils 0.2.0 into /workspace/builds/worker-6-tc1/source
[INFO] started tweaking crates.io crate windows-api-utils 0.2.0
[INFO] removed 0 missing examples
[INFO] finished tweaking crates.io crate windows-api-utils 0.2.0
[INFO] tweaked toml for crates.io crate windows-api-utils 0.2.0 written to /workspace/builds/worker-6-tc1/source/Cargo.toml
[INFO] validating manifest of crates.io crate windows-api-utils 0.2.0 on toolchain 1.99.0-beta.8
[INFO] running `Command { std: CARGO_HOME="/workspace/cargo-home" RUSTUP_HOME="/workspace/rustup-home" "/workspace/cargo-home/bin/cargo" "+1.99.0-beta.8" "metadata" "--manifest-path" "Cargo.toml" "--no-deps", kill_on_drop: false }`
[INFO] crate crates.io crate windows-api-utils 0.2.0 already has a lockfile, it will not be regenerated
[INFO] running `Command { std: CARGO_HOME="/workspace/cargo-home" RUSTUP_HOME="/workspace/rustup-home" "/workspace/cargo-home/bin/cargo" "+1.99.0-beta.8" "fetch" "--manifest-path" "Cargo.toml", kill_on_drop: false }`
[INFO] [stderr]  Downloading crates ...
[INFO] [stderr]   Downloaded syn v2.0.108
[INFO] running `Command { std: "docker" "create" "-v" "/var/lib/crater-agent-workspace/builds/worker-6-tc1/source:/opt/rustwide/workdir:ro,Z" "-v" "/var/lib/crater-agent-workspace/builds/worker-6-tc1/target:/opt/rustwide/target:rw,Z" "-v" "/var/lib/crater-agent-workspace/cargo-home:/opt/rustwide/cargo-home:ro,Z" "-v" "/var/lib/crater-agent-workspace/rustup-home:/opt/rustwide/rustup-home:ro,Z" "-m" "1610612736" "--network" "none" "ghcr.io/rust-lang/crates-build-env/linux@sha256:3111399a4047eeb3a02b7a90e478d715f38a8c6669b5c4b49d30a17385265909" "sleep" "infinity", kill_on_drop: false }`
[INFO] [stdout] a232847dba89f210ba898429ea12588042a62c8ee9587593747da6e4b27bde91
[INFO] running `Command { std: "docker" "start" "a232847dba89f210ba898429ea12588042a62c8ee9587593747da6e4b27bde91", kill_on_drop: false }`
[INFO] running `Command { std: "docker" "inspect" "a232847dba89f210ba898429ea12588042a62c8ee9587593747da6e4b27bde91", kill_on_drop: false }`
[INFO] running `Command { std: "docker" "exec" "-e" "SOURCE_DIR=/opt/rustwide/workdir" "-e" "CARGO_HOME=/opt/rustwide/cargo-home" "-e" "RUSTUP_HOME=/opt/rustwide/rustup-home" "-e" "CARGO_TARGET_DIR=/opt/rustwide/target" "-w" "/opt/rustwide/workdir" "--user" "0:0" "a232847dba89f210ba898429ea12588042a62c8ee9587593747da6e4b27bde91" "/opt/rustwide/cargo-home/bin/cargo" "+1.99.0-beta.8" "metadata" "--no-deps" "--format-version=1", kill_on_drop: false }`
[INFO] running `Command { std: "docker" "inspect" "a232847dba89f210ba898429ea12588042a62c8ee9587593747da6e4b27bde91", kill_on_drop: false }`
[INFO] running `Command { std: "docker" "exec" "-e" "SOURCE_DIR=/opt/rustwide/workdir" "-e" "CARGO_HOME=/opt/rustwide/cargo-home" "-e" "RUSTUP_HOME=/opt/rustwide/rustup-home" "-e" "CARGO_TARGET_DIR=/opt/rustwide/target" "-e" "CARGO_INCREMENTAL=0" "-e" "RUST_BACKTRACE=full" "-e" "RUSTFLAGS=--cap-lints=warn" "-e" "RUSTDOCFLAGS=--cap-lints=warn" "-w" "/opt/rustwide/workdir" "--user" "0:0" "a232847dba89f210ba898429ea12588042a62c8ee9587593747da6e4b27bde91" "/opt/rustwide/cargo-home/bin/cargo" "+1.99.0-beta.8" "build" "--frozen" "--message-format=json", kill_on_drop: false }`
[INFO] [stderr]    Compiling proc-macro2 v1.0.103
[INFO] [stderr]    Compiling quote v1.0.41
[INFO] [stderr]    Compiling syn v2.0.108
[INFO] [stderr]    Compiling thiserror-impl v1.0.69
[INFO] [stderr]    Compiling thiserror v1.0.69
[INFO] [stderr]    Compiling windows-api-utils v0.2.0 (/opt/rustwide/workdir)
[INFO] [stderr]     Finished `dev` profile [unoptimized + debuginfo] target(s) in 5.32s
[INFO] running `Command { std: "docker" "inspect" "a232847dba89f210ba898429ea12588042a62c8ee9587593747da6e4b27bde91", kill_on_drop: false }`
[INFO] running `Command { std: "docker" "exec" "-e" "SOURCE_DIR=/opt/rustwide/workdir" "-e" "CARGO_HOME=/opt/rustwide/cargo-home" "-e" "RUSTUP_HOME=/opt/rustwide/rustup-home" "-e" "CARGO_TARGET_DIR=/opt/rustwide/target" "-e" "CARGO_INCREMENTAL=0" "-e" "RUST_BACKTRACE=full" "-e" "RUSTFLAGS=--cap-lints=warn" "-e" "RUSTDOCFLAGS=--cap-lints=warn" "-w" "/opt/rustwide/workdir" "--user" "0:0" "a232847dba89f210ba898429ea12588042a62c8ee9587593747da6e4b27bde91" "/opt/rustwide/cargo-home/bin/cargo" "+1.99.0-beta.8" "test" "--frozen" "--no-run" "--message-format=json", kill_on_drop: false }`
[INFO] [stderr]    Compiling serde_json v1.0.145
[INFO] [stderr]    Compiling windows-api-utils v0.2.0 (/opt/rustwide/workdir)
[INFO] [stderr]     Finished `test` profile [unoptimized + debuginfo] target(s) in 2.16s
[INFO] running `Command { std: "docker" "inspect" "a232847dba89f210ba898429ea12588042a62c8ee9587593747da6e4b27bde91", kill_on_drop: false }`
[INFO] running `Command { std: "docker" "exec" "-e" "SOURCE_DIR=/opt/rustwide/workdir" "-e" "CARGO_HOME=/opt/rustwide/cargo-home" "-e" "RUSTUP_HOME=/opt/rustwide/rustup-home" "-e" "CARGO_TARGET_DIR=/opt/rustwide/target" "-e" "CARGO_INCREMENTAL=0" "-e" "RUST_BACKTRACE=full" "-e" "RUSTFLAGS=--cap-lints=warn" "-e" "RUSTDOCFLAGS=--cap-lints=warn" "-w" "/opt/rustwide/workdir" "--user" "0:0" "a232847dba89f210ba898429ea12588042a62c8ee9587593747da6e4b27bde91" "/opt/rustwide/cargo-home/bin/cargo" "+1.99.0-beta.8" "test" "--frozen", kill_on_drop: false }`
[INFO] [stderr]     Finished `test` profile [unoptimized + debuginfo] target(s) in 0.05s
[INFO] [stderr]      Running unittests src/lib.rs (/opt/rustwide/target/debug/deps/windows_api_utils-548ab1d8a0a205f8)
[INFO] [stdout] 
[INFO] [stdout] running 3 tests
[INFO] [stdout] test messages::tests::test_lparam_point_conversion ... ok
[INFO] [stdout] test messages::tests::test_message_creation ... ok
[INFO] [stdout] test messages::tests::test_type_compatibility ... ok
[INFO] [stdout] 
[INFO] [stdout] test result: ok. 3 passed; 0 failed; 0 ignored; 0 measured; 0 filtered out; finished in 0.00s
[INFO] [stdout] 
[INFO] [stderr]    Doc-tests windows_api_utils
[INFO] [stdout] 
[INFO] [stdout] running 5 tests
[INFO] [stdout] test src/lib.rs - (line 61) ... FAILED
[INFO] [stdout] test src/lib.rs - (line 38) ... ok
[INFO] [stdout] test src/lib.rs - (line 130) ... ok
[INFO] [stdout] test src/lib.rs - (line 98) ... ok
[INFO] [stdout] test src/lib.rs - (line 113) ... FAILED
[INFO] [stdout] 
[INFO] [stdout] failures:
[INFO] [stdout] 
[INFO] [stdout] ---- src/lib.rs - (line 61) stdout ----
[INFO] [stdout] error[E0433]: cannot find module or crate `windows` in this scope
[INFO] [stdout]   --> src/lib.rs:64:5
[INFO] [stdout]    |
[INFO] [stdout] 64 | use windows::Win32::Foundation::{WPARAM, LPARAM};
[INFO] [stdout]    |     ^^^^^^^ use of unresolved module or unlinked crate `windows`
[INFO] [stdout]    |
[INFO] [stdout]    = help: if you wanted to use a crate named `windows`, use `cargo add windows` to add it to your `Cargo.toml`
[INFO] [stdout] 
[INFO] [stdout] error[E0277]: the trait bound `windows_api_utils::WParam: From<windows_api_utils::WPARAM>` is not satisfied
[INFO] [stdout]   --> src/lib.rs:68:18
[INFO] [stdout]    |
[INFO] [stdout] 68 | let our_wparam = WParam::from(win_wparam);
[INFO] [stdout]    |                  ^^^^^^ the trait `From<windows_api_utils::WPARAM>` is not implemented for `windows_api_utils::WParam`
[INFO] [stdout]    |
[INFO] [stdout] help: the trait `From<windows_api_utils::WPARAM>` is not implemented for `windows_api_utils::WParam`
[INFO] [stdout]       but trait `From<usize>` is implemented for it
[INFO] [stdout]   --> src/messages.rs:61:1
[INFO] [stdout]    |
[INFO] [stdout] 61 | impl From<usize> for WParam {
[INFO] [stdout]    | ^^^^^^^^^^^^^^^^^^^^^^^^^^^
[INFO] [stdout]    = help: for that trait implementation, expected `usize`, found `windows_api_utils::WPARAM`
[INFO] [stdout] 
[INFO] [stdout] error[E0277]: the trait bound `windows_api_utils::WPARAM: From<windows_api_utils::WParam>` is not satisfied
[INFO] [stdout]   --> src/lib.rs:69:38
[INFO] [stdout]    |
[INFO] [stdout] 69 | let back_to_win: WPARAM = our_wparam.into();
[INFO] [stdout]    |                                      ^^^^ the trait `From<windows_api_utils::WParam>` is not implemented for `windows_api_utils::WPARAM`
[INFO] [stdout]    |
[INFO] [stdout]    = note: required for `windows_api_utils::WParam` to implement `Into<windows_api_utils::WPARAM>`
[INFO] [stdout] 
[INFO] [stdout] error[E0277]: the trait bound `windows_api_utils::LParam: From<windows_api_utils::LPARAM>` is not satisfied
[INFO] [stdout]    --> src/lib.rs:75:18
[INFO] [stdout]     |
[INFO] [stdout]  75 | let our_lparam = LParam::from(win_lparam);
[INFO] [stdout]     |                  ^^^^^^ the trait `From<windows_api_utils::LPARAM>` is not implemented for `windows_api_utils::LParam`
[INFO] [stdout]     |
[INFO] [stdout] help: the trait `From<windows_api_utils::LPARAM>` is not implemented for `windows_api_utils::LParam`
[INFO] [stdout]       but trait `From<isize>` is implemented for it
[INFO] [stdout]    --> src/messages.rs:124:1
[INFO] [stdout]     |
[INFO] [stdout] 124 | impl From<isize> for LParam {
[INFO] [stdout]     | ^^^^^^^^^^^^^^^^^^^^^^^^^^^
[INFO] [stdout]     = help: for that trait implementation, expected `isize`, found `windows_api_utils::LPARAM`
[INFO] [stdout] 
[INFO] [stdout] error[E0277]: the trait bound `windows_api_utils::LPARAM: From<windows_api_utils::LParam>` is not satisfied
[INFO] [stdout]   --> src/lib.rs:82:58
[INFO] [stdout]    |
[INFO] [stdout] 82 | let win_lparam_from_our: LPARAM = our_lparam_from_coords.into();
[INFO] [stdout]    |                                                          ^^^^ the trait `From<windows_api_utils::LParam>` is not implemented for `windows_api_utils::LPARAM`
[INFO] [stdout]    |
[INFO] [stdout]    = note: required for `windows_api_utils::LParam` to implement `Into<windows_api_utils::LPARAM>`
[INFO] [stdout] 
[INFO] [stdout] error: aborting due to 5 previous errors
[INFO] [stdout] 
[INFO] [stdout] Some errors have detailed explanations: E0277, E0433.
[INFO] [stdout] For more information about an error, try `rustc --explain E0277`.
[INFO] [stdout] Couldn't compile the test.
[INFO] [stdout] ---- src/lib.rs - (line 113) stdout ----
[INFO] [stdout] error[E0432]: unresolved imports `windows_api_utils::loword`, `windows_api_utils::hiword`, `windows_api_utils::make_long`, `windows_api_utils::BitUtils`
[INFO] [stdout]    --> src/lib.rs:116:25
[INFO] [stdout]     |
[INFO] [stdout] 116 | use windows_api_utils::{loword, hiword, make_long, BitUtils};
[INFO] [stdout]     |                         ^^^^^^  ^^^^^^  ^^^^^^^^^  ^^^^^^^^ no `BitUtils` in the root
[INFO] [stdout]     |                         |       |       |
[INFO] [stdout]     |                         |       |       no `make_long` in the root
[INFO] [stdout]     |                         |       no `hiword` in the root
[INFO] [stdout]     |                         no `loword` in the root
[INFO] [stdout] 
[INFO] [stdout] error: aborting due to 1 previous error
[INFO] [stdout] 
[INFO] [stdout] For more information about this error, try `rustc --explain E0432`.
[INFO] [stdout] Couldn't compile the test.
[INFO] [stdout] 
[INFO] [stdout] failures:
[INFO] [stdout]     src/lib.rs - (line 113)
[INFO] [stdout]     src/lib.rs - (line 61)
[INFO] [stdout] 
[INFO] [stdout] test result: FAILED. 3 passed; 2 failed; 0 ignored; 0 measured; 0 filtered out; finished in 0.30s
[INFO] [stdout] 
[INFO] [stderr] error: doctest failed, to rerun pass `--doc`
[INFO] running `Command { std: "docker" "inspect" "a232847dba89f210ba898429ea12588042a62c8ee9587593747da6e4b27bde91", kill_on_drop: false }`
[INFO] running `Command { std: "docker" "rm" "-f" "a232847dba89f210ba898429ea12588042a62c8ee9587593747da6e4b27bde91", kill_on_drop: false }`
[INFO] [stdout] a232847dba89f210ba898429ea12588042a62c8ee9587593747da6e4b27bde91
