[INFO] fetching crate william-ranges 0.1.0...
[INFO] testing william-ranges-0.1.0 against 1.99.0-beta.8 for beta-1.100-2
[INFO] extracting crate william-ranges 0.1.0 into /workspace/builds/worker-0-tc1/source
[INFO] started tweaking crates.io crate william-ranges 0.1.0
[INFO] finished tweaking crates.io crate william-ranges 0.1.0
[INFO] tweaked toml for crates.io crate william-ranges 0.1.0 written to /workspace/builds/worker-0-tc1/source/Cargo.toml
[INFO] validating manifest of crates.io crate william-ranges 0.1.0 on toolchain 1.99.0-beta.8
[INFO] running `Command { std: CARGO_HOME="/workspace/cargo-home" RUSTUP_HOME="/workspace/rustup-home" "/workspace/cargo-home/bin/cargo" "+1.99.0-beta.8" "metadata" "--manifest-path" "Cargo.toml" "--no-deps", kill_on_drop: false }`
[INFO] crate crates.io crate william-ranges 0.1.0 already has a lockfile, it will not be regenerated
[INFO] running `Command { std: CARGO_HOME="/workspace/cargo-home" RUSTUP_HOME="/workspace/rustup-home" "/workspace/cargo-home/bin/cargo" "+1.99.0-beta.8" "fetch" "--manifest-path" "Cargo.toml", kill_on_drop: false }`
[INFO] running `Command { std: "docker" "create" "-v" "/var/lib/crater-agent-workspace/builds/worker-0-tc1/source:/opt/rustwide/workdir:ro,Z" "-v" "/var/lib/crater-agent-workspace/builds/worker-0-tc1/target:/opt/rustwide/target:rw,Z" "-v" "/var/lib/crater-agent-workspace/cargo-home:/opt/rustwide/cargo-home:ro,Z" "-v" "/var/lib/crater-agent-workspace/rustup-home:/opt/rustwide/rustup-home:ro,Z" "-m" "1610612736" "--network" "none" "ghcr.io/rust-lang/crates-build-env/linux@sha256:3111399a4047eeb3a02b7a90e478d715f38a8c6669b5c4b49d30a17385265909" "sleep" "infinity", kill_on_drop: false }`
[INFO] [stdout] 1d624bdab2bcb564b22d5c7a461d240e124ea3159859a753e497e7aec49954fc
[INFO] running `Command { std: "docker" "start" "1d624bdab2bcb564b22d5c7a461d240e124ea3159859a753e497e7aec49954fc", kill_on_drop: false }`
[INFO] running `Command { std: "docker" "inspect" "1d624bdab2bcb564b22d5c7a461d240e124ea3159859a753e497e7aec49954fc", kill_on_drop: false }`
[INFO] running `Command { std: "docker" "exec" "-e" "SOURCE_DIR=/opt/rustwide/workdir" "-e" "CARGO_HOME=/opt/rustwide/cargo-home" "-e" "RUSTUP_HOME=/opt/rustwide/rustup-home" "-e" "CARGO_TARGET_DIR=/opt/rustwide/target" "-w" "/opt/rustwide/workdir" "--user" "0:0" "1d624bdab2bcb564b22d5c7a461d240e124ea3159859a753e497e7aec49954fc" "/opt/rustwide/cargo-home/bin/cargo" "+1.99.0-beta.8" "metadata" "--no-deps" "--format-version=1", kill_on_drop: false }`
[INFO] running `Command { std: "docker" "inspect" "1d624bdab2bcb564b22d5c7a461d240e124ea3159859a753e497e7aec49954fc", kill_on_drop: false }`
[INFO] running `Command { std: "docker" "exec" "-e" "SOURCE_DIR=/opt/rustwide/workdir" "-e" "CARGO_HOME=/opt/rustwide/cargo-home" "-e" "RUSTUP_HOME=/opt/rustwide/rustup-home" "-e" "CARGO_TARGET_DIR=/opt/rustwide/target" "-e" "CARGO_INCREMENTAL=0" "-e" "RUST_BACKTRACE=full" "-e" "RUSTFLAGS=--cap-lints=warn" "-e" "RUSTDOCFLAGS=--cap-lints=warn" "-w" "/opt/rustwide/workdir" "--user" "0:0" "1d624bdab2bcb564b22d5c7a461d240e124ea3159859a753e497e7aec49954fc" "/opt/rustwide/cargo-home/bin/cargo" "+1.99.0-beta.8" "build" "--frozen" "--message-format=json", kill_on_drop: false }`
[INFO] [stderr]    Compiling william-ranges v0.1.0 (/opt/rustwide/workdir)
[INFO] [stderr]     Finished `dev` profile [unoptimized + debuginfo] target(s) in 0.27s
[INFO] running `Command { std: "docker" "inspect" "1d624bdab2bcb564b22d5c7a461d240e124ea3159859a753e497e7aec49954fc", kill_on_drop: false }`
[INFO] running `Command { std: "docker" "exec" "-e" "SOURCE_DIR=/opt/rustwide/workdir" "-e" "CARGO_HOME=/opt/rustwide/cargo-home" "-e" "RUSTUP_HOME=/opt/rustwide/rustup-home" "-e" "CARGO_TARGET_DIR=/opt/rustwide/target" "-e" "CARGO_INCREMENTAL=0" "-e" "RUST_BACKTRACE=full" "-e" "RUSTFLAGS=--cap-lints=warn" "-e" "RUSTDOCFLAGS=--cap-lints=warn" "-w" "/opt/rustwide/workdir" "--user" "0:0" "1d624bdab2bcb564b22d5c7a461d240e124ea3159859a753e497e7aec49954fc" "/opt/rustwide/cargo-home/bin/cargo" "+1.99.0-beta.8" "test" "--frozen" "--no-run" "--message-format=json", kill_on_drop: false }`
[INFO] [stderr]    Compiling william-ranges v0.1.0 (/opt/rustwide/workdir)
[INFO] [stderr]     Finished `test` profile [unoptimized + debuginfo] target(s) in 0.21s
[INFO] running `Command { std: "docker" "inspect" "1d624bdab2bcb564b22d5c7a461d240e124ea3159859a753e497e7aec49954fc", kill_on_drop: false }`
[INFO] running `Command { std: "docker" "exec" "-e" "SOURCE_DIR=/opt/rustwide/workdir" "-e" "CARGO_HOME=/opt/rustwide/cargo-home" "-e" "RUSTUP_HOME=/opt/rustwide/rustup-home" "-e" "CARGO_TARGET_DIR=/opt/rustwide/target" "-e" "CARGO_INCREMENTAL=0" "-e" "RUST_BACKTRACE=full" "-e" "RUSTFLAGS=--cap-lints=warn" "-e" "RUSTDOCFLAGS=--cap-lints=warn" "-w" "/opt/rustwide/workdir" "--user" "0:0" "1d624bdab2bcb564b22d5c7a461d240e124ea3159859a753e497e7aec49954fc" "/opt/rustwide/cargo-home/bin/cargo" "+1.99.0-beta.8" "test" "--frozen", kill_on_drop: false }`
[INFO] [stderr]     Finished `test` profile [unoptimized + debuginfo] target(s) in 0.02s
[INFO] [stderr]      Running unittests src/lib.rs (/opt/rustwide/target/debug/deps/william_ranges-001f623b9980d8e7)
[INFO] [stderr]      Running unittests src/bin/test1/main.rs (/opt/rustwide/target/debug/deps/test1-cfde9fa1dd2fa45b)
[INFO] [stdout] 
[INFO] [stdout] running 1 test
[INFO] [stdout] test tests::it_works ... ok
[INFO] [stdout] 
[INFO] [stdout] test result: ok. 1 passed; 0 failed; 0 ignored; 0 measured; 0 filtered out; finished in 0.00s
[INFO] [stdout] 
[INFO] [stdout] 
[INFO] [stdout] running 0 tests
[INFO] [stdout] 
[INFO] [stdout] test result: ok. 0 passed; 0 failed; 0 ignored; 0 measured; 0 filtered out; finished in 0.00s
[INFO] [stdout] 
[INFO] [stderr]    Doc-tests william_ranges
[INFO] [stdout] 
[INFO] [stdout] running 2 tests
[INFO] [stdout] test src/lib.rs - overlap (line 8) ... FAILED
[INFO] [stdout] test src/lib.rs - overlap (line 3) ... FAILED
[INFO] [stdout] 
[INFO] [stdout] failures:
[INFO] [stdout] 
[INFO] [stdout] ---- src/lib.rs - overlap (line 8) stdout ----
[INFO] [stdout] error: cannot find macro `asset_eq` in this scope
[INFO] [stdout]  --> src/lib.rs:9:1
[INFO] [stdout]   |
[INFO] [stdout] 9 | asset_eq!(ranges::overlap(0..0,1..2),false);
[INFO] [stdout]   | ^^^^^^^^
[INFO] [stdout]   |
[INFO] [stdout]  --> /rustc/dfb0accb7f508ae8be965d8629557221c889dd98/library/core/src/macros/mod.rs:43:0
[INFO] [stdout]   |
[INFO] [stdout]   = note: similarly named macro `assert_eq` defined here
[INFO] [stdout] help: a macro with a similar name exists
[INFO] [stdout]   |
[INFO] [stdout] 9 | assert_eq!(ranges::overlap(0..0,1..2),false);
[INFO] [stdout]   |     +
[INFO] [stdout] 
[INFO] [stdout] error: aborting due to 1 previous error
[INFO] [stdout] 
[INFO] [stdout] Couldn't compile the test.
[INFO] [stdout] ---- src/lib.rs - overlap (line 3) stdout ----
[INFO] [stdout] error: cannot find macro `asset_eq` in this scope
[INFO] [stdout]  --> src/lib.rs:5:5
[INFO] [stdout]   |
[INFO] [stdout] 5 |     asset_eq!(ranges::overlap(0..7,10..13),false);
[INFO] [stdout]   |     ^^^^^^^^
[INFO] [stdout]   |
[INFO] [stdout]  --> /rustc/dfb0accb7f508ae8be965d8629557221c889dd98/library/core/src/macros/mod.rs:43:0
[INFO] [stdout]   |
[INFO] [stdout]   = note: similarly named macro `assert_eq` defined here
[INFO] [stdout] help: a macro with a similar name exists
[INFO] [stdout]   |
[INFO] [stdout] 5 |     assert_eq!(ranges::overlap(0..7,10..13),false);
[INFO] [stdout]   |         +
[INFO] [stdout] 
[INFO] [stdout] error: cannot find macro `asset_eq` in this scope
[INFO] [stdout]  --> src/lib.rs:4:1
[INFO] [stdout]   |
[INFO] [stdout] 4 | asset_eq!(ranges::overlap(0..7,3..10),true);
[INFO] [stdout]   | ^^^^^^^^
[INFO] [stdout]   |
[INFO] [stdout]  --> /rustc/dfb0accb7f508ae8be965d8629557221c889dd98/library/core/src/macros/mod.rs:43:0
[INFO] [stdout]   |
[INFO] [stdout]   = note: similarly named macro `assert_eq` defined here
[INFO] [stdout] help: a macro with a similar name exists
[INFO] [stdout]   |
[INFO] [stdout] 4 | assert_eq!(ranges::overlap(0..7,3..10),true);
[INFO] [stdout]   |     +
[INFO] [stdout] 
[INFO] [stdout] error: aborting due to 2 previous errors
[INFO] [stdout] 
[INFO] [stdout] Couldn't compile the test.
[INFO] [stdout] 
[INFO] [stdout] failures:
[INFO] [stdout]     src/lib.rs - overlap (line 3)
[INFO] [stdout]     src/lib.rs - overlap (line 8)
[INFO] [stdout] 
[INFO] [stdout] test result: FAILED. 0 passed; 2 failed; 0 ignored; 0 measured; 0 filtered out; finished in 0.06s
[INFO] [stdout] 
[INFO] [stderr] error: doctest failed, to rerun pass `--doc`
[INFO] [stdout] all doctests ran in 0.13s; merged doctests compilation took 0.07s
[INFO] running `Command { std: "docker" "inspect" "1d624bdab2bcb564b22d5c7a461d240e124ea3159859a753e497e7aec49954fc", kill_on_drop: false }`
[INFO] running `Command { std: "docker" "rm" "-f" "1d624bdab2bcb564b22d5c7a461d240e124ea3159859a753e497e7aec49954fc", kill_on_drop: false }`
[INFO] [stdout] 1d624bdab2bcb564b22d5c7a461d240e124ea3159859a753e497e7aec49954fc
