[INFO] fetching crate wii-accessories 0.1.0...
[INFO] testing wii-accessories-0.1.0 against 1.99.0-beta.8 for beta-1.100-2
[INFO] extracting crate wii-accessories 0.1.0 into /workspace/builds/worker-2-tc1/source
[INFO] started tweaking crates.io crate wii-accessories 0.1.0
[INFO] finished tweaking crates.io crate wii-accessories 0.1.0
[INFO] tweaked toml for crates.io crate wii-accessories 0.1.0 written to /workspace/builds/worker-2-tc1/source/Cargo.toml
[INFO] validating manifest of crates.io crate wii-accessories 0.1.0 on toolchain 1.99.0-beta.8
[INFO] running `Command { std: CARGO_HOME="/workspace/cargo-home" RUSTUP_HOME="/workspace/rustup-home" "/workspace/cargo-home/bin/cargo" "+1.99.0-beta.8" "metadata" "--manifest-path" "Cargo.toml" "--no-deps", kill_on_drop: false }`
[INFO] crate crates.io crate wii-accessories 0.1.0 already has a lockfile, it will not be regenerated
[INFO] running `Command { std: CARGO_HOME="/workspace/cargo-home" RUSTUP_HOME="/workspace/rustup-home" "/workspace/cargo-home/bin/cargo" "+1.99.0-beta.8" "fetch" "--manifest-path" "Cargo.toml", kill_on_drop: false }`
[INFO] running `Command { std: "docker" "create" "-v" "/var/lib/crater-agent-workspace/builds/worker-2-tc1/source:/opt/rustwide/workdir:ro,Z" "-v" "/var/lib/crater-agent-workspace/builds/worker-2-tc1/target:/opt/rustwide/target:rw,Z" "-v" "/var/lib/crater-agent-workspace/cargo-home:/opt/rustwide/cargo-home:ro,Z" "-v" "/var/lib/crater-agent-workspace/rustup-home:/opt/rustwide/rustup-home:ro,Z" "-m" "1610612736" "--network" "none" "ghcr.io/rust-lang/crates-build-env/linux@sha256:3111399a4047eeb3a02b7a90e478d715f38a8c6669b5c4b49d30a17385265909" "sleep" "infinity", kill_on_drop: false }`
[INFO] [stdout] 833537a23f5d89d81bbdad9b91916e950b2675d5bd784d91dd4e176c3e0f821f
[INFO] running `Command { std: "docker" "start" "833537a23f5d89d81bbdad9b91916e950b2675d5bd784d91dd4e176c3e0f821f", kill_on_drop: false }`
[INFO] running `Command { std: "docker" "inspect" "833537a23f5d89d81bbdad9b91916e950b2675d5bd784d91dd4e176c3e0f821f", kill_on_drop: false }`
[INFO] running `Command { std: "docker" "exec" "-e" "SOURCE_DIR=/opt/rustwide/workdir" "-e" "CARGO_HOME=/opt/rustwide/cargo-home" "-e" "RUSTUP_HOME=/opt/rustwide/rustup-home" "-e" "CARGO_TARGET_DIR=/opt/rustwide/target" "-w" "/opt/rustwide/workdir" "--user" "0:0" "833537a23f5d89d81bbdad9b91916e950b2675d5bd784d91dd4e176c3e0f821f" "/opt/rustwide/cargo-home/bin/cargo" "+1.99.0-beta.8" "metadata" "--no-deps" "--format-version=1", kill_on_drop: false }`
[INFO] running `Command { std: "docker" "inspect" "833537a23f5d89d81bbdad9b91916e950b2675d5bd784d91dd4e176c3e0f821f", kill_on_drop: false }`
[INFO] running `Command { std: "docker" "exec" "-e" "SOURCE_DIR=/opt/rustwide/workdir" "-e" "CARGO_HOME=/opt/rustwide/cargo-home" "-e" "RUSTUP_HOME=/opt/rustwide/rustup-home" "-e" "CARGO_TARGET_DIR=/opt/rustwide/target" "-e" "CARGO_INCREMENTAL=0" "-e" "RUST_BACKTRACE=full" "-e" "RUSTFLAGS=--cap-lints=warn" "-e" "RUSTDOCFLAGS=--cap-lints=warn" "-w" "/opt/rustwide/workdir" "--user" "0:0" "833537a23f5d89d81bbdad9b91916e950b2675d5bd784d91dd4e176c3e0f821f" "/opt/rustwide/cargo-home/bin/cargo" "+1.99.0-beta.8" "build" "--frozen" "--message-format=json", kill_on_drop: false }`
[INFO] [stderr]    Compiling embedded-hal v1.0.0
[INFO] [stderr]    Compiling wii-accessories v0.1.0 (/opt/rustwide/workdir)
[INFO] [stderr]     Finished `dev` profile [unoptimized + debuginfo] target(s) in 0.25s
[INFO] running `Command { std: "docker" "inspect" "833537a23f5d89d81bbdad9b91916e950b2675d5bd784d91dd4e176c3e0f821f", kill_on_drop: false }`
[INFO] running `Command { std: "docker" "exec" "-e" "SOURCE_DIR=/opt/rustwide/workdir" "-e" "CARGO_HOME=/opt/rustwide/cargo-home" "-e" "RUSTUP_HOME=/opt/rustwide/rustup-home" "-e" "CARGO_TARGET_DIR=/opt/rustwide/target" "-e" "CARGO_INCREMENTAL=0" "-e" "RUST_BACKTRACE=full" "-e" "RUSTFLAGS=--cap-lints=warn" "-e" "RUSTDOCFLAGS=--cap-lints=warn" "-w" "/opt/rustwide/workdir" "--user" "0:0" "833537a23f5d89d81bbdad9b91916e950b2675d5bd784d91dd4e176c3e0f821f" "/opt/rustwide/cargo-home/bin/cargo" "+1.99.0-beta.8" "test" "--frozen" "--no-run" "--message-format=json", kill_on_drop: false }`
[INFO] [stderr]    Compiling wii-accessories v0.1.0 (/opt/rustwide/workdir)
[INFO] [stderr]     Finished `test` profile [unoptimized + debuginfo] target(s) in 0.19s
[INFO] running `Command { std: "docker" "inspect" "833537a23f5d89d81bbdad9b91916e950b2675d5bd784d91dd4e176c3e0f821f", kill_on_drop: false }`
[INFO] running `Command { std: "docker" "exec" "-e" "SOURCE_DIR=/opt/rustwide/workdir" "-e" "CARGO_HOME=/opt/rustwide/cargo-home" "-e" "RUSTUP_HOME=/opt/rustwide/rustup-home" "-e" "CARGO_TARGET_DIR=/opt/rustwide/target" "-e" "CARGO_INCREMENTAL=0" "-e" "RUST_BACKTRACE=full" "-e" "RUSTFLAGS=--cap-lints=warn" "-e" "RUSTDOCFLAGS=--cap-lints=warn" "-w" "/opt/rustwide/workdir" "--user" "0:0" "833537a23f5d89d81bbdad9b91916e950b2675d5bd784d91dd4e176c3e0f821f" "/opt/rustwide/cargo-home/bin/cargo" "+1.99.0-beta.8" "test" "--frozen", kill_on_drop: false }`
[INFO] [stderr]     Finished `test` profile [unoptimized + debuginfo] target(s) in 0.05s
[INFO] [stderr]      Running unittests src/lib.rs (/opt/rustwide/target/debug/deps/wii_accessories-17cf08afc2c0ba34)
[INFO] [stdout] 
[INFO] [stdout] running 0 tests
[INFO] [stdout] 
[INFO] [stdout] test result: ok. 0 passed; 0 failed; 0 ignored; 0 measured; 0 filtered out; finished in 0.00s
[INFO] [stdout] 
[INFO] [stderr]    Doc-tests wii_accessories
[INFO] [stdout] 
[INFO] [stdout] running 1 test
[INFO] [stdout] test src/lib.rs - (line 10) - compile ... FAILED
[INFO] [stdout] 
[INFO] [stdout] failures:
[INFO] [stdout] 
[INFO] [stdout] ---- src/lib.rs - (line 10) stdout ----
[INFO] [stdout] error[E0425]: cannot find value `peripherals` in this scope
[INFO] [stdout]   --> src/lib.rs:11:20
[INFO] [stdout]    |
[INFO] [stdout] 11 | let i2c = I2c::new(peripherals.I2C0, Config::default())
[INFO] [stdout]    |                    ^^^^^^^^^^^ not found in this scope
[INFO] [stdout] 
[INFO] [stdout] error[E0425]: cannot find value `peripherals` in this scope
[INFO] [stdout]   --> src/lib.rs:13:19
[INFO] [stdout]    |
[INFO] [stdout] 13 |         .with_sda(peripherals.GPIO5)
[INFO] [stdout]    |                   ^^^^^^^^^^^ not found in this scope
[INFO] [stdout] 
[INFO] [stdout] error[E0425]: cannot find value `peripherals` in this scope
[INFO] [stdout]   --> src/lib.rs:14:19
[INFO] [stdout]    |
[INFO] [stdout] 14 |         .with_scl(peripherals.GPIO6);
[INFO] [stdout]    |                   ^^^^^^^^^^^ not found in this scope
[INFO] [stdout] 
[INFO] [stdout] error[E0433]: cannot find type `I2c` in this scope
[INFO] [stdout]   --> src/lib.rs:11:11
[INFO] [stdout]    |
[INFO] [stdout] 11 | let i2c = I2c::new(peripherals.I2C0, Config::default())
[INFO] [stdout]    |           ^^^ use of undeclared type `I2c`
[INFO] [stdout] 
[INFO] [stdout] error[E0433]: cannot find type `Config` in this scope
[INFO] [stdout]   --> src/lib.rs:11:38
[INFO] [stdout]    |
[INFO] [stdout] 11 | let i2c = I2c::new(peripherals.I2C0, Config::default())
[INFO] [stdout]    |                                      ^^^^^^ use of undeclared type `Config`
[INFO] [stdout] 
[INFO] [stdout] error[E0433]: cannot find type `WiiAccessory` in this scope
[INFO] [stdout]   --> src/lib.rs:16:14
[INFO] [stdout]    |
[INFO] [stdout] 16 | let device = WiiAccessory::new(i2c);
[INFO] [stdout]    |              ^^^^^^^^^^^^ use of undeclared type `WiiAccessory`
[INFO] [stdout] 
[INFO] [stdout] error: aborting due to 6 previous errors
[INFO] [stdout] 
[INFO] [stdout] Some errors have detailed explanations: E0425, E0433.
[INFO] [stdout] For more information about an error, try `rustc --explain E0425`.
[INFO] [stdout] Couldn't compile the test.
[INFO] [stdout] 
[INFO] [stdout] failures:
[INFO] [stdout]     src/lib.rs - (line 10)
[INFO] [stdout] 
[INFO] [stdout] test result: FAILED. 0 passed; 1 failed; 0 ignored; 0 measured; 0 filtered out; finished in 0.20s
[INFO] [stdout] 
[INFO] [stdout] all doctests ran in 0.49s; merged doctests compilation took 0.29s
[INFO] [stderr] error: doctest failed, to rerun pass `--doc`
[INFO] running `Command { std: "docker" "inspect" "833537a23f5d89d81bbdad9b91916e950b2675d5bd784d91dd4e176c3e0f821f", kill_on_drop: false }`
[INFO] running `Command { std: "docker" "rm" "-f" "833537a23f5d89d81bbdad9b91916e950b2675d5bd784d91dd4e176c3e0f821f", kill_on_drop: false }`
[INFO] [stdout] 833537a23f5d89d81bbdad9b91916e950b2675d5bd784d91dd4e176c3e0f821f
