[INFO] fetching crate wickra-backtest-core 0.1.9...
[INFO] testing wickra-backtest-core-0.1.9 against 1.99.0-beta.8 for beta-1.100-2
[INFO] extracting crate wickra-backtest-core 0.1.9 into /workspace/builds/worker-6-tc1/source
[INFO] started tweaking crates.io crate wickra-backtest-core 0.1.9
[INFO] removed 0 missing tests
[INFO] finished tweaking crates.io crate wickra-backtest-core 0.1.9
[INFO] tweaked toml for crates.io crate wickra-backtest-core 0.1.9 written to /workspace/builds/worker-6-tc1/source/Cargo.toml
[INFO] validating manifest of crates.io crate wickra-backtest-core 0.1.9 on toolchain 1.99.0-beta.8
[INFO] running `Command { std: CARGO_HOME="/workspace/cargo-home" RUSTUP_HOME="/workspace/rustup-home" "/workspace/cargo-home/bin/cargo" "+1.99.0-beta.8" "metadata" "--manifest-path" "Cargo.toml" "--no-deps", kill_on_drop: false }`
[INFO] crate crates.io crate wickra-backtest-core 0.1.9 already has a lockfile, it will not be regenerated
[INFO] running `Command { std: CARGO_HOME="/workspace/cargo-home" RUSTUP_HOME="/workspace/rustup-home" "/workspace/cargo-home/bin/cargo" "+1.99.0-beta.8" "fetch" "--manifest-path" "Cargo.toml", kill_on_drop: false }`
[INFO] [stderr]     Updating crates.io index
[INFO] [stderr]     Blocking waiting for file lock on package cache
[INFO] [stderr]  Downloading crates ...
[INFO] [stderr]   Downloaded schemars_derive v1.2.2
[INFO] [stderr]   Downloaded either v1.18.0
[INFO] [stderr]   Downloaded serde_derive_internals v0.30.0
[INFO] [stderr]   Downloaded unarray v0.1.4
[INFO] [stderr]   Downloaded wait-timeout v0.2.1
[INFO] [stderr]   Downloaded ref-cast-impl v1.0.27
[INFO] [stderr]   Downloaded dyn-clone v1.0.20
[INFO] [stderr]   Downloaded rand_xorshift v0.4.0
[INFO] [stderr]   Downloaded ref-cast v1.0.27
[INFO] [stderr]   Downloaded quick-error v1.2.3
[INFO] [stderr]   Downloaded bit-set v0.8.0
[INFO] [stderr]   Downloaded schemars v1.2.2
[INFO] [stderr]   Downloaded rusty-fork v0.3.1
[INFO] [stderr]   Downloaded bit-vec v0.8.0
[INFO] [stderr]   Downloaded fastrand v2.5.0
[INFO] [stderr]   Downloaded bitflags v2.13.2
[INFO] [stderr]   Downloaded zerocopy-derive v0.8.57
[INFO] [stderr]   Downloaded rand v0.9.5
[INFO] [stderr]   Downloaded proptest v1.11.0
[INFO] [stderr]   Downloaded regex-syntax v0.8.11
[INFO] [stderr]   Downloaded rustix v1.1.5
[INFO] [stderr]   Downloaded zerocopy v0.8.57
[INFO] [stderr]   Downloaded wickra-core v1.0.6
[INFO] running `Command { std: "docker" "create" "-v" "/var/lib/crater-agent-workspace/builds/worker-6-tc1/source:/opt/rustwide/workdir:ro,Z" "-v" "/var/lib/crater-agent-workspace/builds/worker-6-tc1/target:/opt/rustwide/target:rw,Z" "-v" "/var/lib/crater-agent-workspace/cargo-home:/opt/rustwide/cargo-home:ro,Z" "-v" "/var/lib/crater-agent-workspace/rustup-home:/opt/rustwide/rustup-home:ro,Z" "-m" "1610612736" "--network" "none" "ghcr.io/rust-lang/crates-build-env/linux@sha256:3111399a4047eeb3a02b7a90e478d715f38a8c6669b5c4b49d30a17385265909" "sleep" "infinity", kill_on_drop: false }`
[INFO] [stdout] 2d87604113c745912e4443cb76922897bd362a2c64edb6106db2023f7158405c
[INFO] running `Command { std: "docker" "start" "2d87604113c745912e4443cb76922897bd362a2c64edb6106db2023f7158405c", kill_on_drop: false }`
[INFO] running `Command { std: "docker" "inspect" "2d87604113c745912e4443cb76922897bd362a2c64edb6106db2023f7158405c", kill_on_drop: false }`
[INFO] running `Command { std: "docker" "exec" "-e" "SOURCE_DIR=/opt/rustwide/workdir" "-e" "CARGO_HOME=/opt/rustwide/cargo-home" "-e" "RUSTUP_HOME=/opt/rustwide/rustup-home" "-e" "CARGO_TARGET_DIR=/opt/rustwide/target" "-w" "/opt/rustwide/workdir" "--user" "0:0" "2d87604113c745912e4443cb76922897bd362a2c64edb6106db2023f7158405c" "/opt/rustwide/cargo-home/bin/cargo" "+1.99.0-beta.8" "metadata" "--no-deps" "--format-version=1", kill_on_drop: false }`
[INFO] running `Command { std: "docker" "inspect" "2d87604113c745912e4443cb76922897bd362a2c64edb6106db2023f7158405c", kill_on_drop: false }`
[INFO] running `Command { std: "docker" "exec" "-e" "SOURCE_DIR=/opt/rustwide/workdir" "-e" "CARGO_HOME=/opt/rustwide/cargo-home" "-e" "RUSTUP_HOME=/opt/rustwide/rustup-home" "-e" "CARGO_TARGET_DIR=/opt/rustwide/target" "-e" "CARGO_INCREMENTAL=0" "-e" "RUST_BACKTRACE=full" "-e" "RUSTFLAGS=--cap-lints=warn" "-e" "RUSTDOCFLAGS=--cap-lints=warn" "-w" "/opt/rustwide/workdir" "--user" "0:0" "2d87604113c745912e4443cb76922897bd362a2c64edb6106db2023f7158405c" "/opt/rustwide/cargo-home/bin/cargo" "+1.99.0-beta.8" "build" "--frozen" "--message-format=json", kill_on_drop: false }`
[INFO] [stderr]    Compiling proc-macro2 v1.0.107
[INFO] [stderr]    Compiling unicode-ident v1.0.26
[INFO] [stderr]    Compiling quote v1.0.47
[INFO] [stderr]    Compiling serde_core v1.0.229
[INFO] [stderr]    Compiling zmij v1.0.23
[INFO] [stderr]    Compiling ref-cast v1.0.27
[INFO] [stderr]    Compiling serde v1.0.229
[INFO] [stderr]    Compiling thiserror v2.0.20
[INFO] [stderr]    Compiling serde_json v1.0.151
[INFO] [stderr]    Compiling memchr v2.8.3
[INFO] [stderr]    Compiling itoa v1.0.18
[INFO] [stderr]    Compiling either v1.18.0
[INFO] [stderr]    Compiling dyn-clone v1.0.20
[INFO] [stderr]    Compiling rayon v1.12.0
[INFO] [stderr]    Compiling syn v3.0.6
[INFO] [stderr]    Compiling serde_derive_internals v0.30.0
[INFO] [stderr]    Compiling serde_derive v1.0.229
[INFO] [stderr]    Compiling thiserror-impl v2.0.20
[INFO] [stderr]    Compiling ref-cast-impl v1.0.27
[INFO] [stderr]    Compiling schemars_derive v1.2.2
[INFO] [stderr]    Compiling wickra-core v1.0.6
[INFO] [stderr]    Compiling schemars v1.2.2
[INFO] [stderr]    Compiling wickra-backtest-core v0.1.9 (/opt/rustwide/workdir)
[INFO] [stderr]     Finished `dev` profile [unoptimized + debuginfo] target(s) in 23.47s
[INFO] running `Command { std: "docker" "inspect" "2d87604113c745912e4443cb76922897bd362a2c64edb6106db2023f7158405c", kill_on_drop: false }`
[INFO] running `Command { std: "docker" "exec" "-e" "SOURCE_DIR=/opt/rustwide/workdir" "-e" "CARGO_HOME=/opt/rustwide/cargo-home" "-e" "RUSTUP_HOME=/opt/rustwide/rustup-home" "-e" "CARGO_TARGET_DIR=/opt/rustwide/target" "-e" "CARGO_INCREMENTAL=0" "-e" "RUST_BACKTRACE=full" "-e" "RUSTFLAGS=--cap-lints=warn" "-e" "RUSTDOCFLAGS=--cap-lints=warn" "-w" "/opt/rustwide/workdir" "--user" "0:0" "2d87604113c745912e4443cb76922897bd362a2c64edb6106db2023f7158405c" "/opt/rustwide/cargo-home/bin/cargo" "+1.99.0-beta.8" "test" "--frozen" "--no-run" "--message-format=json", kill_on_drop: false }`
[INFO] [stderr]    Compiling libc v0.2.189
[INFO] [stderr]    Compiling cfg-if v1.0.5
[INFO] [stderr]    Compiling getrandom v0.3.4
[INFO] [stderr]    Compiling getrandom v0.4.3
[INFO] [stderr]    Compiling rustix v1.1.5
[INFO] [stderr]    Compiling zerocopy v0.8.57
[INFO] [stderr]    Compiling bitflags v2.13.2
[INFO] [stderr]    Compiling linux-raw-sys v0.12.1
[INFO] [stderr]    Compiling num-traits v0.2.19
[INFO] [stderr]    Compiling fastrand v2.5.0
[INFO] [stderr]    Compiling once_cell v1.21.4
[INFO] [stderr]    Compiling fnv v1.0.7
[INFO] [stderr]    Compiling bit-vec v0.8.0
[INFO] [stderr]    Compiling quick-error v1.2.3
[INFO] [stderr]    Compiling unarray v0.1.4
[INFO] [stderr]    Compiling regex-syntax v0.8.11
[INFO] [stderr]    Compiling bit-set v0.8.0
[INFO] [stderr]    Compiling wait-timeout v0.2.1
[INFO] [stderr]    Compiling rand_core v0.9.5
[INFO] [stderr]    Compiling rand v0.9.5
[INFO] [stderr]    Compiling rand_xorshift v0.4.0
[INFO] [stderr]    Compiling tempfile v3.27.0
[INFO] [stderr]    Compiling rusty-fork v0.3.1
[INFO] [stderr]    Compiling ppv-lite86 v0.2.21
[INFO] [stderr]    Compiling rand_chacha v0.9.0
[INFO] [stderr]    Compiling proptest v1.11.0
[INFO] [stderr]    Compiling wickra-backtest-core v0.1.9 (/opt/rustwide/workdir)
[INFO] [stderr]     Finished `test` profile [unoptimized + debuginfo] target(s) in 25.84s
[INFO] running `Command { std: "docker" "inspect" "2d87604113c745912e4443cb76922897bd362a2c64edb6106db2023f7158405c", kill_on_drop: false }`
[INFO] running `Command { std: "docker" "exec" "-e" "SOURCE_DIR=/opt/rustwide/workdir" "-e" "CARGO_HOME=/opt/rustwide/cargo-home" "-e" "RUSTUP_HOME=/opt/rustwide/rustup-home" "-e" "CARGO_TARGET_DIR=/opt/rustwide/target" "-e" "CARGO_INCREMENTAL=0" "-e" "RUST_BACKTRACE=full" "-e" "RUSTFLAGS=--cap-lints=warn" "-e" "RUSTDOCFLAGS=--cap-lints=warn" "-w" "/opt/rustwide/workdir" "--user" "0:0" "2d87604113c745912e4443cb76922897bd362a2c64edb6106db2023f7158405c" "/opt/rustwide/cargo-home/bin/cargo" "+1.99.0-beta.8" "test" "--frozen", kill_on_drop: false }`
[INFO] [stderr]     Finished `test` profile [unoptimized + debuginfo] target(s) in 0.10s
[INFO] [stderr]      Running unittests src/lib.rs (/opt/rustwide/target/debug/deps/wickra_backtest_core-b3978570e24d225e)
[INFO] [stdout] 
[INFO] [stdout] running 113 tests
[INFO] [stdout] test data::tests::order_book_converts_and_rejects_crossed ... ok
[INFO] [stdout] test data::tests::trade_deserializes_side ... ok
[INFO] [stdout] test engine::tests::buy_stop_limit_does_not_fill_when_the_bar_gaps_past_the_limit ... ok
[INFO] [stdout] test engine::tests::fill_timing_close_rejects_limit_and_latency ... ok
[INFO] [stdout] test engine::tests::buy_stop_limit_fills_at_the_stop_when_the_limit_is_above_it ... ok
[INFO] [stdout] test engine::tests::cross_section_breadth_indicator_uses_feed ... ok
[INFO] [stdout] test engine::tests::default_leverage_caps_at_equity ... ok
[INFO] [stdout] test engine::tests::derivatives_indicator_uses_feed ... ok
[INFO] [stdout] test data::tests::derived_prices ... ok
[INFO] [stdout] test engine::tests::fill_timing_close_fills_same_bar ... ok
[INFO] [stdout] test engine::tests::gap_up_through_short_stop_fills_at_open ... ok
[INFO] [stdout] test engine::tests::buy_stop_limit_fills_at_the_limit_when_price_comes_back ... ok
[INFO] [stdout] test engine::tests::funding_charges_an_open_long ... ok
[INFO] [stdout] test engine::tests::hand_computed_round_trip ... ok
[INFO] [stdout] test engine::tests::funding_without_a_derivatives_feed_is_rejected ... ok
[INFO] [stdout] test engine::tests::intrabar_stop_loss ... ok
[INFO] [stdout] test engine::tests::gap_down_through_stop_fills_at_open ... ok
[INFO] [stdout] test engine::tests::intrabar_take_profit ... ok
[INFO] [stdout] test engine::tests::latency_delays_the_fill ... ok
[INFO] [stdout] test engine::tests::leverage_liquidation_closes_at_bankruptcy ... ok
[INFO] [stdout] test engine::tests::limit_entry_fills_on_dip ... ok
[INFO] [stdout] test engine::tests::a_spec_that_prices_nothing_special_needs_no_extra_feed ... ok
[INFO] [stdout] test engine::tests::history_depth_covers_every_backward_looking_form ... ok
[INFO] [stdout] test engine::tests::limit_entry_never_fills_without_a_dip ... ok
[INFO] [stdout] test data::tests::converts_to_core ... ok
[INFO] [stdout] test engine::tests::leverage_flows_through_run ... ok
[INFO] [stdout] test engine::tests::limit_order_requires_offset ... ok
[INFO] [stdout] test engine::tests::max_leverage_allows_more_than_equity ... ok
[INFO] [stdout] test engine::tests::generated_indicator_drives_backtest ... ok
[INFO] [stdout] test engine::tests::max_position_pct_caps_notional ... ok
[INFO] [stdout] test data::tests::rejects_non_finite ... ok
[INFO] [stdout] test engine::tests::no_signals_no_trades ... ok
[INFO] [stdout] test engine::tests::limit_entry_pays_maker_fee ... ok
[INFO] [stdout] test engine::tests::a_streaming_bar_without_its_required_feed_is_rejected ... ok
[INFO] [stdout] test engine::tests::new_owned_matches_the_borrowing_constructor ... ok
[INFO] [stdout] test engine::tests::open_position_closed_at_end ... ok
[INFO] [stdout] test engine::tests::multi_output_field_ref_runs ... ok
[INFO] [stdout] test engine::tests::order_book_indicator_uses_feed ... ok
[INFO] [stdout] test engine::tests::risk_per_trade_sizes_from_stop ... ok
[INFO] [stdout] test engine::tests::pairwise_multi_output_exposes_fields ... ok
[INFO] [stdout] test engine::tests::partial_fills_cap_entry_to_participation ... ok
[INFO] [stdout] test engine::tests::partial_fills_requires_participation ... ok
[INFO] [stdout] test engine::tests::run_stream_matches_batch_and_tails_equity ... ok
[INFO] [stdout] test engine::tests::run_with_deriv_rejects_length_mismatch ... ok
[INFO] [stdout] test data::tests::trade_converts_and_validates ... ok
[INFO] [stdout] test engine::tests::run_with_ref_rejects_length_mismatch ... ok
[INFO] [stdout] test engine::tests::sell_stop_limit_mirrors_the_buy_side ... ok
[INFO] [stdout] test engine::tests::short_round_trip ... ok
[INFO] [stdout] test engine::tests::pairwise_indicator_uses_reference_series ... ok
[INFO] [stdout] test engine::tests::risk_per_trade_requires_stop ... ok
[INFO] [stdout] test engine::tests::sma_crossover_runs ... ok
[INFO] [stdout] test engine::tests::spread_slippage_uses_the_order_book ... ok
[INFO] [stdout] test engine::tests::simultaneous_stop_and_target_prefers_stop ... ok
[INFO] [stdout] test engine::tests::stop_limit_is_unsupported ... ok
[INFO] [stdout] test engine::tests::stop_limit_never_fills_worse_than_its_limit ... ok
[INFO] [stdout] test data::tests::volume_defaults_to_zero ... ok
[INFO] [stdout] test engine::tests::the_report_says_what_it_is_a_report_of ... ok
[INFO] [stdout] test engine::tests::streaming_matches_batch ... ok
[INFO] [stdout] test engine::tests::trade_quote_indicator_uses_trades_and_mid ... ok
[INFO] [stdout] test engine::tests::trailing_stop ... ok
[INFO] [stdout] test engine::tests::vol_target_sizes_inversely_to_vol ... ok
[INFO] [stdout] test engine::tests::vol_target_takes_no_position_without_history ... ok
[INFO] [stdout] test engine::tests::spread_slippage_without_an_order_book_is_rejected ... ok
[INFO] [stdout] test engine::tests::stop_entry_fills_on_breakout ... ok
[INFO] [stdout] test engine::tests::volume_impact_slippage_worsens_the_fill ... ok
[INFO] [stdout] test metrics::tests::calmar_is_infinite_without_drawdown ... ok
[INFO] [stdout] test metrics::tests::drawdown_and_return ... ok
[INFO] [stdout] test engine::tests::vol_target_trades_after_warmup ... ok
[INFO] [stdout] test data::tests::derivatives_tick_converts ... ok
[INFO] [stdout] test engine::tests::trade_indicator_replays_bar_trades ... ok
[INFO] [stdout] test engine::tests::a_deep_lookback_still_sees_far_enough ... ok
[INFO] [stdout] test registry::tests::single_output_has_no_fields ... ok
[INFO] [stdout] test registry::tests::unknown_indicator_errors ... ok
[INFO] [stdout] test registry::tests::aliases_resolve ... ok
[INFO] [stdout] test portfolio::tests::short_round_trip_profits_when_price_falls ... ok
[INFO] [stdout] test request::tests::run_json_matches_plain_run ... ok
[INFO] [stdout] test metrics::tests::flat_equity_is_zero_metrics ... ok
[INFO] [stdout] test request::tests::run_json_rejects_feed_length_mismatch ... ok
[INFO] [stdout] test rules::tests::between_inside_and_outside ... ok
[INFO] [stdout] test registry::tests::registry_has_full_catalog ... ok
[INFO] [stdout] test registry::tests::builds_all_known_indicators ... ok
[INFO] [stdout] test metrics::tests::sortino_only_penalises_downside ... ok
[INFO] [stdout] test rules::tests::comparisons_ge_le_eq_ne ... ok
[INFO] [stdout] test rules::tests::cross_below_detects_crossing ... ok
[INFO] [stdout] test registry::tests::rejects_bad_period ... ok
[INFO] [stdout] test rules::tests::prev_underflow_is_none ... ok
[INFO] [stdout] test rules::tests::all_price_fields_resolve ... ok
[INFO] [stdout] test request::tests::run_json_threads_a_derivatives_feed ... ok
[INFO] [stdout] test rules::tests::rising_and_falling ... ok
[INFO] [stdout] test registry::tests::macd_exposes_fields ... ok
[INFO] [stdout] test rules::tests::in_position_and_bars_since_entry ... ok
[INFO] [stdout] test rules::tests::cross_above_detects_crossing ... ok
[INFO] [stdout] test spec::tests::a_declared_feed_must_match_the_indicator_that_declares_it ... ok
[INFO] [stdout] test rules::tests::all_any_not ... ok
[INFO] [stdout] test spec::tests::a_spec_version_this_build_cannot_read_is_rejected ... ok
[INFO] [stdout] test rules::tests::const_and_ref ... ok
[INFO] [stdout] test spec::tests::defaults_fill_in ... ok
[INFO] [stdout] test spec::tests::every_feed_family_is_reachable_from_the_registry ... ok
[INFO] [stdout] test rules::tests::price_and_prev ... ok
[INFO] [stdout] test spec::tests::multi_output_ref_is_allowed_when_base_declared ... ok
[INFO] [stdout] test spec::tests::operand_forms_parse ... ok
[INFO] [stdout] test spec::tests::parses_and_validates_example ... ok
[INFO] [stdout] test spec::tests::rejects_undeclared_reference ... ok
[INFO] [stdout] test spec::tests::roundtrips_losslessly ... ok
[INFO] [stdout] test tests::errors_render ... ok
[INFO] [stdout] test tests::version_is_reported ... ok
[INFO] [stdout] test spec::tests::execution_validation_rejections ... ok
[INFO] [stdout] test rules::tests::arithmetic_operands ... ok
[INFO] [stdout] test rules::tests::arithmetic_with_missing_operand_is_none ... ok
[INFO] [stdout] test portfolio::tests::round_trip_pnl_nets_fees ... ok
[INFO] [stdout] test registry::tests::every_indicator_updates_without_panicking ... ok
[INFO] [stdout] test engine::tests::history_stays_bounded_over_a_long_run ... ok
[INFO] [stdout] test tests::strategy_spec_schema_is_committed ... FAILED
[INFO] [stdout] 
[INFO] [stdout] failures:
[INFO] [stdout] 
[INFO] [stdout] ---- tests::strategy_spec_schema_is_committed stdout ----
[INFO] [stdout] 
[INFO] [stdout] thread 'tests::strategy_spec_schema_is_committed' (1411) panicked at src/lib.rs:101:44:
[INFO] [stdout] schema file missing (run WICKRA_BLESS=1): Os { code: 2, kind: NotFound, message: "No such file or directory" }
[INFO] [stdout] stack backtrace:
[INFO] [stdout]    0:     0x5fd025c03721 - std[70759c8f55707aa4]::backtrace_rs::backtrace::libunwind::trace
[INFO] [stdout]                                at /rustc/dfb0accb7f508ae8be965d8629557221c889dd98/library/std/src/../../backtrace/src/backtrace/libunwind.rs:117:9
[INFO] [stdout]    1:     0x5fd025c03721 - std[70759c8f55707aa4]::backtrace_rs::backtrace::trace_unsynchronized::<std[70759c8f55707aa4]::sys::backtrace::_print_fmt::{closure#1}>
[INFO] [stdout]                                at /rustc/dfb0accb7f508ae8be965d8629557221c889dd98/library/std/src/../../backtrace/src/backtrace/mod.rs:66:14
[INFO] [stdout]    2:     0x5fd025c03721 - std[70759c8f55707aa4]::sys::backtrace::_print_fmt
[INFO] [stdout]                                at /rustc/dfb0accb7f508ae8be965d8629557221c889dd98/library/std/src/sys/backtrace.rs:74:9
[INFO] [stdout]    3:     0x5fd025c03721 - <<std[70759c8f55707aa4]::sys::backtrace::BacktraceLock>::print::DisplayBacktrace as core[df12db4294e9bfd3]::fmt::Display>::fmt
[INFO] [stdout]                                at /rustc/dfb0accb7f508ae8be965d8629557221c889dd98/library/std/src/sys/backtrace.rs:44:26
[INFO] [stdout]    4:     0x5fd025c18e0a - <core[df12db4294e9bfd3]::fmt::rt::Argument>::fmt
[INFO] [stdout]                                at /rustc/dfb0accb7f508ae8be965d8629557221c889dd98/library/core/src/fmt/rt.rs:152:76
[INFO] [stdout]    5:     0x5fd025c18e0a - core[df12db4294e9bfd3]::fmt::write
[INFO] [stdout]    6:     0x5fd025c07bbc - core[df12db4294e9bfd3]::io::write::default_write_fmt::<alloc[2182bb758b4b3781]::vec::Vec<u8>>
[INFO] [stdout]                                at /rustc/dfb0accb7f508ae8be965d8629557221c889dd98/library/core/src/io/write.rs:402:11
[INFO] [stdout]    7:     0x5fd025c07bbc - <alloc[2182bb758b4b3781]::vec::Vec<u8> as core[df12db4294e9bfd3]::io::write::Write>::write_fmt
[INFO] [stdout]                                at /rustc/dfb0accb7f508ae8be965d8629557221c889dd98/library/core/src/io/write.rs:335:13
[INFO] [stdout]    8:     0x5fd025bdecf6 - <std[70759c8f55707aa4]::sys::backtrace::BacktraceLock>::print
[INFO] [stdout]                                at /rustc/dfb0accb7f508ae8be965d8629557221c889dd98/library/std/src/sys/backtrace.rs:47:9
[INFO] [stdout]    9:     0x5fd025bdecf6 - std[70759c8f55707aa4]::panicking::default_hook::{closure#0}
[INFO] [stdout]                                at /rustc/dfb0accb7f508ae8be965d8629557221c889dd98/library/std/src/panicking.rs:292:27
[INFO] [stdout]   10:     0x5fd025bfb929 - std[70759c8f55707aa4]::panicking::default_hook
[INFO] [stdout]                                at /rustc/dfb0accb7f508ae8be965d8629557221c889dd98/library/std/src/panicking.rs:316:9
[INFO] [stdout]   11:     0x5fd025af0890 - <alloc[2182bb758b4b3781]::boxed::Box<dyn for<'a, 'b> core[df12db4294e9bfd3]::ops::function::Fn<(&'a std[70759c8f55707aa4]::panic::PanicHookInfo<'b>,), Output = ()> + core[df12db4294e9bfd3]::marker::Send + core[df12db4294e9bfd3]::marker::Sync> as core[df12db4294e9bfd3]::ops::function::Fn<(&std[70759c8f55707aa4]::panic::PanicHookInfo,)>>::call
[INFO] [stdout]                                at /rustc/dfb0accb7f508ae8be965d8629557221c889dd98/library/alloc/src/boxed.rs:2334:9
[INFO] [stdout]   12:     0x5fd025af0890 - test[9d35eded1c95d3be]::test_main_inner::<test[9d35eded1c95d3be]::test_main_static::{closure#0}>::{closure#0}
[INFO] [stdout]                                at /rustc/dfb0accb7f508ae8be965d8629557221c889dd98/library/test/src/lib.rs:155:21
[INFO] [stdout]   13:     0x5fd025bfbae2 - <alloc[2182bb758b4b3781]::boxed::Box<dyn for<'a, 'b> core[df12db4294e9bfd3]::ops::function::Fn<(&'a std[70759c8f55707aa4]::panic::PanicHookInfo<'b>,), Output = ()> + core[df12db4294e9bfd3]::marker::Send + core[df12db4294e9bfd3]::marker::Sync> as core[df12db4294e9bfd3]::ops::function::Fn<(&std[70759c8f55707aa4]::panic::PanicHookInfo,)>>::call
[INFO] [stdout]                                at /rustc/dfb0accb7f508ae8be965d8629557221c889dd98/library/alloc/src/boxed.rs:2334:9
[INFO] [stdout]   14:     0x5fd025bfbae2 - std[70759c8f55707aa4]::panicking::panic_with_hook
[INFO] [stdout]                                at /rustc/dfb0accb7f508ae8be965d8629557221c889dd98/library/std/src/panicking.rs:823:13
[INFO] [stdout]   15:     0x5fd025bdeda2 - std[70759c8f55707aa4]::panicking::panic_handler::{closure#0}
[INFO] [stdout]                                at /rustc/dfb0accb7f508ae8be965d8629557221c889dd98/library/std/src/panicking.rs:688:13
[INFO] [stdout]   16:     0x5fd025bd7879 - std[70759c8f55707aa4]::sys::backtrace::__rust_end_short_backtrace::<std[70759c8f55707aa4]::panicking::panic_handler::{closure#0}, !>
[INFO] [stdout]                                at /rustc/dfb0accb7f508ae8be965d8629557221c889dd98/library/std/src/sys/backtrace.rs:182:18
[INFO] [stdout]   17:     0x5fd025bdf99d - __rustc[8fa7c3cbc660c2b3]::rust_begin_unwind
[INFO] [stdout]                                at /rustc/dfb0accb7f508ae8be965d8629557221c889dd98/library/std/src/panicking.rs:679:5
[INFO] [stdout]   18:     0x5fd025c195fc - core[df12db4294e9bfd3]::panicking::panic_fmt
[INFO] [stdout]                                at /rustc/dfb0accb7f508ae8be965d8629557221c889dd98/library/core/src/panicking.rs:80:14
[INFO] [stdout]   19:     0x5fd025c19352 - core[df12db4294e9bfd3]::result::unwrap_failed
[INFO] [stdout]                                at /rustc/dfb0accb7f508ae8be965d8629557221c889dd98/library/core/src/result.rs:1871:5
[INFO] [stdout]   20:     0x5fd02593ed33 - <core[df12db4294e9bfd3]::result::Result<alloc[2182bb758b4b3781]::string::String, core[df12db4294e9bfd3]::io::error::Error>>::expect
[INFO] [stdout]                                at /rustc/dfb0accb7f508ae8be965d8629557221c889dd98/library/core/src/result.rs:1184:23
[INFO] [stdout]   21:     0x5fd02598a32b - wickra_backtest_core[55df596a5010bad8]::tests::strategy_spec_schema_is_committed
[INFO] [stdout]                                at /opt/rustwide/workdir/src/lib.rs:101:44
[INFO] [stdout]   22:     0x5fd025984297 - wickra_backtest_core[55df596a5010bad8]::tests::strategy_spec_schema_is_committed::{closure#0}
[INFO] [stdout]                                at /opt/rustwide/workdir/src/lib.rs:88:43
[INFO] [stdout]   23:     0x5fd025a385e6 - <wickra_backtest_core[55df596a5010bad8]::tests::strategy_spec_schema_is_committed::{closure#0} as core[df12db4294e9bfd3]::ops::function::FnOnce<()>>::call_once
[INFO] [stdout]                                at /rustc/dfb0accb7f508ae8be965d8629557221c889dd98/library/core/src/ops/function.rs:250:5
[INFO] [stdout]   24:     0x5fd025ae3b7b - <fn() -> core[df12db4294e9bfd3]::result::Result<(), alloc[2182bb758b4b3781]::string::String> as core[df12db4294e9bfd3]::ops::function::FnOnce<()>>::call_once
[INFO] [stdout]                                at /rustc/dfb0accb7f508ae8be965d8629557221c889dd98/library/core/src/ops/function.rs:250:5
[INFO] [stdout]   25:     0x5fd025ae3b7b - test[9d35eded1c95d3be]::__rust_begin_short_backtrace::<core[df12db4294e9bfd3]::result::Result<(), alloc[2182bb758b4b3781]::string::String>, fn() -> core[df12db4294e9bfd3]::result::Result<(), alloc[2182bb758b4b3781]::string::String>>
[INFO] [stdout]                                at /rustc/dfb0accb7f508ae8be965d8629557221c889dd98/library/test/src/lib.rs:733:18
[INFO] [stdout]   26:     0x5fd025af11e5 - test[9d35eded1c95d3be]::run_test_in_process::{closure#0}
[INFO] [stdout]                                at /rustc/dfb0accb7f508ae8be965d8629557221c889dd98/library/test/src/lib.rs:756:74
[INFO] [stdout]   27:     0x5fd025af11e5 - <core[df12db4294e9bfd3]::panic::unwind_safe::AssertUnwindSafe<test[9d35eded1c95d3be]::run_test_in_process::{closure#0}> as core[df12db4294e9bfd3]::ops::function::FnOnce<()>>::call_once
[INFO] [stdout]                                at /rustc/dfb0accb7f508ae8be965d8629557221c889dd98/library/core/src/panic/unwind_safe.rs:275:9
[INFO] [stdout]   28:     0x5fd025af11e5 - std[70759c8f55707aa4]::panicking::catch_unwind::do_call::<core[df12db4294e9bfd3]::panic::unwind_safe::AssertUnwindSafe<test[9d35eded1c95d3be]::run_test_in_process::{closure#0}>, core[df12db4294e9bfd3]::result::Result<(), alloc[2182bb758b4b3781]::string::String>>
[INFO] [stdout]                                at /rustc/dfb0accb7f508ae8be965d8629557221c889dd98/library/std/src/panicking.rs:576:43
[INFO] [stdout]   29:     0x5fd025af11e5 - std[70759c8f55707aa4]::panicking::catch_unwind::<core[df12db4294e9bfd3]::result::Result<(), alloc[2182bb758b4b3781]::string::String>, core[df12db4294e9bfd3]::panic::unwind_safe::AssertUnwindSafe<test[9d35eded1c95d3be]::run_test_in_process::{closure#0}>>
[INFO] [stdout]                                at /rustc/dfb0accb7f508ae8be965d8629557221c889dd98/library/std/src/panicking.rs:544:19
[INFO] [stdout]   30:     0x5fd025af11e5 - std[70759c8f55707aa4]::panic::catch_unwind::<core[df12db4294e9bfd3]::panic::unwind_safe::AssertUnwindSafe<test[9d35eded1c95d3be]::run_test_in_process::{closure#0}>, core[df12db4294e9bfd3]::result::Result<(), alloc[2182bb758b4b3781]::string::String>>
[INFO] [stdout]                                at /rustc/dfb0accb7f508ae8be965d8629557221c889dd98/library/std/src/panic.rs:359:14
[INFO] [stdout]   31:     0x5fd025af11e5 - test[9d35eded1c95d3be]::run_test_in_process
[INFO] [stdout]                                at /rustc/dfb0accb7f508ae8be965d8629557221c889dd98/library/test/src/lib.rs:756:27
[INFO] [stdout]   32:     0x5fd025af11e5 - test[9d35eded1c95d3be]::run_test::{closure#0}
[INFO] [stdout]                                at /rustc/dfb0accb7f508ae8be965d8629557221c889dd98/library/test/src/lib.rs:677:43
[INFO] [stdout]   33:     0x5fd025aeaaa4 - test[9d35eded1c95d3be]::run_test::{closure#1}
[INFO] [stdout]                                at /rustc/dfb0accb7f508ae8be965d8629557221c889dd98/library/test/src/lib.rs:707:41
[INFO] [stdout]   34:     0x5fd025aeaaa4 - std[70759c8f55707aa4]::sys::backtrace::__rust_begin_short_backtrace::<test[9d35eded1c95d3be]::run_test::{closure#1}, ()>
[INFO] [stdout]                                at /rustc/dfb0accb7f508ae8be965d8629557221c889dd98/library/std/src/sys/backtrace.rs:166:18
[INFO] [stdout]   35:     0x5fd025af4342 - std[70759c8f55707aa4]::thread::lifecycle::spawn_unchecked::<test[9d35eded1c95d3be]::run_test::{closure#1}, ()>::{closure#1}::{closure#0}
[INFO] [stdout]                                at /rustc/dfb0accb7f508ae8be965d8629557221c889dd98/library/std/src/thread/lifecycle.rs:70:13
[INFO] [stdout]   36:     0x5fd025af4342 - <core[df12db4294e9bfd3]::panic::unwind_safe::AssertUnwindSafe<std[70759c8f55707aa4]::thread::lifecycle::spawn_unchecked<test[9d35eded1c95d3be]::run_test::{closure#1}, ()>::{closure#1}::{closure#0}> as core[df12db4294e9bfd3]::ops::function::FnOnce<()>>::call_once
[INFO] [stdout]                                at /rustc/dfb0accb7f508ae8be965d8629557221c889dd98/library/core/src/panic/unwind_safe.rs:275:9
[INFO] [stdout]   37:     0x5fd025af4342 - std[70759c8f55707aa4]::panicking::catch_unwind::do_call::<core[df12db4294e9bfd3]::panic::unwind_safe::AssertUnwindSafe<std[70759c8f55707aa4]::thread::lifecycle::spawn_unchecked<test[9d35eded1c95d3be]::run_test::{closure#1}, ()>::{closure#1}::{closure#0}>, ()>
[INFO] [stdout]                                at /rustc/dfb0accb7f508ae8be965d8629557221c889dd98/library/std/src/panicking.rs:576:43
[INFO] [stdout]   38:     0x5fd025af4342 - std[70759c8f55707aa4]::panicking::catch_unwind::<(), core[df12db4294e9bfd3]::panic::unwind_safe::AssertUnwindSafe<std[70759c8f55707aa4]::thread::lifecycle::spawn_unchecked<test[9d35eded1c95d3be]::run_test::{closure#1}, ()>::{closure#1}::{closure#0}>>
[INFO] [stdout]                                at /rustc/dfb0accb7f508ae8be965d8629557221c889dd98/library/std/src/panicking.rs:544:19
[INFO] [stdout]   39:     0x5fd025af4342 - std[70759c8f55707aa4]::panic::catch_unwind::<core[df12db4294e9bfd3]::panic::unwind_safe::AssertUnwindSafe<std[70759c8f55707aa4]::thread::lifecycle::spawn_unchecked<test[9d35eded1c95d3be]::run_test::{closure#1}, ()>::{closure#1}::{closure#0}>, ()>
[INFO] [stdout]                                at /rustc/dfb0accb7f508ae8be965d8629557221c889dd98/library/std/src/panic.rs:359:14
[INFO] [stdout]   40:     0x5fd025af4342 - std[70759c8f55707aa4]::thread::lifecycle::spawn_unchecked::<test[9d35eded1c95d3be]::run_test::{closure#1}, ()>::{closure#1}
[INFO] [stdout]                                at /rustc/dfb0accb7f508ae8be965d8629557221c889dd98/library/std/src/thread/lifecycle.rs:68:26
[INFO] [stdout]   41:     0x5fd025af4342 - <std[70759c8f55707aa4]::thread::lifecycle::spawn_unchecked<test[9d35eded1c95d3be]::run_test::{closure#1}, ()>::{closure#1} as core[df12db4294e9bfd3]::ops::function::FnOnce<()>>::call_once::{shim:vtable#0}
[INFO] [stdout]                                at /rustc/dfb0accb7f508ae8be965d8629557221c889dd98/library/core/src/ops/function.rs:250:5
[INFO] [stdout]   42:     0x5fd025c02a99 - <alloc[2182bb758b4b3781]::boxed::Box<dyn core[df12db4294e9bfd3]::ops::function::FnOnce<(), Output = ()> + core[df12db4294e9bfd3]::marker::Send> as core[df12db4294e9bfd3]::ops::function::FnOnce<()>>::call_once
[INFO] [stdout]                                at /rustc/dfb0accb7f508ae8be965d8629557221c889dd98/library/alloc/src/boxed.rs:2320:9
[INFO] [stdout]   43:     0x5fd025c02a99 - <std[70759c8f55707aa4]::sys::thread::unix::Thread>::new::thread_start
[INFO] [stdout]                                at /rustc/dfb0accb7f508ae8be965d8629557221c889dd98/library/std/src/sys/thread/unix.rs:123:17
[INFO] [stdout]   44:     0x7eba3f788dfa - <unknown>
[INFO] [stdout]   45:     0x7eba3f81c3d4 - clone
[INFO] [stdout]   46:                0x0 - <unknown>
[INFO] [stdout] 
[INFO] [stdout] 
[INFO] [stdout] failures:
[INFO] [stdout]     tests::strategy_spec_schema_is_committed
[INFO] [stdout] 
[INFO] [stdout] test result: FAILED. 112 passed; 1 failed; 0 ignored; 0 measured; 0 filtered out; finished in 0.11s
[INFO] [stdout] 
[INFO] [stderr] error: test failed, to rerun pass `--lib`
[INFO] running `Command { std: "docker" "inspect" "2d87604113c745912e4443cb76922897bd362a2c64edb6106db2023f7158405c", kill_on_drop: false }`
[INFO] running `Command { std: "docker" "rm" "-f" "2d87604113c745912e4443cb76922897bd362a2c64edb6106db2023f7158405c", kill_on_drop: false }`
[INFO] [stdout] 2d87604113c745912e4443cb76922897bd362a2c64edb6106db2023f7158405c
