[INFO] fetching crate whycant 0.1.0...
[INFO] testing whycant-0.1.0 against 1.99.0-beta.8 for beta-1.100-2
[INFO] extracting crate whycant 0.1.0 into /workspace/builds/worker-0-tc1/source
[INFO] started tweaking crates.io crate whycant 0.1.0
[INFO] finished tweaking crates.io crate whycant 0.1.0
[INFO] tweaked toml for crates.io crate whycant 0.1.0 written to /workspace/builds/worker-0-tc1/source/Cargo.toml
[INFO] validating manifest of crates.io crate whycant 0.1.0 on toolchain 1.99.0-beta.8
[INFO] running `Command { std: CARGO_HOME="/workspace/cargo-home" RUSTUP_HOME="/workspace/rustup-home" "/workspace/cargo-home/bin/cargo" "+1.99.0-beta.8" "metadata" "--manifest-path" "Cargo.toml" "--no-deps", kill_on_drop: false }`
[INFO] crate crates.io crate whycant 0.1.0 already has a lockfile, it will not be regenerated
[INFO] running `Command { std: CARGO_HOME="/workspace/cargo-home" RUSTUP_HOME="/workspace/rustup-home" "/workspace/cargo-home/bin/cargo" "+1.99.0-beta.8" "fetch" "--manifest-path" "Cargo.toml", kill_on_drop: false }`
[INFO] [stderr]     Updating crates.io index
[INFO] [stderr]  Downloading crates ...
[INFO] [stderr]   Downloaded supports-hyperlinks v3.2.0
[INFO] [stderr]   Downloaded pest_generator v2.8.6
[INFO] [stderr]   Downloaded uzers v0.12.2
[INFO] [stderr]   Downloaded clap_mangen v0.2.33
[INFO] [stderr]   Downloaded sudo v0.6.0
[INFO] [stderr]   Downloaded fuzzy-matcher v0.3.7
[INFO] [stderr]   Downloaded hashlink v0.8.4
[INFO] [stderr]   Downloaded pest_derive v2.8.6
[INFO] [stderr]   Downloaded newline-converter v0.3.0
[INFO] [stderr]   Downloaded console v0.16.3
[INFO] [stderr]   Downloaded dlv-list v0.5.2
[INFO] [stderr]   Downloaded insta v1.48.0
[INFO] [stderr]   Downloaded ron v0.8.1
[INFO] [stderr]   Downloaded pest_meta v2.8.6
[INFO] [stderr]   Downloaded clap_complete v4.6.6
[INFO] [stderr]   Downloaded crossterm v0.25.0
[INFO] [stderr]   Downloaded yaml-rust2 v0.8.1
[INFO] [stderr]   Downloaded pest v2.8.6
[INFO] [stderr]   Downloaded inquire v0.7.5
[INFO] [stderr]   Downloaded exacl v0.12.0
[INFO] [stderr]   Downloaded rust-ini v0.20.0
[INFO] [stderr]   Downloaded ordered-multimap v0.7.3
[INFO] [stderr]   Downloaded config v0.14.1
[INFO] [stderr]   Downloaded caps v0.5.6
[INFO] running `Command { std: "docker" "create" "-v" "/var/lib/crater-agent-workspace/builds/worker-0-tc1/source:/opt/rustwide/workdir:ro,Z" "-v" "/var/lib/crater-agent-workspace/builds/worker-0-tc1/target:/opt/rustwide/target:rw,Z" "-v" "/var/lib/crater-agent-workspace/cargo-home:/opt/rustwide/cargo-home:ro,Z" "-v" "/var/lib/crater-agent-workspace/rustup-home:/opt/rustwide/rustup-home:ro,Z" "-m" "1610612736" "--network" "none" "ghcr.io/rust-lang/crates-build-env/linux@sha256:3111399a4047eeb3a02b7a90e478d715f38a8c6669b5c4b49d30a17385265909" "sleep" "infinity", kill_on_drop: false }`
[INFO] [stdout] 7ee545c5a53dc99ddc34da85fbdcbb7730ea8560429e21eac19b92180a5aaea2
[INFO] running `Command { std: "docker" "start" "7ee545c5a53dc99ddc34da85fbdcbb7730ea8560429e21eac19b92180a5aaea2", kill_on_drop: false }`
[INFO] running `Command { std: "docker" "inspect" "7ee545c5a53dc99ddc34da85fbdcbb7730ea8560429e21eac19b92180a5aaea2", kill_on_drop: false }`
[INFO] running `Command { std: "docker" "exec" "-e" "SOURCE_DIR=/opt/rustwide/workdir" "-e" "CARGO_HOME=/opt/rustwide/cargo-home" "-e" "RUSTUP_HOME=/opt/rustwide/rustup-home" "-e" "CARGO_TARGET_DIR=/opt/rustwide/target" "-w" "/opt/rustwide/workdir" "--user" "0:0" "7ee545c5a53dc99ddc34da85fbdcbb7730ea8560429e21eac19b92180a5aaea2" "/opt/rustwide/cargo-home/bin/cargo" "+1.99.0-beta.8" "metadata" "--no-deps" "--format-version=1", kill_on_drop: false }`
[INFO] running `Command { std: "docker" "inspect" "7ee545c5a53dc99ddc34da85fbdcbb7730ea8560429e21eac19b92180a5aaea2", kill_on_drop: false }`
[INFO] running `Command { std: "docker" "exec" "-e" "SOURCE_DIR=/opt/rustwide/workdir" "-e" "CARGO_HOME=/opt/rustwide/cargo-home" "-e" "RUSTUP_HOME=/opt/rustwide/rustup-home" "-e" "CARGO_TARGET_DIR=/opt/rustwide/target" "-e" "CARGO_INCREMENTAL=0" "-e" "RUST_BACKTRACE=full" "-e" "RUSTFLAGS=--cap-lints=warn" "-e" "RUSTDOCFLAGS=--cap-lints=warn" "-w" "/opt/rustwide/workdir" "--user" "0:0" "7ee545c5a53dc99ddc34da85fbdcbb7730ea8560429e21eac19b92180a5aaea2" "/opt/rustwide/cargo-home/bin/cargo" "+1.99.0-beta.8" "build" "--frozen" "--message-format=json", kill_on_drop: false }`
[INFO] [stderr]    Compiling quote v1.0.46
[INFO] [stderr]    Compiling libc v0.2.186
[INFO] [stderr]    Compiling zerocopy v0.8.52
[INFO] [stderr]    Compiling crunchy v0.2.4
[INFO] [stderr]    Compiling tiny-keccak v2.0.2
[INFO] [stderr]    Compiling memchr v2.8.2
[INFO] [stderr]    Compiling log v0.4.33
[INFO] [stderr]    Compiling once_cell v1.21.4
[INFO] [stderr]    Compiling ucd-trie v0.1.7
[INFO] [stderr]    Compiling allocator-api2 v0.2.21
[INFO] [stderr]    Compiling scopeguard v1.2.0
[INFO] [stderr]    Compiling bitflags v2.13.0
[INFO] [stderr]    Compiling signal-hook v0.3.18
[INFO] [stderr]    Compiling unicode-segmentation v1.13.3
[INFO] [stderr]    Compiling smallvec v1.15.2
[INFO] [stderr]    Compiling indexmap v2.14.0
[INFO] [stderr]    Compiling lock_api v0.4.14
[INFO] [stderr]    Compiling mio v0.8.11
[INFO] [stderr]    Compiling clap_builder v4.6.0
[INFO] [stderr]    Compiling rustix v0.38.44
[INFO] [stderr]    Compiling parking_lot_core v0.9.12
[INFO] [stderr]    Compiling rustix v1.1.4
[INFO] [stderr]    Compiling base64 v0.21.7
[INFO] [stderr]    Compiling exacl v0.12.0
[INFO] [stderr]    Compiling syn v2.0.118
[INFO] [stderr]    Compiling parking_lot v0.12.5
[INFO] [stderr]    Compiling linux-raw-sys v0.4.15
[INFO] [stderr]    Compiling arraydeque v0.5.1
[INFO] [stderr]    Compiling fxhash v0.2.1
[INFO] [stderr]    Compiling convert_case v0.6.0
[INFO] [stderr]    Compiling newline-converter v0.3.0
[INFO] [stderr]    Compiling signal-hook-mio v0.2.5
[INFO] [stderr]    Compiling fuzzy-matcher v0.3.7
[INFO] [stderr]    Compiling pest v2.8.6
[INFO] [stderr]    Compiling serde_json v1.0.150
[INFO] [stderr]    Compiling crossterm v0.25.0
[INFO] [stderr]    Compiling nom v7.1.3
[INFO] [stderr]    Compiling uuid v1.23.4
[INFO] [stderr]    Compiling whycant v0.1.0 (/opt/rustwide/workdir)
[INFO] [stderr]    Compiling unicode-width v0.1.14
[INFO] [stderr]    Compiling pathdiff v0.2.3
[INFO] [stderr]    Compiling dyn-clone v1.0.20
[INFO] [stderr]    Compiling uzers v0.12.2
[INFO] [stderr]    Compiling inquire v0.7.5
[INFO] [stderr]    Compiling sudo v0.6.0
[INFO] [stderr]    Compiling caps v0.5.6
[INFO] [stderr]    Compiling supports-hyperlinks v3.2.0
[INFO] [stderr]    Compiling getrandom v0.2.17
[INFO] [stderr]    Compiling const-random-macro v0.1.16
[INFO] [stderr]    Compiling pest_meta v2.8.6
[INFO] [stderr]    Compiling const-random v0.1.18
[INFO] [stderr]    Compiling dlv-list v0.5.2
[INFO] [stderr]    Compiling xattr v1.6.1
[INFO] [stderr]    Compiling pest_generator v2.8.6
[INFO] [stderr]    Compiling serde_derive v1.0.228
[INFO] [stderr]    Compiling clap_derive v4.6.1
[INFO] [stderr]    Compiling async-trait v0.1.89
[INFO] [stderr]    Compiling thiserror-impl v2.0.18
[INFO] [stderr]    Compiling pest_derive v2.8.6
[INFO] [stderr]    Compiling thiserror v2.0.18
[INFO] [stderr]    Compiling clap v4.6.1
[INFO] [stderr]    Compiling clap_complete v4.6.6
[INFO] [stderr]    Compiling clap_mangen v0.2.33
[INFO] [stderr]    Compiling ahash v0.8.12
[INFO] [stderr]    Compiling terminal_size v0.3.0
[INFO] [stderr]    Compiling hashbrown v0.14.5
[INFO] [stderr]    Compiling serde v1.0.228
[INFO] [stderr]    Compiling ordered-multimap v0.7.3
[INFO] [stderr]    Compiling hashlink v0.8.4
[INFO] [stderr]    Compiling toml_datetime v0.6.11
[INFO] [stderr]    Compiling serde_spanned v0.6.9
[INFO] [stderr]    Compiling ron v0.8.1
[INFO] [stderr]    Compiling json5 v0.4.1
[INFO] [stderr]    Compiling yaml-rust2 v0.8.1
[INFO] [stderr]    Compiling rust-ini v0.20.0
[INFO] [stderr]    Compiling toml_edit v0.22.27
[INFO] [stderr]    Compiling toml v0.8.23
[INFO] [stderr]    Compiling config v0.14.1
[INFO] [stderr]     Finished `dev` profile [unoptimized + debuginfo] target(s) in 22.07s
[INFO] running `Command { std: "docker" "inspect" "7ee545c5a53dc99ddc34da85fbdcbb7730ea8560429e21eac19b92180a5aaea2", kill_on_drop: false }`
[INFO] running `Command { std: "docker" "exec" "-e" "SOURCE_DIR=/opt/rustwide/workdir" "-e" "CARGO_HOME=/opt/rustwide/cargo-home" "-e" "RUSTUP_HOME=/opt/rustwide/rustup-home" "-e" "CARGO_TARGET_DIR=/opt/rustwide/target" "-e" "CARGO_INCREMENTAL=0" "-e" "RUST_BACKTRACE=full" "-e" "RUSTFLAGS=--cap-lints=warn" "-e" "RUSTDOCFLAGS=--cap-lints=warn" "-w" "/opt/rustwide/workdir" "--user" "0:0" "7ee545c5a53dc99ddc34da85fbdcbb7730ea8560429e21eac19b92180a5aaea2" "/opt/rustwide/cargo-home/bin/cargo" "+1.99.0-beta.8" "test" "--frozen" "--no-run" "--message-format=json", kill_on_drop: false }`
[INFO] [stderr]    Compiling rustix v1.1.4
[INFO] [stderr]    Compiling getrandom v0.4.3
[INFO] [stderr]    Compiling fastrand v2.4.1
[INFO] [stderr]    Compiling console v0.16.3
[INFO] [stderr]    Compiling whycant v0.1.0 (/opt/rustwide/workdir)
[INFO] [stderr]    Compiling similar v2.7.0
[INFO] [stderr]    Compiling tempfile v3.27.0
[INFO] [stderr]    Compiling xattr v1.6.1
[INFO] [stderr]    Compiling insta v1.48.0
[INFO] [stderr]     Finished `test` profile [unoptimized + debuginfo] target(s) in 13.41s
[INFO] running `Command { std: "docker" "inspect" "7ee545c5a53dc99ddc34da85fbdcbb7730ea8560429e21eac19b92180a5aaea2", kill_on_drop: false }`
[INFO] running `Command { std: "docker" "exec" "-e" "SOURCE_DIR=/opt/rustwide/workdir" "-e" "CARGO_HOME=/opt/rustwide/cargo-home" "-e" "RUSTUP_HOME=/opt/rustwide/rustup-home" "-e" "CARGO_TARGET_DIR=/opt/rustwide/target" "-e" "CARGO_INCREMENTAL=0" "-e" "RUST_BACKTRACE=full" "-e" "RUSTFLAGS=--cap-lints=warn" "-e" "RUSTDOCFLAGS=--cap-lints=warn" "-w" "/opt/rustwide/workdir" "--user" "0:0" "7ee545c5a53dc99ddc34da85fbdcbb7730ea8560429e21eac19b92180a5aaea2" "/opt/rustwide/cargo-home/bin/cargo" "+1.99.0-beta.8" "test" "--frozen", kill_on_drop: false }`
[INFO] [stderr]    Compiling whycant v0.1.0 (/opt/rustwide/workdir)
[INFO] [stderr]     Finished `test` profile [unoptimized + debuginfo] target(s) in 8.97s
[INFO] [stderr]      Running unittests src/lib.rs (/opt/rustwide/target/debug/deps/whycant-c31c19e0f0da0e1e)
[INFO] [stdout] 
[INFO] [stdout] running 111 tests
[INFO] [stdout] test access_check::tests::blocked_meets_kernel_allowed_disagrees ... ok
[INFO] [stdout] test access_check::tests::readable_path_reports_true ... ok
[INFO] [stdout] test access_check::tests::zero_mode_not_readable ... ok
[INFO] [stdout] test cli::tests::cd_alias_parses ... ok
[INFO] [stdout] test cli::tests::all_from_config_or_flag ... ok
[INFO] [stdout] test cli::tests::completions_carry_binary_name ... ok
[INFO] [stdout] test cli::tests::apply_needs_yes_non_interactive ... ok
[INFO] [stdout] test cli::tests::cmd_form ... ok
[INFO] [stdout] test cli::tests::flag_beats_config_color ... ok
[INFO] [stdout] test cli::tests::config_format_used_without_flag ... ok
[INFO] [stdout] test cli::tests::manpage_lists_exit_codes ... ok
[INFO] [stdout] test cli::tests::explicit_op_path ... ok
[INFO] [stdout] test fix::tests::ordering_is_least_privilege_first_and_stable ... ok
[INFO] [stdout] test cli::tests::config_color_used_when_auto ... ok
[INFO] [stdout] test cli::tests::flag_beats_config_format ... ok
[INFO] [stdout] test cli::tests::interactive_precedence ... ok
[INFO] [stdout] test fix::tests::sudo_elevation_builds_argv_with_no_shell ... ok
[INFO] [stdout] test config::tests::env_beats_file_and_underscore_key ... ok
[INFO] [stdout] test config::tests::missing_file_is_defaults ... ok
[INFO] [stdout] test fix::tests::recheck_reports_cleared_and_not_cleared ... ok
[INFO] [stdout] test fix::tests::owned_dir_fix_needs_no_root ... ok
[INFO] [stdout] test layers::acl::posix::tests::named_group_union_grants_when_one_matches ... ok
[INFO] [stdout] test identity::tests::root_banner_notes_audit_access ... ok
[INFO] [stdout] test identity::tests::user_mac_clause_tracks_lsm_presence ... ok
[INFO] [stdout] test layers::acl::posix::tests::owner_defers_to_dac ... ok
[INFO] [stdout] test fix::tests::advice_top_fix_blocks_auto_apply_escalation ... ok
[INFO] [stdout] test layers::attrs::tests::append_blocks_write_and_delete_not_create ... ok
[INFO] [stdout] test layers::acl::posix::tests::named_user_clipped_by_mask_is_fingered ... ok
[INFO] [stdout] test layers::attrs::tests::immutable_blocks_structural_ops ... ok
[INFO] [stdout] test layers::attrs::tests::read_exec_traverse_never_block ... ok
[INFO] [stdout] test layers::acl::posix::tests::named_user_within_mask_passes ... ok
[INFO] [stdout] test layers::caps::tests::dac_override_recognized_as_bypass ... ok
[INFO] [stdout] test layers::acl::posix::tests::owning_group_masked_denial ... ok
[INFO] [stdout] test layers::caps::tests::decode_names_file_capability ... ok
[INFO] [stdout] test layers::attrs::tests::no_flags_never_blocks ... ok
[INFO] [stdout] test identity::tests::sudo_env_overrides_current_uid ... ok
[INFO] [stdout] test layers::container::tests::host_map_is_not_userns ... ok
[INFO] [stdout] test layers::caps::tests::short_or_unknown_blob_decodes_to_none ... ok
[INFO] [stdout] test layers::container::tests::seccomp_mode_parses ... ok
[INFO] [stdout] test layers::caps::tests::skip_with_note_when_no_capability_present ... ok
[INFO] [stdout] test layers::container::tests::multiline_map_covers_each_range ... ok
[INFO] [stdout] test layers::container::tests::offset_map_is_userns_with_gaps ... ok
[INFO] [stdout] test layers::dac::tests::owner_of_0444_file_denied_write ... ok
[INFO] [stdout] test layers::container::tests::cap_bnd_full_vs_reduced ... ok
[INFO] [stdout] test layers::dac::tests::owner_of_0555_dir_denied_create ... ok
[INFO] [stdout] test layers::dac::tests::dir_0755_traversable_by_other ... ok
[INFO] [stdout] test layers::dac::tests::owner_of_0555_dir_denied_delete ... ok
[INFO] [stdout] test layers::dac::tests::owner_reads_other_blocked_0600 ... ok
[INFO] [stdout] test identity::tests::current_user_has_primary_group ... ok
[INFO] [stdout] test layers::existence::tests::create_missing_parent_is_error ... ok
[INFO] [stdout] test layers::existence::tests::delete_missing_target_still_errors ... ok
[INFO] [stdout] test layers::existence::tests::create_parent_not_dir_is_error ... ok
[INFO] [stdout] test layers::existence::tests::existing_file_passes ... ok
[INFO] [stdout] test layers::existence::tests::symlink_to_existing_passes ... ok
[INFO] [stdout] test layers::mac::tests::apparmor_confined_enforce_classified ... ok
[INFO] [stdout] test layers::existence::tests::missing_is_error ... ok
[INFO] [stdout] test layers::existence::tests::broken_symlink_is_error ... ok
[INFO] [stdout] test layers::mac::tests::decision_doctrine_proven_suspected_skip ... ok
[INFO] [stdout] test layers::existence::tests::create_missing_target_passes_on_dir_parent ... ok
[INFO] [stdout] test layers::existence::tests::create_existing_target_is_informational ... ok
[INFO] [stdout] test layers::mac::tests::denial_line_matches_path_or_program_only ... ok
[INFO] [stdout] test layers::mac::tests::enforce_parses_zero_and_one ... ok
[INFO] [stdout] test layers::existence::tests::symlink_loop_is_error ... ok
[INFO] [stdout] test layers::mac::tests::selinux_xattr_label_and_type ... ok
[INFO] [stdout] test layers::dac::tests::sticky_delete_non_owner_blocked_owner_allowed ... ok
[INFO] [stdout] test layers::macos::tests::ordinary_tmp_path_is_not_tcc ... ok
[INFO] [stdout] test layers::macos::tests::quarantine_exec_is_a_suspect_note ... ok
[INFO] [stdout] test layers::macos::tests::quarantine_only_relevant_to_exec ... ok
[INFO] [stdout] test engine::tests::all_pass_is_allowed ... ok
[INFO] [stdout] test layers::macos::tests::sip_absent_never_blocks ... ok
[INFO] [stdout] test engine::tests::suspect_alone_is_indeterminate ... ok
[INFO] [stdout] test engine::tests::proven_block_precedes_suspect ... ok
[INFO] [stdout] test layers::macos::tests::sip_ignores_read_exec_traverse ... ok
[INFO] [stdout] test layers::acl::posix::tests::real_acl_fingers_named_user_if_supported ... ok
[INFO] [stdout] test layers::macos::tests::sip_restricted_blocks_write_delete_create ... ok
[INFO] [stdout] test layers::macos::tests::sip_write_is_a_proven_block_with_advice ... ok
[INFO] [stdout] test layers::macos::tests::tcc_covers_tcc_db_with_spaced_path ... ok
[INFO] [stdout] test layers::macos::tests::tcc_location_matches_mail_and_reports_suspect ... ok
[INFO] [stdout] test layers::mount::tests::clean_mount_skips_everything ... ok
[INFO] [stdout] test layers::mount::tests::noexec_blocks_exec_only ... ok
[INFO] [stdout] test layers::mount::tests::ro_blocks_mutating_ops ... ok
[INFO] [stdout] test layers::mount::tests::ro_leaves_read_and_exec_alone ... ok
[INFO] [stdout] test layers::netfs::tests::cifs_write_uid_is_credential_suspect ... ok
[INFO] [stdout] test layers::netfs::tests::ext4_is_skipped ... ok
[INFO] [stdout] test layers::netfs::tests::nfs_ro_option_notes_export ... ok
[INFO] [stdout] test layers::mount::tests::statvfs_root_read_is_sane ... ok
[INFO] [stdout] test layers::netfs::tests::nfs_read_normal_is_informational ... ok
[INFO] [stdout] test layers::netfs::tests::parses_mount_line ... ok
[INFO] [stdout] test term::tests::always_beats_pipe_and_no_color ... ok
[INFO] [stdout] test term::tests::auto_tty_tiers ... ok
[INFO] [stdout] test render::human::tests::blocked_traverse_renders_verdict_and_fix ... ok
[INFO] [stdout] test layers::netfs::tests::cifs_read_is_informational ... ok
[INFO] [stdout] test term::tests::ascii_forces_off ... ok
[INFO] [stdout] test term::tests::dumb_forces_none_even_with_force ... ok
[INFO] [stdout] test term::tests::auto_pipe_off ... ok
[INFO] [stdout] test term::tests::clicolor_zero_off_on_tty ... ok
[INFO] [stdout] test layers::netfs::tests::nfs_root_write_is_root_squash ... ok
[INFO] [stdout] test term::tests::never_is_off ... ok
[INFO] [stdout] test render::machine::tests::plain_is_greppable_and_bare ... ok
[INFO] [stdout] test term::tests::force_beats_pipe ... ok
[INFO] [stdout] test term::tests::truncate_never_drops_basename ... ok
[INFO] [stdout] test term::tests::hyperlink_emits_only_when_enabled ... ok
[INFO] [stdout] test term::tests::no_color_beats_force ... ok
[INFO] [stdout] test term::tests::truncate_keeps_basename_and_elides_middle ... ok
[INFO] [stdout] test layers::traverse::tests::middle_ancestor_is_the_blocker ... ok
[INFO] [stdout] test render::machine::tests::toml_file_round_trip ... ok
[INFO] [stdout] test render::machine::tests::json_toml_describe_identical_data ... ok
[INFO] [stdout] test render::machine::tests::schema_version_in_both_formats ... ok
[INFO] [stdout] test term::tests::env_reader_picks_up_no_color ... ok
[INFO] [stdout] test render::machine::tests::plain_snapshot ... ok
[INFO] [stdout] test layers::attrs::tests::immutable_roundtrip_root ... FAILED
[INFO] [stdout] 
[INFO] [stdout] failures:
[INFO] [stdout] 
[INFO] [stdout] ---- layers::attrs::tests::immutable_roundtrip_root stdout ----
[INFO] [stdout] 
[INFO] [stdout] thread 'layers::attrs::tests::immutable_roundtrip_root' (1665) panicked at src/layers/attrs.rs:341:37:
[INFO] [stdout] called `Result::unwrap()` on an `Err` value: Os { code: 1, kind: PermissionDenied, message: "Operation not permitted" }
[INFO] [stdout] stack backtrace:
[INFO] [stdout]    0:     0x61cca153e691 - std[70759c8f55707aa4]::backtrace_rs::backtrace::libunwind::trace
[INFO] [stdout]                                at /rustc/dfb0accb7f508ae8be965d8629557221c889dd98/library/std/src/../../backtrace/src/backtrace/libunwind.rs:117:9
[INFO] [stdout]    1:     0x61cca153e691 - std[70759c8f55707aa4]::backtrace_rs::backtrace::trace_unsynchronized::<std[70759c8f55707aa4]::sys::backtrace::_print_fmt::{closure#1}>
[INFO] [stdout]                                at /rustc/dfb0accb7f508ae8be965d8629557221c889dd98/library/std/src/../../backtrace/src/backtrace/mod.rs:66:14
[INFO] [stdout]    2:     0x61cca153e691 - std[70759c8f55707aa4]::sys::backtrace::_print_fmt
[INFO] [stdout]                                at /rustc/dfb0accb7f508ae8be965d8629557221c889dd98/library/std/src/sys/backtrace.rs:74:9
[INFO] [stdout]    3:     0x61cca153e691 - <<std[70759c8f55707aa4]::sys::backtrace::BacktraceLock>::print::DisplayBacktrace as core[df12db4294e9bfd3]::fmt::Display>::fmt
[INFO] [stdout]                                at /rustc/dfb0accb7f508ae8be965d8629557221c889dd98/library/std/src/sys/backtrace.rs:44:26
[INFO] [stdout]    4:     0x61cca1557dea - <core[df12db4294e9bfd3]::fmt::rt::Argument>::fmt
[INFO] [stdout]                                at /rustc/dfb0accb7f508ae8be965d8629557221c889dd98/library/core/src/fmt/rt.rs:152:76
[INFO] [stdout]    5:     0x61cca1557dea - core[df12db4294e9bfd3]::fmt::write
[INFO] [stdout]    6:     0x61cca154376c - core[df12db4294e9bfd3]::io::write::default_write_fmt::<alloc[2182bb758b4b3781]::vec::Vec<u8>>
[INFO] [stdout]                                at /rustc/dfb0accb7f508ae8be965d8629557221c889dd98/library/core/src/io/write.rs:402:11
[INFO] [stdout]    7:     0x61cca154376c - <alloc[2182bb758b4b3781]::vec::Vec<u8> as core[df12db4294e9bfd3]::io::write::Write>::write_fmt
[INFO] [stdout]                                at /rustc/dfb0accb7f508ae8be965d8629557221c889dd98/library/core/src/io/write.rs:335:13
[INFO] [stdout]    8:     0x61cca1516566 - <std[70759c8f55707aa4]::sys::backtrace::BacktraceLock>::print
[INFO] [stdout]                                at /rustc/dfb0accb7f508ae8be965d8629557221c889dd98/library/std/src/sys/backtrace.rs:47:9
[INFO] [stdout]    9:     0x61cca1516566 - std[70759c8f55707aa4]::panicking::default_hook::{closure#0}
[INFO] [stdout]                                at /rustc/dfb0accb7f508ae8be965d8629557221c889dd98/library/std/src/panicking.rs:292:27
[INFO] [stdout]   10:     0x61cca1534e59 - std[70759c8f55707aa4]::panicking::default_hook
[INFO] [stdout]                                at /rustc/dfb0accb7f508ae8be965d8629557221c889dd98/library/std/src/panicking.rs:316:9
[INFO] [stdout]   11:     0x61cca137eea0 - <alloc[2182bb758b4b3781]::boxed::Box<dyn for<'a, 'b> core[df12db4294e9bfd3]::ops::function::Fn<(&'a std[70759c8f55707aa4]::panic::PanicHookInfo<'b>,), Output = ()> + core[df12db4294e9bfd3]::marker::Send + core[df12db4294e9bfd3]::marker::Sync> as core[df12db4294e9bfd3]::ops::function::Fn<(&std[70759c8f55707aa4]::panic::PanicHookInfo,)>>::call
[INFO] [stdout]                                at /rustc/dfb0accb7f508ae8be965d8629557221c889dd98/library/alloc/src/boxed.rs:2334:9
[INFO] [stdout]   12:     0x61cca137eea0 - test[9d35eded1c95d3be]::test_main_inner::<test[9d35eded1c95d3be]::test_main_static::{closure#0}>::{closure#0}
[INFO] [stdout]                                at /rustc/dfb0accb7f508ae8be965d8629557221c889dd98/library/test/src/lib.rs:155:21
[INFO] [stdout]   13:     0x61cca1535012 - <alloc[2182bb758b4b3781]::boxed::Box<dyn for<'a, 'b> core[df12db4294e9bfd3]::ops::function::Fn<(&'a std[70759c8f55707aa4]::panic::PanicHookInfo<'b>,), Output = ()> + core[df12db4294e9bfd3]::marker::Send + core[df12db4294e9bfd3]::marker::Sync> as core[df12db4294e9bfd3]::ops::function::Fn<(&std[70759c8f55707aa4]::panic::PanicHookInfo,)>>::call
[INFO] [stdout]                                at /rustc/dfb0accb7f508ae8be965d8629557221c889dd98/library/alloc/src/boxed.rs:2334:9
[INFO] [stdout]   14:     0x61cca1535012 - std[70759c8f55707aa4]::panicking::panic_with_hook
[INFO] [stdout]                                at /rustc/dfb0accb7f508ae8be965d8629557221c889dd98/library/std/src/panicking.rs:823:13
[INFO] [stdout]   15:     0x61cca1516612 - std[70759c8f55707aa4]::panicking::panic_handler::{closure#0}
[INFO] [stdout]                                at /rustc/dfb0accb7f508ae8be965d8629557221c889dd98/library/std/src/panicking.rs:688:13
[INFO] [stdout]   16:     0x61cca150e8c9 - std[70759c8f55707aa4]::sys::backtrace::__rust_end_short_backtrace::<std[70759c8f55707aa4]::panicking::panic_handler::{closure#0}, !>
[INFO] [stdout]                                at /rustc/dfb0accb7f508ae8be965d8629557221c889dd98/library/std/src/sys/backtrace.rs:182:18
[INFO] [stdout]   17:     0x61cca15176ed - __rustc[8fa7c3cbc660c2b3]::rust_begin_unwind
[INFO] [stdout]                                at /rustc/dfb0accb7f508ae8be965d8629557221c889dd98/library/std/src/panicking.rs:679:5
[INFO] [stdout]   18:     0x61cca155860c - core[df12db4294e9bfd3]::panicking::panic_fmt
[INFO] [stdout]                                at /rustc/dfb0accb7f508ae8be965d8629557221c889dd98/library/core/src/panicking.rs:80:14
[INFO] [stdout]   19:     0x61cca1558362 - core[df12db4294e9bfd3]::result::unwrap_failed
[INFO] [stdout]                                at /rustc/dfb0accb7f508ae8be965d8629557221c889dd98/library/core/src/result.rs:1871:5
[INFO] [stdout]   20:     0x61cca0ee4296 - <core[df12db4294e9bfd3]::result::Result<(), rustix[79f294d44f1bd987]::backend::io::errno::Errno>>::unwrap
[INFO] [stdout]                                at /rustc/dfb0accb7f508ae8be965d8629557221c889dd98/library/core/src/result.rs:1232:23
[INFO] [stdout]   21:     0x61cca0ee4296 - whycant[c3b4d01a1d18e5ec]::layers::attrs::tests::immutable_roundtrip_root::{closure#0}
[INFO] [stdout]                                at /opt/rustwide/workdir/src/layers/attrs.rs:341:37
[INFO] [stdout]   22:     0x61cca0eea2ce - whycant[c3b4d01a1d18e5ec]::layers::attrs::tests::immutable_roundtrip_root
[INFO] [stdout]                                at /opt/rustwide/workdir/src/layers/attrs.rs:344:9
[INFO] [stdout]   23:     0x61cca0ee3fb7 - whycant[c3b4d01a1d18e5ec]::layers::attrs::tests::immutable_roundtrip_root::{closure#0}
[INFO] [stdout]                                at /opt/rustwide/workdir/src/layers/attrs.rs:326:34
[INFO] [stdout]   24:     0x61cca0f97506 - <whycant[c3b4d01a1d18e5ec]::layers::attrs::tests::immutable_roundtrip_root::{closure#0} as core[df12db4294e9bfd3]::ops::function::FnOnce<()>>::call_once
[INFO] [stdout]                                at /rustc/dfb0accb7f508ae8be965d8629557221c889dd98/library/core/src/ops/function.rs:250:5
[INFO] [stdout]   25:     0x61cca137218b - <fn() -> core[df12db4294e9bfd3]::result::Result<(), alloc[2182bb758b4b3781]::string::String> as core[df12db4294e9bfd3]::ops::function::FnOnce<()>>::call_once
[INFO] [stdout]                                at /rustc/dfb0accb7f508ae8be965d8629557221c889dd98/library/core/src/ops/function.rs:250:5
[INFO] [stdout]   26:     0x61cca137218b - test[9d35eded1c95d3be]::__rust_begin_short_backtrace::<core[df12db4294e9bfd3]::result::Result<(), alloc[2182bb758b4b3781]::string::String>, fn() -> core[df12db4294e9bfd3]::result::Result<(), alloc[2182bb758b4b3781]::string::String>>
[INFO] [stdout]                                at /rustc/dfb0accb7f508ae8be965d8629557221c889dd98/library/test/src/lib.rs:733:18
[INFO] [stdout]   27:     0x61cca137f7f5 - test[9d35eded1c95d3be]::run_test_in_process::{closure#0}
[INFO] [stdout]                                at /rustc/dfb0accb7f508ae8be965d8629557221c889dd98/library/test/src/lib.rs:756:74
[INFO] [stdout]   28:     0x61cca137f7f5 - <core[df12db4294e9bfd3]::panic::unwind_safe::AssertUnwindSafe<test[9d35eded1c95d3be]::run_test_in_process::{closure#0}> as core[df12db4294e9bfd3]::ops::function::FnOnce<()>>::call_once
[INFO] [stdout]                                at /rustc/dfb0accb7f508ae8be965d8629557221c889dd98/library/core/src/panic/unwind_safe.rs:275:9
[INFO] [stdout]   29:     0x61cca137f7f5 - std[70759c8f55707aa4]::panicking::catch_unwind::do_call::<core[df12db4294e9bfd3]::panic::unwind_safe::AssertUnwindSafe<test[9d35eded1c95d3be]::run_test_in_process::{closure#0}>, core[df12db4294e9bfd3]::result::Result<(), alloc[2182bb758b4b3781]::string::String>>
[INFO] [stdout]                                at /rustc/dfb0accb7f508ae8be965d8629557221c889dd98/library/std/src/panicking.rs:576:43
[INFO] [stdout]   30:     0x61cca137f7f5 - std[70759c8f55707aa4]::panicking::catch_unwind::<core[df12db4294e9bfd3]::result::Result<(), alloc[2182bb758b4b3781]::string::String>, core[df12db4294e9bfd3]::panic::unwind_safe::AssertUnwindSafe<test[9d35eded1c95d3be]::run_test_in_process::{closure#0}>>
[INFO] [stdout]                                at /rustc/dfb0accb7f508ae8be965d8629557221c889dd98/library/std/src/panicking.rs:544:19
[INFO] [stdout]   31:     0x61cca137f7f5 - std[70759c8f55707aa4]::panic::catch_unwind::<core[df12db4294e9bfd3]::panic::unwind_safe::AssertUnwindSafe<test[9d35eded1c95d3be]::run_test_in_process::{closure#0}>, core[df12db4294e9bfd3]::result::Result<(), alloc[2182bb758b4b3781]::string::String>>
[INFO] [stdout]                                at /rustc/dfb0accb7f508ae8be965d8629557221c889dd98/library/std/src/panic.rs:359:14
[INFO] [stdout]   32:     0x61cca137f7f5 - test[9d35eded1c95d3be]::run_test_in_process
[INFO] [stdout]                                at /rustc/dfb0accb7f508ae8be965d8629557221c889dd98/library/test/src/lib.rs:756:27
[INFO] [stdout]   33:     0x61cca137f7f5 - test[9d35eded1c95d3be]::run_test::{closure#0}
[INFO] [stdout]                                at /rustc/dfb0accb7f508ae8be965d8629557221c889dd98/library/test/src/lib.rs:677:43
[INFO] [stdout]   34:     0x61cca13790b4 - test[9d35eded1c95d3be]::run_test::{closure#1}
[INFO] [stdout]                                at /rustc/dfb0accb7f508ae8be965d8629557221c889dd98/library/test/src/lib.rs:707:41
[INFO] [stdout]   35:     0x61cca13790b4 - std[70759c8f55707aa4]::sys::backtrace::__rust_begin_short_backtrace::<test[9d35eded1c95d3be]::run_test::{closure#1}, ()>
[INFO] [stdout]                                at /rustc/dfb0accb7f508ae8be965d8629557221c889dd98/library/std/src/sys/backtrace.rs:166:18
[INFO] [stdout]   36:     0x61cca1382952 - std[70759c8f55707aa4]::thread::lifecycle::spawn_unchecked::<test[9d35eded1c95d3be]::run_test::{closure#1}, ()>::{closure#1}::{closure#0}
[INFO] [stdout]                                at /rustc/dfb0accb7f508ae8be965d8629557221c889dd98/library/std/src/thread/lifecycle.rs:70:13
[INFO] [stdout]   37:     0x61cca1382952 - <core[df12db4294e9bfd3]::panic::unwind_safe::AssertUnwindSafe<std[70759c8f55707aa4]::thread::lifecycle::spawn_unchecked<test[9d35eded1c95d3be]::run_test::{closure#1}, ()>::{closure#1}::{closure#0}> as core[df12db4294e9bfd3]::ops::function::FnOnce<()>>::call_once
[INFO] [stdout]                                at /rustc/dfb0accb7f508ae8be965d8629557221c889dd98/library/core/src/panic/unwind_safe.rs:275:9
[INFO] [stdout]   38:     0x61cca1382952 - std[70759c8f55707aa4]::panicking::catch_unwind::do_call::<core[df12db4294e9bfd3]::panic::unwind_safe::AssertUnwindSafe<std[70759c8f55707aa4]::thread::lifecycle::spawn_unchecked<test[9d35eded1c95d3be]::run_test::{closure#1}, ()>::{closure#1}::{closure#0}>, ()>
[INFO] [stdout]                                at /rustc/dfb0accb7f508ae8be965d8629557221c889dd98/library/std/src/panicking.rs:576:43
[INFO] [stdout]   39:     0x61cca1382952 - std[70759c8f55707aa4]::panicking::catch_unwind::<(), core[df12db4294e9bfd3]::panic::unwind_safe::AssertUnwindSafe<std[70759c8f55707aa4]::thread::lifecycle::spawn_unchecked<test[9d35eded1c95d3be]::run_test::{closure#1}, ()>::{closure#1}::{closure#0}>>
[INFO] [stdout]                                at /rustc/dfb0accb7f508ae8be965d8629557221c889dd98/library/std/src/panicking.rs:544:19
[INFO] [stdout]   40:     0x61cca1382952 - std[70759c8f55707aa4]::panic::catch_unwind::<core[df12db4294e9bfd3]::panic::unwind_safe::AssertUnwindSafe<std[70759c8f55707aa4]::thread::lifecycle::spawn_unchecked<test[9d35eded1c95d3be]::run_test::{closure#1}, ()>::{closure#1}::{closure#0}>, ()>
[INFO] [stdout]                                at /rustc/dfb0accb7f508ae8be965d8629557221c889dd98/library/std/src/panic.rs:359:14
[INFO] [stdout]   41:     0x61cca1382952 - std[70759c8f55707aa4]::thread::lifecycle::spawn_unchecked::<test[9d35eded1c95d3be]::run_test::{closure#1}, ()>::{closure#1}
[INFO] [stdout]                                at /rustc/dfb0accb7f508ae8be965d8629557221c889dd98/library/std/src/thread/lifecycle.rs:68:26
[INFO] [stdout]   42:     0x61cca1382952 - <std[70759c8f55707aa4]::thread::lifecycle::spawn_unchecked<test[9d35eded1c95d3be]::run_test::{closure#1}, ()>::{closure#1} as core[df12db4294e9bfd3]::ops::function::FnOnce<()>>::call_once::{shim:vtable#0}
[INFO] [stdout]                                at /rustc/dfb0accb7f508ae8be965d8629557221c889dd98/library/core/src/ops/function.rs:250:5
[INFO] [stdout]   43:     0x61cca153d6b9 - <alloc[2182bb758b4b3781]::boxed::Box<dyn core[df12db4294e9bfd3]::ops::function::FnOnce<(), Output = ()> + core[df12db4294e9bfd3]::marker::Send> as core[df12db4294e9bfd3]::ops::function::FnOnce<()>>::call_once
[INFO] [stdout]                                at /rustc/dfb0accb7f508ae8be965d8629557221c889dd98/library/alloc/src/boxed.rs:2320:9
[INFO] [stdout]   44:     0x61cca153d6b9 - <std[70759c8f55707aa4]::sys::thread::unix::Thread>::new::thread_start
[INFO] [stdout]                                at /rustc/dfb0accb7f508ae8be965d8629557221c889dd98/library/std/src/sys/thread/unix.rs:123:17
[INFO] [stdout]   45:     0x746f25f15dfa - <unknown>
[INFO] [stdout]   46:     0x746f25fa93d4 - clone
[INFO] [stdout]   47:                0x0 - <unknown>
[INFO] [stdout] 
[INFO] [stdout] 
[INFO] [stdout] failures:
[INFO] [stdout]     layers::attrs::tests::immutable_roundtrip_root
[INFO] [stdout] 
[INFO] [stdout] test result: FAILED. 110 passed; 1 failed; 0 ignored; 0 measured; 0 filtered out; finished in 0.09s
[INFO] [stdout] 
[INFO] [stderr] error: test failed, to rerun pass `--lib`
[INFO] running `Command { std: "docker" "inspect" "7ee545c5a53dc99ddc34da85fbdcbb7730ea8560429e21eac19b92180a5aaea2", kill_on_drop: false }`
[INFO] running `Command { std: "docker" "rm" "-f" "7ee545c5a53dc99ddc34da85fbdcbb7730ea8560429e21eac19b92180a5aaea2", kill_on_drop: false }`
[INFO] [stdout] 7ee545c5a53dc99ddc34da85fbdcbb7730ea8560429e21eac19b92180a5aaea2
