[INFO] fetching crate westyx-nexus 0.15.0-beta.1...
[INFO] testing westyx-nexus-0.15.0-beta.1 against 1.100.0-beta.1 for beta-1.100-2
[INFO] extracting crate westyx-nexus 0.15.0-beta.1 into /workspace/builds/worker-6-tc2/source
[INFO] started tweaking crates.io crate westyx-nexus 0.15.0-beta.1
[INFO] finished tweaking crates.io crate westyx-nexus 0.15.0-beta.1
[INFO] tweaked toml for crates.io crate westyx-nexus 0.15.0-beta.1 written to /workspace/builds/worker-6-tc2/source/Cargo.toml
[INFO] validating manifest of crates.io crate westyx-nexus 0.15.0-beta.1 on toolchain 1.100.0-beta.1
[INFO] running `Command { std: CARGO_HOME="/workspace/cargo-home" RUSTUP_HOME="/workspace/rustup-home" "/workspace/cargo-home/bin/cargo" "+1.100.0-beta.1" "metadata" "--manifest-path" "Cargo.toml" "--no-deps", kill_on_drop: false }`
[INFO] crate crates.io crate westyx-nexus 0.15.0-beta.1 already has a lockfile, it will not be regenerated
[INFO] running `Command { std: CARGO_HOME="/workspace/cargo-home" RUSTUP_HOME="/workspace/rustup-home" "/workspace/cargo-home/bin/cargo" "+1.100.0-beta.1" "fetch" "--manifest-path" "Cargo.toml", kill_on_drop: false }`
[INFO] running `Command { std: "docker" "create" "-v" "/var/lib/crater-agent-workspace/builds/worker-6-tc2/source:/opt/rustwide/workdir:ro,Z" "-v" "/var/lib/crater-agent-workspace/builds/worker-6-tc2/target:/opt/rustwide/target:rw,Z" "-v" "/var/lib/crater-agent-workspace/cargo-home:/opt/rustwide/cargo-home:ro,Z" "-v" "/var/lib/crater-agent-workspace/rustup-home:/opt/rustwide/rustup-home:ro,Z" "-m" "1610612736" "--network" "none" "ghcr.io/rust-lang/crates-build-env/linux@sha256:3111399a4047eeb3a02b7a90e478d715f38a8c6669b5c4b49d30a17385265909" "sleep" "infinity", kill_on_drop: false }`
[INFO] [stdout] 7a5a1b3245847396ceb4b428728bb31da8d1bcfd9e9004457125f2b1469372cc
[INFO] running `Command { std: "docker" "start" "7a5a1b3245847396ceb4b428728bb31da8d1bcfd9e9004457125f2b1469372cc", kill_on_drop: false }`
[INFO] running `Command { std: "docker" "inspect" "7a5a1b3245847396ceb4b428728bb31da8d1bcfd9e9004457125f2b1469372cc", kill_on_drop: false }`
[INFO] running `Command { std: "docker" "exec" "-e" "SOURCE_DIR=/opt/rustwide/workdir" "-e" "CARGO_HOME=/opt/rustwide/cargo-home" "-e" "RUSTUP_HOME=/opt/rustwide/rustup-home" "-e" "CARGO_TARGET_DIR=/opt/rustwide/target" "-w" "/opt/rustwide/workdir" "--user" "0:0" "7a5a1b3245847396ceb4b428728bb31da8d1bcfd9e9004457125f2b1469372cc" "/opt/rustwide/cargo-home/bin/cargo" "+1.100.0-beta.1" "metadata" "--no-deps" "--format-version=1", kill_on_drop: false }`
[INFO] running `Command { std: "docker" "inspect" "7a5a1b3245847396ceb4b428728bb31da8d1bcfd9e9004457125f2b1469372cc", kill_on_drop: false }`
[INFO] running `Command { std: "docker" "exec" "-e" "SOURCE_DIR=/opt/rustwide/workdir" "-e" "CARGO_HOME=/opt/rustwide/cargo-home" "-e" "RUSTUP_HOME=/opt/rustwide/rustup-home" "-e" "CARGO_TARGET_DIR=/opt/rustwide/target" "-e" "CARGO_INCREMENTAL=0" "-e" "RUST_BACKTRACE=full" "-e" "RUSTFLAGS=--cap-lints=warn" "-e" "RUSTDOCFLAGS=--cap-lints=warn" "-w" "/opt/rustwide/workdir" "--user" "0:0" "7a5a1b3245847396ceb4b428728bb31da8d1bcfd9e9004457125f2b1469372cc" "/opt/rustwide/cargo-home/bin/cargo" "+1.100.0-beta.1" "build" "--frozen" "--message-format=json", kill_on_drop: false }`
[INFO] [stderr]    Compiling syn v2.0.119
[INFO] [stderr]    Compiling displaydoc v0.2.7
[INFO] [stderr]    Compiling futures-core v0.3.33
[INFO] [stderr]    Compiling cc v1.4.0
[INFO] [stderr]    Compiling tokio v1.53.1
[INFO] [stderr]    Compiling http v1.4.2
[INFO] [stderr]    Compiling futures-sink v0.3.33
[INFO] [stderr]    Compiling rustls v0.23.45
[INFO] [stderr]    Compiling futures-task v0.3.33
[INFO] [stderr]    Compiling serde_derive v1.0.229
[INFO] [stderr]    Compiling thiserror v2.0.19
[INFO] [stderr]    Compiling getrandom v0.3.4
[INFO] [stderr]    Compiling thiserror-impl v2.0.19
[INFO] [stderr]    Compiling secrecy v0.10.3
[INFO] [stderr]    Compiling futures-util v0.3.33
[INFO] [stderr]    Compiling futures-channel v0.3.33
[INFO] [stderr]    Compiling sync_wrapper v1.0.2
[INFO] [stderr]    Compiling tempfile v3.27.0
[INFO] [stderr]    Compiling http-body v1.1.0
[INFO] [stderr]    Compiling http-body-util v0.1.4
[INFO] [stderr]    Compiling cmake v0.1.58
[INFO] [stderr]    Compiling aws-lc-sys v0.45.0
[INFO] [stderr]    Compiling serde v1.0.229
[INFO] [stderr]    Compiling serde_urlencoded v0.7.1
[INFO] [stderr]    Compiling tokio-util v0.7.19
[INFO] [stderr]    Compiling tower v0.5.3
[INFO] [stderr]    Compiling synstructure v0.13.2
[INFO] [stderr]    Compiling zerofrom-derive v0.1.7
[INFO] [stderr]    Compiling yoke-derive v0.8.2
[INFO] [stderr]    Compiling zerovec-derive v0.11.3
[INFO] [stderr]    Compiling tracing-attributes v0.1.31
[INFO] [stderr]    Compiling zerofrom v0.1.8
[INFO] [stderr]    Compiling tracing v0.1.44
[INFO] [stderr]    Compiling yoke v0.8.3
[INFO] [stderr]    Compiling h2 v0.4.16
[INFO] [stderr]    Compiling zerovec v0.11.6
[INFO] [stderr]    Compiling zerotrie v0.2.4
[INFO] [stderr]    Compiling tinystr v0.8.3
[INFO] [stderr]    Compiling potential_utf v0.1.5
[INFO] [stderr]    Compiling icu_collections v2.2.0
[INFO] [stderr]    Compiling icu_locale_core v2.2.0
[INFO] [stderr]    Compiling icu_provider v2.2.0
[INFO] [stderr]    Compiling icu_properties v2.2.0
[INFO] [stderr]    Compiling icu_normalizer v2.2.0
[INFO] [stderr]    Compiling idna_adapter v1.2.2
[INFO] [stderr]    Compiling idna v1.1.0
[INFO] [stderr]    Compiling hyper v1.11.0
[INFO] [stderr]    Compiling url v2.5.8
[INFO] [stderr]    Compiling tower-http v0.6.11
[INFO] [stderr]    Compiling hyper-util v0.1.20
[INFO] [stderr]    Compiling aws-lc-rs v1.18.1
[INFO] [stderr]    Compiling rustls-webpki v0.103.15
[INFO] [stderr]    Compiling tokio-rustls v0.26.4
[INFO] [stderr]    Compiling rustls-platform-verifier v0.7.0
[INFO] [stderr]    Compiling hyper-rustls v0.27.9
[INFO] [stderr]    Compiling reqwest v0.13.4
[INFO] [stderr]    Compiling westyx-nexus v0.15.0-beta.1 (/opt/rustwide/workdir)
[INFO] [stderr]     Finished `dev` profile [unoptimized + debuginfo] target(s) in 1m 00s
[INFO] running `Command { std: "docker" "inspect" "7a5a1b3245847396ceb4b428728bb31da8d1bcfd9e9004457125f2b1469372cc", kill_on_drop: false }`
[INFO] running `Command { std: "docker" "exec" "-e" "SOURCE_DIR=/opt/rustwide/workdir" "-e" "CARGO_HOME=/opt/rustwide/cargo-home" "-e" "RUSTUP_HOME=/opt/rustwide/rustup-home" "-e" "CARGO_TARGET_DIR=/opt/rustwide/target" "-e" "CARGO_INCREMENTAL=0" "-e" "RUST_BACKTRACE=full" "-e" "RUSTFLAGS=--cap-lints=warn" "-e" "RUSTDOCFLAGS=--cap-lints=warn" "-w" "/opt/rustwide/workdir" "--user" "0:0" "7a5a1b3245847396ceb4b428728bb31da8d1bcfd9e9004457125f2b1469372cc" "/opt/rustwide/cargo-home/bin/cargo" "+1.100.0-beta.1" "test" "--frozen" "--no-run" "--message-format=json", kill_on_drop: false }`
[INFO] [stderr]    Compiling parking_lot_core v0.9.12
[INFO] [stderr]    Compiling tokio-macros v2.7.1
[INFO] [stderr]    Compiling tracing v0.1.44
[INFO] [stderr]    Compiling getrandom v0.3.4
[INFO] [stderr]    Compiling zerocopy v0.8.55
[INFO] [stderr]    Compiling log v0.4.33
[INFO] [stderr]    Compiling aho-corasick v1.1.4
[INFO] [stderr]    Compiling assert-json-diff v2.0.2
[INFO] [stderr]    Compiling colored v3.1.1
[INFO] [stderr]    Compiling similar v2.7.0
[INFO] [stderr]    Compiling rand_core v0.9.5
[INFO] [stderr]    Compiling tempfile v3.27.0
[INFO] [stderr]    Compiling rustls-platform-verifier v0.7.0
[INFO] [stderr]    Compiling tracing-log v0.2.0
[INFO] [stderr]    Compiling tracing-subscriber v0.3.23
[INFO] [stderr]    Compiling parking_lot v0.12.5
[INFO] [stderr]    Compiling tokio v1.53.1
[INFO] [stderr]    Compiling regex-automata v0.4.16
[INFO] [stderr]    Compiling regex v1.13.1
[INFO] [stderr]    Compiling ppv-lite86 v0.2.21
[INFO] [stderr]    Compiling tokio-util v0.7.19
[INFO] [stderr]    Compiling tokio-rustls v0.26.4
[INFO] [stderr]    Compiling tower v0.5.3
[INFO] [stderr]    Compiling rand_chacha v0.9.0
[INFO] [stderr]    Compiling tower-http v0.6.11
[INFO] [stderr]    Compiling rand v0.9.5
[INFO] [stderr]    Compiling h2 v0.4.16
[INFO] [stderr]    Compiling hyper v1.11.0
[INFO] [stderr]    Compiling hyper-util v0.1.20
[INFO] [stderr]    Compiling hyper-rustls v0.27.9
[INFO] [stderr]    Compiling mockito v1.7.2
[INFO] [stderr]    Compiling reqwest v0.13.4
[INFO] [stderr]    Compiling westyx-nexus v0.15.0-beta.1 (/opt/rustwide/workdir)
[INFO] [stderr]     Finished `test` profile [unoptimized + debuginfo] target(s) in 36.48s
[INFO] running `Command { std: "docker" "inspect" "7a5a1b3245847396ceb4b428728bb31da8d1bcfd9e9004457125f2b1469372cc", kill_on_drop: false }`
[INFO] running `Command { std: "docker" "exec" "-e" "SOURCE_DIR=/opt/rustwide/workdir" "-e" "CARGO_HOME=/opt/rustwide/cargo-home" "-e" "RUSTUP_HOME=/opt/rustwide/rustup-home" "-e" "CARGO_TARGET_DIR=/opt/rustwide/target" "-e" "CARGO_INCREMENTAL=0" "-e" "RUST_BACKTRACE=full" "-e" "RUSTFLAGS=--cap-lints=warn" "-e" "RUSTDOCFLAGS=--cap-lints=warn" "-w" "/opt/rustwide/workdir" "--user" "0:0" "7a5a1b3245847396ceb4b428728bb31da8d1bcfd9e9004457125f2b1469372cc" "/opt/rustwide/cargo-home/bin/cargo" "+1.100.0-beta.1" "test" "--frozen", kill_on_drop: false }`
[INFO] [stderr]     Finished `test` profile [unoptimized + debuginfo] target(s) in 0.22s
[INFO] [stderr]      Running unittests src/lib.rs (/opt/rustwide/target/debug/build/westyx-nexus/d6a1c4432800f566/out/westyx_nexus-d6a1c4432800f566)
[INFO] [stdout] 
[INFO] [stdout] running 105 tests
[INFO] [stdout] test config::tests::a_blank_field_counts_as_empty ... ok
[INFO] [stdout] test config::tests::aws_region_is_rejected_when_the_provider_is_not_aws_iam ... ok
[INFO] [stdout] test config::tests::endpoint_errors_name_their_source ... ok
[INFO] [stdout] test client::tests::path_segment_encoding_covers_separators_and_non_ascii ... ok
[INFO] [stdout] test config::tests::printing_a_config_never_prints_the_api_key ... ok
[INFO] [stdout] test config::tests::aws_iam_without_the_feature_is_a_configuration_error_naming_the_feature ... ok
[INFO] [stdout] test config::tests::provider_parsing_is_case_insensitive_and_empty_means_auto ... ok
[INFO] [stdout] test config::tests::empty_cooldown_vector_falls_back_to_the_default ... ok
[INFO] [stdout] test config::tests::a_disabled_wif_block_is_not_validated ... ok
[INFO] [stdout] test config::tests::an_unknown_provider_name_is_rejected_naming_the_accepted_set ... ok
[INFO] [stdout] test config::tests::detect_key_type_uses_wxp_prefix_for_public ... ok
[INFO] [stdout] test config::tests::a_custom_credential_source_prints_only_its_label ... ok
[INFO] [stdout] test config::tests::http_on_loopback_from_the_variable_is_accepted ... ok
[INFO] [stdout] test config::tests::is_loopback_host_matches_local_only ... ok
[INFO] [stdout] test config::tests::rejects_a_zero_ttl_naming_the_option ... ok
[INFO] [stdout] test client::tests::a_session_is_expiring_soon_inside_the_refresh_window ... ok
[INFO] [stdout] test config::tests::the_default_credential_is_auto_detection ... ok
[INFO] [stdout] test config::tests::rejects_an_absurd_cooldown_naming_the_index ... ok
[INFO] [stdout] test dev_credentials::tests::an_empty_credentials_list_yields_no_entries ... ok
[INFO] [stdout] test config::tests::rejects_plain_http_but_allows_loopback ... ok
[INFO] [stdout] test config::tests::requires_a_credential ... ok
[INFO] [stdout] test config::tests::the_variable_supplies_an_empty_endpoint_trimmed ... ok
[INFO] [stdout] test dev_credentials::tests::an_unknown_version_is_refused ... ok
[INFO] [stdout] test dev_credentials::tests::both_expires_at_offset_forms_parse ... ok
[INFO] [stdout] test dev_credentials::tests::an_entry_missing_the_token_is_refused ... ok
[INFO] [stdout] test dev_credentials::tests::load_refuses_a_world_readable_file ... ok
[INFO] [stdout] test dev_credentials::tests::an_entry_with_null_environments_parses ... ok
[INFO] [stdout] test client::tests::truncate_key_caps_at_128_chars ... ok
[INFO] [stdout] test config::tests::the_field_wins_and_the_variable_is_not_read ... ok
[INFO] [stdout] test config::tests::a_variable_that_cannot_be_read_is_an_error_not_unset ... ok
[INFO] [stdout] test config::tests::the_resolved_host_carries_a_non_default_port_and_drops_the_default ... ok
[INFO] [stdout] test config::tests::provider_strings_are_pinned_and_round_trip ... ok
[INFO] [stdout] test dev_credentials::tests::a_missing_version_is_refused ... ok
[INFO] [stdout] test config::tests::rejects_a_zero_cooldown_naming_the_index ... ok
[INFO] [stdout] test dev_credentials::tests::parses_the_document_the_cli_writes ... ok
[INFO] [stdout] test dev_credentials::tests::the_credentials_directory_is_the_config_root_plus_westyx ... ok
[INFO] [stdout] test dev_credentials::tests::unknown_keys_are_ignored ... ok
[INFO] [stdout] test http::tests::every_endpoint_maps_the_same_status_the_same_way ... ok
[INFO] [stdout] test http::tests::only_evaluate_ab_reads_403_as_a_missing_addon ... ok
[INFO] [stdout] test http::tests::quarantine_body_is_recognised_on_every_endpoint ... ok
[INFO] [stdout] test dev_credentials::tests::load_returns_none_when_the_file_is_absent ... ok
[INFO] [stdout] test http::tests::success_and_not_modified_map_to_nothing ... ok
[INFO] [stdout] test dev_credentials::tests::malformed_json_is_refused ... ok
[INFO] [stdout] test http::tests::unexpected_status_names_the_endpoint_but_not_the_body ... ok
[INFO] [stdout] test sync_types::tests::a_public_key_payload_has_no_secrets_field ... ok
[INFO] [stdout] test file_secrets::tests::text_secrets_are_never_materialised ... ok
[INFO] [stdout] test file_secrets::tests::the_path_contains_neither_the_key_nor_the_value ... ok
[INFO] [stdout] test dev_credentials::tests::load_accepts_a_0600_file ... ok
[INFO] [stdout] test stream::tests::schedule_at_caps_at_the_last_entry ... ok
[INFO] [stdout] test sync_types::tests::file_type_secrets_are_identified ... ok
[INFO] [stdout] test sync_types::tests::deserializes_a_secret_key_payload ... ok
[INFO] [stdout] test dev_credentials::tests::no_error_message_contains_a_token ... ok
[INFO] [stdout] test dev_credentials::tests::load_refuses_an_oversized_file ... ok
[INFO] [stdout] test timeutil::tests::century_rules_are_applied ... ok
[INFO] [stdout] test timeutil::tests::clamp_expires_in_floors_and_caps ... ok
[INFO] [stdout] test timeutil::tests::far_future_quarantine_is_clamped ... ok
[INFO] [stdout] test timeutil::tests::days_from_civil_matches_known_dates ... ok
[INFO] [stdout] test timeutil::tests::leap_year_after_february_is_not_a_day_early ... ok
[INFO] [stdout] test timeutil::tests::rejects_a_malformed_offset ... ok
[INFO] [stdout] test timeutil::tests::rejects_malformed_timestamps ... ok
[INFO] [stdout] test file_secrets::tests::two_stores_holding_the_same_secret_get_different_paths ... ok
[INFO] [stdout] test sync_types::tests::large_integers_survive_the_decode_path ... ok
[INFO] [stdout] test file_secrets::tests::an_updated_value_replaces_the_content_and_keeps_the_mode ... ok
[INFO] [stdout] test timeutil::tests::past_timestamps_yield_no_instant ... ok
[INFO] [stdout] test file_secrets::tests::file_is_created_0600_inside_a_0700_directory ... ok
[INFO] [stdout] test timeutil::tests::parses_non_utc_offsets ... ok
[INFO] [stdout] test timeutil::tests::parses_the_timestamp_shapes_the_backend_emits ... ok
[INFO] [stdout] test stream::tests::schedule_at_survives_an_empty_schedule ... ok
[INFO] [stdout] test wif::tests::developer_is_reached_only_after_every_cloud_probe ... ok
[INFO] [stdout] test sync_types::tests::a_secret_entry_never_renders_its_value ... ok
[INFO] [stdout] test wif::tests::azure_refuses_the_generic_default_audience ... ok
[INFO] [stdout] test wif::tests::no_credential_anywhere_still_reports_wif_not_configured ... ok
[INFO] [stdout] test file_secrets::tests::dropping_the_store_removes_the_directory ... ok
[INFO] [stdout] test wif::tests::an_empty_user_token_is_rejected ... ok
[INFO] [stdout] test wif::tests::a_projected_token_file_is_re_read_on_every_refresh ... ok
[INFO] [stdout] test wif::tests::azure_prefers_the_federated_token_file ... ok
[INFO] [stdout] test file_secrets::tests::a_secret_removed_server_side_is_removed_from_disk ... ok
[INFO] [stdout] test wif_developer::tests::a_non_default_port_distinguishes_two_local_services ... ok
[INFO] [stdout] test wif_developer::tests::a_non_matching_host_selects_nothing ... ok
[INFO] [stdout] test wif_developer::tests::a_scheme_less_entry_still_matches_on_host ... ok
[INFO] [stdout] test wif::tests::the_kubernetes_file_wins_over_every_later_probe ... ok
[INFO] [stdout] test wif_developer::tests::an_empty_token_is_refused ... ok
[INFO] [stdout] test wif_developer::tests::an_entry_inside_the_refresh_window_is_refused ... ok
[INFO] [stdout] test wif_developer::tests::a_valid_entry_yields_a_session_with_the_remaining_lifetime ... ok
[INFO] [stdout] test wif_developer::tests::an_empty_env_token_is_refused ... ok
[INFO] [stdout] test wif_developer::tests::an_expired_entry_is_refused_with_the_renew_command ... ok
[INFO] [stdout] test wif_developer::tests::an_unreadable_expires_at_is_refused ... ok
[INFO] [stdout] test wif_developer::tests::an_entry_is_selected_by_host ... ok
[INFO] [stdout] test wif_developer::tests::no_tracing_event_carries_a_developer_session_token ... ok
[INFO] [stdout] test wif_developer::tests::the_default_port_scheme_and_trailing_slash_do_not_hide_a_match ... ok
[INFO] [stdout] test wif_developer::tests::the_file_is_re_read_on_every_refresh ... ok
[INFO] [stdout] test wif_developer::tests::the_env_credential_needs_no_file ... ok
[INFO] [stdout] test wif::tests::a_token_file_outranks_a_live_metadata_server ... ok
[INFO] [stdout] test wif::tests::no_token_file_leaves_the_chain_to_the_later_probes ... ok
[INFO] [stdout] test wif::tests::the_aws_file_wins_over_the_azure_file ... ok
[INFO] [stdout] test wif_developer::tests::the_file_credential_reads_through_the_blocking_pool ... ok
[INFO] [stdout] test dev_credentials::tests::the_fixture_the_cli_actually_writes_decodes ... FAILED
[INFO] [stdout] test wif::tests::a_panicking_token_source_becomes_an_error ... ok
[INFO] [stdout] test wif::tests::a_live_gcp_metadata_server_outranks_a_developer_credential ... ok
[INFO] [stdout] test wif_developer::tests::an_expired_developer_credential_fails_with_the_renew_command ... ok
[INFO] [stdout] test wif::tests::gcp_source_sends_the_metadata_header_and_audience ... ok
[INFO] [stdout] test wif::tests::a_metadata_body_over_the_cap_is_rejected ... ok
[INFO] [stdout] test wif::tests::azure_imds_source_sends_the_metadata_header_and_resource ... ok
[INFO] [stdout] test wif::tests::a_live_azure_imds_outranks_a_developer_credential ... ok
[INFO] [stdout] test wif_developer::tests::a_developer_credential_sends_the_bearer_and_performs_no_exchange ... ok
[INFO] [stdout] 
[INFO] [stdout] failures:
[INFO] [stdout] 
[INFO] [stdout] ---- dev_credentials::tests::the_fixture_the_cli_actually_writes_decodes stdout ----
[INFO] [stdout] 
[INFO] [stdout] thread 'dev_credentials::tests::the_fixture_the_cli_actually_writes_decodes' (2666) panicked at src/dev_credentials.rs:265:50:
[INFO] [stdout] the golden fixture must exist: Os { code: 2, kind: NotFound, message: "No such file or directory" }
[INFO] [stdout] stack backtrace:
[INFO] [stdout]    0:     0x57b6c40de101 - std[617be2ca0a6fd877]::backtrace_rs::backtrace::libunwind::trace
[INFO] [stdout]                                at /rustc/e3feeb59cd1bdd011a2bfcc0747b55125d9b8527/library/std/src/../../backtrace/src/backtrace/libunwind.rs:117:9
[INFO] [stdout]    1:     0x57b6c40de101 - std[617be2ca0a6fd877]::backtrace_rs::backtrace::trace_unsynchronized::<std[617be2ca0a6fd877]::sys::backtrace::_print_fmt::{closure#1}>
[INFO] [stdout]                                at /rustc/e3feeb59cd1bdd011a2bfcc0747b55125d9b8527/library/std/src/../../backtrace/src/backtrace/mod.rs:66:14
[INFO] [stdout]    2:     0x57b6c40de101 - std[617be2ca0a6fd877]::sys::backtrace::_print_fmt
[INFO] [stdout]                                at /rustc/e3feeb59cd1bdd011a2bfcc0747b55125d9b8527/library/std/src/sys/backtrace.rs:74:9
[INFO] [stdout]    3:     0x57b6c40de101 - <<std[617be2ca0a6fd877]::sys::backtrace::BacktraceLock>::print::DisplayBacktrace as core[a373ad73a504971]::fmt::Display>::fmt
[INFO] [stdout]                                at /rustc/e3feeb59cd1bdd011a2bfcc0747b55125d9b8527/library/std/src/sys/backtrace.rs:44:26
[INFO] [stdout]    4:     0x57b6c40f5f9a - <core[a373ad73a504971]::fmt::rt::Argument>::fmt
[INFO] [stdout]                                at /rustc/e3feeb59cd1bdd011a2bfcc0747b55125d9b8527/library/core/src/fmt/rt.rs:152:76
[INFO] [stdout]    5:     0x57b6c40f5f9a - core[a373ad73a504971]::fmt::write
[INFO] [stdout]    6:     0x57b6c40e302c - core[a373ad73a504971]::io::write::default_write_fmt::<alloc[2e1b2a31b91974c5]::vec::Vec<u8>>
[INFO] [stdout]                                at /rustc/e3feeb59cd1bdd011a2bfcc0747b55125d9b8527/library/core/src/io/write.rs:402:11
[INFO] [stdout]    7:     0x57b6c40e302c - <alloc[2e1b2a31b91974c5]::vec::Vec<u8> as core[a373ad73a504971]::io::write::Write>::write_fmt
[INFO] [stdout]                                at /rustc/e3feeb59cd1bdd011a2bfcc0747b55125d9b8527/library/core/src/io/write.rs:335:13
[INFO] [stdout]    8:     0x57b6c40b6b06 - <std[617be2ca0a6fd877]::sys::backtrace::BacktraceLock>::print
[INFO] [stdout]                                at /rustc/e3feeb59cd1bdd011a2bfcc0747b55125d9b8527/library/std/src/sys/backtrace.rs:47:9
[INFO] [stdout]    9:     0x57b6c40b6b06 - std[617be2ca0a6fd877]::panicking::default_hook::{closure#0}
[INFO] [stdout]                                at /rustc/e3feeb59cd1bdd011a2bfcc0747b55125d9b8527/library/std/src/panicking.rs:289:27
[INFO] [stdout]   10:     0x57b6c40d48a9 - std[617be2ca0a6fd877]::panicking::default_hook
[INFO] [stdout]                                at /rustc/e3feeb59cd1bdd011a2bfcc0747b55125d9b8527/library/std/src/panicking.rs:313:9
[INFO] [stdout]   11:     0x57b6c38cc380 - <alloc[2e1b2a31b91974c5]::boxed::Box<dyn for<'a, 'b> core[a373ad73a504971]::ops::function::Fn<(&'a std[617be2ca0a6fd877]::panic::PanicHookInfo<'b>,), Output = ()> + core[a373ad73a504971]::marker::Sync + core[a373ad73a504971]::marker::Send> as core[a373ad73a504971]::ops::function::Fn<(&std[617be2ca0a6fd877]::panic::PanicHookInfo,)>>::call
[INFO] [stdout]                                at /rustc/e3feeb59cd1bdd011a2bfcc0747b55125d9b8527/library/alloc/src/boxed.rs:2328:9
[INFO] [stdout]   12:     0x57b6c38cc380 - test[aada8e7e76ba119b]::test_main_inner::{closure#0}
[INFO] [stdout]                                at /rustc/e3feeb59cd1bdd011a2bfcc0747b55125d9b8527/library/test/src/lib.rs:137:21
[INFO] [stdout]   13:     0x57b6c40d4bd2 - <alloc[2e1b2a31b91974c5]::boxed::Box<dyn for<'a, 'b> core[a373ad73a504971]::ops::function::Fn<(&'a std[617be2ca0a6fd877]::panic::PanicHookInfo<'b>,), Output = ()> + core[a373ad73a504971]::marker::Sync + core[a373ad73a504971]::marker::Send> as core[a373ad73a504971]::ops::function::Fn<(&std[617be2ca0a6fd877]::panic::PanicHookInfo,)>>::call
[INFO] [stdout]                                at /rustc/e3feeb59cd1bdd011a2bfcc0747b55125d9b8527/library/alloc/src/boxed.rs:2328:9
[INFO] [stdout]   14:     0x57b6c40d4bd2 - std[617be2ca0a6fd877]::panicking::panic_with_hook
[INFO] [stdout]                                at /rustc/e3feeb59cd1bdd011a2bfcc0747b55125d9b8527/library/std/src/panicking.rs:819:13
[INFO] [stdout]   15:     0x57b6c40b6bb2 - std[617be2ca0a6fd877]::panicking::panic_handler::{closure#0}
[INFO] [stdout]                                at /rustc/e3feeb59cd1bdd011a2bfcc0747b55125d9b8527/library/std/src/panicking.rs:685:13
[INFO] [stdout]   16:     0x57b6c40af439 - std[617be2ca0a6fd877]::sys::backtrace::__rust_end_short_backtrace::<std[617be2ca0a6fd877]::panicking::panic_handler::{closure#0}, !>
[INFO] [stdout]                                at /rustc/e3feeb59cd1bdd011a2bfcc0747b55125d9b8527/library/std/src/sys/backtrace.rs:182:18
[INFO] [stdout]   17:     0x57b6c40b7b5d - __rustc[ea4f61d10b84890b]::rust_begin_unwind
[INFO] [stdout]                                at /rustc/e3feeb59cd1bdd011a2bfcc0747b55125d9b8527/library/std/src/panicking.rs:676:5
[INFO] [stdout]   18:     0x57b6c40f686c - core[a373ad73a504971]::panicking::panic_fmt
[INFO] [stdout]                                at /rustc/e3feeb59cd1bdd011a2bfcc0747b55125d9b8527/library/core/src/panicking.rs:80:14
[INFO] [stdout]   19:     0x57b6c40f6592 - core[a373ad73a504971]::result::unwrap_failed
[INFO] [stdout]                                at /rustc/e3feeb59cd1bdd011a2bfcc0747b55125d9b8527/library/core/src/result.rs:1870:5
[INFO] [stdout]   20:     0x57b6c349e903 - <core[a373ad73a504971]::result::Result<alloc[2e1b2a31b91974c5]::string::String, core[a373ad73a504971]::io::error::Error>>::expect
[INFO] [stdout]                                at /rustc/e3feeb59cd1bdd011a2bfcc0747b55125d9b8527/library/core/src/result.rs:1184:23
[INFO] [stdout]   21:     0x57b6c347a0ac - westyx_nexus[6a6cdc642f436fdd]::dev_credentials::tests::the_fixture_the_cli_actually_writes_decodes
[INFO] [stdout]                                at /opt/rustwide/workdir/src/dev_credentials.rs:265:50
[INFO] [stdout]   22:     0x57b6c346f297 - westyx_nexus[6a6cdc642f436fdd]::dev_credentials::tests::the_fixture_the_cli_actually_writes_decodes::{closure#0}
[INFO] [stdout]                                at /opt/rustwide/workdir/src/dev_credentials.rs:260:53
[INFO] [stdout]   23:     0x57b6c3489fa6 - <westyx_nexus[6a6cdc642f436fdd]::dev_credentials::tests::the_fixture_the_cli_actually_writes_decodes::{closure#0} as core[a373ad73a504971]::ops::function::FnOnce<()>>::call_once
[INFO] [stdout]                                at /rustc/e3feeb59cd1bdd011a2bfcc0747b55125d9b8527/library/core/src/ops/function.rs:250:5
[INFO] [stdout]   24:     0x57b6c38bf7cb - <fn() -> core[a373ad73a504971]::result::Result<(), alloc[2e1b2a31b91974c5]::string::String> as core[a373ad73a504971]::ops::function::FnOnce<()>>::call_once
[INFO] [stdout]                                at /rustc/e3feeb59cd1bdd011a2bfcc0747b55125d9b8527/library/core/src/ops/function.rs:250:5
[INFO] [stdout]   25:     0x57b6c38bf7cb - test[aada8e7e76ba119b]::__rust_begin_short_backtrace::<core[a373ad73a504971]::result::Result<(), alloc[2e1b2a31b91974c5]::string::String>, fn() -> core[a373ad73a504971]::result::Result<(), alloc[2e1b2a31b91974c5]::string::String>>
[INFO] [stdout]                                at /rustc/e3feeb59cd1bdd011a2bfcc0747b55125d9b8527/library/test/src/lib.rs:701:18
[INFO] [stdout]   26:     0x57b6c38cc9a5 - test[aada8e7e76ba119b]::run_test_in_process::{closure#0}
[INFO] [stdout]                                at /rustc/e3feeb59cd1bdd011a2bfcc0747b55125d9b8527/library/test/src/lib.rs:724:74
[INFO] [stdout]   27:     0x57b6c38cc9a5 - <core[a373ad73a504971]::panic::unwind_safe::AssertUnwindSafe<test[aada8e7e76ba119b]::run_test_in_process::{closure#0}> as core[a373ad73a504971]::ops::function::FnOnce<()>>::call_once
[INFO] [stdout]                                at /rustc/e3feeb59cd1bdd011a2bfcc0747b55125d9b8527/library/core/src/panic/unwind_safe.rs:275:9
[INFO] [stdout]   28:     0x57b6c38cc9a5 - std[617be2ca0a6fd877]::panicking::catch_unwind::do_call::<core[a373ad73a504971]::panic::unwind_safe::AssertUnwindSafe<test[aada8e7e76ba119b]::run_test_in_process::{closure#0}>, core[a373ad73a504971]::result::Result<(), alloc[2e1b2a31b91974c5]::string::String>>
[INFO] [stdout]                                at /rustc/e3feeb59cd1bdd011a2bfcc0747b55125d9b8527/library/std/src/panicking.rs:573:43
[INFO] [stdout]   29:     0x57b6c38cc9a5 - std[617be2ca0a6fd877]::panicking::catch_unwind::<core[a373ad73a504971]::result::Result<(), alloc[2e1b2a31b91974c5]::string::String>, core[a373ad73a504971]::panic::unwind_safe::AssertUnwindSafe<test[aada8e7e76ba119b]::run_test_in_process::{closure#0}>>
[INFO] [stdout]                                at /rustc/e3feeb59cd1bdd011a2bfcc0747b55125d9b8527/library/std/src/panicking.rs:541:19
[INFO] [stdout]   30:     0x57b6c38cc9a5 - std[617be2ca0a6fd877]::panic::catch_unwind::<core[a373ad73a504971]::panic::unwind_safe::AssertUnwindSafe<test[aada8e7e76ba119b]::run_test_in_process::{closure#0}>, core[a373ad73a504971]::result::Result<(), alloc[2e1b2a31b91974c5]::string::String>>
[INFO] [stdout]                                at /rustc/e3feeb59cd1bdd011a2bfcc0747b55125d9b8527/library/std/src/panic.rs:359:14
[INFO] [stdout]   31:     0x57b6c38cc9a5 - test[aada8e7e76ba119b]::run_test_in_process
[INFO] [stdout]                                at /rustc/e3feeb59cd1bdd011a2bfcc0747b55125d9b8527/library/test/src/lib.rs:724:27
[INFO] [stdout]   32:     0x57b6c38cc9a5 - test[aada8e7e76ba119b]::run_test::{closure#0}
[INFO] [stdout]                                at /rustc/e3feeb59cd1bdd011a2bfcc0747b55125d9b8527/library/test/src/lib.rs:645:43
[INFO] [stdout]   33:     0x57b6c38c6294 - test[aada8e7e76ba119b]::run_test::{closure#1}
[INFO] [stdout]                                at /rustc/e3feeb59cd1bdd011a2bfcc0747b55125d9b8527/library/test/src/lib.rs:675:41
[INFO] [stdout]   34:     0x57b6c38c6294 - std[617be2ca0a6fd877]::sys::backtrace::__rust_begin_short_backtrace::<test[aada8e7e76ba119b]::run_test::{closure#1}, ()>
[INFO] [stdout]                                at /rustc/e3feeb59cd1bdd011a2bfcc0747b55125d9b8527/library/std/src/sys/backtrace.rs:166:18
[INFO] [stdout]   35:     0x57b6c38cfa32 - std[617be2ca0a6fd877]::thread::lifecycle::spawn_unchecked::<test[aada8e7e76ba119b]::run_test::{closure#1}, ()>::{closure#1}::{closure#0}
[INFO] [stdout]                                at /rustc/e3feeb59cd1bdd011a2bfcc0747b55125d9b8527/library/std/src/thread/lifecycle.rs:70:13
[INFO] [stdout]   36:     0x57b6c38cfa32 - <core[a373ad73a504971]::panic::unwind_safe::AssertUnwindSafe<std[617be2ca0a6fd877]::thread::lifecycle::spawn_unchecked<test[aada8e7e76ba119b]::run_test::{closure#1}, ()>::{closure#1}::{closure#0}> as core[a373ad73a504971]::ops::function::FnOnce<()>>::call_once
[INFO] [stdout]                                at /rustc/e3feeb59cd1bdd011a2bfcc0747b55125d9b8527/library/core/src/panic/unwind_safe.rs:275:9
[INFO] [stdout]   37:     0x57b6c38cfa32 - std[617be2ca0a6fd877]::panicking::catch_unwind::do_call::<core[a373ad73a504971]::panic::unwind_safe::AssertUnwindSafe<std[617be2ca0a6fd877]::thread::lifecycle::spawn_unchecked<test[aada8e7e76ba119b]::run_test::{closure#1}, ()>::{closure#1}::{closure#0}>, ()>
[INFO] [stdout]                                at /rustc/e3feeb59cd1bdd011a2bfcc0747b55125d9b8527/library/std/src/panicking.rs:573:43
[INFO] [stdout]   38:     0x57b6c38cfa32 - std[617be2ca0a6fd877]::panicking::catch_unwind::<(), core[a373ad73a504971]::panic::unwind_safe::AssertUnwindSafe<std[617be2ca0a6fd877]::thread::lifecycle::spawn_unchecked<test[aada8e7e76ba119b]::run_test::{closure#1}, ()>::{closure#1}::{closure#0}>>
[INFO] [stdout]                                at /rustc/e3feeb59cd1bdd011a2bfcc0747b55125d9b8527/library/std/src/panicking.rs:541:19
[INFO] [stdout]   39:     0x57b6c38cfa32 - std[617be2ca0a6fd877]::panic::catch_unwind::<core[a373ad73a504971]::panic::unwind_safe::AssertUnwindSafe<std[617be2ca0a6fd877]::thread::lifecycle::spawn_unchecked<test[aada8e7e76ba119b]::run_test::{closure#1}, ()>::{closure#1}::{closure#0}>, ()>
[INFO] [stdout]                                at /rustc/e3feeb59cd1bdd011a2bfcc0747b55125d9b8527/library/std/src/panic.rs:359:14
[INFO] [stdout]   40:     0x57b6c38cfa32 - std[617be2ca0a6fd877]::thread::lifecycle::spawn_unchecked::<test[aada8e7e76ba119b]::run_test::{closure#1}, ()>::{closure#1}
[INFO] [stdout]                                at /rustc/e3feeb59cd1bdd011a2bfcc0747b55125d9b8527/library/std/src/thread/lifecycle.rs:68:26
[INFO] [stdout]   41:     0x57b6c38cfa32 - <std[617be2ca0a6fd877]::thread::lifecycle::spawn_unchecked<test[aada8e7e76ba119b]::run_test::{closure#1}, ()>::{closure#1} as core[a373ad73a504971]::ops::function::FnOnce<()>>::call_once::{shim:vtable#0}
[INFO] [stdout]                                at /rustc/e3feeb59cd1bdd011a2bfcc0747b55125d9b8527/library/core/src/ops/function.rs:250:5
[INFO] [stdout]   42:     0x57b6c40dd06f - <alloc[2e1b2a31b91974c5]::boxed::Box<dyn core[a373ad73a504971]::ops::function::FnOnce<(), Output = ()> + core[a373ad73a504971]::marker::Send> as core[a373ad73a504971]::ops::function::FnOnce<()>>::call_once
[INFO] [stdout]                                at /rustc/e3feeb59cd1bdd011a2bfcc0747b55125d9b8527/library/alloc/src/boxed.rs:2314:9
[INFO] [stdout]   43:     0x57b6c40dd06f - <std[617be2ca0a6fd877]::sys::thread::unix::Thread>::new::thread_start
[INFO] [stdout]                                at /rustc/e3feeb59cd1bdd011a2bfcc0747b55125d9b8527/library/std/src/sys/thread/unix.rs:127:17
[INFO] [stdout]   44:     0x71e3b6e74dfa - <unknown>
[INFO] [stdout]   45:     0x71e3b6f083d4 - clone
[INFO] [stdout]   46:                0x0 - <unknown>
[INFO] [stdout] 
[INFO] [stdout] 
[INFO] [stdout] failures:
[INFO] [stdout]     dev_credentials::tests::the_fixture_the_cli_actually_writes_decodes
[INFO] [stdout] 
[INFO] [stdout] test result: FAILED. 104 passed; 1 failed; 0 ignored; 0 measured; 0 filtered out; finished in 0.50s
[INFO] [stdout] 
[INFO] [stderr] error: test failed, to rerun pass `--lib`
[INFO] running `Command { std: "docker" "inspect" "7a5a1b3245847396ceb4b428728bb31da8d1bcfd9e9004457125f2b1469372cc", kill_on_drop: false }`
[INFO] running `Command { std: "docker" "rm" "-f" "7a5a1b3245847396ceb4b428728bb31da8d1bcfd9e9004457125f2b1469372cc", kill_on_drop: false }`
[INFO] [stdout] 7a5a1b3245847396ceb4b428728bb31da8d1bcfd9e9004457125f2b1469372cc
