[INFO] fetching crate wdpkr 0.14.0...
[INFO] testing wdpkr-0.14.0 against 1.100.0-beta.1 for beta-1.100-2
[INFO] extracting crate wdpkr 0.14.0 into /workspace/builds/worker-7-tc2/source
[INFO] removed /workspace/builds/worker-7-tc2/source/rust-toolchain.toml
[INFO] started tweaking crates.io crate wdpkr 0.14.0
[INFO] removed 0 missing tests
[INFO] finished tweaking crates.io crate wdpkr 0.14.0
[INFO] tweaked toml for crates.io crate wdpkr 0.14.0 written to /workspace/builds/worker-7-tc2/source/Cargo.toml
[INFO] validating manifest of crates.io crate wdpkr 0.14.0 on toolchain 1.100.0-beta.1
[INFO] running `Command { std: CARGO_HOME="/workspace/cargo-home" RUSTUP_HOME="/workspace/rustup-home" "/workspace/cargo-home/bin/cargo" "+1.100.0-beta.1" "metadata" "--manifest-path" "Cargo.toml" "--no-deps", kill_on_drop: false }`
[INFO] crate crates.io crate wdpkr 0.14.0 already has a lockfile, it will not be regenerated
[INFO] running `Command { std: CARGO_HOME="/workspace/cargo-home" RUSTUP_HOME="/workspace/rustup-home" "/workspace/cargo-home/bin/cargo" "+1.100.0-beta.1" "fetch" "--manifest-path" "Cargo.toml", kill_on_drop: false }`
[INFO] running `Command { std: "docker" "create" "-v" "/var/lib/crater-agent-workspace/builds/worker-7-tc2/source:/opt/rustwide/workdir:ro,Z" "-v" "/var/lib/crater-agent-workspace/builds/worker-7-tc2/target:/opt/rustwide/target:rw,Z" "-v" "/var/lib/crater-agent-workspace/cargo-home:/opt/rustwide/cargo-home:ro,Z" "-v" "/var/lib/crater-agent-workspace/rustup-home:/opt/rustwide/rustup-home:ro,Z" "-m" "1610612736" "--network" "none" "ghcr.io/rust-lang/crates-build-env/linux@sha256:3111399a4047eeb3a02b7a90e478d715f38a8c6669b5c4b49d30a17385265909" "sleep" "infinity", kill_on_drop: false }`
[INFO] [stdout] 91dc58ce1438d3030fe43eb6c0ce5f2982a1ff46d87b9e33b19f1503d466b964
[INFO] running `Command { std: "docker" "start" "91dc58ce1438d3030fe43eb6c0ce5f2982a1ff46d87b9e33b19f1503d466b964", kill_on_drop: false }`
[INFO] running `Command { std: "docker" "inspect" "91dc58ce1438d3030fe43eb6c0ce5f2982a1ff46d87b9e33b19f1503d466b964", kill_on_drop: false }`
[INFO] running `Command { std: "docker" "exec" "-e" "SOURCE_DIR=/opt/rustwide/workdir" "-e" "CARGO_HOME=/opt/rustwide/cargo-home" "-e" "RUSTUP_HOME=/opt/rustwide/rustup-home" "-e" "CARGO_TARGET_DIR=/opt/rustwide/target" "-w" "/opt/rustwide/workdir" "--user" "0:0" "91dc58ce1438d3030fe43eb6c0ce5f2982a1ff46d87b9e33b19f1503d466b964" "/opt/rustwide/cargo-home/bin/cargo" "+1.100.0-beta.1" "metadata" "--no-deps" "--format-version=1", kill_on_drop: false }`
[INFO] running `Command { std: "docker" "inspect" "91dc58ce1438d3030fe43eb6c0ce5f2982a1ff46d87b9e33b19f1503d466b964", kill_on_drop: false }`
[INFO] running `Command { std: "docker" "exec" "-e" "SOURCE_DIR=/opt/rustwide/workdir" "-e" "CARGO_HOME=/opt/rustwide/cargo-home" "-e" "RUSTUP_HOME=/opt/rustwide/rustup-home" "-e" "CARGO_TARGET_DIR=/opt/rustwide/target" "-e" "CARGO_INCREMENTAL=0" "-e" "RUST_BACKTRACE=full" "-e" "RUSTFLAGS=--cap-lints=warn" "-e" "RUSTDOCFLAGS=--cap-lints=warn" "-w" "/opt/rustwide/workdir" "--user" "0:0" "91dc58ce1438d3030fe43eb6c0ce5f2982a1ff46d87b9e33b19f1503d466b964" "/opt/rustwide/cargo-home/bin/cargo" "+1.100.0-beta.1" "build" "--frozen" "--message-format=json", kill_on_drop: false }`
[INFO] [stderr]    Compiling tree-sitter-language v0.1.7
[INFO] [stderr]    Compiling cc v1.2.62
[INFO] [stderr]    Compiling http v1.4.0
[INFO] [stderr]    Compiling rustls-pki-types v1.14.1
[INFO] [stderr]    Compiling futures-core v0.3.33
[INFO] [stderr]    Compiling aho-corasick v1.1.4
[INFO] [stderr]    Compiling syn v2.0.117
[INFO] [stderr]    Compiling socket2 v0.6.3
[INFO] [stderr]    Compiling parking_lot_core v0.9.12
[INFO] [stderr]    Compiling mio v1.2.0
[INFO] [stderr]    Compiling rustls v0.23.40
[INFO] [stderr]    Compiling futures-task v0.3.33
[INFO] [stderr]    Compiling serde_json v1.0.149
[INFO] [stderr]    Compiling hashbrown v0.17.0
[INFO] [stderr]    Compiling crossbeam-utils v0.8.21
[INFO] [stderr]    Compiling futures-channel v0.3.32
[INFO] [stderr]    Compiling sync_wrapper v1.0.2
[INFO] [stderr]    Compiling futures-util v0.3.33
[INFO] [stderr]    Compiling simd-adler32 v0.3.9
[INFO] [stderr]    Compiling winnow v0.7.15
[INFO] [stderr]    Compiling crc16 v0.4.0
[INFO] [stderr]    Compiling bitflags v2.11.1
[INFO] [stderr]    Compiling webpki-roots v1.0.7
[INFO] [stderr]    Compiling parking_lot v0.12.5
[INFO] [stderr]    Compiling is_ci v1.2.0
[INFO] [stderr]    Compiling miniz_oxide v0.8.9
[INFO] [stderr]    Compiling dirs-sys v0.5.0
[INFO] [stderr]    Compiling clap_builder v4.6.0
[INFO] [stderr]    Compiling chacha20 v0.10.1
[INFO] [stderr]    Compiling tracing-log v0.2.0
[INFO] [stderr]    Compiling indexmap v2.14.0
[INFO] [stderr]    Compiling is-terminal v0.4.17
[INFO] [stderr]    Compiling http-body v1.0.1
[INFO] [stderr]    Compiling bstr v1.12.1
[INFO] [stderr]    Compiling http-body-util v0.1.3
[INFO] [stderr]    Compiling deranged v0.5.8
[INFO] [stderr]    Compiling crossbeam-epoch v0.9.18
[INFO] [stderr]    Compiling data-encoding v2.11.0
[INFO] [stderr]    Compiling owo-colors v4.3.0
[INFO] [stderr]    Compiling twox-hash v1.6.3
[INFO] [stderr]    Compiling regex-automata v0.4.14
[INFO] [stderr]    Compiling rustls-native-certs v0.8.4
[INFO] [stderr]    Compiling rand v0.10.1
[INFO] [stderr]    Compiling flate2 v1.1.9
[INFO] [stderr]    Compiling ring v0.17.14
[INFO] [stderr]    Compiling blake3 v1.8.5
[INFO] [stderr]    Compiling tree-sitter v0.24.7
[INFO] [stderr]    Compiling tree-sitter-python v0.23.6
[INFO] [stderr]    Compiling tree-sitter-rust v0.23.3
[INFO] [stderr]    Compiling tree-sitter-typescript v0.23.2
[INFO] [stderr]    Compiling tree-sitter-c-sharp v0.23.5
[INFO] [stderr]    Compiling tree-sitter-cpp v0.23.4
[INFO] [stderr]    Compiling tree-sitter-go v0.23.4
[INFO] [stderr]    Compiling tree-sitter-java v0.23.5
[INFO] [stderr]    Compiling tree-sitter-javascript v0.23.1
[INFO] [stderr]    Compiling time v0.3.51
[INFO] [stderr]    Compiling crossbeam-deque v0.8.6
[INFO] [stderr]    Compiling supports-color v2.1.0
[INFO] [stderr]    Compiling ureq-proto v0.6.0
[INFO] [stderr]    Compiling dirs v6.0.0
[INFO] [stderr]    Compiling supports-color v3.0.2
[INFO] [stderr]    Compiling jiff v0.2.30
[INFO] [stderr]    Compiling combine v4.6.7
[INFO] [stderr]    Compiling xxhash-rust v0.8.15
[INFO] [stderr]    Compiling utf8-zero v0.8.1
[INFO] [stderr]    Compiling arcstr v1.2.0
[INFO] [stderr]    Compiling memmap2 v0.9.11
[INFO] [stderr]    Compiling bytemuck v1.25.0
[INFO] [stderr]    Compiling synstructure v0.13.2
[INFO] [stderr]    Compiling regex v1.12.3
[INFO] [stderr]    Compiling matchers v0.2.0
[INFO] [stderr]    Compiling globset v0.4.18
[INFO] [stderr]    Compiling zerofrom-derive v0.1.7
[INFO] [stderr]    Compiling yoke-derive v0.8.2
[INFO] [stderr]    Compiling zerovec-derive v0.11.3
[INFO] [stderr]    Compiling displaydoc v0.2.5
[INFO] [stderr]    Compiling serde_derive v1.0.228
[INFO] [stderr]    Compiling tokio-macros v2.7.0
[INFO] [stderr]    Compiling tracing-attributes v0.1.31
[INFO] [stderr]    Compiling thiserror-impl v2.0.18
[INFO] [stderr]    Compiling clap_derive v4.6.1
[INFO] [stderr]    Compiling tokio v1.52.3
[INFO] [stderr]    Compiling ignore v0.4.25
[INFO] [stderr]    Compiling zerofrom v0.1.7
[INFO] [stderr]    Compiling async-trait v0.1.89
[INFO] [stderr]    Compiling tracing v0.1.44
[INFO] [stderr]    Compiling yoke v0.8.2
[INFO] [stderr]    Compiling tracing-subscriber v0.3.23
[INFO] [stderr]    Compiling zerovec v0.11.6
[INFO] [stderr]    Compiling zerotrie v0.2.4
[INFO] [stderr]    Compiling rustls-webpki v0.103.13
[INFO] [stderr]    Compiling thiserror v2.0.18
[INFO] [stderr]    Compiling clap v4.6.1
[INFO] [stderr]    Compiling tinystr v0.8.3
[INFO] [stderr]    Compiling potential_utf v0.1.5
[INFO] [stderr]    Compiling icu_locale_core v2.2.0
[INFO] [stderr]    Compiling icu_collections v2.2.0
[INFO] [stderr]    Compiling serde v1.0.228
[INFO] [stderr]    Compiling icu_provider v2.2.0
[INFO] [stderr]    Compiling serde_urlencoded v0.7.1
[INFO] [stderr]    Compiling toml_datetime v0.6.11
[INFO] [stderr]    Compiling serde_spanned v0.6.9
[INFO] [stderr]    Compiling quick-xml v0.39.4
[INFO] [stderr]    Compiling serde_yaml v0.9.34+deprecated
[INFO] [stderr]    Compiling bincode v1.3.3
[INFO] [stderr]    Compiling icu_properties v2.2.0
[INFO] [stderr]    Compiling icu_normalizer v2.2.0
[INFO] [stderr]    Compiling toml_edit v0.22.27
[INFO] [stderr]    Compiling idna_adapter v1.2.2
[INFO] [stderr]    Compiling idna v1.1.0
[INFO] [stderr]    Compiling hyper v1.9.0
[INFO] [stderr]    Compiling tower v0.5.3
[INFO] [stderr]    Compiling url v2.5.8
[INFO] [stderr]    Compiling tame-gcs v0.14.0
[INFO] [stderr]    Compiling tower-http v0.6.10
[INFO] [stderr]    Compiling toml v0.8.23
[INFO] [stderr]    Compiling rusty-s3 v0.9.1
[INFO] [stderr]    Compiling tame-oauth v0.10.0
[INFO] [stderr]    Compiling hyper-util v0.1.20
[INFO] [stderr]    Compiling tokio-rustls v0.26.4
[INFO] [stderr]    Compiling redis v1.3.0
[INFO] [stderr]    Compiling ureq v3.3.0
[INFO] [stderr]    Compiling hyper-rustls v0.27.9
[INFO] [stderr]    Compiling reqwest v0.12.28
[INFO] [stderr]    Compiling linear-mg v0.2.0
[INFO] [stderr]    Compiling nidus v0.65.0
[INFO] [stderr]    Compiling wdpkr-core v0.2.0
[INFO] [stderr]    Compiling wdpkr v0.14.0 (/opt/rustwide/workdir)
[INFO] [stderr]     Finished `dev` profile [unoptimized + debuginfo] target(s) in 1m 22s
[INFO] [stderr] warning: the following packages contain code that will be rejected by a future version of Rust: redis v1.3.0
[INFO] [stderr] note: to see what the problems were, use the option `--future-incompat-report`, or run `cargo report future-incompatibilities --id 2`
[INFO] running `Command { std: "docker" "inspect" "91dc58ce1438d3030fe43eb6c0ce5f2982a1ff46d87b9e33b19f1503d466b964", kill_on_drop: false }`
[INFO] running `Command { std: "docker" "exec" "-e" "SOURCE_DIR=/opt/rustwide/workdir" "-e" "CARGO_HOME=/opt/rustwide/cargo-home" "-e" "RUSTUP_HOME=/opt/rustwide/rustup-home" "-e" "CARGO_TARGET_DIR=/opt/rustwide/target" "-e" "CARGO_INCREMENTAL=0" "-e" "RUST_BACKTRACE=full" "-e" "RUSTFLAGS=--cap-lints=warn" "-e" "RUSTDOCFLAGS=--cap-lints=warn" "-w" "/opt/rustwide/workdir" "--user" "0:0" "91dc58ce1438d3030fe43eb6c0ce5f2982a1ff46d87b9e33b19f1503d466b964" "/opt/rustwide/cargo-home/bin/cargo" "+1.100.0-beta.1" "test" "--frozen" "--no-run" "--message-format=json", kill_on_drop: false }`
[INFO] [stderr]    Compiling sdd v3.0.10
[INFO] [stderr]    Compiling futures-executor v0.3.32
[INFO] [stderr]    Compiling serial_test_derive v3.4.0
[INFO] [stderr]    Compiling scc v2.4.0
[INFO] [stderr]    Compiling serial_test v3.4.0
[INFO] [stderr]    Compiling wdpkr v0.14.0 (/opt/rustwide/workdir)
[INFO] [stderr]     Finished `test` profile [unoptimized + debuginfo] target(s) in 14.26s
[INFO] [stderr] warning: the following packages contain code that will be rejected by a future version of Rust: redis v1.3.0
[INFO] [stderr] note: to see what the problems were, use the option `--future-incompat-report`, or run `cargo report future-incompatibilities --id 2`
[INFO] running `Command { std: "docker" "inspect" "91dc58ce1438d3030fe43eb6c0ce5f2982a1ff46d87b9e33b19f1503d466b964", kill_on_drop: false }`
[INFO] running `Command { std: "docker" "exec" "-e" "SOURCE_DIR=/opt/rustwide/workdir" "-e" "CARGO_HOME=/opt/rustwide/cargo-home" "-e" "RUSTUP_HOME=/opt/rustwide/rustup-home" "-e" "CARGO_TARGET_DIR=/opt/rustwide/target" "-e" "CARGO_INCREMENTAL=0" "-e" "RUST_BACKTRACE=full" "-e" "RUSTFLAGS=--cap-lints=warn" "-e" "RUSTDOCFLAGS=--cap-lints=warn" "-w" "/opt/rustwide/workdir" "--user" "0:0" "91dc58ce1438d3030fe43eb6c0ce5f2982a1ff46d87b9e33b19f1503d466b964" "/opt/rustwide/cargo-home/bin/cargo" "+1.100.0-beta.1" "test" "--frozen", kill_on_drop: false }`
[INFO] [stderr]     Finished `test` profile [unoptimized + debuginfo] target(s) in 0.44s
[INFO] [stderr] warning: the following packages contain code that will be rejected by a future version of Rust: redis v1.3.0
[INFO] [stderr] note: to see what the problems were, use the option `--future-incompat-report`, or run `cargo report future-incompatibilities --id 2`
[INFO] [stderr]      Running unittests src/lib.rs (/opt/rustwide/target/debug/build/wdpkr/e732e0ed541b4848/out/wdpkr-e732e0ed541b4848)
[INFO] [stdout] 
[INFO] [stdout] running 152 tests
[INFO] [stdout] test cli::decision::tests::decision_namespace_appends_suffix ... ok
[INFO] [stdout] test cli::config::tests::env_overrides_file_api_key ... ok
[INFO] [stdout] test cli::config::tests::set_invalid_value_errors ... ok
[INFO] [stdout] test cli::decision::tests::parse_status_defaults_to_accepted ... ok
[INFO] [stdout] test cli::decision::tests::parse_edit_and_rm_and_list ... ok
[INFO] [stdout] test cli::decision::tests::pull_from_tap_snapshots_items ... ok
[INFO] [stdout] test cli::decision::tests::parse_add_args ... ok
[INFO] [stdout] test cli::delete::tests::other_tap_appends_suffix ... ok
[INFO] [stdout] test cli::config::tests::file_config_save_writes_providers_and_keys ... ok
[INFO] [stdout] test cli::delete::tests::unknown_tap_errors ... ok
[INFO] [stdout] test cli::config::tests::set_unknown_key_errors ... ok
[INFO] [stdout] test cli::delete::tests::no_tap_uses_base_namespace ... ok
[INFO] [stdout] test cli::config::tests::list_shows_backend_settings_but_not_secrets ... ok
[INFO] [stdout] test cli::config::tests::edit_errors_without_config_file ... ok
[INFO] [stdout] test cli::config::tests::set_backend_key_round_trips ... ok
[INFO] [stdout] test cli::init::tests::write_if_missing_creates_file ... ok
[INFO] [stdout] test cli::init::tests::append_section_skips_if_already_present ... ok
[INFO] [stdout] test cli::init::tests::ci_workflow_template_has_cargo_install ... ok
[INFO] [stdout] test cli::init::tests::section_template_contains_marker ... ok
[INFO] [stdout] test cli::reinforce::tests::bare_path_maps_to_base_namespace ... ok
[INFO] [stdout] test cli::reinforce::tests::linear_id_maps_to_linear_namespace ... ok
[INFO] [stdout] test cli::config::tests::set_then_get_round_trips ... ok
[INFO] [stdout] test cli::init::tests::write_if_missing_skips_existing ... ok
[INFO] [stdout] test cli::reinforce::tests::notion_id_maps_to_notion_namespace ... ok
[INFO] [stdout] test cli::search::tests::args_to_params_mapping ... ok
[INFO] [stdout] test cli::search::tests::select_taps_empty_selects_all ... ok
[INFO] [stdout] test cli::search::tests::select_taps_filters_to_named ... ok
[INFO] [stdout] test cli::init::tests::append_section_adds_to_existing_file ... ok
[INFO] [stdout] test cli::init::tests::append_section_works_on_agents_md ... ok
[INFO] [stdout] test cli::search::tests::select_taps_unknown_tap_errors ... ok
[INFO] [stdout] test cli::tests::config_edit_parses ... ok
[INFO] [stdout] test cli::tests::config_get_parses_key ... ok
[INFO] [stdout] test cli::tests::config_get_requires_key ... ok
[INFO] [stdout] test cli::tests::config_init_parses ... ok
[INFO] [stdout] test cli::tests::config_list_parses ... ok
[INFO] [stdout] test cli::tests::config_path_parses ... ok
[INFO] [stdout] test cli::tests::config_set_parses_key_and_value ... ok
[INFO] [stdout] test cli::tests::config_set_requires_key_and_value ... ok
[INFO] [stdout] test cli::tests::index_parses_all_flags ... ok
[INFO] [stdout] test cli::tests::index_parses_repeated_doc ... ok
[INFO] [stdout] test cli::tests::index_parses_tap_flag ... ok
[INFO] [stdout] test cli::tests::index_parses_docstring_flag ... ok
[INFO] [stdout] test cli::tests::init_parses ... ok
[INFO] [stdout] test cli::tests::no_subcommand_errors ... ok
[INFO] [stdout] test cli::tests::index_tap_with_no_value_errors ... ok
[INFO] [stdout] test cli::tests::reinforce_parses_repeated_ids ... ok
[INFO] [stdout] test cli::tests::index_parses_with_defaults ... ok
[INFO] [stdout] test cli::tests::search_parses_all_flags ... ok
[INFO] [stdout] test cli::delete::tests::files_tap_uses_base_namespace ... ok
[INFO] [stdout] test cli::tests::search_provider_alias_still_works ... ok
[INFO] [stdout] test cli::tests::search_parses_repeated_tap ... ok
[INFO] [stdout] test cli::tests::search_parses_with_query_and_defaults ... ok
[INFO] [stdout] test cli::tests::reinforce_requires_an_id ... ok
[INFO] [stdout] test cli::tests::unknown_subcommand_errors ... ok
[INFO] [stdout] test cli::tests::search_tap_defaults_empty ... ok
[INFO] [stdout] test cli::init::tests::wdpkrignore_template_has_lockfiles ... ok
[INFO] [stdout] test cli::tests::search_requires_query ... ok
[INFO] [stdout] test store::nidus::tests::delete_by_file_and_ids ... ok
[INFO] [stdout] test cli::decision::tests::resolve_author_prefers_explicit ... ok
[INFO] [stdout] test store::nidus::tests::metadata_map_empty_is_empty ... ok
[INFO] [stdout] test store::nidus::tests::metadata_map_round_trip ... ok
[INFO] [stdout] test store::nidus::tests::metadata_defaults_then_round_trips ... ok
[INFO] [stdout] test store::nidus::tests::namespace_lifecycle ... ok
[INFO] [stdout] test store::nidus::tests::content_hashes_only_file_chunks ... ok
[INFO] [stdout] test store::nidus::tests::parse_chunk_kind_cases ... ok
[INFO] [stdout] test store::nidus::tests::open_in_memory_succeeds ... ok
[INFO] [stdout] test store::nidus::tests::namespaces_are_isolated ... ok
[INFO] [stdout] test store::nidus::tests::record_round_trip_preserves_fields ... ok
[INFO] [stdout] test store::nidus::tests::provider_name ... ok
[INFO] [stdout] test store::nidus::tests::record_round_trip_preserves_last_used_at ... ok
[INFO] [stdout] test store::nidus::tests::record_round_trip_preserves_none_call_graph ... ok
[INFO] [stdout] test store::nidus::tests::delete_by_glob_returns_count ... ok
[INFO] [stdout] test store::nidus::tests::scope_prefix_matches_regardless_of_case ... ok
[INFO] [stdout] test store::nidus::tests::search_min_score_filters ... ok
[INFO] [stdout] test store::nidus::tests::search_filters_by_prefix_kind_and_language ... ok
[INFO] [stdout] test store::nidus::tests::search_prefix_matches_nested_paths ... ok
[INFO] [stdout] test store::nidus::tests::search_multiple_prefixes_or_semantics ... ok
[INFO] [stdout] test store::nidus::tests::touch_by_file_bumps_last_used_at_without_touching_vectors ... ok
[INFO] [stdout] test store::nidus::tests::touch_by_file_unknown_path_updates_nothing ... ok
[INFO] [stdout] test store::nidus::tests::upsert_is_idempotent_overwrite ... ok
[INFO] [stdout] test store::tests::backends_declare_their_settings ... ok
[INFO] [stdout] test store::tests::build_store_builds_turbopuffer ... ok
[INFO] [stdout] test store::nidus::tests::upsert_then_search_ranks_by_cosine ... ok
[INFO] [stdout] test store::tests::register_backends_registers_both ... ok
[INFO] [stdout] test store::tests::resolve_provider_finds_nidus ... ok
[INFO] [stdout] test store::tests::resolve_provider_finds_turbopuffer ... ok
[INFO] [stdout] test store::turbopuffer::tests::constructs_with_key ... ok
[INFO] [stdout] test store::turbopuffer::tests::cosine_distance_to_similarity_conversion ... ok
[INFO] [stdout] test store::turbopuffer::tests::custom_base_url ... ok
[INFO] [stdout] test store::turbopuffer::tests::dedupe_empty_input ... ok
[INFO] [stdout] test store::turbopuffer::tests::dedupe_keeps_last_occurrence_and_reports_dup ... ok
[INFO] [stdout] test store::turbopuffer::tests::dedupe_multiple_repeats_of_same_id ... ok
[INFO] [stdout] test store::turbopuffer::tests::dedupe_no_duplicates_keeps_all_in_order ... ok
[INFO] [stdout] test store::turbopuffer::tests::dist_to_score_opposite ... ok
[INFO] [stdout] test store::turbopuffer::tests::dist_to_score_orthogonal ... ok
[INFO] [stdout] test store::turbopuffer::tests::dist_to_score_perfect_match ... ok
[INFO] [stdout] test store::turbopuffer::tests::doc_to_row_all_fields_populated ... ok
[INFO] [stdout] test store::turbopuffer::tests::doc_to_row_minimal_fields ... ok
[INFO] [stdout] test store::turbopuffer::tests::filters_all_options_produces_four_conditions ... ok
[INFO] [stdout] test store::turbopuffer::tests::filters_always_exclude_meta_vector ... ok
[INFO] [stdout] test store::turbopuffer::tests::filters_chunk_kind_adds_eq ... ok
[INFO] [stdout] test store::turbopuffer::tests::filters_language_adds_eq ... ok
[INFO] [stdout] test store::turbopuffer::tests::filters_multiple_prefixes_uses_or ... ok
[INFO] [stdout] test store::turbopuffer::tests::filters_no_options_produces_single_filter ... ok
[INFO] [stdout] test store::turbopuffer::tests::filters_single_prefix_uses_case_insensitive_glob ... ok
[INFO] [stdout] test store::turbopuffer::tests::metadata_extra_skips_non_string_values ... ok
[INFO] [stdout] test store::turbopuffer::tests::metadata_filters_reserved_keys ... ok
[INFO] [stdout] test store::turbopuffer::tests::metadata_round_trip_with_extra_fields ... ok
[INFO] [stdout] test store::nidus::tests::provider_validate_requires_path ... ok
[INFO] [stdout] test store::turbopuffer::tests::metadata_with_empty_row_returns_defaults ... ok
[INFO] [stdout] test store::tests::build_store_rejects_unknown_provider ... ok
[INFO] [stdout] test cli::search::tests::resolve_namespace_derives_from_git_when_empty ... FAILED
[INFO] [stdout] test store::turbopuffer::tests::missing_attribute_error_detected ... ok
[INFO] [stdout] test store::nidus::tests::reopen_with_mismatched_dimension_errors ... ok
[INFO] [stdout] test store::turbopuffer::tests::parse_v2_query_response ... ok
[INFO] [stdout] test store::turbopuffer::tests::missing_dist_defaults_to_worst_score ... ok
[INFO] [stdout] test store::turbopuffer::tests::namespace_url ... ok
[INFO] [stdout] test store::turbopuffer::tests::provider_name ... ok
[INFO] [stdout] test store::turbopuffer::tests::provider_validate_without_key ... ok
[INFO] [stdout] test store::turbopuffer::tests::provider_validate_with_key ... ok
[INFO] [stdout] test store::turbopuffer::tests::parse_symbol_query_result ... ok
[INFO] [stdout] test store::turbopuffer::tests::query_request_aggregate_format ... ok
[INFO] [stdout] test store::turbopuffer::tests::query_request_single_filter_no_and_wrapper ... ok
[INFO] [stdout] test store::turbopuffer::tests::query_request_v2_format ... ok
[INFO] [stdout] test store::turbopuffer::tests::requires_api_key ... ok
[INFO] [stdout] test store::turbopuffer::tests::provider_build_succeeds ... ok
[INFO] [stdout] test store::turbopuffer::tests::score_filter_empty_rows_returns_empty ... ok
[INFO] [stdout] test store::turbopuffer::tests::search_result_missing_chunk_kind_defaults_to_file ... ok
[INFO] [stdout] test store::turbopuffer::tests::score_filter_boundary_includes_exact_match ... ok
[INFO] [stdout] test store::turbopuffer::tests::search_result_missing_id_defaults_to_empty ... ok
[INFO] [stdout] test store::turbopuffer::tests::score_filter_excludes_below_threshold ... ok
[INFO] [stdout] test store::turbopuffer::tests::score_filter_passes_all_when_no_min ... ok
[INFO] [stdout] test store::turbopuffer::tests::search_result_missing_optional_fields ... ok
[INFO] [stdout] test store::turbopuffer::tests::upsert_row_with_symbol_fields ... ok
[INFO] [stdout] test store::turbopuffer::tests::write_request_delete_by_filter ... ok
[INFO] [stdout] test store::turbopuffer::tests::unrelated_errors_not_treated_as_missing_attribute ... ok
[INFO] [stdout] test store::turbopuffer::tests::write_request_delete_by_ids ... ok
[INFO] [stdout] test store::turbopuffer::tests::search_result_unknown_chunk_kind_defaults_to_file ... ok
[INFO] [stdout] test store::turbopuffer::tests::upsert_row_serialization ... ok
[INFO] [stdout] test store::turbopuffer::tests::write_request_upsert_format ... ok
[INFO] [stdout] test store::turbopuffer::tests::metadata_to_row_and_back ... ok
[INFO] [stdout] test cli::config::tests::get_returns_default_value ... ok
[INFO] [stdout] test cli::config::tests::api_key_resolves_from_file ... ok
[INFO] [stdout] test cli::search::tests::run_fails_without_store_credentials ... ok
[INFO] [stdout] test cli::config::tests::get_errors_on_unknown_key ... ok
[INFO] [stdout] test config::tests::backend_settings_resolve_because_registration_happened_first ... ok
[INFO] [stdout] test cli::config::tests::list_succeeds_with_defaults ... ok
[INFO] [stdout] test config::tests::explicit_provider_wins_over_the_default ... ok
[INFO] [stdout] test cli::config::tests::path_prints_resolved_path ... ok
[INFO] [stdout] test cli::search::tests::resolve_namespace_from_config ... ok
[INFO] [stdout] test config::tests::empty_env_provider_falls_back_to_the_default ... ok
[INFO] [stdout] test config::tests::provider_defaults_to_turbopuffer ... ok
[INFO] [stdout] 
[INFO] [stdout] failures:
[INFO] [stdout] 
[INFO] [stdout] ---- cli::search::tests::resolve_namespace_derives_from_git_when_empty stdout ----
[INFO] [stdout] 
[INFO] [stdout] thread 'cli::search::tests::resolve_namespace_derives_from_git_when_empty' (2679) panicked at src/cli/search.rs:252:45:
[INFO] [stdout] called `Result::unwrap()` on an `Err` value: git remote get-url origin failed: fatal: not a git repository (or any parent up to mount point /opt/rustwide)
[INFO] [stdout] Stopping at filesystem boundary (GIT_DISCOVERY_ACROSS_FILESYSTEM not set).
[INFO] [stdout] 
[INFO] [stdout] Stack backtrace:
[INFO] [stdout]    0: <anyhow::Error>::msg::<alloc::string::String>
[INFO] [stdout]              at /opt/rustwide/cargo-home/registry/src/index.crates.io-1949cf8c6b5b557f/anyhow-1.0.102/src/backtrace.rs:10:14
[INFO] [stdout]    1: wdpkr_core::indexer::git::git_in
[INFO] [stdout]              at /opt/rustwide/cargo-home/registry/src/index.crates.io-1949cf8c6b5b557f/wdpkr-core-0.2.0/src/indexer/git.rs:20:9
[INFO] [stdout]    2: wdpkr_core::indexer::git::remote_url
[INFO] [stdout]              at /opt/rustwide/cargo-home/registry/src/index.crates.io-1949cf8c6b5b557f/wdpkr-core-0.2.0/src/indexer/git.rs:34:5
[INFO] [stdout]    3: wdpkr_core::indexer::resolve_namespace
[INFO] [stdout]              at /opt/rustwide/cargo-home/registry/src/index.crates.io-1949cf8c6b5b557f/wdpkr-core-0.2.0/src/indexer/mod.rs:436:22
[INFO] [stdout]    4: wdpkr::cli::search::tests::resolve_namespace_derives_from_git_when_empty::{closure#0}
[INFO] [stdout]              at ./src/cli/search.rs:252:18
[INFO] [stdout]    5: <wdpkr::cli::search::tests::resolve_namespace_derives_from_git_when_empty::{closure#0} as core::ops::function::FnOnce<()>>::call_once
[INFO] [stdout]              at /rustc/e3feeb59cd1bdd011a2bfcc0747b55125d9b8527/library/core/src/ops/function.rs:250:5
[INFO] [stdout]    6: serial_test::serial_code_lock::local_serial_core
[INFO] [stdout]              at /opt/rustwide/cargo-home/registry/src/index.crates.io-1949cf8c6b5b557f/serial_test-3.4.0/src/serial_code_lock.rs:36:5
[INFO] [stdout]    7: wdpkr::cli::search::tests::resolve_namespace_derives_from_git_when_empty
[INFO] [stdout]              at ./src/cli/search.rs:248:5
[INFO] [stdout]    8: wdpkr::cli::search::tests::resolve_namespace_derives_from_git_when_empty::{closure#0}
[INFO] [stdout]              at ./src/cli/search.rs:249:55
[INFO] [stdout]    9: <wdpkr::cli::search::tests::resolve_namespace_derives_from_git_when_empty::{closure#0} as core::ops::function::FnOnce<()>>::call_once
[INFO] [stdout]              at /rustc/e3feeb59cd1bdd011a2bfcc0747b55125d9b8527/library/core/src/ops/function.rs:250:5
[INFO] [stdout]   10: <fn() -> core::result::Result<(), alloc::string::String> as core::ops::function::FnOnce<()>>::call_once
[INFO] [stdout]              at /rustc/e3feeb59cd1bdd011a2bfcc0747b55125d9b8527/library/core/src/ops/function.rs:250:5
[INFO] [stdout]   11: test::__rust_begin_short_backtrace::<core::result::Result<(), alloc::string::String>, fn() -> core::result::Result<(), alloc::string::String>>
[INFO] [stdout]              at /rustc/e3feeb59cd1bdd011a2bfcc0747b55125d9b8527/library/test/src/lib.rs:701:18
[INFO] [stdout]   12: test::run_test_in_process::{closure#0}
[INFO] [stdout]              at /rustc/e3feeb59cd1bdd011a2bfcc0747b55125d9b8527/library/test/src/lib.rs:724:74
[INFO] [stdout]   13: <core::panic::unwind_safe::AssertUnwindSafe<test::run_test_in_process::{closure#0}> as core::ops::function::FnOnce<()>>::call_once
[INFO] [stdout]              at /rustc/e3feeb59cd1bdd011a2bfcc0747b55125d9b8527/library/core/src/panic/unwind_safe.rs:275:9
[INFO] [stdout]   14: std::panicking::catch_unwind::do_call::<core::panic::unwind_safe::AssertUnwindSafe<test::run_test_in_process::{closure#0}>, core::result::Result<(), alloc::string::String>>
[INFO] [stdout]              at /rustc/e3feeb59cd1bdd011a2bfcc0747b55125d9b8527/library/std/src/panicking.rs:573:43
[INFO] [stdout]   15: std::panicking::catch_unwind::<core::result::Result<(), alloc::string::String>, core::panic::unwind_safe::AssertUnwindSafe<test::run_test_in_process::{closure#0}>>
[INFO] [stdout]              at /rustc/e3feeb59cd1bdd011a2bfcc0747b55125d9b8527/library/std/src/panicking.rs:541:19
[INFO] [stdout]   16: std::panic::catch_unwind::<core::panic::unwind_safe::AssertUnwindSafe<test::run_test_in_process::{closure#0}>, core::result::Result<(), alloc::string::String>>
[INFO] [stdout]              at /rustc/e3feeb59cd1bdd011a2bfcc0747b55125d9b8527/library/std/src/panic.rs:359:14
[INFO] [stdout]   17: test::run_test_in_process
[INFO] [stdout]              at /rustc/e3feeb59cd1bdd011a2bfcc0747b55125d9b8527/library/test/src/lib.rs:724:27
[INFO] [stdout]   18: test::run_test::{closure#0}
[INFO] [stdout]              at /rustc/e3feeb59cd1bdd011a2bfcc0747b55125d9b8527/library/test/src/lib.rs:645:43
[INFO] [stdout]   19: test::run_test::{closure#1}
[INFO] [stdout]              at /rustc/e3feeb59cd1bdd011a2bfcc0747b55125d9b8527/library/test/src/lib.rs:675:41
[INFO] [stdout]   20: std::sys::backtrace::__rust_begin_short_backtrace::<test::run_test::{closure#1}, ()>
[INFO] [stdout]              at /rustc/e3feeb59cd1bdd011a2bfcc0747b55125d9b8527/library/std/src/sys/backtrace.rs:166:18
[INFO] [stdout]   21: std::thread::lifecycle::spawn_unchecked::<test::run_test::{closure#1}, ()>::{closure#1}::{closure#0}
[INFO] [stdout]              at /rustc/e3feeb59cd1bdd011a2bfcc0747b55125d9b8527/library/std/src/thread/lifecycle.rs:70:13
[INFO] [stdout]   22: <core::panic::unwind_safe::AssertUnwindSafe<std::thread::lifecycle::spawn_unchecked<test::run_test::{closure#1}, ()>::{closure#1}::{closure#0}> as core::ops::function::FnOnce<()>>::call_once
[INFO] [stdout]              at /rustc/e3feeb59cd1bdd011a2bfcc0747b55125d9b8527/library/core/src/panic/unwind_safe.rs:275:9
[INFO] [stdout]   23: std::panicking::catch_unwind::do_call::<core::panic::unwind_safe::AssertUnwindSafe<std::thread::lifecycle::spawn_unchecked<test::run_test::{closure#1}, ()>::{closure#1}::{closure#0}>, ()>
[INFO] [stdout]              at /rustc/e3feeb59cd1bdd011a2bfcc0747b55125d9b8527/library/std/src/panicking.rs:573:43
[INFO] [stdout]   24: std::panicking::catch_unwind::<(), core::panic::unwind_safe::AssertUnwindSafe<std::thread::lifecycle::spawn_unchecked<test::run_test::{closure#1}, ()>::{closure#1}::{closure#0}>>
[INFO] [stdout]              at /rustc/e3feeb59cd1bdd011a2bfcc0747b55125d9b8527/library/std/src/panicking.rs:541:19
[INFO] [stdout]   25: std::panic::catch_unwind::<core::panic::unwind_safe::AssertUnwindSafe<std::thread::lifecycle::spawn_unchecked<test::run_test::{closure#1}, ()>::{closure#1}::{closure#0}>, ()>
[INFO] [stdout]              at /rustc/e3feeb59cd1bdd011a2bfcc0747b55125d9b8527/library/std/src/panic.rs:359:14
[INFO] [stdout]   26: std::thread::lifecycle::spawn_unchecked::<test::run_test::{closure#1}, ()>::{closure#1}
[INFO] [stdout]              at /rustc/e3feeb59cd1bdd011a2bfcc0747b55125d9b8527/library/std/src/thread/lifecycle.rs:68:26
[INFO] [stdout]   27: <std::thread::lifecycle::spawn_unchecked<test::run_test::{closure#1}, ()>::{closure#1} as core::ops::function::FnOnce<()>>::call_once::{shim:vtable#0}
[INFO] [stdout]              at /rustc/e3feeb59cd1bdd011a2bfcc0747b55125d9b8527/library/core/src/ops/function.rs:250:5
[INFO] [stdout]   28: <alloc::boxed::Box<dyn core::ops::function::FnOnce<(), Output = ()> + core::marker::Send> as core::ops::function::FnOnce<()>>::call_once
[INFO] [stdout]              at /rustc/e3feeb59cd1bdd011a2bfcc0747b55125d9b8527/library/alloc/src/boxed.rs:2314:9
[INFO] [stdout]   29: <std::sys::thread::unix::Thread>::new::thread_start
[INFO] [stdout]              at /rustc/e3feeb59cd1bdd011a2bfcc0747b55125d9b8527/library/std/src/sys/thread/unix.rs:127:17
[INFO] [stdout]   30: <unknown>
[INFO] [stdout]   31: clone
[INFO] [stdout] stack backtrace:
[INFO] [stdout]    0:     0x644569a71801 - std[617be2ca0a6fd877]::backtrace_rs::backtrace::libunwind::trace
[INFO] [stdout]                                at /rustc/e3feeb59cd1bdd011a2bfcc0747b55125d9b8527/library/std/src/../../backtrace/src/backtrace/libunwind.rs:117:9
[INFO] [stdout]    1:     0x644569a71801 - std[617be2ca0a6fd877]::backtrace_rs::backtrace::trace_unsynchronized::<std[617be2ca0a6fd877]::sys::backtrace::_print_fmt::{closure#1}>
[INFO] [stdout]                                at /rustc/e3feeb59cd1bdd011a2bfcc0747b55125d9b8527/library/std/src/../../backtrace/src/backtrace/mod.rs:66:14
[INFO] [stdout]    2:     0x644569a71801 - std[617be2ca0a6fd877]::sys::backtrace::_print_fmt
[INFO] [stdout]                                at /rustc/e3feeb59cd1bdd011a2bfcc0747b55125d9b8527/library/std/src/sys/backtrace.rs:74:9
[INFO] [stdout]    3:     0x644569a71801 - <<std[617be2ca0a6fd877]::sys::backtrace::BacktraceLock>::print::DisplayBacktrace as core[a373ad73a504971]::fmt::Display>::fmt
[INFO] [stdout]                                at /rustc/e3feeb59cd1bdd011a2bfcc0747b55125d9b8527/library/std/src/sys/backtrace.rs:44:26
[INFO] [stdout]    4:     0x644569a8b97a - <core[a373ad73a504971]::fmt::rt::Argument>::fmt
[INFO] [stdout]                                at /rustc/e3feeb59cd1bdd011a2bfcc0747b55125d9b8527/library/core/src/fmt/rt.rs:152:76
[INFO] [stdout]    5:     0x644569a8b97a - core[a373ad73a504971]::fmt::write
[INFO] [stdout]    6:     0x644569a771dc - core[a373ad73a504971]::io::write::default_write_fmt::<alloc[2e1b2a31b91974c5]::vec::Vec<u8>>
[INFO] [stdout]                                at /rustc/e3feeb59cd1bdd011a2bfcc0747b55125d9b8527/library/core/src/io/write.rs:402:11
[INFO] [stdout]    7:     0x644569a771dc - <alloc[2e1b2a31b91974c5]::vec::Vec<u8> as core[a373ad73a504971]::io::write::Write>::write_fmt
[INFO] [stdout]                                at /rustc/e3feeb59cd1bdd011a2bfcc0747b55125d9b8527/library/core/src/io/write.rs:335:13
[INFO] [stdout]    8:     0x644569a482b6 - <std[617be2ca0a6fd877]::sys::backtrace::BacktraceLock>::print
[INFO] [stdout]                                at /rustc/e3feeb59cd1bdd011a2bfcc0747b55125d9b8527/library/std/src/sys/backtrace.rs:47:9
[INFO] [stdout]    9:     0x644569a482b6 - std[617be2ca0a6fd877]::panicking::default_hook::{closure#0}
[INFO] [stdout]                                at /rustc/e3feeb59cd1bdd011a2bfcc0747b55125d9b8527/library/std/src/panicking.rs:289:27
[INFO] [stdout]   10:     0x644569a67d49 - std[617be2ca0a6fd877]::panicking::default_hook
[INFO] [stdout]                                at /rustc/e3feeb59cd1bdd011a2bfcc0747b55125d9b8527/library/std/src/panicking.rs:313:9
[INFO] [stdout]   11:     0x6445689e2ff0 - <alloc[2e1b2a31b91974c5]::boxed::Box<dyn for<'a, 'b> core[a373ad73a504971]::ops::function::Fn<(&'a std[617be2ca0a6fd877]::panic::PanicHookInfo<'b>,), Output = ()> + core[a373ad73a504971]::marker::Sync + core[a373ad73a504971]::marker::Send> as core[a373ad73a504971]::ops::function::Fn<(&std[617be2ca0a6fd877]::panic::PanicHookInfo,)>>::call
[INFO] [stdout]                                at /rustc/e3feeb59cd1bdd011a2bfcc0747b55125d9b8527/library/alloc/src/boxed.rs:2328:9
[INFO] [stdout]   12:     0x6445689e2ff0 - test[aada8e7e76ba119b]::test_main_inner::{closure#0}
[INFO] [stdout]                                at /rustc/e3feeb59cd1bdd011a2bfcc0747b55125d9b8527/library/test/src/lib.rs:137:21
[INFO] [stdout]   13:     0x644569a68072 - <alloc[2e1b2a31b91974c5]::boxed::Box<dyn for<'a, 'b> core[a373ad73a504971]::ops::function::Fn<(&'a std[617be2ca0a6fd877]::panic::PanicHookInfo<'b>,), Output = ()> + core[a373ad73a504971]::marker::Sync + core[a373ad73a504971]::marker::Send> as core[a373ad73a504971]::ops::function::Fn<(&std[617be2ca0a6fd877]::panic::PanicHookInfo,)>>::call
[INFO] [stdout]                                at /rustc/e3feeb59cd1bdd011a2bfcc0747b55125d9b8527/library/alloc/src/boxed.rs:2328:9
[INFO] [stdout]   14:     0x644569a68072 - std[617be2ca0a6fd877]::panicking::panic_with_hook
[INFO] [stdout]                                at /rustc/e3feeb59cd1bdd011a2bfcc0747b55125d9b8527/library/std/src/panicking.rs:819:13
[INFO] [stdout]   15:     0x644569a48362 - std[617be2ca0a6fd877]::panicking::panic_handler::{closure#0}
[INFO] [stdout]                                at /rustc/e3feeb59cd1bdd011a2bfcc0747b55125d9b8527/library/std/src/panicking.rs:685:13
[INFO] [stdout]   16:     0x644569a40449 - std[617be2ca0a6fd877]::sys::backtrace::__rust_end_short_backtrace::<std[617be2ca0a6fd877]::panicking::panic_handler::{closure#0}, !>
[INFO] [stdout]                                at /rustc/e3feeb59cd1bdd011a2bfcc0747b55125d9b8527/library/std/src/sys/backtrace.rs:182:18
[INFO] [stdout]   17:     0x644569a496bd - __rustc[ea4f61d10b84890b]::rust_begin_unwind
[INFO] [stdout]                                at /rustc/e3feeb59cd1bdd011a2bfcc0747b55125d9b8527/library/std/src/panicking.rs:676:5
[INFO] [stdout]   18:     0x644569a8c24c - core[a373ad73a504971]::panicking::panic_fmt
[INFO] [stdout]                                at /rustc/e3feeb59cd1bdd011a2bfcc0747b55125d9b8527/library/core/src/panicking.rs:80:14
[INFO] [stdout]   19:     0x644569a8bf72 - core[a373ad73a504971]::result::unwrap_failed
[INFO] [stdout]                                at /rustc/e3feeb59cd1bdd011a2bfcc0747b55125d9b8527/library/core/src/result.rs:1870:5
[INFO] [stdout]   20:     0x644568936553 - <core[a373ad73a504971]::result::Result<wdpkr_core[97741fc823195db4]::store::Namespace, anyhow[b780eabbadaab445]::Error>>::unwrap
[INFO] [stdout]                                at /rustc/e3feeb59cd1bdd011a2bfcc0747b55125d9b8527/library/core/src/result.rs:1232:23
[INFO] [stdout]   21:     0x644568936553 - wdpkr[ff46a24482d0a25f]::cli::search::tests::resolve_namespace_derives_from_git_when_empty::{closure#0}
[INFO] [stdout]                                at /opt/rustwide/workdir/src/cli/search.rs:252:45
[INFO] [stdout]   22:     0x64456888dffb - <wdpkr[ff46a24482d0a25f]::cli::search::tests::resolve_namespace_derives_from_git_when_empty::{closure#0} as core[a373ad73a504971]::ops::function::FnOnce<()>>::call_once
[INFO] [stdout]                                at /rustc/e3feeb59cd1bdd011a2bfcc0747b55125d9b8527/library/core/src/ops/function.rs:250:5
[INFO] [stdout]   23:     0x644568fb70de - serial_test[e23a38f9a1efaa61]::serial_code_lock::local_serial_core
[INFO] [stdout]                                at /opt/rustwide/cargo-home/registry/src/index.crates.io-1949cf8c6b5b557f/serial_test-3.4.0/src/serial_code_lock.rs:36:5
[INFO] [stdout]   24:     0x64456893d104 - wdpkr[ff46a24482d0a25f]::cli::search::tests::resolve_namespace_derives_from_git_when_empty
[INFO] [stdout]                                at /opt/rustwide/workdir/src/cli/search.rs:248:5
[INFO] [stdout]   25:     0x644568935e97 - wdpkr[ff46a24482d0a25f]::cli::search::tests::resolve_namespace_derives_from_git_when_empty::{closure#0}
[INFO] [stdout]                                at /opt/rustwide/workdir/src/cli/search.rs:249:55
[INFO] [stdout]   26:     0x64456888dfc6 - <wdpkr[ff46a24482d0a25f]::cli::search::tests::resolve_namespace_derives_from_git_when_empty::{closure#0} as core[a373ad73a504971]::ops::function::FnOnce<()>>::call_once
[INFO] [stdout]                                at /rustc/e3feeb59cd1bdd011a2bfcc0747b55125d9b8527/library/core/src/ops/function.rs:250:5
[INFO] [stdout]   27:     0x6445689d643b - <fn() -> core[a373ad73a504971]::result::Result<(), alloc[2e1b2a31b91974c5]::string::String> as core[a373ad73a504971]::ops::function::FnOnce<()>>::call_once
[INFO] [stdout]                                at /rustc/e3feeb59cd1bdd011a2bfcc0747b55125d9b8527/library/core/src/ops/function.rs:250:5
[INFO] [stdout]   28:     0x6445689d643b - test[aada8e7e76ba119b]::__rust_begin_short_backtrace::<core[a373ad73a504971]::result::Result<(), alloc[2e1b2a31b91974c5]::string::String>, fn() -> core[a373ad73a504971]::result::Result<(), alloc[2e1b2a31b91974c5]::string::String>>
[INFO] [stdout]                                at /rustc/e3feeb59cd1bdd011a2bfcc0747b55125d9b8527/library/test/src/lib.rs:701:18
[INFO] [stdout]   29:     0x6445689e3615 - test[aada8e7e76ba119b]::run_test_in_process::{closure#0}
[INFO] [stdout]                                at /rustc/e3feeb59cd1bdd011a2bfcc0747b55125d9b8527/library/test/src/lib.rs:724:74
[INFO] [stdout]   30:     0x6445689e3615 - <core[a373ad73a504971]::panic::unwind_safe::AssertUnwindSafe<test[aada8e7e76ba119b]::run_test_in_process::{closure#0}> as core[a373ad73a504971]::ops::function::FnOnce<()>>::call_once
[INFO] [stdout]                                at /rustc/e3feeb59cd1bdd011a2bfcc0747b55125d9b8527/library/core/src/panic/unwind_safe.rs:275:9
[INFO] [stdout]   31:     0x6445689e3615 - std[617be2ca0a6fd877]::panicking::catch_unwind::do_call::<core[a373ad73a504971]::panic::unwind_safe::AssertUnwindSafe<test[aada8e7e76ba119b]::run_test_in_process::{closure#0}>, core[a373ad73a504971]::result::Result<(), alloc[2e1b2a31b91974c5]::string::String>>
[INFO] [stdout]                                at /rustc/e3feeb59cd1bdd011a2bfcc0747b55125d9b8527/library/std/src/panicking.rs:573:43
[INFO] [stdout]   32:     0x6445689e3615 - std[617be2ca0a6fd877]::panicking::catch_unwind::<core[a373ad73a504971]::result::Result<(), alloc[2e1b2a31b91974c5]::string::String>, core[a373ad73a504971]::panic::unwind_safe::AssertUnwindSafe<test[aada8e7e76ba119b]::run_test_in_process::{closure#0}>>
[INFO] [stdout]                                at /rustc/e3feeb59cd1bdd011a2bfcc0747b55125d9b8527/library/std/src/panicking.rs:541:19
[INFO] [stdout]   33:     0x6445689e3615 - std[617be2ca0a6fd877]::panic::catch_unwind::<core[a373ad73a504971]::panic::unwind_safe::AssertUnwindSafe<test[aada8e7e76ba119b]::run_test_in_process::{closure#0}>, core[a373ad73a504971]::result::Result<(), alloc[2e1b2a31b91974c5]::string::String>>
[INFO] [stdout]                                at /rustc/e3feeb59cd1bdd011a2bfcc0747b55125d9b8527/library/std/src/panic.rs:359:14
[INFO] [stdout]   34:     0x6445689e3615 - test[aada8e7e76ba119b]::run_test_in_process
[INFO] [stdout]                                at /rustc/e3feeb59cd1bdd011a2bfcc0747b55125d9b8527/library/test/src/lib.rs:724:27
[INFO] [stdout]   35:     0x6445689e3615 - test[aada8e7e76ba119b]::run_test::{closure#0}
[INFO] [stdout]                                at /rustc/e3feeb59cd1bdd011a2bfcc0747b55125d9b8527/library/test/src/lib.rs:645:43
[INFO] [stdout]   36:     0x6445689dcf04 - test[aada8e7e76ba119b]::run_test::{closure#1}
[INFO] [stdout]                                at /rustc/e3feeb59cd1bdd011a2bfcc0747b55125d9b8527/library/test/src/lib.rs:675:41
[INFO] [stdout]   37:     0x6445689dcf04 - std[617be2ca0a6fd877]::sys::backtrace::__rust_begin_short_backtrace::<test[aada8e7e76ba119b]::run_test::{closure#1}, ()>
[INFO] [stdout]                                at /rustc/e3feeb59cd1bdd011a2bfcc0747b55125d9b8527/library/std/src/sys/backtrace.rs:166:18
[INFO] [stdout]   38:     0x6445689e66a2 - std[617be2ca0a6fd877]::thread::lifecycle::spawn_unchecked::<test[aada8e7e76ba119b]::run_test::{closure#1}, ()>::{closure#1}::{closure#0}
[INFO] [stdout]                                at /rustc/e3feeb59cd1bdd011a2bfcc0747b55125d9b8527/library/std/src/thread/lifecycle.rs:70:13
[INFO] [stdout]   39:     0x6445689e66a2 - <core[a373ad73a504971]::panic::unwind_safe::AssertUnwindSafe<std[617be2ca0a6fd877]::thread::lifecycle::spawn_unchecked<test[aada8e7e76ba119b]::run_test::{closure#1}, ()>::{closure#1}::{closure#0}> as core[a373ad73a504971]::ops::function::FnOnce<()>>::call_once
[INFO] [stdout]                                at /rustc/e3feeb59cd1bdd011a2bfcc0747b55125d9b8527/library/core/src/panic/unwind_safe.rs:275:9
[INFO] [stdout]   40:     0x6445689e66a2 - std[617be2ca0a6fd877]::panicking::catch_unwind::do_call::<core[a373ad73a504971]::panic::unwind_safe::AssertUnwindSafe<std[617be2ca0a6fd877]::thread::lifecycle::spawn_unchecked<test[aada8e7e76ba119b]::run_test::{closure#1}, ()>::{closure#1}::{closure#0}>, ()>
[INFO] [stdout]                                at /rustc/e3feeb59cd1bdd011a2bfcc0747b55125d9b8527/library/std/src/panicking.rs:573:43
[INFO] [stdout]   41:     0x6445689e66a2 - std[617be2ca0a6fd877]::panicking::catch_unwind::<(), core[a373ad73a504971]::panic::unwind_safe::AssertUnwindSafe<std[617be2ca0a6fd877]::thread::lifecycle::spawn_unchecked<test[aada8e7e76ba119b]::run_test::{closure#1}, ()>::{closure#1}::{closure#0}>>
[INFO] [stdout]                                at /rustc/e3feeb59cd1bdd011a2bfcc0747b55125d9b8527/library/std/src/panicking.rs:541:19
[INFO] [stdout]   42:     0x6445689e66a2 - std[617be2ca0a6fd877]::panic::catch_unwind::<core[a373ad73a504971]::panic::unwind_safe::AssertUnwindSafe<std[617be2ca0a6fd877]::thread::lifecycle::spawn_unchecked<test[aada8e7e76ba119b]::run_test::{closure#1}, ()>::{closure#1}::{closure#0}>, ()>
[INFO] [stdout]                                at /rustc/e3feeb59cd1bdd011a2bfcc0747b55125d9b8527/library/std/src/panic.rs:359:14
[INFO] [stdout]   43:     0x6445689e66a2 - std[617be2ca0a6fd877]::thread::lifecycle::spawn_unchecked::<test[aada8e7e76ba119b]::run_test::{closure#1}, ()>::{closure#1}
[INFO] [stdout]                                at /rustc/e3feeb59cd1bdd011a2bfcc0747b55125d9b8527/library/std/src/thread/lifecycle.rs:68:26
[INFO] [stdout]   44:     0x6445689e66a2 - <std[617be2ca0a6fd877]::thread::lifecycle::spawn_unchecked<test[aada8e7e76ba119b]::run_test::{closure#1}, ()>::{closure#1} as core[a373ad73a504971]::ops::function::FnOnce<()>>::call_once::{shim:vtable#0}
[INFO] [stdout]                                at /rustc/e3feeb59cd1bdd011a2bfcc0747b55125d9b8527/library/core/src/ops/function.rs:250:5
[INFO] [stdout]   45:     0x644569a702af - <alloc[2e1b2a31b91974c5]::boxed::Box<dyn core[a373ad73a504971]::ops::function::FnOnce<(), Output = ()> + core[a373ad73a504971]::marker::Send> as core[a373ad73a504971]::ops::function::FnOnce<()>>::call_once
[INFO] [stdout]                                at /rustc/e3feeb59cd1bdd011a2bfcc0747b55125d9b8527/library/alloc/src/boxed.rs:2314:9
[INFO] [stdout]   46:     0x644569a702af - <std[617be2ca0a6fd877]::sys::thread::unix::Thread>::new::thread_start
[INFO] [stdout]                                at /rustc/e3feeb59cd1bdd011a2bfcc0747b55125d9b8527/library/std/src/sys/thread/unix.rs:127:17
[INFO] [stdout]   47:     0x717bdc49fdfa - <unknown>
[INFO] [stdout]   48:     0x717bdc5333d4 - clone
[INFO] [stdout]   49:                0x0 - <unknown>
[INFO] [stdout] 
[INFO] [stdout] 
[INFO] [stdout] failures:
[INFO] [stdout]     cli::search::tests::resolve_namespace_derives_from_git_when_empty
[INFO] [stdout] 
[INFO] [stdout] test result: FAILED. 151 passed; 1 failed; 0 ignored; 0 measured; 0 filtered out; finished in 1.04s
[INFO] [stdout] 
[INFO] [stderr] error: test failed, to rerun pass `--lib`
[INFO] running `Command { std: "docker" "inspect" "91dc58ce1438d3030fe43eb6c0ce5f2982a1ff46d87b9e33b19f1503d466b964", kill_on_drop: false }`
[INFO] running `Command { std: "docker" "rm" "-f" "91dc58ce1438d3030fe43eb6c0ce5f2982a1ff46d87b9e33b19f1503d466b964", kill_on_drop: false }`
[INFO] [stdout] 91dc58ce1438d3030fe43eb6c0ce5f2982a1ff46d87b9e33b19f1503d466b964
