[INFO] fetching crate wbvector 0.1.6...
[INFO] testing wbvector-0.1.6 against 1.100.0-beta.1 for beta-1.100-2
[INFO] extracting crate wbvector 0.1.6 into /workspace/builds/worker-3-tc2/source
[INFO] started tweaking crates.io crate wbvector 0.1.6
[INFO] removed 0 missing examples
[INFO] finished tweaking crates.io crate wbvector 0.1.6
[INFO] tweaked toml for crates.io crate wbvector 0.1.6 written to /workspace/builds/worker-3-tc2/source/Cargo.toml
[INFO] validating manifest of crates.io crate wbvector 0.1.6 on toolchain 1.100.0-beta.1
[INFO] running `Command { std: CARGO_HOME="/workspace/cargo-home" RUSTUP_HOME="/workspace/rustup-home" "/workspace/cargo-home/bin/cargo" "+1.100.0-beta.1" "metadata" "--manifest-path" "Cargo.toml" "--no-deps", kill_on_drop: false }`
[INFO] crate crates.io crate wbvector 0.1.6 already has a lockfile, it will not be regenerated
[INFO] running `Command { std: CARGO_HOME="/workspace/cargo-home" RUSTUP_HOME="/workspace/rustup-home" "/workspace/cargo-home/bin/cargo" "+1.100.0-beta.1" "fetch" "--manifest-path" "Cargo.toml", kill_on_drop: false }`
[INFO] [stderr] warning: `package.homepage` is redundant with `package.repository`
[INFO] [stderr]    --> Cargo.toml:113:12
[INFO] [stderr]     |
[INFO] [stderr] 113 | homepage = "https://github.com/jblindsay/whitebox_next_gen"
[INFO] [stderr]     |            ^^^^^^^^^^^^^^^^^^^^^^^^^^^^^^^^^^^^^^^^^^^^^^^^
[INFO] [stderr] ...
[INFO] [stderr] 118 | repository = "https://github.com/jblindsay/whitebox_next_gen"
[INFO] [stderr]     |              ------------------------------------------------
[INFO] [stderr]     |
[INFO] [stderr]     = note: `cargo::redundant_homepage` is set to `warn` by default
[INFO] [stderr] help: consider removing `package.homepage`
[INFO] [stderr] warning: `wbvector` (manifest) generated 1 warning
[INFO] running `Command { std: "docker" "create" "-v" "/var/lib/crater-agent-workspace/builds/worker-3-tc2/source:/opt/rustwide/workdir:ro,Z" "-v" "/var/lib/crater-agent-workspace/builds/worker-3-tc2/target:/opt/rustwide/target:rw,Z" "-v" "/var/lib/crater-agent-workspace/cargo-home:/opt/rustwide/cargo-home:ro,Z" "-v" "/var/lib/crater-agent-workspace/rustup-home:/opt/rustwide/rustup-home:ro,Z" "-m" "1610612736" "--network" "none" "ghcr.io/rust-lang/crates-build-env/linux@sha256:3111399a4047eeb3a02b7a90e478d715f38a8c6669b5c4b49d30a17385265909" "sleep" "infinity", kill_on_drop: false }`
[INFO] [stdout] 245bc40ade285c4b2f6bb57d115ed205182756f3a66f0e8de3b5ef0328a27f73
[INFO] running `Command { std: "docker" "start" "245bc40ade285c4b2f6bb57d115ed205182756f3a66f0e8de3b5ef0328a27f73", kill_on_drop: false }`
[INFO] running `Command { std: "docker" "inspect" "245bc40ade285c4b2f6bb57d115ed205182756f3a66f0e8de3b5ef0328a27f73", kill_on_drop: false }`
[INFO] running `Command { std: "docker" "exec" "-e" "SOURCE_DIR=/opt/rustwide/workdir" "-e" "CARGO_HOME=/opt/rustwide/cargo-home" "-e" "RUSTUP_HOME=/opt/rustwide/rustup-home" "-e" "CARGO_TARGET_DIR=/opt/rustwide/target" "-w" "/opt/rustwide/workdir" "--user" "0:0" "245bc40ade285c4b2f6bb57d115ed205182756f3a66f0e8de3b5ef0328a27f73" "/opt/rustwide/cargo-home/bin/cargo" "+1.100.0-beta.1" "metadata" "--no-deps" "--format-version=1", kill_on_drop: false }`
[INFO] running `Command { std: "docker" "inspect" "245bc40ade285c4b2f6bb57d115ed205182756f3a66f0e8de3b5ef0328a27f73", kill_on_drop: false }`
[INFO] running `Command { std: "docker" "exec" "-e" "SOURCE_DIR=/opt/rustwide/workdir" "-e" "CARGO_HOME=/opt/rustwide/cargo-home" "-e" "RUSTUP_HOME=/opt/rustwide/rustup-home" "-e" "CARGO_TARGET_DIR=/opt/rustwide/target" "-e" "CARGO_INCREMENTAL=0" "-e" "RUST_BACKTRACE=full" "-e" "RUSTFLAGS=--cap-lints=warn" "-e" "RUSTDOCFLAGS=--cap-lints=warn" "-w" "/opt/rustwide/workdir" "--user" "0:0" "245bc40ade285c4b2f6bb57d115ed205182756f3a66f0e8de3b5ef0328a27f73" "/opt/rustwide/cargo-home/bin/cargo" "+1.100.0-beta.1" "build" "--frozen" "--message-format=json", kill_on_drop: false }`
[INFO] [stderr] warning: `package.homepage` is redundant with `package.repository`
[INFO] [stderr]    --> Cargo.toml:113:12
[INFO] [stderr]     |
[INFO] [stderr] 113 | homepage = "https://github.com/jblindsay/whitebox_next_gen"
[INFO] [stderr]     |            ^^^^^^^^^^^^^^^^^^^^^^^^^^^^^^^^^^^^^^^^^^^^^^^^
[INFO] [stderr] ...
[INFO] [stderr] 118 | repository = "https://github.com/jblindsay/whitebox_next_gen"
[INFO] [stderr]     |              ------------------------------------------------
[INFO] [stderr]     |
[INFO] [stderr]     = note: `cargo::redundant_homepage` is set to `warn` by default
[INFO] [stderr] help: consider removing `package.homepage`
[INFO] [stderr] warning: `wbvector` (manifest) generated 1 warning
[INFO] [stderr]    Compiling crossbeam-utils v0.8.21
[INFO] [stderr]    Compiling bytemuck v1.25.0
[INFO] [stderr]    Compiling either v1.15.0
[INFO] [stderr]    Compiling flatbuffers v24.12.23
[INFO] [stderr]    Compiling thiserror-impl v1.0.69
[INFO] [stderr]    Compiling safe_arch v1.0.0
[INFO] [stderr]    Compiling wide v1.3.0
[INFO] [stderr]    Compiling crossbeam-epoch v0.9.18
[INFO] [stderr]    Compiling thiserror v1.0.69
[INFO] [stderr]    Compiling crossbeam-deque v0.8.6
[INFO] [stderr]    Compiling rayon-core v1.13.0
[INFO] [stderr]    Compiling rayon v1.12.0
[INFO] [stderr]    Compiling wbprojection v0.3.2
[INFO] [stderr]    Compiling wbvector v0.1.6 (/opt/rustwide/workdir)
[INFO] [stderr]     Finished `dev` profile [unoptimized + debuginfo] target(s) in 16.31s
[INFO] running `Command { std: "docker" "inspect" "245bc40ade285c4b2f6bb57d115ed205182756f3a66f0e8de3b5ef0328a27f73", kill_on_drop: false }`
[INFO] running `Command { std: "docker" "exec" "-e" "SOURCE_DIR=/opt/rustwide/workdir" "-e" "CARGO_HOME=/opt/rustwide/cargo-home" "-e" "RUSTUP_HOME=/opt/rustwide/rustup-home" "-e" "CARGO_TARGET_DIR=/opt/rustwide/target" "-e" "CARGO_INCREMENTAL=0" "-e" "RUST_BACKTRACE=full" "-e" "RUSTFLAGS=--cap-lints=warn" "-e" "RUSTDOCFLAGS=--cap-lints=warn" "-w" "/opt/rustwide/workdir" "--user" "0:0" "245bc40ade285c4b2f6bb57d115ed205182756f3a66f0e8de3b5ef0328a27f73" "/opt/rustwide/cargo-home/bin/cargo" "+1.100.0-beta.1" "test" "--frozen" "--no-run" "--message-format=json", kill_on_drop: false }`
[INFO] [stderr] warning: `package.homepage` is redundant with `package.repository`
[INFO] [stderr]    --> Cargo.toml:113:12
[INFO] [stderr]     |
[INFO] [stderr] 113 | homepage = "https://github.com/jblindsay/whitebox_next_gen"
[INFO] [stderr]     |            ^^^^^^^^^^^^^^^^^^^^^^^^^^^^^^^^^^^^^^^^^^^^^^^^
[INFO] [stderr] ...
[INFO] [stderr] 118 | repository = "https://github.com/jblindsay/whitebox_next_gen"
[INFO] [stderr]     |              ------------------------------------------------
[INFO] [stderr]     |
[INFO] [stderr]     = note: `cargo::redundant_homepage` is set to `warn` by default
[INFO] [stderr] help: consider removing `package.homepage`
[INFO] [stderr] warning: `wbvector` (manifest) generated 1 warning
[INFO] [stderr]    Compiling libc v0.2.184
[INFO] [stderr]    Compiling once_cell v1.21.4
[INFO] [stderr]    Compiling getrandom v0.4.2
[INFO] [stderr]    Compiling tempfile v3.27.0
[INFO] [stderr]    Compiling wbvector v0.1.6 (/opt/rustwide/workdir)
[INFO] [stderr]     Finished `test` profile [unoptimized + debuginfo] target(s) in 8.89s
[INFO] running `Command { std: "docker" "inspect" "245bc40ade285c4b2f6bb57d115ed205182756f3a66f0e8de3b5ef0328a27f73", kill_on_drop: false }`
[INFO] running `Command { std: "docker" "exec" "-e" "SOURCE_DIR=/opt/rustwide/workdir" "-e" "CARGO_HOME=/opt/rustwide/cargo-home" "-e" "RUSTUP_HOME=/opt/rustwide/rustup-home" "-e" "CARGO_TARGET_DIR=/opt/rustwide/target" "-e" "CARGO_INCREMENTAL=0" "-e" "RUST_BACKTRACE=full" "-e" "RUSTFLAGS=--cap-lints=warn" "-e" "RUSTDOCFLAGS=--cap-lints=warn" "-w" "/opt/rustwide/workdir" "--user" "0:0" "245bc40ade285c4b2f6bb57d115ed205182756f3a66f0e8de3b5ef0328a27f73" "/opt/rustwide/cargo-home/bin/cargo" "+1.100.0-beta.1" "test" "--frozen", kill_on_drop: false }`
[INFO] [stderr] warning: `package.homepage` is redundant with `package.repository`
[INFO] [stderr]    --> Cargo.toml:113:12
[INFO] [stderr]     |
[INFO] [stderr] 113 | homepage = "https://github.com/jblindsay/whitebox_next_gen"
[INFO] [stderr]     |            ^^^^^^^^^^^^^^^^^^^^^^^^^^^^^^^^^^^^^^^^^^^^^^^^
[INFO] [stderr] ...
[INFO] [stderr] 118 | repository = "https://github.com/jblindsay/whitebox_next_gen"
[INFO] [stderr]     |              ------------------------------------------------
[INFO] [stderr]     |
[INFO] [stderr]     = note: `cargo::redundant_homepage` is set to `warn` by default
[INFO] [stderr] help: consider removing `package.homepage`
[INFO] [stderr] warning: `wbvector` (manifest) generated 1 warning
[INFO] [stderr]     Finished `test` profile [unoptimized + debuginfo] target(s) in 0.10s
[INFO] [stderr]      Running unittests src/lib.rs (/opt/rustwide/target/debug/build/wbvector/6abed020514e7f68/out/wbvector-6abed020514e7f68)
[INFO] [stdout] 
[INFO] [stdout] running 123 tests
[INFO] [stdout] test crs::tests::parses_epsg_urn_reference ... ok
[INFO] [stdout] test crs::tests::does_not_extract_epsg_from_arbitrary_wkt_text ... ok
[INFO] [stdout] test crs::tests::parses_epsg_http_reference ... ok
[INFO] [stdout] test feature::tests::widen_type_int_float ... ok
[INFO] [stdout] test feature::tests::widen_type_mismatch ... ok
[INFO] [stdout] test feature::tests::get_field_by_index ... ok
[INFO] [stdout] test flatgeobuf::tests::file_roundtrip ... ok
[INFO] [stdout] test feature::tests::bbox ... ok
[INFO] [stdout] test feature::tests::get_field_by_name ... ok
[INFO] [stdout] test crs::tests::parses_epsg_colon_reference ... ok
[INFO] [stdout] test crs::tests::parses_epsg_id_wkt2_style ... ok
[INFO] [stdout] test crs::tests::parses_epsg_authority ... ok
[INFO] [stdout] test feature::tests::layer_len ... ok
[INFO] [stdout] test flatgeobuf::tests::indexed_native_parse_requires_count_match ... ok
[INFO] [stdout] test flatgeobuf::tests::indexed_native_parse_requires_known_expected_count ... ok
[INFO] [stdout] test flatgeobuf::tests::parse_ogr_feature_count_from_stdout ... ok
[INFO] [stdout] test flatgeobuf::tests::magic_preserved ... ok
[INFO] [stdout] test flatgeobuf::tests::parse_ogr_feature_count_missing_line ... ok
[INFO] [stdout] test geojson::tests::field_types ... ok
[INFO] [stdout] test geojson::tests::geometry_collection ... ok
[INFO] [stdout] test geojson::tests::file_roundtrip ... ok
[INFO] [stdout] test flatgeobuf::tests::writer_emits_spatial_index_for_geometry_features ... ok
[INFO] [stdout] test geojson::tests::null_geometry ... ok
[INFO] [stdout] test geojson::tests::parse_fc ... ok
[INFO] [stdout] test geojson::tests::roundtrip ... ok
[INFO] [stdout] test geometry::tests::bbox_polygon ... ok
[INFO] [stdout] test flatgeobuf::tests::telemetry_reset_and_snapshot_work ... ok
[INFO] [stdout] test geojson::tests::parse_point ... ok
[INFO] [stdout] test geojson::tests::parse_polygon ... ok
[INFO] [stdout] test geojson::tests::write_reprojects_projected_layer_to_epsg4326 ... ok
[INFO] [stdout] test geometry::tests::gpkg_roundtrip ... ok
[INFO] [stdout] test geometry::tests::wkb_linestring ... ok
[INFO] [stdout] test geometry::tests::wkb_point_z ... ok
[INFO] [stdout] test geometry::tests::wkb_multipolygon ... ok
[INFO] [stdout] test geometry::tests::wkb_point ... ok
[INFO] [stdout] test geopackage::sqlite::tests::extract_cols ... ok
[INFO] [stdout] test geopackage::sqlite::tests::extract_cols_strips_bracket_quotes ... ok
[INFO] [stdout] test geopackage::sqlite::tests::extract_name ... ok
[INFO] [stdout] test geometry::tests::wkb_polygon ... ok
[INFO] [stdout] test geopackage::sqlite::tests::build_cell_large_payload_includes_overflow_pointer ... ok
[INFO] [stdout] test geometry::tests::wkt_point ... ok
[INFO] [stdout] test geopackage::sqlite::tests::create_and_insert ... ok
[INFO] [stdout] test geopackage::sqlite::tests::roundtrip_bytes ... ok
[INFO] [stdout] test geopackage::tests::columns_with_special_characters_are_quoted ... ok
[INFO] [stdout] test geopackage::tests::attributes_preserved ... ok
[INFO] [stdout] test geopackage::tests::gpkg_sqlite_header_has_correct_application_id_and_version ... ok
[INFO] [stdout] test geopackage::tests::preserves_non_default_epsg_and_wkt ... ok
[INFO] [stdout] test geopackage::tests::read_named_layer ... ok
[INFO] [stdout] test flatgeobuf::tests::crs_roundtrip_from_wkt_infers_epsg ... ok
[INFO] [stdout] test geopackage::tests::real_mississauga_parcel_fixture_decodes_when_enabled ... ok
[INFO] [stdout] test geopackage::tests::roundtrip_points ... ok
[INFO] [stdout] test geopackage::tests::list_layers_works ... ok
[INFO] [stdout] test geopackage::sqlite::tests::roundtrip_large_blob_overflow_payload ... ok
[INFO] [stdout] test gml::tests::gml_roundtrip_basic ... ok
[INFO] [stdout] test gml::tests::writes_srs_name_from_wkt_when_epsg_missing ... ok
[INFO] [stdout] test gml::tests::parses_uri_style_srs_name ... ok
[INFO] [stdout] test gpx::tests::gpx_roundtrip_waypoint ... ok
[INFO] [stdout] test gml::tests::parse_plain_member_attrs ... ok
[INFO] [stdout] test gpx::tests::parses_route_and_track ... ok
[INFO] [stdout] test kml::tests::kml_roundtrip_basic ... ok
[INFO] [stdout] test gpx::tests::parses_extension_attrs ... ok
[INFO] [stdout] test kml::tests::parses_polygon_holes_and_closes_rings ... ok
[INFO] [stdout] test kml::tests::parses_extended_data_and_multi_geometry ... ok
[INFO] [stdout] test mapinfo::tests::mif_mid_roundtrip_basic ... ok
[INFO] [stdout] test geopackage::tests::roundtrip_polygon ... ok
[INFO] [stdout] test kml::tests::write_reprojects_projected_layer_to_epsg4326 ... ok
[INFO] [stdout] test flatgeobuf::tests::polygon_roundtrip ... ok
[INFO] [stdout] test mapinfo::tests::parses_pline_multiple ... ok
[INFO] [stdout] test memory_store::tests::remove_vector_by_path_and_clear_vectors_work ... ok
[INFO] [stdout] test reproject::tests::antimeridian_policy_normalizes_lon_for_4326 ... ok
[INFO] [stdout] test mapinfo::tests::write_uses_projected_coordsys_for_epsg2958 ... ok
[INFO] [stdout] test memory_store::tests::remove_vector_by_id_removes_only_target_entry ... ok
[INFO] [stdout] test reproject::tests::antimeridian_split_turns_linestring_into_multiline ... ok
[INFO] [stdout] test reproject::tests::densification_adds_vertices_to_lines ... ok
[INFO] [stdout] test mapinfo::tests::parses_region_polygon ... ok
[INFO] [stdout] test reproject::tests::failure_policy_skips_feature ... ok
[INFO] [stdout] test reproject::tests::densification_adds_vertices_to_rings ... ok
[INFO] [stdout] test reproject::tests::invalid_densification_length_errors ... ok
[INFO] [stdout] test reproject::tests::polygon_crossing_with_split_policy_can_be_null_geometry ... ok
[INFO] [stdout] test reproject::tests::invalid_epoch_transform_options_error ... ok
[INFO] [stdout] test mapinfo::tests::write_uses_nonearth_for_other_projected_epsg ... ok
[INFO] [stdout] test reproject::tests::reproject_geometry_collection ... ok
[INFO] [stdout] test reproject::tests::polygon_with_non_crossing_hole_is_preserved_across_split_parts ... ok
[INFO] [stdout] test reproject::tests::polygon_with_hole_crossing_is_split_and_preserved ... ok
[INFO] [stdout] test reproject::tests::reproject_to_epsg_accepts_source_wkt_without_epsg ... ok
[INFO] [stdout] test reproject::tests::failure_policy_sets_null_geometry ... ok
[INFO] [stdout] test reproject::tests::reproject_to_epsg_requires_source_epsg ... ok
[INFO] [stdout] test reproject::tests::reproject_to_epsg_updates_coords_and_crs ... ok
[INFO] [stdout] test reproject::tests::reprojection_uses_auto_policy_for_wgs84_to_nad83_paths ... ok
[INFO] [stdout] test reproject::tests::reproject_with_progress_emits_feature_updates ... ok
[INFO] [stdout] test shapefile::tests::parse_polygon_with_ccw_winding_keeps_exterior_ring ... ok
[INFO] [stdout] test flatgeobuf::tests::crs_roundtrip_from_epsg_populates_wkt ... ok
[INFO] [stdout] test reproject::tests::topology_fix_orients_rings ... ok
[INFO] [stdout] test reproject::tests::topology_validate_rejects_hole_outside ... ok
[INFO] [stdout] test reproject::tests::reproject_roundtrip_lonlat_stays_close ... ok
[INFO] [stdout] test topojson::tests::fixture_feature_collection_with_null_geometry_preserves_feature_count ... ok
[INFO] [stdout] test topojson::tests::fixture_foreign_members_bbox_is_tolerated ... ok
[INFO] [stdout] test shapefile::tests::writes_prj_for_non_default_epsg ... ok
[INFO] [stdout] test topojson::tests::fixture_corpus_parses ... ok
[INFO] [stdout] test topojson::tests::fixture_object_map_multi_member_flattens_objects ... ok
[INFO] [stdout] test topojson::tests::fixture_reversed_arc_lines_reverse_coordinates ... ok
[INFO] [stdout] test topojson::tests::fixture_provenance_manifest_matches_fixture_set ... ok
[INFO] [stdout] test topojson::tests::fixture_topojson_server_quantized_like_decodes_expected_endpoints ... ok
[INFO] [stdout] test topojson::tests::fixture_transform_quantized_decodes_expected_coords ... ok
[INFO] [stdout] test topojson::tests::parse_simple_topology ... ok
[INFO] [stdout] test topojson::tests::write_then_read_roundtrip ... ok
[INFO] [stdout] test topojson::tests::writer_quantize_emits_transform_and_bbox ... ok
[INFO] [stdout] test topojson::tests::writer_canonicalizes_ring_rotation_and_orientation ... ok
[INFO] [stdout] test topojson::tests::writer_quantize_roundtrip_preserves_shape_within_tolerance ... ok
[INFO] [stdout] test topojson::tests::file_roundtrip ... ok
[INFO] [stdout] test topojson::tests::fixture_mapshaper_like_geometry_collection_parses_two_polygons ... ok
[INFO] [stdout] test flatgeobuf::tests::attributes_preserved ... ok
[INFO] [stdout] test flatgeobuf::tests::geometry_preserved ... ok
[INFO] [stdout] test flatgeobuf::tests::in_memory_roundtrip ... ok
[INFO] [stdout] test flatgeobuf::tests::accepts_compat_magic_variant ... ok
[INFO] [stdout] test geopackage::sqlite::tests::many_inserts_across_page_splits_remain_visible ... ok
[INFO] [stdout] test reproject::tests::layer_reproject_accepts_coordinate_epoch_option ... ok
[INFO] [stdout] test shapefile::tests::roundtrip_points ... FAILED
[INFO] [stdout] test shapefile::tests::roundtrip_polygon ... FAILED
[INFO] [stdout] test crs::tests::strict_mode_rejects_ambiguous_legacy_csrs_utm ... ok
[INFO] [stdout] test crs::tests::identifies_legacy_nad83_csrs_utm_wkt_without_authority ... ok
[INFO] [stdout] test crs::tests::report_exposes_top_candidates_for_legacy_csrs_utm ... ok
[INFO] [stdout] test geopackage::tests::large_end_to_end_roundtrip_preserves_all_features ... ok
[INFO] [stdout] 
[INFO] [stdout] failures:
[INFO] [stdout] 
[INFO] [stdout] ---- shapefile::tests::roundtrip_points stdout ----
[INFO] [stdout] 
[INFO] [stdout] thread 'shapefile::tests::roundtrip_points' (823) panicked at src/shapefile/mod.rs:984:31:
[INFO] [stdout] called `Result::unwrap()` on an `Err` value: NotShapefile("file code 0 ≠ 9994")
[INFO] [stdout] stack backtrace:
[INFO] [stdout]    0:     0x6393034d6e51 - std[617be2ca0a6fd877]::backtrace_rs::backtrace::libunwind::trace
[INFO] [stdout]                                at /rustc/e3feeb59cd1bdd011a2bfcc0747b55125d9b8527/library/std/src/../../backtrace/src/backtrace/libunwind.rs:117:9
[INFO] [stdout]    1:     0x6393034d6e51 - std[617be2ca0a6fd877]::backtrace_rs::backtrace::trace_unsynchronized::<std[617be2ca0a6fd877]::sys::backtrace::_print_fmt::{closure#1}>
[INFO] [stdout]                                at /rustc/e3feeb59cd1bdd011a2bfcc0747b55125d9b8527/library/std/src/../../backtrace/src/backtrace/mod.rs:66:14
[INFO] [stdout]    2:     0x6393034d6e51 - std[617be2ca0a6fd877]::sys::backtrace::_print_fmt
[INFO] [stdout]                                at /rustc/e3feeb59cd1bdd011a2bfcc0747b55125d9b8527/library/std/src/sys/backtrace.rs:74:9
[INFO] [stdout]    3:     0x6393034d6e51 - <<std[617be2ca0a6fd877]::sys::backtrace::BacktraceLock>::print::DisplayBacktrace as core[a373ad73a504971]::fmt::Display>::fmt
[INFO] [stdout]                                at /rustc/e3feeb59cd1bdd011a2bfcc0747b55125d9b8527/library/std/src/sys/backtrace.rs:44:26
[INFO] [stdout]    4:     0x6393034ec98a - <core[a373ad73a504971]::fmt::rt::Argument>::fmt
[INFO] [stdout]                                at /rustc/e3feeb59cd1bdd011a2bfcc0747b55125d9b8527/library/core/src/fmt/rt.rs:152:76
[INFO] [stdout]    5:     0x6393034ec98a - core[a373ad73a504971]::fmt::write
[INFO] [stdout]    6:     0x6393034db48c - core[a373ad73a504971]::io::write::default_write_fmt::<alloc[2e1b2a31b91974c5]::vec::Vec<u8>>
[INFO] [stdout]                                at /rustc/e3feeb59cd1bdd011a2bfcc0747b55125d9b8527/library/core/src/io/write.rs:402:11
[INFO] [stdout]    7:     0x6393034db48c - <alloc[2e1b2a31b91974c5]::vec::Vec<u8> as core[a373ad73a504971]::io::write::Write>::write_fmt
[INFO] [stdout]                                at /rustc/e3feeb59cd1bdd011a2bfcc0747b55125d9b8527/library/core/src/io/write.rs:335:13
[INFO] [stdout]    8:     0x6393034b0f26 - <std[617be2ca0a6fd877]::sys::backtrace::BacktraceLock>::print
[INFO] [stdout]                                at /rustc/e3feeb59cd1bdd011a2bfcc0747b55125d9b8527/library/std/src/sys/backtrace.rs:47:9
[INFO] [stdout]    9:     0x6393034b0f26 - std[617be2ca0a6fd877]::panicking::default_hook::{closure#0}
[INFO] [stdout]                                at /rustc/e3feeb59cd1bdd011a2bfcc0747b55125d9b8527/library/std/src/panicking.rs:289:27
[INFO] [stdout]   10:     0x6393034ce289 - std[617be2ca0a6fd877]::panicking::default_hook
[INFO] [stdout]                                at /rustc/e3feeb59cd1bdd011a2bfcc0747b55125d9b8527/library/std/src/panicking.rs:313:9
[INFO] [stdout]   11:     0x6393032c0cb0 - <alloc[2e1b2a31b91974c5]::boxed::Box<dyn for<'a, 'b> core[a373ad73a504971]::ops::function::Fn<(&'a std[617be2ca0a6fd877]::panic::PanicHookInfo<'b>,), Output = ()> + core[a373ad73a504971]::marker::Sync + core[a373ad73a504971]::marker::Send> as core[a373ad73a504971]::ops::function::Fn<(&std[617be2ca0a6fd877]::panic::PanicHookInfo,)>>::call
[INFO] [stdout]                                at /rustc/e3feeb59cd1bdd011a2bfcc0747b55125d9b8527/library/alloc/src/boxed.rs:2328:9
[INFO] [stdout]   12:     0x6393032c0cb0 - test[aada8e7e76ba119b]::test_main_inner::{closure#0}
[INFO] [stdout]                                at /rustc/e3feeb59cd1bdd011a2bfcc0747b55125d9b8527/library/test/src/lib.rs:137:21
[INFO] [stdout]   13:     0x6393034ce442 - <alloc[2e1b2a31b91974c5]::boxed::Box<dyn for<'a, 'b> core[a373ad73a504971]::ops::function::Fn<(&'a std[617be2ca0a6fd877]::panic::PanicHookInfo<'b>,), Output = ()> + core[a373ad73a504971]::marker::Sync + core[a373ad73a504971]::marker::Send> as core[a373ad73a504971]::ops::function::Fn<(&std[617be2ca0a6fd877]::panic::PanicHookInfo,)>>::call
[INFO] [stdout]                                at /rustc/e3feeb59cd1bdd011a2bfcc0747b55125d9b8527/library/alloc/src/boxed.rs:2328:9
[INFO] [stdout]   14:     0x6393034ce442 - std[617be2ca0a6fd877]::panicking::panic_with_hook
[INFO] [stdout]                                at /rustc/e3feeb59cd1bdd011a2bfcc0747b55125d9b8527/library/std/src/panicking.rs:819:13
[INFO] [stdout]   15:     0x6393034b0fd2 - std[617be2ca0a6fd877]::panicking::panic_handler::{closure#0}
[INFO] [stdout]                                at /rustc/e3feeb59cd1bdd011a2bfcc0747b55125d9b8527/library/std/src/panicking.rs:685:13
[INFO] [stdout]   16:     0x6393034a9969 - std[617be2ca0a6fd877]::sys::backtrace::__rust_end_short_backtrace::<std[617be2ca0a6fd877]::panicking::panic_handler::{closure#0}, !>
[INFO] [stdout]                                at /rustc/e3feeb59cd1bdd011a2bfcc0747b55125d9b8527/library/std/src/sys/backtrace.rs:182:18
[INFO] [stdout]   17:     0x6393034b1bdd - __rustc[ea4f61d10b84890b]::rust_begin_unwind
[INFO] [stdout]                                at /rustc/e3feeb59cd1bdd011a2bfcc0747b55125d9b8527/library/std/src/panicking.rs:676:5
[INFO] [stdout]   18:     0x6393034ed17c - core[a373ad73a504971]::panicking::panic_fmt
[INFO] [stdout]                                at /rustc/e3feeb59cd1bdd011a2bfcc0747b55125d9b8527/library/core/src/panicking.rs:80:14
[INFO] [stdout]   19:     0x6393034eced2 - core[a373ad73a504971]::result::unwrap_failed
[INFO] [stdout]                                at /rustc/e3feeb59cd1bdd011a2bfcc0747b55125d9b8527/library/core/src/result.rs:1870:5
[INFO] [stdout]   20:     0x6393031ee775 - <core[a373ad73a504971]::result::Result<wbvector[14d7e0481bb30e23]::feature::Layer, wbvector[14d7e0481bb30e23]::error::GeoError>>::unwrap
[INFO] [stdout]                                at /rustc/e3feeb59cd1bdd011a2bfcc0747b55125d9b8527/library/core/src/result.rs:1232:23
[INFO] [stdout]   21:     0x6393031ee775 - wbvector[14d7e0481bb30e23]::shapefile::tests::roundtrip_points
[INFO] [stdout]                                at /opt/rustwide/workdir/src/shapefile/mod.rs:984:31
[INFO] [stdout]   22:     0x6393031d6e67 - wbvector[14d7e0481bb30e23]::shapefile::tests::roundtrip_points::{closure#0}
[INFO] [stdout]                                at /opt/rustwide/workdir/src/shapefile/mod.rs:979:26
[INFO] [stdout]   23:     0x639303159c46 - <wbvector[14d7e0481bb30e23]::shapefile::tests::roundtrip_points::{closure#0} as core[a373ad73a504971]::ops::function::FnOnce<()>>::call_once
[INFO] [stdout]                                at /rustc/e3feeb59cd1bdd011a2bfcc0747b55125d9b8527/library/core/src/ops/function.rs:250:5
[INFO] [stdout]   24:     0x6393032b40fb - <fn() -> core[a373ad73a504971]::result::Result<(), alloc[2e1b2a31b91974c5]::string::String> as core[a373ad73a504971]::ops::function::FnOnce<()>>::call_once
[INFO] [stdout]                                at /rustc/e3feeb59cd1bdd011a2bfcc0747b55125d9b8527/library/core/src/ops/function.rs:250:5
[INFO] [stdout]   25:     0x6393032b40fb - test[aada8e7e76ba119b]::__rust_begin_short_backtrace::<core[a373ad73a504971]::result::Result<(), alloc[2e1b2a31b91974c5]::string::String>, fn() -> core[a373ad73a504971]::result::Result<(), alloc[2e1b2a31b91974c5]::string::String>>
[INFO] [stdout]                                at /rustc/e3feeb59cd1bdd011a2bfcc0747b55125d9b8527/library/test/src/lib.rs:701:18
[INFO] [stdout]   26:     0x6393032c12d5 - test[aada8e7e76ba119b]::run_test_in_process::{closure#0}
[INFO] [stdout]                                at /rustc/e3feeb59cd1bdd011a2bfcc0747b55125d9b8527/library/test/src/lib.rs:724:74
[INFO] [stdout]   27:     0x6393032c12d5 - <core[a373ad73a504971]::panic::unwind_safe::AssertUnwindSafe<test[aada8e7e76ba119b]::run_test_in_process::{closure#0}> as core[a373ad73a504971]::ops::function::FnOnce<()>>::call_once
[INFO] [stdout]                                at /rustc/e3feeb59cd1bdd011a2bfcc0747b55125d9b8527/library/core/src/panic/unwind_safe.rs:275:9
[INFO] [stdout]   28:     0x6393032c12d5 - std[617be2ca0a6fd877]::panicking::catch_unwind::do_call::<core[a373ad73a504971]::panic::unwind_safe::AssertUnwindSafe<test[aada8e7e76ba119b]::run_test_in_process::{closure#0}>, core[a373ad73a504971]::result::Result<(), alloc[2e1b2a31b91974c5]::string::String>>
[INFO] [stdout]                                at /rustc/e3feeb59cd1bdd011a2bfcc0747b55125d9b8527/library/std/src/panicking.rs:573:43
[INFO] [stdout]   29:     0x6393032c12d5 - std[617be2ca0a6fd877]::panicking::catch_unwind::<core[a373ad73a504971]::result::Result<(), alloc[2e1b2a31b91974c5]::string::String>, core[a373ad73a504971]::panic::unwind_safe::AssertUnwindSafe<test[aada8e7e76ba119b]::run_test_in_process::{closure#0}>>
[INFO] [stdout]                                at /rustc/e3feeb59cd1bdd011a2bfcc0747b55125d9b8527/library/std/src/panicking.rs:541:19
[INFO] [stdout]   30:     0x6393032c12d5 - std[617be2ca0a6fd877]::panic::catch_unwind::<core[a373ad73a504971]::panic::unwind_safe::AssertUnwindSafe<test[aada8e7e76ba119b]::run_test_in_process::{closure#0}>, core[a373ad73a504971]::result::Result<(), alloc[2e1b2a31b91974c5]::string::String>>
[INFO] [stdout]                                at /rustc/e3feeb59cd1bdd011a2bfcc0747b55125d9b8527/library/std/src/panic.rs:359:14
[INFO] [stdout]   31:     0x6393032c12d5 - test[aada8e7e76ba119b]::run_test_in_process
[INFO] [stdout]                                at /rustc/e3feeb59cd1bdd011a2bfcc0747b55125d9b8527/library/test/src/lib.rs:724:27
[INFO] [stdout]   32:     0x6393032c12d5 - test[aada8e7e76ba119b]::run_test::{closure#0}
[INFO] [stdout]                                at /rustc/e3feeb59cd1bdd011a2bfcc0747b55125d9b8527/library/test/src/lib.rs:645:43
[INFO] [stdout]   33:     0x6393032babc4 - test[aada8e7e76ba119b]::run_test::{closure#1}
[INFO] [stdout]                                at /rustc/e3feeb59cd1bdd011a2bfcc0747b55125d9b8527/library/test/src/lib.rs:675:41
[INFO] [stdout]   34:     0x6393032babc4 - std[617be2ca0a6fd877]::sys::backtrace::__rust_begin_short_backtrace::<test[aada8e7e76ba119b]::run_test::{closure#1}, ()>
[INFO] [stdout]                                at /rustc/e3feeb59cd1bdd011a2bfcc0747b55125d9b8527/library/std/src/sys/backtrace.rs:166:18
[INFO] [stdout]   35:     0x6393032c4362 - std[617be2ca0a6fd877]::thread::lifecycle::spawn_unchecked::<test[aada8e7e76ba119b]::run_test::{closure#1}, ()>::{closure#1}::{closure#0}
[INFO] [stdout]                                at /rustc/e3feeb59cd1bdd011a2bfcc0747b55125d9b8527/library/std/src/thread/lifecycle.rs:70:13
[INFO] [stdout]   36:     0x6393032c4362 - <core[a373ad73a504971]::panic::unwind_safe::AssertUnwindSafe<std[617be2ca0a6fd877]::thread::lifecycle::spawn_unchecked<test[aada8e7e76ba119b]::run_test::{closure#1}, ()>::{closure#1}::{closure#0}> as core[a373ad73a504971]::ops::function::FnOnce<()>>::call_once
[INFO] [stdout]                                at /rustc/e3feeb59cd1bdd011a2bfcc0747b55125d9b8527/library/core/src/panic/unwind_safe.rs:275:9
[INFO] [stdout]   37:     0x6393032c4362 - std[617be2ca0a6fd877]::panicking::catch_unwind::do_call::<core[a373ad73a504971]::panic::unwind_safe::AssertUnwindSafe<std[617be2ca0a6fd877]::thread::lifecycle::spawn_unchecked<test[aada8e7e76ba119b]::run_test::{closure#1}, ()>::{closure#1}::{closure#0}>, ()>
[INFO] [stdout]                                at /rustc/e3feeb59cd1bdd011a2bfcc0747b55125d9b8527/library/std/src/panicking.rs:573:43
[INFO] [stdout]   38:     0x6393032c4362 - std[617be2ca0a6fd877]::panicking::catch_unwind::<(), core[a373ad73a504971]::panic::unwind_safe::AssertUnwindSafe<std[617be2ca0a6fd877]::thread::lifecycle::spawn_unchecked<test[aada8e7e76ba119b]::run_test::{closure#1}, ()>::{closure#1}::{closure#0}>>
[INFO] [stdout]                                at /rustc/e3feeb59cd1bdd011a2bfcc0747b55125d9b8527/library/std/src/panicking.rs:541:19
[INFO] [stdout]   39:     0x6393032c4362 - std[617be2ca0a6fd877]::panic::catch_unwind::<core[a373ad73a504971]::panic::unwind_safe::AssertUnwindSafe<std[617be2ca0a6fd877]::thread::lifecycle::spawn_unchecked<test[aada8e7e76ba119b]::run_test::{closure#1}, ()>::{closure#1}::{closure#0}>, ()>
[INFO] [stdout]                                at /rustc/e3feeb59cd1bdd011a2bfcc0747b55125d9b8527/library/std/src/panic.rs:359:14
[INFO] [stdout]   40:     0x6393032c4362 - std[617be2ca0a6fd877]::thread::lifecycle::spawn_unchecked::<test[aada8e7e76ba119b]::run_test::{closure#1}, ()>::{closure#1}
[INFO] [stdout]                                at /rustc/e3feeb59cd1bdd011a2bfcc0747b55125d9b8527/library/std/src/thread/lifecycle.rs:68:26
[INFO] [stdout]   41:     0x6393032c4362 - <std[617be2ca0a6fd877]::thread::lifecycle::spawn_unchecked<test[aada8e7e76ba119b]::run_test::{closure#1}, ()>::{closure#1} as core[a373ad73a504971]::ops::function::FnOnce<()>>::call_once::{shim:vtable#0}
[INFO] [stdout]                                at /rustc/e3feeb59cd1bdd011a2bfcc0747b55125d9b8527/library/core/src/ops/function.rs:250:5
[INFO] [stdout]   42:     0x6393034d5e5f - <alloc[2e1b2a31b91974c5]::boxed::Box<dyn core[a373ad73a504971]::ops::function::FnOnce<(), Output = ()> + core[a373ad73a504971]::marker::Send> as core[a373ad73a504971]::ops::function::FnOnce<()>>::call_once
[INFO] [stdout]                                at /rustc/e3feeb59cd1bdd011a2bfcc0747b55125d9b8527/library/alloc/src/boxed.rs:2314:9
[INFO] [stdout]   43:     0x6393034d5e5f - <std[617be2ca0a6fd877]::sys::thread::unix::Thread>::new::thread_start
[INFO] [stdout]                                at /rustc/e3feeb59cd1bdd011a2bfcc0747b55125d9b8527/library/std/src/sys/thread/unix.rs:127:17
[INFO] [stdout]   44:     0x7cc458570dfa - <unknown>
[INFO] [stdout]   45:     0x7cc4586043d4 - clone
[INFO] [stdout]   46:                0x0 - <unknown>
[INFO] [stdout] 
[INFO] [stdout] ---- shapefile::tests::roundtrip_polygon stdout ----
[INFO] [stdout] 
[INFO] [stdout] thread 'shapefile::tests::roundtrip_polygon' (824) panicked at src/shapefile/mod.rs:1002:31:
[INFO] [stdout] called `Result::unwrap()` on an `Err` value: NotShapefile("file code 0 ≠ 9994")
[INFO] [stdout] stack backtrace:
[INFO] [stdout]    0:     0x6393034d6e51 - std[617be2ca0a6fd877]::backtrace_rs::backtrace::libunwind::trace
[INFO] [stdout]                                at /rustc/e3feeb59cd1bdd011a2bfcc0747b55125d9b8527/library/std/src/../../backtrace/src/backtrace/libunwind.rs:117:9
[INFO] [stdout]    1:     0x6393034d6e51 - std[617be2ca0a6fd877]::backtrace_rs::backtrace::trace_unsynchronized::<std[617be2ca0a6fd877]::sys::backtrace::_print_fmt::{closure#1}>
[INFO] [stdout]                                at /rustc/e3feeb59cd1bdd011a2bfcc0747b55125d9b8527/library/std/src/../../backtrace/src/backtrace/mod.rs:66:14
[INFO] [stdout]    2:     0x6393034d6e51 - std[617be2ca0a6fd877]::sys::backtrace::_print_fmt
[INFO] [stdout]                                at /rustc/e3feeb59cd1bdd011a2bfcc0747b55125d9b8527/library/std/src/sys/backtrace.rs:74:9
[INFO] [stdout]    3:     0x6393034d6e51 - <<std[617be2ca0a6fd877]::sys::backtrace::BacktraceLock>::print::DisplayBacktrace as core[a373ad73a504971]::fmt::Display>::fmt
[INFO] [stdout]                                at /rustc/e3feeb59cd1bdd011a2bfcc0747b55125d9b8527/library/std/src/sys/backtrace.rs:44:26
[INFO] [stdout]    4:     0x6393034ec98a - <core[a373ad73a504971]::fmt::rt::Argument>::fmt
[INFO] [stdout]                                at /rustc/e3feeb59cd1bdd011a2bfcc0747b55125d9b8527/library/core/src/fmt/rt.rs:152:76
[INFO] [stdout]    5:     0x6393034ec98a - core[a373ad73a504971]::fmt::write
[INFO] [stdout]    6:     0x6393034db48c - core[a373ad73a504971]::io::write::default_write_fmt::<alloc[2e1b2a31b91974c5]::vec::Vec<u8>>
[INFO] [stdout]                                at /rustc/e3feeb59cd1bdd011a2bfcc0747b55125d9b8527/library/core/src/io/write.rs:402:11
[INFO] [stdout]    7:     0x6393034db48c - <alloc[2e1b2a31b91974c5]::vec::Vec<u8> as core[a373ad73a504971]::io::write::Write>::write_fmt
[INFO] [stdout]                                at /rustc/e3feeb59cd1bdd011a2bfcc0747b55125d9b8527/library/core/src/io/write.rs:335:13
[INFO] [stdout]    8:     0x6393034b0f26 - <std[617be2ca0a6fd877]::sys::backtrace::BacktraceLock>::print
[INFO] [stdout]                                at /rustc/e3feeb59cd1bdd011a2bfcc0747b55125d9b8527/library/std/src/sys/backtrace.rs:47:9
[INFO] [stdout]    9:     0x6393034b0f26 - std[617be2ca0a6fd877]::panicking::default_hook::{closure#0}
[INFO] [stdout]                                at /rustc/e3feeb59cd1bdd011a2bfcc0747b55125d9b8527/library/std/src/panicking.rs:289:27
[INFO] [stdout]   10:     0x6393034ce289 - std[617be2ca0a6fd877]::panicking::default_hook
[INFO] [stdout]                                at /rustc/e3feeb59cd1bdd011a2bfcc0747b55125d9b8527/library/std/src/panicking.rs:313:9
[INFO] [stdout]   11:     0x6393032c0cb0 - <alloc[2e1b2a31b91974c5]::boxed::Box<dyn for<'a, 'b> core[a373ad73a504971]::ops::function::Fn<(&'a std[617be2ca0a6fd877]::panic::PanicHookInfo<'b>,), Output = ()> + core[a373ad73a504971]::marker::Sync + core[a373ad73a504971]::marker::Send> as core[a373ad73a504971]::ops::function::Fn<(&std[617be2ca0a6fd877]::panic::PanicHookInfo,)>>::call
[INFO] [stdout]                                at /rustc/e3feeb59cd1bdd011a2bfcc0747b55125d9b8527/library/alloc/src/boxed.rs:2328:9
[INFO] [stdout]   12:     0x6393032c0cb0 - test[aada8e7e76ba119b]::test_main_inner::{closure#0}
[INFO] [stdout]                                at /rustc/e3feeb59cd1bdd011a2bfcc0747b55125d9b8527/library/test/src/lib.rs:137:21
[INFO] [stdout]   13:     0x6393034ce442 - <alloc[2e1b2a31b91974c5]::boxed::Box<dyn for<'a, 'b> core[a373ad73a504971]::ops::function::Fn<(&'a std[617be2ca0a6fd877]::panic::PanicHookInfo<'b>,), Output = ()> + core[a373ad73a504971]::marker::Sync + core[a373ad73a504971]::marker::Send> as core[a373ad73a504971]::ops::function::Fn<(&std[617be2ca0a6fd877]::panic::PanicHookInfo,)>>::call
[INFO] [stdout]                                at /rustc/e3feeb59cd1bdd011a2bfcc0747b55125d9b8527/library/alloc/src/boxed.rs:2328:9
[INFO] [stdout]   14:     0x6393034ce442 - std[617be2ca0a6fd877]::panicking::panic_with_hook
[INFO] [stdout]                                at /rustc/e3feeb59cd1bdd011a2bfcc0747b55125d9b8527/library/std/src/panicking.rs:819:13
[INFO] [stdout]   15:     0x6393034b0fd2 - std[617be2ca0a6fd877]::panicking::panic_handler::{closure#0}
[INFO] [stdout]                                at /rustc/e3feeb59cd1bdd011a2bfcc0747b55125d9b8527/library/std/src/panicking.rs:685:13
[INFO] [stdout]   16:     0x6393034a9969 - std[617be2ca0a6fd877]::sys::backtrace::__rust_end_short_backtrace::<std[617be2ca0a6fd877]::panicking::panic_handler::{closure#0}, !>
[INFO] [stdout]                                at /rustc/e3feeb59cd1bdd011a2bfcc0747b55125d9b8527/library/std/src/sys/backtrace.rs:182:18
[INFO] [stdout]   17:     0x6393034b1bdd - __rustc[ea4f61d10b84890b]::rust_begin_unwind
[INFO] [stdout]                                at /rustc/e3feeb59cd1bdd011a2bfcc0747b55125d9b8527/library/std/src/panicking.rs:676:5
[INFO] [stdout]   18:     0x6393034ed17c - core[a373ad73a504971]::panicking::panic_fmt
[INFO] [stdout]                                at /rustc/e3feeb59cd1bdd011a2bfcc0747b55125d9b8527/library/core/src/panicking.rs:80:14
[INFO] [stdout]   19:     0x6393034eced2 - core[a373ad73a504971]::result::unwrap_failed
[INFO] [stdout]                                at /rustc/e3feeb59cd1bdd011a2bfcc0747b55125d9b8527/library/core/src/result.rs:1870:5
[INFO] [stdout]   20:     0x6393031eef8e - <core[a373ad73a504971]::result::Result<wbvector[14d7e0481bb30e23]::feature::Layer, wbvector[14d7e0481bb30e23]::error::GeoError>>::unwrap
[INFO] [stdout]                                at /rustc/e3feeb59cd1bdd011a2bfcc0747b55125d9b8527/library/core/src/result.rs:1232:23
[INFO] [stdout]   21:     0x6393031eef8e - wbvector[14d7e0481bb30e23]::shapefile::tests::roundtrip_polygon
[INFO] [stdout]                                at /opt/rustwide/workdir/src/shapefile/mod.rs:1002:31
[INFO] [stdout]   22:     0x6393031d6e97 - wbvector[14d7e0481bb30e23]::shapefile::tests::roundtrip_polygon::{closure#0}
[INFO] [stdout]                                at /opt/rustwide/workdir/src/shapefile/mod.rs:997:27
[INFO] [stdout]   23:     0x639303159c66 - <wbvector[14d7e0481bb30e23]::shapefile::tests::roundtrip_polygon::{closure#0} as core[a373ad73a504971]::ops::function::FnOnce<()>>::call_once
[INFO] [stdout]                                at /rustc/e3feeb59cd1bdd011a2bfcc0747b55125d9b8527/library/core/src/ops/function.rs:250:5
[INFO] [stdout]   24:     0x6393032b40fb - <fn() -> core[a373ad73a504971]::result::Result<(), alloc[2e1b2a31b91974c5]::string::String> as core[a373ad73a504971]::ops::function::FnOnce<()>>::call_once
[INFO] [stdout]                                at /rustc/e3feeb59cd1bdd011a2bfcc0747b55125d9b8527/library/core/src/ops/function.rs:250:5
[INFO] [stdout]   25:     0x6393032b40fb - test[aada8e7e76ba119b]::__rust_begin_short_backtrace::<core[a373ad73a504971]::result::Result<(), alloc[2e1b2a31b91974c5]::string::String>, fn() -> core[a373ad73a504971]::result::Result<(), alloc[2e1b2a31b91974c5]::string::String>>
[INFO] [stdout]                                at /rustc/e3feeb59cd1bdd011a2bfcc0747b55125d9b8527/library/test/src/lib.rs:701:18
[INFO] [stdout]   26:     0x6393032c12d5 - test[aada8e7e76ba119b]::run_test_in_process::{closure#0}
[INFO] [stdout]                                at /rustc/e3feeb59cd1bdd011a2bfcc0747b55125d9b8527/library/test/src/lib.rs:724:74
[INFO] [stdout]   27:     0x6393032c12d5 - <core[a373ad73a504971]::panic::unwind_safe::AssertUnwindSafe<test[aada8e7e76ba119b]::run_test_in_process::{closure#0}> as core[a373ad73a504971]::ops::function::FnOnce<()>>::call_once
[INFO] [stdout]                                at /rustc/e3feeb59cd1bdd011a2bfcc0747b55125d9b8527/library/core/src/panic/unwind_safe.rs:275:9
[INFO] [stdout]   28:     0x6393032c12d5 - std[617be2ca0a6fd877]::panicking::catch_unwind::do_call::<core[a373ad73a504971]::panic::unwind_safe::AssertUnwindSafe<test[aada8e7e76ba119b]::run_test_in_process::{closure#0}>, core[a373ad73a504971]::result::Result<(), alloc[2e1b2a31b91974c5]::string::String>>
[INFO] [stdout]                                at /rustc/e3feeb59cd1bdd011a2bfcc0747b55125d9b8527/library/std/src/panicking.rs:573:43
[INFO] [stdout]   29:     0x6393032c12d5 - std[617be2ca0a6fd877]::panicking::catch_unwind::<core[a373ad73a504971]::result::Result<(), alloc[2e1b2a31b91974c5]::string::String>, core[a373ad73a504971]::panic::unwind_safe::AssertUnwindSafe<test[aada8e7e76ba119b]::run_test_in_process::{closure#0}>>
[INFO] [stdout]                                at /rustc/e3feeb59cd1bdd011a2bfcc0747b55125d9b8527/library/std/src/panicking.rs:541:19
[INFO] [stdout]   30:     0x6393032c12d5 - std[617be2ca0a6fd877]::panic::catch_unwind::<core[a373ad73a504971]::panic::unwind_safe::AssertUnwindSafe<test[aada8e7e76ba119b]::run_test_in_process::{closure#0}>, core[a373ad73a504971]::result::Result<(), alloc[2e1b2a31b91974c5]::string::String>>
[INFO] [stdout]                                at /rustc/e3feeb59cd1bdd011a2bfcc0747b55125d9b8527/library/std/src/panic.rs:359:14
[INFO] [stdout]   31:     0x6393032c12d5 - test[aada8e7e76ba119b]::run_test_in_process
[INFO] [stdout]                                at /rustc/e3feeb59cd1bdd011a2bfcc0747b55125d9b8527/library/test/src/lib.rs:724:27
[INFO] [stdout]   32:     0x6393032c12d5 - test[aada8e7e76ba119b]::run_test::{closure#0}
[INFO] [stdout]                                at /rustc/e3feeb59cd1bdd011a2bfcc0747b55125d9b8527/library/test/src/lib.rs:645:43
[INFO] [stdout]   33:     0x6393032babc4 - test[aada8e7e76ba119b]::run_test::{closure#1}
[INFO] [stdout]                                at /rustc/e3feeb59cd1bdd011a2bfcc0747b55125d9b8527/library/test/src/lib.rs:675:41
[INFO] [stdout]   34:     0x6393032babc4 - std[617be2ca0a6fd877]::sys::backtrace::__rust_begin_short_backtrace::<test[aada8e7e76ba119b]::run_test::{closure#1}, ()>
[INFO] [stdout]                                at /rustc/e3feeb59cd1bdd011a2bfcc0747b55125d9b8527/library/std/src/sys/backtrace.rs:166:18
[INFO] [stdout]   35:     0x6393032c4362 - std[617be2ca0a6fd877]::thread::lifecycle::spawn_unchecked::<test[aada8e7e76ba119b]::run_test::{closure#1}, ()>::{closure#1}::{closure#0}
[INFO] [stdout]                                at /rustc/e3feeb59cd1bdd011a2bfcc0747b55125d9b8527/library/std/src/thread/lifecycle.rs:70:13
[INFO] [stdout]   36:     0x6393032c4362 - <core[a373ad73a504971]::panic::unwind_safe::AssertUnwindSafe<std[617be2ca0a6fd877]::thread::lifecycle::spawn_unchecked<test[aada8e7e76ba119b]::run_test::{closure#1}, ()>::{closure#1}::{closure#0}> as core[a373ad73a504971]::ops::function::FnOnce<()>>::call_once
[INFO] [stdout]                                at /rustc/e3feeb59cd1bdd011a2bfcc0747b55125d9b8527/library/core/src/panic/unwind_safe.rs:275:9
[INFO] [stdout]   37:     0x6393032c4362 - std[617be2ca0a6fd877]::panicking::catch_unwind::do_call::<core[a373ad73a504971]::panic::unwind_safe::AssertUnwindSafe<std[617be2ca0a6fd877]::thread::lifecycle::spawn_unchecked<test[aada8e7e76ba119b]::run_test::{closure#1}, ()>::{closure#1}::{closure#0}>, ()>
[INFO] [stdout]                                at /rustc/e3feeb59cd1bdd011a2bfcc0747b55125d9b8527/library/std/src/panicking.rs:573:43
[INFO] [stdout]   38:     0x6393032c4362 - std[617be2ca0a6fd877]::panicking::catch_unwind::<(), core[a373ad73a504971]::panic::unwind_safe::AssertUnwindSafe<std[617be2ca0a6fd877]::thread::lifecycle::spawn_unchecked<test[aada8e7e76ba119b]::run_test::{closure#1}, ()>::{closure#1}::{closure#0}>>
[INFO] [stdout]                                at /rustc/e3feeb59cd1bdd011a2bfcc0747b55125d9b8527/library/std/src/panicking.rs:541:19
[INFO] [stdout]   39:     0x6393032c4362 - std[617be2ca0a6fd877]::panic::catch_unwind::<core[a373ad73a504971]::panic::unwind_safe::AssertUnwindSafe<std[617be2ca0a6fd877]::thread::lifecycle::spawn_unchecked<test[aada8e7e76ba119b]::run_test::{closure#1}, ()>::{closure#1}::{closure#0}>, ()>
[INFO] [stdout]                                at /rustc/e3feeb59cd1bdd011a2bfcc0747b55125d9b8527/library/std/src/panic.rs:359:14
[INFO] [stdout]   40:     0x6393032c4362 - std[617be2ca0a6fd877]::thread::lifecycle::spawn_unchecked::<test[aada8e7e76ba119b]::run_test::{closure#1}, ()>::{closure#1}
[INFO] [stdout]                                at /rustc/e3feeb59cd1bdd011a2bfcc0747b55125d9b8527/library/std/src/thread/lifecycle.rs:68:26
[INFO] [stdout]   41:     0x6393032c4362 - <std[617be2ca0a6fd877]::thread::lifecycle::spawn_unchecked<test[aada8e7e76ba119b]::run_test::{closure#1}, ()>::{closure#1} as core[a373ad73a504971]::ops::function::FnOnce<()>>::call_once::{shim:vtable#0}
[INFO] [stdout]                                at /rustc/e3feeb59cd1bdd011a2bfcc0747b55125d9b8527/library/core/src/ops/function.rs:250:5
[INFO] [stdout]   42:     0x6393034d5e5f - <alloc[2e1b2a31b91974c5]::boxed::Box<dyn core[a373ad73a504971]::ops::function::FnOnce<(), Output = ()> + core[a373ad73a504971]::marker::Send> as core[a373ad73a504971]::ops::function::FnOnce<()>>::call_once
[INFO] [stdout]                                at /rustc/e3feeb59cd1bdd011a2bfcc0747b55125d9b8527/library/alloc/src/boxed.rs:2314:9
[INFO] [stdout]   43:     0x6393034d5e5f - <std[617be2ca0a6fd877]::sys::thread::unix::Thread>::new::thread_start
[INFO] [stdout]                                at /rustc/e3feeb59cd1bdd011a2bfcc0747b55125d9b8527/library/std/src/sys/thread/unix.rs:127:17
[INFO] [stdout]   44:     0x7cc458570dfa - <unknown>
[INFO] [stdout]   45:     0x7cc4586043d4 - clone
[INFO] [stdout]   46:                0x0 - <unknown>
[INFO] [stdout] 
[INFO] [stdout] 
[INFO] [stdout] failures:
[INFO] [stdout]     shapefile::tests::roundtrip_points
[INFO] [stdout]     shapefile::tests::roundtrip_polygon
[INFO] [stdout] 
[INFO] [stdout] test result: FAILED. 121 passed; 2 failed; 0 ignored; 0 measured; 0 filtered out; finished in 0.40s
[INFO] [stdout] 
[INFO] [stderr] error: test failed, to rerun pass `--lib`
[INFO] running `Command { std: "docker" "inspect" "245bc40ade285c4b2f6bb57d115ed205182756f3a66f0e8de3b5ef0328a27f73", kill_on_drop: false }`
[INFO] running `Command { std: "docker" "rm" "-f" "245bc40ade285c4b2f6bb57d115ed205182756f3a66f0e8de3b5ef0328a27f73", kill_on_drop: false }`
[INFO] [stdout] 245bc40ade285c4b2f6bb57d115ed205182756f3a66f0e8de3b5ef0328a27f73
