[INFO] fetching crate wbspatialstats 0.1.2...
[INFO] testing wbspatialstats-0.1.2 against 1.100.0-beta.1 for beta-1.100-2
[INFO] extracting crate wbspatialstats 0.1.2 into /workspace/builds/worker-5-tc2/source
[INFO] started tweaking crates.io crate wbspatialstats 0.1.2
[INFO] removed 0 missing tests
[INFO] finished tweaking crates.io crate wbspatialstats 0.1.2
[INFO] tweaked toml for crates.io crate wbspatialstats 0.1.2 written to /workspace/builds/worker-5-tc2/source/Cargo.toml
[INFO] validating manifest of crates.io crate wbspatialstats 0.1.2 on toolchain 1.100.0-beta.1
[INFO] running `Command { std: CARGO_HOME="/workspace/cargo-home" RUSTUP_HOME="/workspace/rustup-home" "/workspace/cargo-home/bin/cargo" "+1.100.0-beta.1" "metadata" "--manifest-path" "Cargo.toml" "--no-deps", kill_on_drop: false }`
[INFO] crate crates.io crate wbspatialstats 0.1.2 already has a lockfile, it will not be regenerated
[INFO] running `Command { std: CARGO_HOME="/workspace/cargo-home" RUSTUP_HOME="/workspace/rustup-home" "/workspace/cargo-home/bin/cargo" "+1.100.0-beta.1" "fetch" "--manifest-path" "Cargo.toml", kill_on_drop: false }`
[INFO] [stderr] warning: `package.homepage` is redundant with `package.repository`
[INFO] [stderr]   --> Cargo.toml:54:12
[INFO] [stderr]    |
[INFO] [stderr] 54 | homepage = "https://github.com/jblindsay/whitebox_next_gen"
[INFO] [stderr]    |            ^^^^^^^^^^^^^^^^^^^^^^^^^^^^^^^^^^^^^^^^^^^^^^^^
[INFO] [stderr] ...
[INFO] [stderr] 59 | repository = "https://github.com/jblindsay/whitebox_next_gen"
[INFO] [stderr]    |              ------------------------------------------------
[INFO] [stderr]    |
[INFO] [stderr]    = note: `cargo::redundant_homepage` is set to `warn` by default
[INFO] [stderr] help: consider removing `package.homepage`
[INFO] [stderr] warning: `wbspatialstats` (manifest) generated 1 warning
[INFO] running `Command { std: "docker" "create" "-v" "/var/lib/crater-agent-workspace/builds/worker-5-tc2/source:/opt/rustwide/workdir:ro,Z" "-v" "/var/lib/crater-agent-workspace/builds/worker-5-tc2/target:/opt/rustwide/target:rw,Z" "-v" "/var/lib/crater-agent-workspace/cargo-home:/opt/rustwide/cargo-home:ro,Z" "-v" "/var/lib/crater-agent-workspace/rustup-home:/opt/rustwide/rustup-home:ro,Z" "-m" "1610612736" "--network" "none" "ghcr.io/rust-lang/crates-build-env/linux@sha256:3111399a4047eeb3a02b7a90e478d715f38a8c6669b5c4b49d30a17385265909" "sleep" "infinity", kill_on_drop: false }`
[INFO] [stdout] d5e1cd10f6db3bb75a79f066996becde1b5c12ec6a3c68840efe14de7d4ae545
[INFO] running `Command { std: "docker" "start" "d5e1cd10f6db3bb75a79f066996becde1b5c12ec6a3c68840efe14de7d4ae545", kill_on_drop: false }`
[INFO] running `Command { std: "docker" "inspect" "d5e1cd10f6db3bb75a79f066996becde1b5c12ec6a3c68840efe14de7d4ae545", kill_on_drop: false }`
[INFO] running `Command { std: "docker" "exec" "-e" "SOURCE_DIR=/opt/rustwide/workdir" "-e" "CARGO_HOME=/opt/rustwide/cargo-home" "-e" "RUSTUP_HOME=/opt/rustwide/rustup-home" "-e" "CARGO_TARGET_DIR=/opt/rustwide/target" "-w" "/opt/rustwide/workdir" "--user" "0:0" "d5e1cd10f6db3bb75a79f066996becde1b5c12ec6a3c68840efe14de7d4ae545" "/opt/rustwide/cargo-home/bin/cargo" "+1.100.0-beta.1" "metadata" "--no-deps" "--format-version=1", kill_on_drop: false }`
[INFO] running `Command { std: "docker" "inspect" "d5e1cd10f6db3bb75a79f066996becde1b5c12ec6a3c68840efe14de7d4ae545", kill_on_drop: false }`
[INFO] running `Command { std: "docker" "exec" "-e" "SOURCE_DIR=/opt/rustwide/workdir" "-e" "CARGO_HOME=/opt/rustwide/cargo-home" "-e" "RUSTUP_HOME=/opt/rustwide/rustup-home" "-e" "CARGO_TARGET_DIR=/opt/rustwide/target" "-e" "CARGO_INCREMENTAL=0" "-e" "RUST_BACKTRACE=full" "-e" "RUSTFLAGS=--cap-lints=warn" "-e" "RUSTDOCFLAGS=--cap-lints=warn" "-w" "/opt/rustwide/workdir" "--user" "0:0" "d5e1cd10f6db3bb75a79f066996becde1b5c12ec6a3c68840efe14de7d4ae545" "/opt/rustwide/cargo-home/bin/cargo" "+1.100.0-beta.1" "build" "--frozen" "--message-format=json", kill_on_drop: false }`
[INFO] [stderr] warning: `package.homepage` is redundant with `package.repository`
[INFO] [stderr]   --> Cargo.toml:54:12
[INFO] [stderr]    |
[INFO] [stderr] 54 | homepage = "https://github.com/jblindsay/whitebox_next_gen"
[INFO] [stderr]    |            ^^^^^^^^^^^^^^^^^^^^^^^^^^^^^^^^^^^^^^^^^^^^^^^^
[INFO] [stderr] ...
[INFO] [stderr] 59 | repository = "https://github.com/jblindsay/whitebox_next_gen"
[INFO] [stderr]    |              ------------------------------------------------
[INFO] [stderr]    |
[INFO] [stderr]    = note: `cargo::redundant_homepage` is set to `warn` by default
[INFO] [stderr] help: consider removing `package.homepage`
[INFO] [stderr] warning: `wbspatialstats` (manifest) generated 1 warning
[INFO] [stderr]    Compiling autocfg v1.5.0
[INFO] [stderr]    Compiling proc-macro2 v1.0.106
[INFO] [stderr]    Compiling unicode-ident v1.0.24
[INFO] [stderr]    Compiling quote v1.0.45
[INFO] [stderr]    Compiling crossbeam-utils v0.8.21
[INFO] [stderr]    Compiling libc v0.2.184
[INFO] [stderr]    Compiling serde_core v1.0.228
[INFO] [stderr]    Compiling zerocopy v0.8.48
[INFO] [stderr]    Compiling serde v1.0.228
[INFO] [stderr]    Compiling cfg-if v1.0.4
[INFO] [stderr]    Compiling paste v1.0.15
[INFO] [stderr]    Compiling bytemuck v1.25.0
[INFO] [stderr]    Compiling rawpointer v0.2.1
[INFO] [stderr]    Compiling typenum v1.19.0
[INFO] [stderr]    Compiling num-traits v0.2.19
[INFO] [stderr]    Compiling matrixmultiply v0.3.10
[INFO] [stderr]    Compiling safe_arch v0.7.4
[INFO] [stderr]    Compiling rayon-core v1.13.0
[INFO] [stderr]    Compiling zmij v1.0.21
[INFO] [stderr]    Compiling crossbeam-epoch v0.9.18
[INFO] [stderr]    Compiling syn v2.0.117
[INFO] [stderr]    Compiling wide v0.7.33
[INFO] [stderr]    Compiling crossbeam-deque v0.8.6
[INFO] [stderr]    Compiling num-integer v0.1.46
[INFO] [stderr]    Compiling getrandom v0.2.17
[INFO] [stderr]    Compiling num-complex v0.4.6
[INFO] [stderr]    Compiling rand_core v0.6.4
[INFO] [stderr]    Compiling approx v0.5.1
[INFO] [stderr]    Compiling thiserror v1.0.69
[INFO] [stderr]    Compiling serde_json v1.0.149
[INFO] [stderr]    Compiling num-rational v0.4.2
[INFO] [stderr]    Compiling wbspatialstats v0.1.2 (/opt/rustwide/workdir)
[INFO] [stderr]    Compiling memchr v2.8.0
[INFO] [stderr]    Compiling itoa v1.0.18
[INFO] [stderr]    Compiling either v1.15.0
[INFO] [stderr]    Compiling log v0.4.29
[INFO] [stderr]    Compiling rayon v1.12.0
[INFO] [stderr]    Compiling simba v0.9.1
[INFO] [stderr]    Compiling serde_derive v1.0.228
[INFO] [stderr]    Compiling nalgebra-macros v0.3.0
[INFO] [stderr]    Compiling thiserror-impl v1.0.69
[INFO] [stderr]    Compiling ppv-lite86 v0.2.21
[INFO] [stderr]    Compiling rand_chacha v0.3.1
[INFO] [stderr]    Compiling rand v0.8.5
[INFO] [stderr]    Compiling ndarray v0.15.6
[INFO] [stderr]    Compiling nalgebra v0.34.2
[INFO] [stderr] warning: unused dependency `log`
[INFO] [stderr]  --> Cargo.toml:1:15
[INFO] [stderr]   |
[INFO] [stderr] 1 | [dependencies.log]
[INFO] [stderr]   |               ^^^^
[INFO] [stderr]   |
[INFO] [stderr]   = note: `cargo::unused_dependencies` is set to `warn` by default
[INFO] [stderr] help: consider removing the dependency on `log`
[INFO] [stderr] warning: unused dependency `ndarray`
[INFO] [stderr]  --> Cargo.toml:8:15
[INFO] [stderr]   |
[INFO] [stderr] 8 | [dependencies.ndarray]
[INFO] [stderr]   |               ^^^^^^^^
[INFO] [stderr]   |
[INFO] [stderr] help: consider removing the dependency on `ndarray`
[INFO] [stderr] warning: `wbspatialstats` (manifest) generated 2 warnings
[INFO] [stderr]     Finished `dev` profile [unoptimized + debuginfo] target(s) in 58.06s
[INFO] running `Command { std: "docker" "inspect" "d5e1cd10f6db3bb75a79f066996becde1b5c12ec6a3c68840efe14de7d4ae545", kill_on_drop: false }`
[INFO] running `Command { std: "docker" "exec" "-e" "SOURCE_DIR=/opt/rustwide/workdir" "-e" "CARGO_HOME=/opt/rustwide/cargo-home" "-e" "RUSTUP_HOME=/opt/rustwide/rustup-home" "-e" "CARGO_TARGET_DIR=/opt/rustwide/target" "-e" "CARGO_INCREMENTAL=0" "-e" "RUST_BACKTRACE=full" "-e" "RUSTFLAGS=--cap-lints=warn" "-e" "RUSTDOCFLAGS=--cap-lints=warn" "-w" "/opt/rustwide/workdir" "--user" "0:0" "d5e1cd10f6db3bb75a79f066996becde1b5c12ec6a3c68840efe14de7d4ae545" "/opt/rustwide/cargo-home/bin/cargo" "+1.100.0-beta.1" "test" "--frozen" "--no-run" "--message-format=json", kill_on_drop: false }`
[INFO] [stderr] warning: `package.homepage` is redundant with `package.repository`
[INFO] [stderr]   --> Cargo.toml:54:12
[INFO] [stderr]    |
[INFO] [stderr] 54 | homepage = "https://github.com/jblindsay/whitebox_next_gen"
[INFO] [stderr]    |            ^^^^^^^^^^^^^^^^^^^^^^^^^^^^^^^^^^^^^^^^^^^^^^^^
[INFO] [stderr] ...
[INFO] [stderr] 59 | repository = "https://github.com/jblindsay/whitebox_next_gen"
[INFO] [stderr]    |              ------------------------------------------------
[INFO] [stderr]    |
[INFO] [stderr]    = note: `cargo::redundant_homepage` is set to `warn` by default
[INFO] [stderr] help: consider removing `package.homepage`
[INFO] [stderr] warning: `wbspatialstats` (manifest) generated 1 warning
[INFO] [stderr]    Compiling approx v0.5.1
[INFO] [stderr]    Compiling simba v0.9.1
[INFO] [stderr]    Compiling nalgebra v0.34.2
[INFO] [stderr]    Compiling wbspatialstats v0.1.2 (/opt/rustwide/workdir)
[INFO] [stdout] warning: unused import: `crate::variogram::VariogramFitter`
[INFO] [stdout]    --> src/kriging/universal.rs:323:9
[INFO] [stdout]     |
[INFO] [stdout] 323 |     use crate::variogram::VariogramFitter;
[INFO] [stdout]     |         ^^^^^^^^^^^^^^^^^^^^^^^^^^^^^^^^^
[INFO] [stdout]     |
[INFO] [stdout]     = note: `#[warn(unused_imports)]` (part of `#[warn(unused)]`) on by default
[INFO] [stdout] 
[INFO] [stdout] 
[INFO] [stdout] warning: unused import: `nalgebra::DMatrix`
[INFO] [stdout]    --> src/regression/diagnostics.rs:234:9
[INFO] [stdout]     |
[INFO] [stdout] 234 |     use nalgebra::DMatrix;
[INFO] [stdout]     |         ^^^^^^^^^^^^^^^^^
[INFO] [stdout] 
[INFO] [stdout] 
[INFO] [stdout] warning: variable does not need to be mutable
[INFO] [stdout]   --> tests/phase1_benchmarks.rs:71:13
[INFO] [stdout]    |
[INFO] [stdout] 71 |         let mut rng = StdRng::seed_from_u64(42);
[INFO] [stdout]    |             ----^^^
[INFO] [stdout]    |             |
[INFO] [stdout]    |             help: remove this `mut`
[INFO] [stdout]    |
[INFO] [stdout]    = note: `#[warn(unused_mut)]` (part of `#[warn(unused)]`) on by default
[INFO] [stdout] 
[INFO] [stdout] 
[INFO] [stdout] warning: unused variable: `rng`
[INFO] [stdout]   --> tests/phase1_benchmarks.rs:71:13
[INFO] [stdout]    |
[INFO] [stdout] 71 |         let mut rng = StdRng::seed_from_u64(42);
[INFO] [stdout]    |             ^^^^^^^ help: if this is intentional, prefix it with an underscore: `_rng`
[INFO] [stdout]    |
[INFO] [stdout]    = note: `#[warn(unused_variables)]` (part of `#[warn(unused)]`) on by default
[INFO] [stdout] 
[INFO] [stdout] 
[INFO] [stderr] warning: unused dependency `log`
[INFO] [stderr]  --> Cargo.toml:1:15
[INFO] [stderr]   |
[INFO] [stderr] 1 | [dependencies.log]
[INFO] [stderr]   |               ^^^^
[INFO] [stderr]   |
[INFO] [stderr]   = note: `cargo::unused_dependencies` is set to `warn` by default
[INFO] [stderr] help: consider removing the dependency on `log`
[INFO] [stderr] warning: unused dependency `ndarray`
[INFO] [stderr]  --> Cargo.toml:8:15
[INFO] [stderr]   |
[INFO] [stderr] 8 | [dependencies.ndarray]
[INFO] [stderr]   |               ^^^^^^^^
[INFO] [stderr]   |
[INFO] [stderr] help: consider removing the dependency on `ndarray`
[INFO] [stderr] warning: `wbspatialstats` (manifest) generated 2 warnings
[INFO] [stderr]     Finished `test` profile [unoptimized + debuginfo] target(s) in 26.88s
[INFO] running `Command { std: "docker" "inspect" "d5e1cd10f6db3bb75a79f066996becde1b5c12ec6a3c68840efe14de7d4ae545", kill_on_drop: false }`
[INFO] running `Command { std: "docker" "exec" "-e" "SOURCE_DIR=/opt/rustwide/workdir" "-e" "CARGO_HOME=/opt/rustwide/cargo-home" "-e" "RUSTUP_HOME=/opt/rustwide/rustup-home" "-e" "CARGO_TARGET_DIR=/opt/rustwide/target" "-e" "CARGO_INCREMENTAL=0" "-e" "RUST_BACKTRACE=full" "-e" "RUSTFLAGS=--cap-lints=warn" "-e" "RUSTDOCFLAGS=--cap-lints=warn" "-w" "/opt/rustwide/workdir" "--user" "0:0" "d5e1cd10f6db3bb75a79f066996becde1b5c12ec6a3c68840efe14de7d4ae545" "/opt/rustwide/cargo-home/bin/cargo" "+1.100.0-beta.1" "test" "--frozen", kill_on_drop: false }`
[INFO] [stderr] warning: `package.homepage` is redundant with `package.repository`
[INFO] [stderr]   --> Cargo.toml:54:12
[INFO] [stderr]    |
[INFO] [stderr] 54 | homepage = "https://github.com/jblindsay/whitebox_next_gen"
[INFO] [stderr]    |            ^^^^^^^^^^^^^^^^^^^^^^^^^^^^^^^^^^^^^^^^^^^^^^^^
[INFO] [stderr] ...
[INFO] [stderr] 59 | repository = "https://github.com/jblindsay/whitebox_next_gen"
[INFO] [stderr]    |              ------------------------------------------------
[INFO] [stderr]    |
[INFO] [stderr]    = note: `cargo::redundant_homepage` is set to `warn` by default
[INFO] [stderr] help: consider removing `package.homepage`
[INFO] [stderr] warning: `wbspatialstats` (manifest) generated 1 warning
[INFO] [stderr] warning: unused import: `crate::variogram::VariogramFitter`
[INFO] [stderr]    --> src/kriging/universal.rs:323:9
[INFO] [stderr]     |
[INFO] [stderr] 323 |     use crate::variogram::VariogramFitter;
[INFO] [stderr]     |         ^^^^^^^^^^^^^^^^^^^^^^^^^^^^^^^^^
[INFO] [stderr]     |
[INFO] [stderr]     = note: `#[warn(unused_imports)]` (part of `#[warn(unused)]`) on by default
[INFO] [stderr] 
[INFO] [stderr] warning: unused import: `nalgebra::DMatrix`
[INFO] [stderr]    --> src/regression/diagnostics.rs:234:9
[INFO] [stderr]     |
[INFO] [stderr] 234 |     use nalgebra::DMatrix;
[INFO] [stderr]     |         ^^^^^^^^^^^^^^^^^
[INFO] [stderr] 
[INFO] [stderr] warning: `wbspatialstats` (lib test) generated 2 warnings (run `cargo fix --lib -p wbspatialstats --tests` to apply 2 suggestions)
[INFO] [stderr] warning: variable does not need to be mutable
[INFO] [stderr]   --> tests/phase1_benchmarks.rs:71:13
[INFO] [stderr]    |
[INFO] [stderr] 71 |         let mut rng = StdRng::seed_from_u64(42);
[INFO] [stderr]    |             ----^^^
[INFO] [stderr]    |             |
[INFO] [stderr]    |             help: remove this `mut`
[INFO] [stderr]    |
[INFO] [stderr]    = note: `#[warn(unused_mut)]` (part of `#[warn(unused)]`) on by default
[INFO] [stderr] 
[INFO] [stderr] warning: unused variable: `rng`
[INFO] [stderr]   --> tests/phase1_benchmarks.rs:71:13
[INFO] [stderr]    |
[INFO] [stderr] 71 |         let mut rng = StdRng::seed_from_u64(42);
[INFO] [stderr]    |             ^^^^^^^ help: if this is intentional, prefix it with an underscore: `_rng`
[INFO] [stderr]    |
[INFO] [stderr]    = note: `#[warn(unused_variables)]` (part of `#[warn(unused)]`) on by default
[INFO] [stderr] 
[INFO] [stderr] warning: `wbspatialstats` (test "phase1_benchmarks") generated 2 warnings (run `cargo fix --test "phase1_benchmarks" -p wbspatialstats` to apply 2 suggestions)
[INFO] [stderr] warning: unused dependency `log`
[INFO] [stderr]  --> Cargo.toml:1:15
[INFO] [stderr]   |
[INFO] [stderr] 1 | [dependencies.log]
[INFO] [stderr]   |               ^^^^
[INFO] [stderr]   |
[INFO] [stderr]   = note: `cargo::unused_dependencies` is set to `warn` by default
[INFO] [stderr] help: consider removing the dependency on `log`
[INFO] [stderr] warning: unused dependency `ndarray`
[INFO] [stderr]  --> Cargo.toml:8:15
[INFO] [stderr]   |
[INFO] [stderr] 8 | [dependencies.ndarray]
[INFO] [stderr]   |               ^^^^^^^^
[INFO] [stderr]   |
[INFO] [stderr] help: consider removing the dependency on `ndarray`
[INFO] [stderr] warning: `wbspatialstats` (manifest) generated 2 warnings
[INFO] [stderr]     Finished `test` profile [unoptimized + debuginfo] target(s) in 0.12s
[INFO] [stderr]      Running unittests src/lib.rs (/opt/rustwide/target/debug/build/wbspatialstats/dc3de18e6b085bd7/out/wbspatialstats-dc3de18e6b085bd7)
[INFO] [stdout] 
[INFO] [stdout] running 156 tests
[INFO] [stdout] test autocorrelation::permutation::tests::permutation_performance_meuse ... ignored
[INFO] [stdout] test autocorrelation::tests::test_lisa_zero_variance ... ok
[INFO] [stdout] test autocorrelation::tests::test_getis_ord_g_basic ... ok
[INFO] [stdout] test autocorrelation::tests::test_morans_i_requires_enough_features ... ok
[INFO] [stdout] test autocorrelation::tests::test_nni_insufficient_points ... ok
[INFO] [stdout] test autocorrelation::tests::test_nni_basic ... ok
[INFO] [stdout] test autocorrelation::tests::test_quadrat_basic ... ok
[INFO] [stdout] test autocorrelation::tests::test_morans_i_basic ... ok
[INFO] [stdout] test cv::tests::test_cv_metrics_calibration_check ... ok
[INFO] [stdout] test cv::tests::test_cv_metrics_summary ... ok
[INFO] [stdout] test cv::tests::test_loocv_all_model_families ... ok
[INFO] [stdout] test cv::tests::test_loocv_insufficient_data ... ok
[INFO] [stdout] test cv::tests::test_loocv_metrics_bounds ... ok
[INFO] [stdout] test cv::tests::test_loocv_mismatched_lengths ... ok
[INFO] [stdout] test autocorrelation::tests::test_getis_ord_g_star_basic ... ok
[INFO] [stdout] test autocorrelation::tests::test_lisa_basic ... ok
[INFO] [stdout] test cv::tests::test_loocv_reproducibility ... ok
[INFO] [stdout] test cv::tests::test_loocv_simple_linear_field ... ok
[INFO] [stdout] test cv::tests::test_pearson_correlation_no_correlation ... ok
[INFO] [stdout] test cv::tests::test_pearson_correlation_perfect_negative ... ok
[INFO] [stdout] test density_estimation::tests::test_kde_empty_points_error ... ok
[INFO] [stdout] test cv::tests::test_loocv_constant_field ... ok
[INFO] [stdout] test density_estimation::tests::test_kde_batch_consistency ... ok
[INFO] [stdout] test autocorrelation::tests::test_quadrat_empty ... ok
[INFO] [stdout] test cv::tests::test_pearson_correlation_perfect ... ok
[INFO] [stdout] test density_estimation::tests::test_kde_zero_bandwidth_error ... ok
[INFO] [stdout] test density_estimation::tests::test_scott_bandwidth ... ok
[INFO] [stdout] test kriging::cokriging::tests::test_cokriging_predict ... ok
[INFO] [stdout] test kriging::cokriging::tests::test_cokriging_predict_batch ... ok
[INFO] [stdout] test autocorrelation::permutation::tests::test_local_morans_i_permutation ... ok
[INFO] [stdout] test kriging::local::tests::test_local_kriging_batch_prediction ... ok
[INFO] [stdout] test kriging::local::tests::test_local_kriging_k_too_large ... ok
[INFO] [stdout] test kriging::cokriging::tests::test_cokriging_new ... ok
[INFO] [stdout] test kriging::local::tests::test_local_kriging_prediction ... ok
[INFO] [stdout] test kriging::prediction_intervals::tests::test_bootstrap_interval_95_ci ... ok
[INFO] [stdout] test kriging::local::tests::test_local_vs_global_kriging_similarity ... ok
[INFO] [stdout] test kriging::prediction_intervals::tests::test_bootstrap_interval_empty_residuals ... ok
[INFO] [stdout] test density_estimation::tests::test_kde_gaussian_properties ... ok
[INFO] [stdout] test kriging::prediction_intervals::tests::test_bootstrap_interval_insufficient_bootstrap_samples ... ok
[INFO] [stdout] test kriging::cokriging::tests::test_cokriging_new_length_mismatch ... ok
[INFO] [stdout] test kriging::local::tests::test_local_kriging_creation ... ok
[INFO] [stdout] test kriging::local::tests::test_local_kriging_insufficient_points ... ok
[INFO] [stdout] test kriging::prediction_intervals::tests::test_bootstrap_interval_invalid_confidence ... ok
[INFO] [stdout] test autocorrelation::permutation::tests::test_morans_i_permutation_positive_autocorrelation ... ok
[INFO] [stdout] test autocorrelation::permutation::tests::test_morans_i_permutation_random_data ... ok
[INFO] [stdout] test kriging::prediction_intervals::tests::test_calibration_length_mismatch ... ok
[INFO] [stdout] test kriging::prediction_intervals::tests::test_gaussian_interval_invalid_confidence ... ok
[INFO] [stdout] test kriging::prediction_intervals::tests::test_calibration_perfect ... ok
[INFO] [stdout] test kriging::prediction_intervals::tests::test_calibration_poor ... ok
[INFO] [stdout] test kriging::prediction_intervals::tests::test_gaussian_interval_90_ci ... ok
[INFO] [stdout] test kriging::prediction_intervals::tests::test_gaussian_interval_zero_variance ... ok
[INFO] [stdout] test kriging::prediction_intervals::tests::test_posterior_interval_with_measurement_uncertainty ... ok
[INFO] [stdout] test kriging::prediction_intervals::tests::test_interval_width ... ok
[INFO] [stdout] test kriging::prediction_intervals::tests::test_gaussian_interval_invalid_variance ... ok
[INFO] [stdout] test kriging::prediction_intervals::tests::test_bootstrap_interval_basic ... ok
[INFO] [stdout] test kriging::prediction_intervals::tests::test_gaussian_interval_95_ci ... ok
[INFO] [stdout] test kriging::simple::tests::test_simple_kriging_at_data_point ... ok
[INFO] [stdout] test kriging::simple::tests::test_simple_kriging_creation ... ok
[INFO] [stdout] test kriging::prediction_intervals::tests::test_bootstrap_interval_reproducibility ... ok
[INFO] [stdout] test kriging::simple::tests::test_simple_kriging_batch_prediction ... ok
[INFO] [stdout] test kriging::simple::tests::test_simple_kriging_different_means ... ok
[INFO] [stdout] test kriging::simple::tests::test_simple_kriging_insufficient_points ... ok
[INFO] [stdout] test kriging::st_kriging::tests::test_spacetime_kriging_batch_mismatch ... ok
[INFO] [stdout] test kriging::simple::tests::test_simple_kriging_mismatch ... ok
[INFO] [stdout] test kriging::st_kriging::tests::test_spacetime_kriging_insufficient_points ... ok
[INFO] [stdout] test kriging::st_kriging::tests::test_spacetime_kriging_mismatch ... ok
[INFO] [stdout] test kriging::st_kriging::tests::test_spacetime_kriging_batch_prediction ... ok
[INFO] [stdout] test kriging::st_kriging::tests::test_spacetime_kriging_prediction ... ok
[INFO] [stdout] test kriging::st_kriging::tests::test_spacetime_kriging_temporal_variation ... ok
[INFO] [stdout] test kriging::simple::tests::test_simple_kriging_prediction ... ok
[INFO] [stdout] test kriging::st_kriging::tests::test_spacetime_kriging_creation ... ok
[INFO] [stdout] test kriging::st_kriging::tests::test_spacetime_separable_variogram ... ok
[INFO] [stdout] test kriging::prediction_intervals::tests::test_interval_contains ... ok
[INFO] [stdout] test kriging::tests::test_kriging_distance_function ... ok
[INFO] [stdout] test kriging::tests::test_kriging_insufficient_data ... ok
[INFO] [stdout] test kriging::tests::test_kriging_interpolation_at_data_point ... ok
[INFO] [stdout] test kriging::tests::test_kriging_result_ci_bounds ... ok
[INFO] [stdout] test kriging::tests::test_kriging_prediction_simple ... ok
[INFO] [stdout] test kriging::universal::tests::test_universal_kriging_degree_validation ... ok
[INFO] [stdout] test kriging::universal::tests::test_universal_kriging_mismatch ... ok
[INFO] [stdout] test kriging::universal::tests::test_universal_kriging_insufficient_points ... ok
[INFO] [stdout] test kriging::tests::test_kriging_multiple_models ... ok
[INFO] [stdout] test kriging::universal::tests::test_universal_kriging_residuals ... ok
[INFO] [stdout] test kriging::universal::tests::test_universal_kriging_two_degree ... ok
[INFO] [stdout] test kriging::universal::tests::test_universal_kriging_trend_removal ... ok
[INFO] [stdout] test point_process::diagnostics::tests::test_adequacy_check ... ok
[INFO] [stdout] test kriging::tests::test_kriging_valid_construction ... ok
[INFO] [stdout] test kriging::universal::tests::test_universal_kriging_prediction ... ok
[INFO] [stdout] test kriging::tests::test_kriging_variance_positive ... ok
[INFO] [stdout] test kriging::universal::tests::test_universal_kriging_creation ... ok
[INFO] [stdout] test point_process::diagnostics::tests::test_residual_length_mismatch ... ok
[INFO] [stdout] test kriging::universal::tests::test_universal_kriging_batch_prediction ... ok
[INFO] [stdout] test point_process::envelopes::tests::test_csr_generation ... ok
[INFO] [stdout] test kriging::universal::tests::test_universal_kriging_zero_degree ... ok
[INFO] [stdout] test point_process::envelopes::tests::test_envelope_invalid_simulations ... ok
[INFO] [stdout] test point_process::inhomogeneous::tests::test_inhomogeneous_insufficient_points ... ok
[INFO] [stdout] test point_process::inhomogeneous::tests::test_inhomogeneous_k_computation ... ok
[INFO] [stdout] test point_process::diagnostics::tests::test_residual_clustering_score ... ok
[INFO] [stdout] test point_process::diagnostics::tests::test_residual_computation_raw ... ok
[INFO] [stdout] test point_process::diagnostics::tests::test_residual_computation_standardized ... ok
[INFO] [stdout] test point_process::inhomogeneous::tests::test_inhomogeneous_k_process_creation ... ok
[INFO] [stdout] test point_process::ripley::tests::test_k_function_minimum_points ... ok
[INFO] [stdout] test point_process::inhomogeneous::tests::test_intensity_at_point ... ok
[INFO] [stdout] test point_process::tests::test_distance_range_bin_centers ... ok
[INFO] [stdout] test point_process::tests::test_distance_range_invalid ... ok
[INFO] [stdout] test regression::diagnostics::tests::test_aicc_computation ... ok
[INFO] [stdout] test regression::matrix_solvers::tests::test_fitted_residuals ... ok
[INFO] [stdout] test point_process::tests::test_distance_range_creation ... ok
[INFO] [stdout] test regression::matrix_solvers::tests::test_ols_simple ... ok
[INFO] [stdout] test point_process::ripley::tests::test_k_function_computation ... ok
[INFO] [stdout] test regression::test_data::tests::test_columbus_dimensions ... ok
[INFO] [stdout] test kriging::tests::test_kriging_batch_predict ... ok
[INFO] [stdout] test regression::test_data::tests::test_columbus_weights ... ok
[INFO] [stdout] test variogram::cross_variogram::tests::test_cross_variogram_basic ... ok
[INFO] [stdout] test variogram::cross_variogram::tests::test_cross_variogram_empty ... ok
[INFO] [stdout] test tests::test_error_propagation ... ok
[INFO] [stdout] test variogram::cross_variogram::tests::test_cross_variogram_model_evaluation ... ok
[INFO] [stdout] test point_process::ripley::tests::test_k_function_clustered ... ok
[INFO] [stdout] test variogram::cross_variogram::tests::test_fit_cross_variogram_model ... ok
[INFO] [stdout] test variogram::directional::tests::test_anisotropy_isotropic_check ... ok
[INFO] [stdout] test variogram::cross_variogram::tests::test_cross_variogram_mismatched_lengths ... ok
[INFO] [stdout] test variogram::directional::tests::test_directional_variogram_empty ... ok
[INFO] [stdout] test variogram::directional::tests::test_directional_variogram_north_south ... ok
[INFO] [stdout] test variogram::directional::tests::test_anisotropy_model_distance ... ok
[INFO] [stdout] test variogram::directional::tests::test_directional_variogram_too_few_samples ... ok
[INFO] [stdout] test variogram::directional::tests::test_fit_anisotropy_basic ... ok
[INFO] [stdout] test variogram::empirical::tests::test_empirical_variogram_simple ... ok
[INFO] [stdout] test variogram::empirical::tests::test_insufficient_data ... ok
[INFO] [stdout] test variogram::empirical::tests::test_mismatch_length ... ok
[INFO] [stdout] test variogram::model::tests::test_variogram_fit_insufficient_lags ... ok
[INFO] [stdout] test variogram::model::tests::test_variogram_fit_simple ... ok
[INFO] [stdout] test variogram::directional::tests::test_directional_variogram_east_west ... ok
[INFO] [stdout] test variogram::empirical::tests::test_empirical_variogram_nan_handling ... ok
[INFO] [stdout] test variogram::model::tests::test_variogram_model_exponential ... ok
[INFO] [stdout] test variogram::model::tests::test_variogram_model_gaussian ... ok
[INFO] [stdout] test variogram::model::tests::test_variogram_model_spherical ... ok
[INFO] [stdout] test variogram::robust::tests::test_l1_vs_huber_convergence ... ok
[INFO] [stdout] test variogram::robust::tests::test_robust_fit_all_families ... ok
[INFO] [stdout] test variogram::robust::tests::test_robust_fit_huber_simple ... ok
[INFO] [stdout] test variogram::robust::tests::test_robust_fit_insufficient_lags ... ok
[INFO] [stdout] test variogram::robust::tests::test_robust_fit_invalid_huber_threshold ... ok
[INFO] [stdout] test regression::spatial_lag::tests::test_spatial_lag_columbus ... ok
[INFO] [stdout] test variogram::tests::test_lag_bin_display ... ok
[INFO] [stdout] test variogram::robust::tests::test_robust_fit_with_outliers ... ok
[INFO] [stdout] test variogram::robust::tests::test_robust_fit_l1_simple ... ok
[INFO] [stdout] test weights::tests::test_connected_components_simple ... ok
[INFO] [stdout] test weights::tests::test_connected_components_multiple ... ok
[INFO] [stdout] test weights::tests::test_island_policy_parsing ... ok
[INFO] [stdout] test weights::tests::test_spatial_weights_mode_parsing ... ok
[INFO] [stdout] test weights::tests::test_two_tailed_p ... ok
[INFO] [stdout] test weights::tests::test_normal_cdf ... ok
[INFO] [stdout] test point_process::ripley::tests::test_k_function_csr_homogeneous ... ok
[INFO] [stdout] test point_process::envelopes::tests::test_envelope_generation ... ok
[INFO] [stdout] test regression::gwr::tests::test_gwr_columbus ... ok
[INFO] [stdout] test regression::spatial_error::tests::test_spatial_error_columbus ... ok
[INFO] [stderr]      Running tests/phase1_benchmarks.rs (/opt/rustwide/target/debug/build/wbspatialstats/636ff07f37e2f289/out/phase1_benchmarks-636ff07f37e2f289)
[INFO] [stdout] test variogram::robust::tests::test_huber_loss_function ... ok
[INFO] [stdout] 
[INFO] [stdout] test result: ok. 155 passed; 0 failed; 1 ignored; 0 measured; 0 filtered out; finished in 0.17s
[INFO] [stdout] 
[INFO] [stderr]    Doc-tests wbspatialstats
[INFO] [stdout] 
[INFO] [stdout] running 4 tests
[INFO] [stdout] test benchmark_directional_variography ... ignored
[INFO] [stdout] test benchmark_full_pipeline ... ignored
[INFO] [stdout] test benchmark_permutation_large_dataset ... ignored
[INFO] [stdout] test benchmark_prediction_intervals ... ignored
[INFO] [stdout] 
[INFO] [stdout] test result: ok. 0 passed; 0 failed; 4 ignored; 0 measured; 0 filtered out; finished in 0.00s
[INFO] [stdout] 
[INFO] [stdout] 
[INFO] [stdout] running 7 tests
[INFO] [stdout] test src/kriging/local.rs - kriging::local::LocalOrdinaryKriging (line 15) ... ignored
[INFO] [stdout] test src/kriging/simple.rs - kriging::simple (line 21) ... ignored
[INFO] [stdout] test src/kriging/simple.rs - kriging::simple::SimpleKriging::new (line 70) ... ignored
[INFO] [stdout] test src/kriging/simple.rs - kriging::simple::SimpleKriging::predict (line 129) ... ignored
[INFO] [stdout] test src/kriging/simple.rs - kriging::simple::SimpleKriging::predict_batch (line 205) ... ignored
[INFO] [stdout] test src/kriging/simple.rs - kriging::simple (line 12) ... FAILED
[INFO] [stdout] test src/kriging/universal.rs - kriging::universal::UniversalKriging::new (line 84) - compile ... FAILED
[INFO] [stderr] error: doctest failed, to rerun pass `--doc`
[INFO] [stdout] 
[INFO] [stdout] failures:
[INFO] [stdout] 
[INFO] [stdout] ---- src/kriging/simple.rs - kriging::simple (line 12) stdout ----
[INFO] [stdout] error: expected item, found `[`
[INFO] [stdout]   --> src/kriging/simple.rs:13:1
[INFO] [stdout]    |
[INFO] [stdout] 13 | [γ(x_i, x_j)      1  ] [λ_i]   [γ(x_i, x_0)    ]
[INFO] [stdout]    | ^ expected item
[INFO] [stdout]    |
[INFO] [stdout]    = note: for a full list of items that can appear in modules, see <https://doc.rust-lang.org/reference/items.html>
[INFO] [stdout] 
[INFO] [stdout] error: aborting due to 1 previous error
[INFO] [stdout] 
[INFO] [stdout] Couldn't compile the test.
[INFO] [stdout] ---- src/kriging/universal.rs - kriging::universal::UniversalKriging::new (line 84) stdout ----
[INFO] [stdout] error[E0599]: no associated function or constant named `spherical` found for struct `VariogramModel` in the current scope
[INFO] [stdout]   --> src/kriging/universal.rs:91:29
[INFO] [stdout]    |
[INFO] [stdout] 91 | let vario = VariogramModel::spherical(0.1, 1.0, 5.0);
[INFO] [stdout]    |                             ^^^^^^^^^ associated function or constant not found in `VariogramModel`
[INFO] [stdout] 
[INFO] [stdout] error: aborting due to 1 previous error
[INFO] [stdout] 
[INFO] [stdout] For more information about this error, try `rustc --explain E0599`.
[INFO] [stdout] Couldn't compile the test.
[INFO] [stdout] 
[INFO] [stdout] failures:
[INFO] [stdout]     src/kriging/simple.rs - kriging::simple (line 12)
[INFO] [stdout]     src/kriging/universal.rs - kriging::universal::UniversalKriging::new (line 84)
[INFO] [stdout] 
[INFO] [stdout] test result: FAILED. 0 passed; 2 failed; 5 ignored; 0 measured; 0 filtered out; finished in 0.28s
[INFO] [stdout] 
[INFO] running `Command { std: "docker" "inspect" "d5e1cd10f6db3bb75a79f066996becde1b5c12ec6a3c68840efe14de7d4ae545", kill_on_drop: false }`
[INFO] running `Command { std: "docker" "rm" "-f" "d5e1cd10f6db3bb75a79f066996becde1b5c12ec6a3c68840efe14de7d4ae545", kill_on_drop: false }`
[INFO] [stdout] d5e1cd10f6db3bb75a79f066996becde1b5c12ec6a3c68840efe14de7d4ae545
