[INFO] fetching crate wavekat-sip 0.3.0...
[INFO] testing wavekat-sip-0.3.0 against 1.99.0-beta.8 for beta-1.100-2
[INFO] extracting crate wavekat-sip 0.3.0 into /workspace/builds/worker-7-tc1/source
[INFO] started tweaking crates.io crate wavekat-sip 0.3.0
[INFO] removed 0 missing tests
[INFO] finished tweaking crates.io crate wavekat-sip 0.3.0
[INFO] tweaked toml for crates.io crate wavekat-sip 0.3.0 written to /workspace/builds/worker-7-tc1/source/Cargo.toml
[INFO] validating manifest of crates.io crate wavekat-sip 0.3.0 on toolchain 1.99.0-beta.8
[INFO] running `Command { std: CARGO_HOME="/workspace/cargo-home" RUSTUP_HOME="/workspace/rustup-home" "/workspace/cargo-home/bin/cargo" "+1.99.0-beta.8" "metadata" "--manifest-path" "Cargo.toml" "--no-deps", kill_on_drop: false }`
[INFO] crate crates.io crate wavekat-sip 0.3.0 already has a lockfile, it will not be regenerated
[INFO] running `Command { std: CARGO_HOME="/workspace/cargo-home" RUSTUP_HOME="/workspace/rustup-home" "/workspace/cargo-home/bin/cargo" "+1.99.0-beta.8" "fetch" "--manifest-path" "Cargo.toml", kill_on_drop: false }`
[INFO] [stderr]     Updating crates.io index
[INFO] [stderr]  Downloading crates ...
[INFO] [stderr]   Downloaded tokio-rustls v0.26.6
[INFO] [stderr]   Downloaded uuid v0.8.2
[INFO] [stderr]   Downloaded sha2 v0.9.9
[INFO] [stderr]   Downloaded digest v0.9.0
[INFO] [stderr]   Downloaded rsip v0.4.0
[INFO] [stderr]   Downloaded block-buffer v0.9.0
[INFO] [stderr]   Downloaded darling_macro v0.13.4
[INFO] [stderr]   Downloaded data-encoding v2.11.1
[INFO] [stderr]   Downloaded rsip-derives v0.4.0
[INFO] [stderr]   Downloaded md-5 v0.9.1
[INFO] [stderr]   Downloaded darling v0.13.4
[INFO] [stderr]   Downloaded pem v4.0.0
[INFO] [stderr]   Downloaded darling_core v0.13.4
[INFO] [stderr]   Downloaded rcgen v0.14.10
[INFO] [stderr]   Downloaded regex-automata v0.1.10
[INFO] [stderr]   Downloaded moka v0.12.16
[INFO] [stderr]   Downloaded bstr v0.2.17
[INFO] running `Command { std: "docker" "create" "-v" "/var/lib/crater-agent-workspace/builds/worker-7-tc1/source:/opt/rustwide/workdir:ro,Z" "-v" "/var/lib/crater-agent-workspace/builds/worker-7-tc1/target:/opt/rustwide/target:rw,Z" "-v" "/var/lib/crater-agent-workspace/cargo-home:/opt/rustwide/cargo-home:ro,Z" "-v" "/var/lib/crater-agent-workspace/rustup-home:/opt/rustwide/rustup-home:ro,Z" "-m" "1610612736" "--network" "none" "ghcr.io/rust-lang/crates-build-env/linux@sha256:3111399a4047eeb3a02b7a90e478d715f38a8c6669b5c4b49d30a17385265909" "sleep" "infinity", kill_on_drop: false }`
[INFO] [stdout] 70f6f25287f84d19df619099785727ae6df8fb3053aedde8024ce5fddfe6bef9
[INFO] running `Command { std: "docker" "start" "70f6f25287f84d19df619099785727ae6df8fb3053aedde8024ce5fddfe6bef9", kill_on_drop: false }`
[INFO] running `Command { std: "docker" "inspect" "70f6f25287f84d19df619099785727ae6df8fb3053aedde8024ce5fddfe6bef9", kill_on_drop: false }`
[INFO] running `Command { std: "docker" "exec" "-e" "SOURCE_DIR=/opt/rustwide/workdir" "-e" "CARGO_HOME=/opt/rustwide/cargo-home" "-e" "RUSTUP_HOME=/opt/rustwide/rustup-home" "-e" "CARGO_TARGET_DIR=/opt/rustwide/target" "-w" "/opt/rustwide/workdir" "--user" "0:0" "70f6f25287f84d19df619099785727ae6df8fb3053aedde8024ce5fddfe6bef9" "/opt/rustwide/cargo-home/bin/cargo" "+1.99.0-beta.8" "metadata" "--no-deps" "--format-version=1", kill_on_drop: false }`
[INFO] running `Command { std: "docker" "inspect" "70f6f25287f84d19df619099785727ae6df8fb3053aedde8024ce5fddfe6bef9", kill_on_drop: false }`
[INFO] running `Command { std: "docker" "exec" "-e" "SOURCE_DIR=/opt/rustwide/workdir" "-e" "CARGO_HOME=/opt/rustwide/cargo-home" "-e" "RUSTUP_HOME=/opt/rustwide/rustup-home" "-e" "CARGO_TARGET_DIR=/opt/rustwide/target" "-e" "CARGO_INCREMENTAL=0" "-e" "RUST_BACKTRACE=full" "-e" "RUSTFLAGS=--cap-lints=warn" "-e" "RUSTDOCFLAGS=--cap-lints=warn" "-w" "/opt/rustwide/workdir" "--user" "0:0" "70f6f25287f84d19df619099785727ae6df8fb3053aedde8024ce5fddfe6bef9" "/opt/rustwide/cargo-home/bin/cargo" "+1.99.0-beta.8" "build" "--frozen" "--message-format=json", kill_on_drop: false }`
[INFO] [stderr]    Compiling proc-macro2 v1.0.107
[INFO] [stderr]    Compiling quote v1.0.47
[INFO] [stderr]    Compiling unicode-ident v1.0.26
[INFO] [stderr]    Compiling libc v0.2.189
[INFO] [stderr]    Compiling cfg-if v1.0.5
[INFO] [stderr]    Compiling writeable v0.6.4
[INFO] [stderr]    Compiling smallvec v1.16.2
[INFO] [stderr]    Compiling litemap v0.8.3
[INFO] [stderr]    Compiling icu_properties_data v2.3.0
[INFO] [stderr]    Compiling portable-atomic v1.15.0
[INFO] [stderr]    Compiling icu_normalizer_data v2.3.0
[INFO] [stderr]    Compiling generic-array v0.14.7
[INFO] [stderr]    Compiling syn v1.0.109
[INFO] [stderr]    Compiling zerocopy v0.8.59
[INFO] [stderr]    Compiling typenum v1.20.1
[INFO] [stderr]    Compiling crossbeam-utils v0.8.23
[INFO] [stderr]    Compiling strsim v0.10.0
[INFO] [stderr]    Compiling ident_case v1.0.1
[INFO] [stderr]    Compiling fnv v1.0.7
[INFO] [stderr]    Compiling getrandom v0.4.3
[INFO] [stderr]    Compiling critical-section v1.2.0
[INFO] [stderr]    Compiling slab v0.4.12
[INFO] [stderr]    Compiling crossbeam-epoch v0.9.21
[INFO] [stderr]    Compiling serde_core v1.0.229
[INFO] [stderr]    Compiling memchr v2.8.3
[INFO] [stderr]    Compiling syn v3.0.6
[INFO] [stderr]    Compiling syn v2.0.119
[INFO] [stderr]    Compiling once_cell v1.21.4
[INFO] [stderr]    Compiling tracing-core v0.1.36
[INFO] [stderr]    Compiling getrandom v0.3.4
[INFO] [stderr]    Compiling socket2 v0.6.5
[INFO] [stderr]    Compiling rand_core v0.9.5
[INFO] [stderr]    Compiling mio v1.2.3
[INFO] [stderr]    Compiling digest v0.9.0
[INFO] [stderr]    Compiling block-buffer v0.9.0
[INFO] [stderr]    Compiling parking_lot_core v0.9.12
[INFO] [stderr]    Compiling parking_lot v0.12.5
[INFO] [stderr]    Compiling uuid v1.26.1
[INFO] [stderr]    Compiling getrandom v0.2.17
[INFO] [stderr]    Compiling crossbeam-channel v0.5.17
[INFO] [stderr]    Compiling futures-channel v0.3.34
[INFO] [stderr]    Compiling minimal-lexical v0.2.1
[INFO] [stderr]    Compiling ipnet v2.12.2
[INFO] [stderr]    Compiling tagptr v0.2.0
[INFO] [stderr]    Compiling data-encoding v2.11.1
[INFO] [stderr]    Compiling serde v1.0.229
[INFO] [stderr]    Compiling regex-automata v0.1.10
[INFO] [stderr]    Compiling tinyvec v1.13.3
[INFO] [stderr]    Compiling moka v0.12.16
[INFO] [stderr]    Compiling bstr v0.2.17
[INFO] [stderr]    Compiling sha2 v0.9.9
[INFO] [stderr]    Compiling nom v7.1.3
[INFO] [stderr]    Compiling uuid v0.8.2
[INFO] [stderr]    Compiling md-5 v0.9.1
[INFO] [stderr]    Compiling wavekat-sip v0.3.0 (/opt/rustwide/workdir)
[INFO] [stderr]    Compiling resolv-conf v0.7.6
[INFO] [stderr]    Compiling hostname v0.4.2
[INFO] [stderr]    Compiling darling_core v0.13.4
[INFO] [stderr]    Compiling ppv-lite86 v0.2.21
[INFO] [stderr]    Compiling rand_chacha v0.9.0
[INFO] [stderr]    Compiling synstructure v0.14.0
[INFO] [stderr]    Compiling tracing-attributes v0.1.31
[INFO] [stderr]    Compiling rand v0.9.5
[INFO] [stderr]    Compiling enum-as-inner v0.6.1
[INFO] [stderr]    Compiling darling_macro v0.13.4
[INFO] [stderr]    Compiling darling v0.13.4
[INFO] [stderr]    Compiling rsip-derives v0.4.0
[INFO] [stderr]    Compiling zerofrom-derive v0.1.8
[INFO] [stderr]    Compiling yoke-derive v0.8.3
[INFO] [stderr]    Compiling zerovec-derive v0.11.6
[INFO] [stderr]    Compiling displaydoc v0.2.7
[INFO] [stderr]    Compiling futures-macro v0.3.34
[INFO] [stderr]    Compiling tokio-macros v2.7.2
[INFO] [stderr]    Compiling thiserror-impl v2.0.21
[INFO] [stderr]    Compiling tracing v0.1.44
[INFO] [stderr]    Compiling async-trait v0.1.92
[INFO] [stderr]    Compiling serde_derive v1.0.229
[INFO] [stderr]    Compiling tokio v1.53.1
[INFO] [stderr]    Compiling futures-util v0.3.34
[INFO] [stderr]    Compiling zerofrom v0.1.8
[INFO] [stderr]    Compiling rsip v0.4.0
[INFO] [stderr]    Compiling yoke v0.8.3
[INFO] [stderr]    Compiling zerotrie v0.2.5
[INFO] [stderr]    Compiling zerovec v0.11.8
[INFO] [stderr]    Compiling thiserror v2.0.21
[INFO] [stderr]    Compiling tinystr v0.8.4
[INFO] [stderr]    Compiling potential_utf v0.1.6
[INFO] [stderr]    Compiling icu_collections v2.3.0
[INFO] [stderr]    Compiling icu_locale_core v2.3.0
[INFO] [stderr]    Compiling icu_provider v2.3.1
[INFO] [stderr]    Compiling icu_normalizer v2.3.0
[INFO] [stderr]    Compiling icu_properties v2.3.0
[INFO] [stderr]    Compiling idna_adapter v1.2.2
[INFO] [stderr]    Compiling idna v1.1.0
[INFO] [stderr]    Compiling url v2.5.8
[INFO] [stderr]    Compiling tokio-util v0.7.19
[INFO] [stderr]    Compiling hickory-proto v0.25.2
[INFO] [stderr]    Compiling hickory-resolver v0.25.2
[INFO] [stderr]     Finished `dev` profile [unoptimized + debuginfo] target(s) in 1m 36s
[INFO] running `Command { std: "docker" "inspect" "70f6f25287f84d19df619099785727ae6df8fb3053aedde8024ce5fddfe6bef9", kill_on_drop: false }`
[INFO] running `Command { std: "docker" "exec" "-e" "SOURCE_DIR=/opt/rustwide/workdir" "-e" "CARGO_HOME=/opt/rustwide/cargo-home" "-e" "RUSTUP_HOME=/opt/rustwide/rustup-home" "-e" "CARGO_TARGET_DIR=/opt/rustwide/target" "-e" "CARGO_INCREMENTAL=0" "-e" "RUST_BACKTRACE=full" "-e" "RUSTFLAGS=--cap-lints=warn" "-e" "RUSTDOCFLAGS=--cap-lints=warn" "-w" "/opt/rustwide/workdir" "--user" "0:0" "70f6f25287f84d19df619099785727ae6df8fb3053aedde8024ce5fddfe6bef9" "/opt/rustwide/cargo-home/bin/cargo" "+1.99.0-beta.8" "test" "--frozen" "--no-run" "--message-format=json", kill_on_drop: false }`
[INFO] [stderr]    Compiling find-msvc-tools v0.1.14
[INFO] [stderr]    Compiling shlex v2.0.1
[INFO] [stderr]    Compiling tokio v1.53.1
[INFO] [stderr]    Compiling time-core v0.1.9
[INFO] [stderr]    Compiling num-conv v0.2.2
[INFO] [stderr]    Compiling zmij v1.0.23
[INFO] [stderr]    Compiling deranged v0.5.8
[INFO] [stderr]    Compiling base64 v0.23.1
[INFO] [stderr]    Compiling zeroize v1.9.0
[INFO] [stderr]    Compiling cc v1.5.1
[INFO] [stderr]    Compiling serde_json v1.0.151
[INFO] [stderr]    Compiling wavekat-sip v0.3.0 (/opt/rustwide/workdir)
[INFO] [stderr]    Compiling rustls-pki-types v1.15.1
[INFO] [stderr]    Compiling pem v4.0.0
[INFO] [stderr]    Compiling time v0.3.55
[INFO] [stderr]    Compiling ring v0.17.14
[INFO] [stderr]    Compiling yasna v0.6.0
[INFO] [stderr]    Compiling hickory-proto v0.25.2
[INFO] [stderr]    Compiling tokio-util v0.7.19
[INFO] [stderr]    Compiling rcgen v0.14.10
[INFO] [stderr]    Compiling hickory-resolver v0.25.2
[INFO] [stderr]     Finished `test` profile [unoptimized + debuginfo] target(s) in 59.11s
[INFO] running `Command { std: "docker" "inspect" "70f6f25287f84d19df619099785727ae6df8fb3053aedde8024ce5fddfe6bef9", kill_on_drop: false }`
[INFO] running `Command { std: "docker" "exec" "-e" "SOURCE_DIR=/opt/rustwide/workdir" "-e" "CARGO_HOME=/opt/rustwide/cargo-home" "-e" "RUSTUP_HOME=/opt/rustwide/rustup-home" "-e" "CARGO_TARGET_DIR=/opt/rustwide/target" "-e" "CARGO_INCREMENTAL=0" "-e" "RUST_BACKTRACE=full" "-e" "RUSTFLAGS=--cap-lints=warn" "-e" "RUSTDOCFLAGS=--cap-lints=warn" "-w" "/opt/rustwide/workdir" "--user" "0:0" "70f6f25287f84d19df619099785727ae6df8fb3053aedde8024ce5fddfe6bef9" "/opt/rustwide/cargo-home/bin/cargo" "+1.99.0-beta.8" "test" "--frozen", kill_on_drop: false }`
[INFO] [stderr]    Compiling wavekat-sip v0.3.0 (/opt/rustwide/workdir)
[INFO] [stderr]     Finished `test` profile [unoptimized + debuginfo] target(s) in 31.98s
[INFO] [stderr]      Running unittests src/lib.rs (/opt/rustwide/target/debug/deps/wavekat_sip-f054056cd2629665)
[INFO] [stdout] 
[INFO] [stdout] running 307 tests
[INFO] [stdout] test account::tests::defaults_auth_username_to_username ... ok
[INFO] [stdout] test account::tests::defaults_port_to_5060 ... ok
[INFO] [stdout] test account::tests::default_transport_is_udp ... ok
[INFO] [stdout] test account::tests::explicit_port_still_wins_under_tls ... ok
[INFO] [stdout] test account::tests::defaults_server_to_domain ... ok
[INFO] [stdout] test account::tests::overrides_auth_username ... ok
[INFO] [stdout] test account::tests::overrides_port ... ok
[INFO] [stdout] test account::tests::pinned_from_hex_matches_fingerprint_hex ... ok
[INFO] [stdout] test account::tests::pinned_from_hex_rejects_a_sign_prefixed_chunk ... ok
[INFO] [stdout] test account::tests::overrides_server ... ok
[INFO] [stdout] test account::tests::a_config_without_tls_policy_still_deserializes ... ok
[INFO] [stdout] test account::tests::pinned_from_hex_rejects_non_hex_characters ... ok
[INFO] [stdout] test account::tests::tls_policy_pinned_serializes_as_a_hex_string ... ok
[INFO] [stdout] test account::tests::tls_policy_round_trips_through_serde ... ok
[INFO] [stdout] test account::tests::tls_policy_default_is_system_roots ... ok
[INFO] [stdout] test account::tests::tls_policy_defaults_to_system_roots ... ok
[INFO] [stdout] test account::tests::tls_policy_serializes_as_snake_case ... ok
[INFO] [stdout] test account::tests::udp_and_tcp_ports_are_unchanged ... ok
[INFO] [stdout] test account::tests::tls_port_defaults_to_5061 ... ok
[INFO] [stdout] test account::tests::transport_round_trips_through_serde_as_lowercase ... ok
[INFO] [stdout] test account::tests::a_sign_prefixed_pin_in_config_is_rejected ... ok
[INFO] [stdout] test callee::tests::reject_requires_non_2xx ... ok
[INFO] [stdout] test caller::tests::caller_holds_account_and_endpoint_inputs ... ok
[INFO] [stdout] test dtmf_info::tests::body_uses_digit_canonical_char_for_star_pound ... ok
[INFO] [stdout] test account::tests::tls_policy_pinned_rejects_a_non_hex_string ... ok
[INFO] [stdout] test account::tests::tls_policy_pinned_rejects_a_wrong_length_hex_string ... ok
[INFO] [stdout] test dtmf_info::tests::body_format_matches_application_dtmf_relay ... ok
[INFO] [stdout] test account::tests::pinned_from_hex_rejects_wrong_length ... ok
[INFO] [stdout] test dtmf_info::tests::classify_500_response_is_other_failure ... ok
[INFO] [stdout] test dtmf_info::tests::classify_none_response_is_dialog_not_confirmed ... ok
[INFO] [stdout] test dtmf_info::tests::content_type_header_is_application_dtmf_relay ... ok
[INFO] [stdout] test account::tests::tls_policy_pinned_accepts_the_legacy_byte_array ... ok
[INFO] [stdout] test dtmf_info::tests::outcome_helpers ... ok
[INFO] [stdout] test dtmf_info::tests::body_uppercases_letter_digits ... ok
[INFO] [stdout] test dtmf_info::tests::classify_2xx_response_is_accepted ... ok
[INFO] [stdout] test dtmf_info::tests::classify_415_response_is_unsupported_media ... ok
[INFO] [stdout] test inbound::tests::exposes_method_headers_and_body ... ok
[INFO] [stdout] test refer::tests::escape_leaves_unreserved_untouched ... ok
[INFO] [stdout] test refer::tests::finality_threshold_is_200 ... ok
[INFO] [stdout] test endpoint::tests::tcp_endpoint_fails_when_the_server_does_not_resolve ... ok
[INFO] [stdout] test refer::tests::parses_final_and_provisional_sipfrag ... ok
[INFO] [stdout] test refer::tests::refer_to_with_replaces_embeds_escaped_dialog ... ok
[INFO] [stdout] test refer::tests::refer_to_wraps_the_target_uri ... ok
[INFO] [stdout] test refer::tests::rejects_non_status_bodies ... ok
[INFO] [stdout] test endpoint::tests::detect_local_ip_falls_back_to_domain ... ok
[INFO] [stdout] test registrar::tests::a_423_naming_no_increase_is_not_retried ... ok
[INFO] [stdout] test registrar::tests::a_423_retries_at_the_named_minimum ... ok
[INFO] [stdout] test registrar::tests::a_423_never_bumps_an_unregister ... ok
[INFO] [stdout] test registrar::tests::a_second_423_is_not_retried_again ... ok
[INFO] [stdout] test registrar::tests::contact_uri_omits_transport_param_for_udp ... ok
[INFO] [stdout] test registrar::tests::register_config_uris_follow_account ... ok
[INFO] [stdout] test resolve::tests::all_zero_weights_return_every_record ... ok
[INFO] [stdout] test resolve::tests::bare_domain_uses_udp_srv_label ... ok
[INFO] [stdout] test registrar::tests::a_learned_floor_raises_the_requested_lifetime ... ok
[INFO] [stdout] test resolve::tests::direct_ip_literal_makes_no_dns_calls ... ok
[INFO] [stdout] test registrar::tests::tcp_contact_round_trips_to_a_tcp_via ... ok
[INFO] [stdout] test resolve::tests::empty_records_yield_empty ... ok
[INFO] [stdout] test resolve::tests::empty_srv_falls_back_to_a_lookup_at_default_port ... ok
[INFO] [stdout] test registrar::tests::a_lower_floor_does_not_shorten_the_requested_lifetime ... ok
[INFO] [stdout] test resolve::tests::explicit_port_skips_srv ... ok
[INFO] [stdout] test resolve::tests::direct_hostname_resolves_at_configured_port ... ok
[INFO] [stdout] test resolve::tests::dot_target_is_skipped_without_fallback ... ok
[INFO] [stdout] test registrar::tests::contact_uri_names_tcp_transport ... ok
[INFO] [stdout] test resolve::tests::failed_candidate_falls_through_to_next ... ok
[INFO] [stdout] test resolve::tests::ipv4_literal_skips_srv ... ok
[INFO] [stdout] test resolve::tests::same_seed_is_deterministic ... ok
[INFO] [stdout] test resolve::tests::single_record_passes_through ... ok
[INFO] [stdout] test resolve::tests::srv_query_error_falls_back_to_a_lookup ... ok
[INFO] [stdout] test resolve::tests::srv_records_resolve_target_with_srv_port ... ok
[INFO] [stdout] test resolve::tests::mixed_zero_and_nonzero_weights_keep_all_records ... ok
[INFO] [stdout] test resolve::tests::orders_by_ascending_priority_regardless_of_seed ... ok
[INFO] [stdout] test resolve::tests::tcp_transport_uses_tcp_srv_label ... ok
[INFO] [stdout] test resolve::tests::tls_queries_the_sips_service ... ok
[INFO] [stdout] test resolve::tests::weighted_selection_prefers_heavier_records ... ok
[INFO] [stdout] test resolve::tests::tls_with_explicit_port_skips_srv ... ok
[INFO] [stdout] test resolve::tests::unresolvable_srv_targets_do_not_fall_back ... ok
[INFO] [stdout] test rtp::dtmf::tests::digit_event_codes_match_rfc_4733 ... ok
[INFO] [stdout] test resolve::tests::ipv6_literal_skips_srv ... ok
[INFO] [stdout] test rtp::dtmf::tests::digit_from_char_accepts_letters_case_insensitive ... ok
[INFO] [stdout] test rtp::dtmf::tests::digit_from_char_rejects_non_dtmf ... ok
[INFO] [stdout] test rtp::dtmf::tests::digit_from_char_round_trips ... ok
[INFO] [stdout] test rtp::dtmf::tests::digit_from_event_code_rejects_non_dtmf_events ... ok
[INFO] [stdout] test rtp::dtmf::tests::digit_from_event_code_round_trips ... ok
[INFO] [stdout] test rtp::dtmf::tests::event_payload_byte_layout ... ok
[INFO] [stdout] test rtp::dtmf::tests::event_payload_clamps_volume_to_6_bits ... ok
[INFO] [stdout] test rtp::dtmf_recv::tests::first_seen_end_packet_still_reports_the_press ... ok
[INFO] [stdout] test rtp::dtmf::tests::rtp_dtmf_packet_header_shape ... ok
[INFO] [stdout] test rtp::dtmf_recv::tests::full_burst_emits_one_press_and_one_release ... ok
[INFO] [stdout] test rtp::dtmf_recv::tests::interleaved_audio_packets_are_ignored ... ok
[INFO] [stdout] test rtp::dtmf_recv::tests::lost_marker_packet_still_registers_the_press ... ok
[INFO] [stdout] test rtp::dtmf_recv::tests::malformed_packets_are_ignored ... ok
[INFO] [stdout] test rtp::dtmf_recv::tests::non_digit_event_codes_are_ignored ... ok
[INFO] [stdout] test rtp::dtmf_recv::tests::out_of_order_straggler_from_previous_event_is_dropped ... ok
[INFO] [stdout] test rtp::dtmf_recv::tests::parse_extracts_volume_and_extreme_durations ... ok
[INFO] [stdout] test rtp::dtmf_recv::tests::parse_rejects_short_buffer ... ok
[INFO] [stdout] test rtp::dtmf_recv::tests::lost_end_packets_then_next_digit_emits_both_presses ... ok
[INFO] [stdout] test rtp::dtmf_recv::tests::redundant_start_copies_do_not_repeat_the_press ... ok
[INFO] [stdout] test rtp::dtmf_recv::tests::parse_round_trips_with_build ... ok
[INFO] [stdout] test rtp::dtmf_recv::tests::ssrc_change_starts_a_fresh_stream ... ok
[INFO] [stdout] test rtp::dtmf_recv::tests::timestamp_newer_handles_wraparound ... ok
[INFO] [stdout] test rtp::dtmf_recv::tests::two_back_to_back_digits_emit_two_presses ... ok
[INFO] [stdout] test rtp::dtmf_recv::tests::wrong_payload_type_is_ignored ... ok
[INFO] [stdout] test rtp::tests::header_len_accounts_for_csrcs ... ok
[INFO] [stdout] test rtp::tests::parse_extracts_marker_bit ... ok
[INFO] [stdout] test endpoint::tests::detect_local_ip_uses_server_field ... FAILED
[INFO] [stdout] test rtp::tests::parse_rejects_short_buffer ... ok
[INFO] [stdout] test rtp::tests::parse_minimum_header ... ok
[INFO] [stdout] test rtp::tests::parse_rejects_wrong_version ... ok
[INFO] [stdout] test rtp::tests::payload_type_names ... ok
[INFO] [stdout] test rtp::tests::send_loop_exits_on_cancel ... ok
[INFO] [stdout] test endpoint::tests::detect_local_ip_returns_non_unspecified ... FAILED
[INFO] [stdout] test rtp::tests::send_loop_exits_when_payload_channel_closes ... ok
[INFO] [stdout] test rtp::tests::send_loop_advances_seq_and_timestamp_per_packet ... ok
[INFO] [stdout] test rtp::dtmf::tests::chained_bursts_keep_timestamp_monotonic ... ok
[INFO] [stdout] test rtp::dtmf::tests::burst_packet_count_and_durations ... ok
[INFO] [stdout] test rtp::dtmf::tests::burst_at_48k_clock_counts_960_ticks_per_packet ... ok
[INFO] [stdout] test sdp::tests::audio_codec_wire_identities ... ok
[INFO] [stdout] test sdp::tests::build_sdp_with_sets_direction_and_version ... ok
[INFO] [stdout] test rtp::tests::send_loop_packetizes_payloads_into_rtp ... ok
[INFO] [stdout] test sdp::tests::parse_sdp_extracts_addr_port_and_codec ... ok
[INFO] [stdout] test sdp::tests::parse_sdp_extracts_first_codec_when_multiple ... ok
[INFO] [stdout] test sdp::tests::parse_sdp_finds_opus_even_when_not_first ... ok
[INFO] [stdout] test sdp::tests::parse_sdp_g711_only_body_still_parses_as_before ... ok
[INFO] [stdout] test sdp::tests::parse_sdp_missing_connection_line ... ok
[INFO] [stdout] test sdp::tests::parse_sdp_missing_media_line ... ok
[INFO] [stdout] test sdp::tests::parse_sdp_invalid_utf8 ... ok
[INFO] [stdout] test sdp::tests::parse_sdp_no_known_codec_yields_none ... ok
[INFO] [stdout] test sdp::tests::parse_sdp_picks_dtmf_pt_from_rtpmap_not_constant ... ok
[INFO] [stdout] test sdp::tests::parse_sdp_records_telephone_event_at_any_clock ... ok
[INFO] [stdout] test sdp::tests::parse_sdp_rejects_telephone_event_not_listed_on_m_line ... ok
[INFO] [stdout] test sdp::tests::parse_sdp_resolves_dynamic_opus_pt ... ok
[INFO] [stdout] test sdp::tests::parse_sdp_skips_unknown_dynamic_pt_to_next_known_codec ... ok
[INFO] [stdout] test sdp::tests::pinned_g711_reoffer_contains_only_the_negotiated_codec ... ok
[INFO] [stdout] test sdp::tests::pinned_without_dtmf_omits_telephone_event ... ok
[INFO] [stdout] test sdp::tests::pinned_opus_reoffer_keeps_the_negotiated_pt_and_dtmf_clock ... ok
[INFO] [stdout] test sdp::tests::round_trip_build_offer_then_parse ... ok
[INFO] [stdout] test sdp::tests::round_trip_pinned_answer_then_parse ... ok
[INFO] [stdout] test sdp::tests::offer_contains_required_fields_opus_first ... ok
[INFO] [stdout] test sdp::tests::parse_sdp_accepts_telephone_event_at_48k ... ok
[INFO] [stdout] test sdp::tests::select_dtmf_falls_back_to_any_clock ... ok
[INFO] [stdout] test sdp::tests::select_codec_falls_back_to_g711_without_opus ... ok
[INFO] [stdout] test sdp::tests::select_codec_prefers_opus_anywhere_in_the_offer ... ok
[INFO] [stdout] test session_timer::tests::header_builds_untyped_session_expires ... ok
[INFO] [stdout] test sdp::tests::select_dtmf_matches_the_codec_clock ... ok
[INFO] [stdout] test sdp::tests::parse_sdp_handles_mixed_case_telephone_event ... ok
[INFO] [stdout] test session_timer::tests::expiry_keeps_min_of_32s_or_a_third_headroom ... ok
[INFO] [stdout] test session_timer::tests::header_value_round_trips ... ok
[INFO] [stdout] test sdp::tests::parse_sdp_handles_telephone_event_without_fmtp ... ok
[INFO] [stdout] test session_timer::tests::min_se_in_parses_and_ignores_params ... ok
[INFO] [stdout] test session_timer::tests::parse_ignores_unknown_params ... ok
[INFO] [stdout] test session_timer::tests::parse_rejects_garbage ... ok
[INFO] [stdout] test session_timer::tests::parse_with_refresher_param ... ok
[INFO] [stdout] test session_timer::tests::refresh_fires_at_half_the_interval ... ok
[INFO] [stdout] test session_timer::tests::refresher_adopts_interval_granted_in_refresh_response ... ok
[INFO] [stdout] test session_timer::tests::refresher_cancellation_wins_before_first_refresh ... ok
[INFO] [stdout] test session_timer::tests::session_expires_in_absent_or_malformed_is_none ... ok
[INFO] [stdout] test session_timer::tests::session_expires_in_accepts_compact_form ... ok
[INFO] [stdout] test session_timer::tests::session_expires_in_finds_header_case_insensitively ... ok
[INFO] [stdout] test session_timer::tests::supports_timer_scans_typed_untyped_and_compact ... ok
[INFO] [stdout] test session_timer::tests::uac_floors_tiny_grants_at_90s ... ok
[INFO] [stdout] test session_timer::tests::uac_no_session_expires_means_no_timer ... ok
[INFO] [stdout] test session_timer::tests::uac_refresher_uac_or_missing_means_we_refresh ... ok
[INFO] [stdout] test session_timer::tests::uac_refresher_uas_means_peer_refreshes ... ok
[INFO] [stdout] test session_timer::tests::uas_default_makes_supporting_peer_the_refresher ... ok
[INFO] [stdout] test session_timer::tests::uas_floors_interval_at_min_se_and_90s ... ok
[INFO] [stdout] test session_timer::tests::uas_honors_requested_refresher_uas ... ok
[INFO] [stdout] test session_timer::tests::uas_no_session_expires_means_no_timer ... ok
[INFO] [stdout] test session_timer::tests::uas_without_peer_support_takes_refresher_role ... ok
[INFO] [stdout] test session_timer::tests::watchdog_cancellation_stands_down_without_bye ... ok
[INFO] [stdout] test session_timer::tests::parse_bare_interval ... ok
[INFO] [stdout] test session_timer::tests::parse_is_case_insensitive_and_whitespace_tolerant ... ok
[INFO] [stdout] test session_timer::tests::refresher_rejected_refresh_sends_bye ... ok
[INFO] [stdout] test session_timer::tests::watchdog_sends_bye_when_session_lapses ... ok
[INFO] [stdout] test session_timer::tests::refresher_sends_refresh_every_half_interval ... ok
[INFO] [stdout] test session_timer::tests::refresher_transport_error_sends_bye ... ok
[INFO] [stdout] test session_timer::tests::watchdog_resets_deadline_on_peer_refresh ... ok
[INFO] [stdout] test stack::auth::tests::authorization_header_serializes_with_expected_params ... ok
[INFO] [stdout] test stack::auth::tests::retry_adds_authorization_and_freshens_transaction ... ok
[INFO] [stdout] test stack::auth::tests::cnonce_is_unique_per_call ... ok
[INFO] [stdout] test stack::call::tests::build_cancel_matches_invite_branch_and_cseq ... ok
[INFO] [stdout] test stack::auth::tests::non_challenge_response_yields_no_retry ... ok
[INFO] [stdout] test stack::auth::tests::computed_response_verifies_against_rsip ... ok
[INFO] [stdout] test stack::auth::tests::proxy_challenge_uses_proxy_authorization ... ok
[INFO] [stdout] test stack::auth::tests::no_qop_still_authorizes ... ok
[INFO] [stdout] test stack::call::tests::build_invite_carries_extra_headers ... ok
[INFO] [stdout] test stack::call::tests::build_invite_via_advertises_rport ... ok
[INFO] [stdout] test stack::call::tests::build_invite_carries_sdp ... ok
[INFO] [stdout] test stack::dialog::tests::early_dialog_from_provisional_is_not_confirmed ... ok
[INFO] [stdout] test stack::call::tests::cseq_of_reads_sequence ... ok
[INFO] [stdout] test stack::dialog::tests::in_dialog_request_uses_target_route_set_and_tags ... ok
[INFO] [stdout] test stack::dialog::tests::new_request_with_attaches_body_headers_and_content_length ... ok
[INFO] [stdout] test stack::dialog::tests::route_set_is_replayed_on_every_request ... ok
[INFO] [stdout] test stack::dialog::tests::in_dialog_request_via_advertises_rport ... ok
[INFO] [stdout] test stack::framing::tests::compact_content_length_form_is_accepted ... ok
[INFO] [stdout] test stack::framing::tests::content_length_is_case_insensitive ... ok
[INFO] [stdout] test stack::framing::tests::empty_framer_yields_nothing ... ok
[INFO] [stdout] test stack::dialog::tests::uac_dialog_captures_identity_and_target ... ok
[INFO] [stdout] test stack::dialog::tests::uas_dialog_orients_parties_and_matches_inbound ... ok
[INFO] [stdout] test stack::engine::tests::inbound_invite_opens_server_transaction_and_sends_response ... ok
[INFO] [stdout] test stack::framing::tests::frames_one_whole_message ... ok
[INFO] [stdout] test stack::framing::tests::frames_two_messages_from_one_read ... ok
[INFO] [stdout] test stack::framing::tests::keepalive_alone_is_not_a_message ... ok
[INFO] [stdout] test stack::framing::tests::missing_content_length_is_an_error ... ok
[INFO] [stdout] test stack::framing::tests::skips_bare_crlf_keepalive_between_messages ... ok
[INFO] [stdout] test stack::framing::tests::unparseable_message_is_an_error ... ok
[INFO] [stdout] test stack::framing::tests::frames_body_split_across_reads ... ok
[INFO] [stdout] test stack::framing::tests::frames_message_split_mid_header ... ok
[INFO] [stdout] test stack::registration::tests::min_expires_is_none_when_absent_or_unparsable ... ok
[INFO] [stdout] test stack::registration::tests::granted_expires_reads_the_header ... ok
[INFO] [stdout] test stack::registration::tests::build_register_has_expected_shape ... ok
[INFO] [stdout] test stack::registration::tests::min_expires_reads_the_header ... ok
[INFO] [stdout] test stack::framing::tests::oversized_header_block_is_an_error ... ok
[INFO] [stdout] test stack::stream::tests::a_sent_message_is_flushed_out_of_a_buffering_stream ... ok
[INFO] [stdout] test stack::response::tests::ok_echoes_dialog_headers_and_adds_to_tag ... ok
[INFO] [stdout] test stack::stream::tests::connect_to_a_closed_port_fails ... ok
[INFO] [stdout] test stack::response::tests::ok_echoes_record_route_in_order ... ok
[INFO] [stdout] test stack::response::tests::reject_keeps_existing_to_tag ... ok
[INFO] [stdout] test stack::stream::tests::dropping_the_transport_closes_an_idle_connection ... ok
[INFO] [stdout] test stack::stream::tests::connects_and_reports_a_local_addr ... ok
[INFO] [stdout] test stack::stream::tests::is_always_reliable ... ok
[INFO] [stdout] test rtp::dtmf_recv::tests::round_trips_with_send_dtmf_burst_over_loopback ... ok
[INFO] [stdout] test stack::stream::tests::receives_a_response_from_the_same_connection ... ok
[INFO] [stdout] test stack::stream::tests::receives_two_messages_written_together ... ok
[INFO] [stdout] test stack::stream::tests::rejects_a_send_to_an_unconnected_peer ... ok
[INFO] [stdout] test stack::transaction::client_invite::tests::non_2xx_final_terminates_immediately_on_reliable ... ok
[INFO] [stdout] test stack::engine::tests::client_transaction_delivers_response_then_terminates ... ok
[INFO] [stdout] test stack::transaction::client_invite::tests::non_2xx_final_acks_delivers_and_enters_completed_on_udp ... ok
[INFO] [stdout] test stack::stream::tests::sip_stream_delegates_reads_and_writes ... ok
[INFO] [stdout] test stack::stream::tests::sends_a_message_the_peer_can_read ... ok
[INFO] [stdout] test stack::stream::tests::tls_transport_without_the_feature_is_unsupported ... ok
[INFO] [stdout] test stack::transaction::client_invite::tests::start_skips_timer_a_on_reliable_transport ... ok
[INFO] [stdout] test stack::transaction::client_invite::tests::retransmitted_non_2xx_resends_ack_only ... ok
[INFO] [stdout] test stack::transaction::client_invite::tests::timer_a_retransmits_and_doubles ... ok
[INFO] [stdout] test stack::transaction::client_invite::tests::success_delivers_and_terminates_without_acking ... ok
[INFO] [stdout] test stack::transaction::client_invite::tests::provisional_moves_to_proceeding_and_stops_retransmits ... ok
[INFO] [stdout] test stack::transaction::client_invite::tests::start_sends_invite_and_arms_a_and_b_on_udp ... ok
[INFO] [stdout] test stack::transaction::client_invite::tests::timer_d_terminates_from_completed ... ok
[INFO] [stdout] test stack::transaction::client_non_invite::tests::final_response_completes_and_arms_k_on_udp ... ok
[INFO] [stdout] test stack::transaction::client_non_invite::tests::start_sends_request_and_arms_e_and_f_on_udp ... ok
[INFO] [stdout] test stack::transaction::client_non_invite::tests::final_response_terminates_immediately_on_reliable ... ok
[INFO] [stdout] test stack::transaction::client_non_invite::tests::timer_k_terminates_from_completed ... ok
[INFO] [stdout] test stack::transaction::client_invite::tests::timer_b_times_out_the_transaction ... ok
[INFO] [stdout] test stack::transaction::client_non_invite::tests::provisional_enters_proceeding_and_pins_e_to_t2 ... ok
[INFO] [stdout] test stack::transaction::client_non_invite::tests::retransmitted_final_is_absorbed ... ok
[INFO] [stdout] test stack::transaction::server_invite::tests::ack_terminates_immediately_on_reliable ... ok
[INFO] [stdout] test stack::transaction::client_non_invite::tests::timer_f_times_out ... ok
[INFO] [stdout] test stack::transaction::server_invite::tests::non_2xx_final_arms_g_and_h_on_udp ... ok
[INFO] [stdout] test stack::transaction::server_invite::tests::non_2xx_final_skips_g_on_reliable ... ok
[INFO] [stdout] test stack::transaction::server_invite::tests::ack_moves_completed_to_confirmed_and_arms_i ... ok
[INFO] [stdout] test stack::transaction::server_invite::tests::provisional_is_sent_and_remembered ... ok
[INFO] [stdout] test stack::transaction::server_invite::tests::start_delivers_request_to_tu ... ok
[INFO] [stdout] test stack::transaction::client_non_invite::tests::timer_e_backs_off_capped_at_t2 ... ok
[INFO] [stdout] test stack::transaction::server_invite::tests::timer_g_retransmits_final_and_doubles_capped_at_t2 ... ok
[INFO] [stdout] test stack::transaction::server_invite::tests::two_xx_sends_and_terminates ... ok
[INFO] [stdout] test stack::transaction::server_non_invite::tests::final_completes_and_arms_j_on_udp ... ok
[INFO] [stdout] test stack::transaction::server_non_invite::tests::final_terminates_immediately_on_reliable ... ok
[INFO] [stdout] test stack::transaction::server_non_invite::tests::provisional_then_replays_on_retransmit ... ok
[INFO] [stdout] test stack::transaction::server_non_invite::tests::retransmit_in_trying_is_absorbed ... ok
[INFO] [stdout] test stack::transaction::server_invite::tests::timer_h_times_out_waiting_for_ack ... ok
[INFO] [stdout] test stack::transaction::server_invite::tests::timer_i_terminates_from_confirmed ... ok
[INFO] [stdout] test stack::transaction::tests::ack_folds_onto_invite_but_cancel_does_not ... ok
[INFO] [stdout] test stack::transaction::tests::an_explicit_transport_param_beats_the_scheme ... ok
[INFO] [stdout] test stack::transaction::tests::gen_branch_carries_magic_cookie_and_is_unique ... ok
[INFO] [stdout] test stack::transaction::tests::non_2xx_ack_copies_dialog_identity_and_echoes_remote_tag ... ok
[INFO] [stdout] test stack::transaction::server_non_invite::tests::start_delivers_request ... ok
[INFO] [stdout] test stack::transaction::server_non_invite::tests::timer_j_terminates_from_completed ... ok
[INFO] [stdout] test stack::transaction::tests::cancel_invite_target_matches_the_invite_key ... ok
[INFO] [stdout] test stack::transaction::tests::contact_uri_names_tls_transport ... ok
[INFO] [stdout] test stack::transaction::tests::timeout_is_64_t1 ... ok
[INFO] [stdout] test stack::transaction::tests::different_branches_yield_different_keys ... ok
[INFO] [stdout] test stack::transaction::tests::tls_transport_is_reliable ... ok
[INFO] [stdout] test stack::transaction::tests::transport_of_defaults_to_udp_when_unstated ... ok
[INFO] [stdout] test stack::transaction::tests::transport_of_reads_the_sips_scheme_as_tls ... ok
[INFO] [stdout] test stack::transaction::tests::via_value_advertises_rport_and_keeps_branch_parseable ... ok
[INFO] [stdout] test stack::transaction::tests::via_value_names_the_transport ... ok
[INFO] [stdout] test stack::transaction::tests::via_value_names_tls ... ok
[INFO] [stdout] test stack::transport::tests::parse_rejects_garbage ... ok
[INFO] [stdout] test stack::transaction::tests::transport_of_reads_the_uri_parameter ... ok
[INFO] [stdout] test stack::transport::tests::parse_round_trips_serialize ... ok
[INFO] [stdout] test stack::transaction::tests::transport_of_reads_tls_back_as_tls ... ok
[INFO] [stdout] test stack::transport::tests::tcp_kind_binds_a_stream_transport ... ok
[INFO] [stdout] test stack::transport::tests::response_serializes_and_parses ... ok
[INFO] [stdout] test stack::transport::tests::tcp_local_addr_is_the_connections_not_a_udp_sockets ... ok
[INFO] [stdout] test stack::transport::tests::recv_skips_malformed_then_delivers ... ok
[INFO] [stdout] test stack::transport::tests::udp_kind_binds_a_datagram_transport ... ok
[INFO] [stdout] test stack::transport::tests::transport_setup_from_transport_round_trips_udp_and_tcp ... ok
[INFO] [stdout] test stack::transaction::tests::request_and_response_share_a_key ... ok
[INFO] [stdout] test stack::transaction::tests::soak_timers_collapse_on_reliable_transport ... ok
[INFO] [stdout] test stack::transaction::tests::transport_of_reads_sctp_as_tcp ... ok
[INFO] [stdout] test stack::transport::tests::udp_round_trip_between_two_sockets ... ok
[INFO] [stdout] test stack::transport::tests::tls_kind_is_rejected_without_the_tls_feature ... ok
[INFO] [stdout] test stack::ua::tests::a_423_reports_the_registrars_minimum ... ok
[INFO] [stdout] test stack::ua::tests::inbound_invite_reaches_incoming_and_can_be_answered ... ok
[INFO] [stdout] test stack::ua::tests::a_423_without_min_expires_stays_a_failure ... ok
[INFO] [stdout] test stack::ua::tests::attended_refer_carries_replaces ... ok
[INFO] [stdout] test tls_error::tests::absent_from_an_unrelated_error ... ok
[INFO] [stdout] test tls_error::tests::display_carries_the_reason_and_the_fingerprint ... ok
[INFO] [stdout] test tls_error::tests::fingerprint_is_lowercase_hex_of_the_full_digest ... ok
[INFO] [stdout] test stack::ua::tests::reinvite_acks_the_2xx ... ok
[INFO] [stdout] test stack::ua::tests::register_then_call_share_one_engine ... ok
[INFO] [stdout] test stack::ua::tests::cancel_after_ringing_terminates_call ... ok
[INFO] [stdout] test stack::ua::tests::refer_sends_in_dialog_and_returns_202 ... ok
[INFO] [stdout] test tls_error::tests::found_through_an_io_error_wrapper ... ok
[INFO] [stdout] test tls_error::tests::name_mismatch_lists_what_was_presented ... ok
[INFO] [stdout] test stack::ua::tests::user_agent_injected_only_when_configured ... ok
[INFO] [stdout] test stack::engine::tests::no_final_response_times_out ... ok
[INFO] [stdout] test endpoint::tests::tcp_endpoint_binds_a_stream_to_the_resolved_server ... ok
[INFO] [stdout] 
[INFO] [stdout] failures:
[INFO] [stdout] 
[INFO] [stdout] ---- endpoint::tests::detect_local_ip_uses_server_field stdout ----
[INFO] [stdout] 
[INFO] [stdout] thread 'endpoint::tests::detect_local_ip_uses_server_field' (2414) panicked at src/endpoint.rs:478:9:
[INFO] [stdout] assertion failed: detect_local_ip(&account).is_ok()
[INFO] [stdout] stack backtrace:
[INFO] [stdout]    0:     0x601f761a3981 - std[70759c8f55707aa4]::backtrace_rs::backtrace::libunwind::trace
[INFO] [stdout]                                at /rustc/dfb0accb7f508ae8be965d8629557221c889dd98/library/std/src/../../backtrace/src/backtrace/libunwind.rs:117:9
[INFO] [stdout]    1:     0x601f761a3981 - std[70759c8f55707aa4]::backtrace_rs::backtrace::trace_unsynchronized::<std[70759c8f55707aa4]::sys::backtrace::_print_fmt::{closure#1}>
[INFO] [stdout]                                at /rustc/dfb0accb7f508ae8be965d8629557221c889dd98/library/std/src/../../backtrace/src/backtrace/mod.rs:66:14
[INFO] [stdout]    2:     0x601f761a3981 - std[70759c8f55707aa4]::sys::backtrace::_print_fmt
[INFO] [stdout]                                at /rustc/dfb0accb7f508ae8be965d8629557221c889dd98/library/std/src/sys/backtrace.rs:74:9
[INFO] [stdout]    3:     0x601f761a3981 - <<std[70759c8f55707aa4]::sys::backtrace::BacktraceLock>::print::DisplayBacktrace as core[df12db4294e9bfd3]::fmt::Display>::fmt
[INFO] [stdout]                                at /rustc/dfb0accb7f508ae8be965d8629557221c889dd98/library/std/src/sys/backtrace.rs:44:26
[INFO] [stdout]    4:     0x601f761bb28a - <core[df12db4294e9bfd3]::fmt::rt::Argument>::fmt
[INFO] [stdout]                                at /rustc/dfb0accb7f508ae8be965d8629557221c889dd98/library/core/src/fmt/rt.rs:152:76
[INFO] [stdout]    5:     0x601f761bb28a - core[df12db4294e9bfd3]::fmt::write
[INFO] [stdout]    6:     0x601f761a858c - core[df12db4294e9bfd3]::io::write::default_write_fmt::<alloc[2182bb758b4b3781]::vec::Vec<u8>>
[INFO] [stdout]                                at /rustc/dfb0accb7f508ae8be965d8629557221c889dd98/library/core/src/io/write.rs:402:11
[INFO] [stdout]    7:     0x601f761a858c - <alloc[2182bb758b4b3781]::vec::Vec<u8> as core[df12db4294e9bfd3]::io::write::Write>::write_fmt
[INFO] [stdout]                                at /rustc/dfb0accb7f508ae8be965d8629557221c889dd98/library/core/src/io/write.rs:335:13
[INFO] [stdout]    8:     0x601f7617e8a6 - <std[70759c8f55707aa4]::sys::backtrace::BacktraceLock>::print
[INFO] [stdout]                                at /rustc/dfb0accb7f508ae8be965d8629557221c889dd98/library/std/src/sys/backtrace.rs:47:9
[INFO] [stdout]    9:     0x601f7617e8a6 - std[70759c8f55707aa4]::panicking::default_hook::{closure#0}
[INFO] [stdout]                                at /rustc/dfb0accb7f508ae8be965d8629557221c889dd98/library/std/src/panicking.rs:292:27
[INFO] [stdout]   10:     0x601f7619b699 - std[70759c8f55707aa4]::panicking::default_hook
[INFO] [stdout]                                at /rustc/dfb0accb7f508ae8be965d8629557221c889dd98/library/std/src/panicking.rs:316:9
[INFO] [stdout]   11:     0x601f75fe8620 - <alloc[2182bb758b4b3781]::boxed::Box<dyn for<'a, 'b> core[df12db4294e9bfd3]::ops::function::Fn<(&'a std[70759c8f55707aa4]::panic::PanicHookInfo<'b>,), Output = ()> + core[df12db4294e9bfd3]::marker::Send + core[df12db4294e9bfd3]::marker::Sync> as core[df12db4294e9bfd3]::ops::function::Fn<(&std[70759c8f55707aa4]::panic::PanicHookInfo,)>>::call
[INFO] [stdout]                                at /rustc/dfb0accb7f508ae8be965d8629557221c889dd98/library/alloc/src/boxed.rs:2334:9
[INFO] [stdout]   12:     0x601f75fe8620 - test[9d35eded1c95d3be]::test_main_inner::<test[9d35eded1c95d3be]::test_main_static::{closure#0}>::{closure#0}
[INFO] [stdout]                                at /rustc/dfb0accb7f508ae8be965d8629557221c889dd98/library/test/src/lib.rs:155:21
[INFO] [stdout]   13:     0x601f7619b9c2 - <alloc[2182bb758b4b3781]::boxed::Box<dyn for<'a, 'b> core[df12db4294e9bfd3]::ops::function::Fn<(&'a std[70759c8f55707aa4]::panic::PanicHookInfo<'b>,), Output = ()> + core[df12db4294e9bfd3]::marker::Send + core[df12db4294e9bfd3]::marker::Sync> as core[df12db4294e9bfd3]::ops::function::Fn<(&std[70759c8f55707aa4]::panic::PanicHookInfo,)>>::call
[INFO] [stdout]                                at /rustc/dfb0accb7f508ae8be965d8629557221c889dd98/library/alloc/src/boxed.rs:2334:9
[INFO] [stdout]   14:     0x601f7619b9c2 - std[70759c8f55707aa4]::panicking::panic_with_hook
[INFO] [stdout]                                at /rustc/dfb0accb7f508ae8be965d8629557221c889dd98/library/std/src/panicking.rs:823:13
[INFO] [stdout]   15:     0x601f7617e984 - std[70759c8f55707aa4]::panicking::panic_handler::{closure#0}
[INFO] [stdout]                                at /rustc/dfb0accb7f508ae8be965d8629557221c889dd98/library/std/src/panicking.rs:681:13
[INFO] [stdout]   16:     0x601f76177629 - std[70759c8f55707aa4]::sys::backtrace::__rust_end_short_backtrace::<std[70759c8f55707aa4]::panicking::panic_handler::{closure#0}, !>
[INFO] [stdout]                                at /rustc/dfb0accb7f508ae8be965d8629557221c889dd98/library/std/src/sys/backtrace.rs:182:18
[INFO] [stdout]   17:     0x601f7617f73d - __rustc[8fa7c3cbc660c2b3]::rust_begin_unwind
[INFO] [stdout]                                at /rustc/dfb0accb7f508ae8be965d8629557221c889dd98/library/std/src/panicking.rs:679:5
[INFO] [stdout]   18:     0x601f761bbaac - core[df12db4294e9bfd3]::panicking::panic_fmt
[INFO] [stdout]                                at /rustc/dfb0accb7f508ae8be965d8629557221c889dd98/library/core/src/panicking.rs:80:14
[INFO] [stdout]   19:     0x601f761bba72 - core[df12db4294e9bfd3]::panicking::panic
[INFO] [stdout]                                at /rustc/dfb0accb7f508ae8be965d8629557221c889dd98/library/core/src/panicking.rs:150:5
[INFO] [stdout]   20:     0x601f75d0c762 - wavekat_sip[46728d44f783fad2]::endpoint::tests::detect_local_ip_uses_server_field
[INFO] [stdout]                                at /opt/rustwide/workdir/src/endpoint.rs:478:9
[INFO] [stdout]   21:     0x601f75cf3ba7 - wavekat_sip[46728d44f783fad2]::endpoint::tests::detect_local_ip_uses_server_field::{closure#0}
[INFO] [stdout]                                at /opt/rustwide/workdir/src/endpoint.rs:476:43
[INFO] [stdout]   22:     0x601f75b5a256 - <wavekat_sip[46728d44f783fad2]::endpoint::tests::detect_local_ip_uses_server_field::{closure#0} as core[df12db4294e9bfd3]::ops::function::FnOnce<()>>::call_once
[INFO] [stdout]                                at /rustc/dfb0accb7f508ae8be965d8629557221c889dd98/library/core/src/ops/function.rs:250:5
[INFO] [stdout]   23:     0x601f75fdb90b - <fn() -> core[df12db4294e9bfd3]::result::Result<(), alloc[2182bb758b4b3781]::string::String> as core[df12db4294e9bfd3]::ops::function::FnOnce<()>>::call_once
[INFO] [stdout]                                at /rustc/dfb0accb7f508ae8be965d8629557221c889dd98/library/core/src/ops/function.rs:250:5
[INFO] [stdout]   24:     0x601f75fdb90b - test[9d35eded1c95d3be]::__rust_begin_short_backtrace::<core[df12db4294e9bfd3]::result::Result<(), alloc[2182bb758b4b3781]::string::String>, fn() -> core[df12db4294e9bfd3]::result::Result<(), alloc[2182bb758b4b3781]::string::String>>
[INFO] [stdout]                                at /rustc/dfb0accb7f508ae8be965d8629557221c889dd98/library/test/src/lib.rs:733:18
[INFO] [stdout]   25:     0x601f75fe8f75 - test[9d35eded1c95d3be]::run_test_in_process::{closure#0}
[INFO] [stdout]                                at /rustc/dfb0accb7f508ae8be965d8629557221c889dd98/library/test/src/lib.rs:756:74
[INFO] [stdout]   26:     0x601f75fe8f75 - <core[df12db4294e9bfd3]::panic::unwind_safe::AssertUnwindSafe<test[9d35eded1c95d3be]::run_test_in_process::{closure#0}> as core[df12db4294e9bfd3]::ops::function::FnOnce<()>>::call_once
[INFO] [stdout]                                at /rustc/dfb0accb7f508ae8be965d8629557221c889dd98/library/core/src/panic/unwind_safe.rs:275:9
[INFO] [stdout]   27:     0x601f75fe8f75 - std[70759c8f55707aa4]::panicking::catch_unwind::do_call::<core[df12db4294e9bfd3]::panic::unwind_safe::AssertUnwindSafe<test[9d35eded1c95d3be]::run_test_in_process::{closure#0}>, core[df12db4294e9bfd3]::result::Result<(), alloc[2182bb758b4b3781]::string::String>>
[INFO] [stdout]                                at /rustc/dfb0accb7f508ae8be965d8629557221c889dd98/library/std/src/panicking.rs:576:43
[INFO] [stdout]   28:     0x601f75fe8f75 - std[70759c8f55707aa4]::panicking::catch_unwind::<core[df12db4294e9bfd3]::result::Result<(), alloc[2182bb758b4b3781]::string::String>, core[df12db4294e9bfd3]::panic::unwind_safe::AssertUnwindSafe<test[9d35eded1c95d3be]::run_test_in_process::{closure#0}>>
[INFO] [stdout]                                at /rustc/dfb0accb7f508ae8be965d8629557221c889dd98/library/std/src/panicking.rs:544:19
[INFO] [stdout]   29:     0x601f75fe8f75 - std[70759c8f55707aa4]::panic::catch_unwind::<core[df12db4294e9bfd3]::panic::unwind_safe::AssertUnwindSafe<test[9d35eded1c95d3be]::run_test_in_process::{closure#0}>, core[df12db4294e9bfd3]::result::Result<(), alloc[2182bb758b4b3781]::string::String>>
[INFO] [stdout]                                at /rustc/dfb0accb7f508ae8be965d8629557221c889dd98/library/std/src/panic.rs:359:14
[INFO] [stdout]   30:     0x601f75fe8f75 - test[9d35eded1c95d3be]::run_test_in_process
[INFO] [stdout]                                at /rustc/dfb0accb7f508ae8be965d8629557221c889dd98/library/test/src/lib.rs:756:27
[INFO] [stdout]   31:     0x601f75fe8f75 - test[9d35eded1c95d3be]::run_test::{closure#0}
[INFO] [stdout]                                at /rustc/dfb0accb7f508ae8be965d8629557221c889dd98/library/test/src/lib.rs:677:43
[INFO] [stdout]   32:     0x601f75fe2834 - test[9d35eded1c95d3be]::run_test::{closure#1}
[INFO] [stdout]                                at /rustc/dfb0accb7f508ae8be965d8629557221c889dd98/library/test/src/lib.rs:707:41
[INFO] [stdout]   33:     0x601f75fe2834 - std[70759c8f55707aa4]::sys::backtrace::__rust_begin_short_backtrace::<test[9d35eded1c95d3be]::run_test::{closure#1}, ()>
[INFO] [stdout]                                at /rustc/dfb0accb7f508ae8be965d8629557221c889dd98/library/std/src/sys/backtrace.rs:166:18
[INFO] [stdout]   34:     0x601f75fec0d2 - std[70759c8f55707aa4]::thread::lifecycle::spawn_unchecked::<test[9d35eded1c95d3be]::run_test::{closure#1}, ()>::{closure#1}::{closure#0}
[INFO] [stdout]                                at /rustc/dfb0accb7f508ae8be965d8629557221c889dd98/library/std/src/thread/lifecycle.rs:70:13
[INFO] [stdout]   35:     0x601f75fec0d2 - <core[df12db4294e9bfd3]::panic::unwind_safe::AssertUnwindSafe<std[70759c8f55707aa4]::thread::lifecycle::spawn_unchecked<test[9d35eded1c95d3be]::run_test::{closure#1}, ()>::{closure#1}::{closure#0}> as core[df12db4294e9bfd3]::ops::function::FnOnce<()>>::call_once
[INFO] [stdout]                                at /rustc/dfb0accb7f508ae8be965d8629557221c889dd98/library/core/src/panic/unwind_safe.rs:275:9
[INFO] [stdout]   36:     0x601f75fec0d2 - std[70759c8f55707aa4]::panicking::catch_unwind::do_call::<core[df12db4294e9bfd3]::panic::unwind_safe::AssertUnwindSafe<std[70759c8f55707aa4]::thread::lifecycle::spawn_unchecked<test[9d35eded1c95d3be]::run_test::{closure#1}, ()>::{closure#1}::{closure#0}>, ()>
[INFO] [stdout]                                at /rustc/dfb0accb7f508ae8be965d8629557221c889dd98/library/std/src/panicking.rs:576:43
[INFO] [stdout]   37:     0x601f75fec0d2 - std[70759c8f55707aa4]::panicking::catch_unwind::<(), core[df12db4294e9bfd3]::panic::unwind_safe::AssertUnwindSafe<std[70759c8f55707aa4]::thread::lifecycle::spawn_unchecked<test[9d35eded1c95d3be]::run_test::{closure#1}, ()>::{closure#1}::{closure#0}>>
[INFO] [stdout]                                at /rustc/dfb0accb7f508ae8be965d8629557221c889dd98/library/std/src/panicking.rs:544:19
[INFO] [stdout]   38:     0x601f75fec0d2 - std[70759c8f55707aa4]::panic::catch_unwind::<core[df12db4294e9bfd3]::panic::unwind_safe::AssertUnwindSafe<std[70759c8f55707aa4]::thread::lifecycle::spawn_unchecked<test[9d35eded1c95d3be]::run_test::{closure#1}, ()>::{closure#1}::{closure#0}>, ()>
[INFO] [stdout]                                at /rustc/dfb0accb7f508ae8be965d8629557221c889dd98/library/std/src/panic.rs:359:14
[INFO] [stdout]   39:     0x601f75fec0d2 - std[70759c8f55707aa4]::thread::lifecycle::spawn_unchecked::<test[9d35eded1c95d3be]::run_test::{closure#1}, ()>::{closure#1}
[INFO] [stdout]                                at /rustc/dfb0accb7f508ae8be965d8629557221c889dd98/library/std/src/thread/lifecycle.rs:68:26
[INFO] [stdout]   40:     0x601f75fec0d2 - <std[70759c8f55707aa4]::thread::lifecycle::spawn_unchecked<test[9d35eded1c95d3be]::run_test::{closure#1}, ()>::{closure#1} as core[df12db4294e9bfd3]::ops::function::FnOnce<()>>::call_once::{shim:vtable#0}
[INFO] [stdout]                                at /rustc/dfb0accb7f508ae8be965d8629557221c889dd98/library/core/src/ops/function.rs:250:5
[INFO] [stdout]   41:     0x601f761a2c29 - <alloc[2182bb758b4b3781]::boxed::Box<dyn core[df12db4294e9bfd3]::ops::function::FnOnce<(), Output = ()> + core[df12db4294e9bfd3]::marker::Send> as core[df12db4294e9bfd3]::ops::function::FnOnce<()>>::call_once
[INFO] [stdout]                                at /rustc/dfb0accb7f508ae8be965d8629557221c889dd98/library/alloc/src/boxed.rs:2320:9
[INFO] [stdout]   42:     0x601f761a2c29 - <std[70759c8f55707aa4]::sys::thread::unix::Thread>::new::thread_start
[INFO] [stdout]                                at /rustc/dfb0accb7f508ae8be965d8629557221c889dd98/library/std/src/sys/thread/unix.rs:123:17
[INFO] [stdout]   43:     0x7aa753868dfa - <unknown>
[INFO] [stdout]   44:     0x7aa7538fc3d4 - clone
[INFO] [stdout]   45:                0x0 - <unknown>
[INFO] [stdout] 
[INFO] [stdout] ---- endpoint::tests::detect_local_ip_returns_non_unspecified stdout ----
[INFO] [stdout] 
[INFO] [stdout] thread 'endpoint::tests::detect_local_ip_returns_non_unspecified' (2413) panicked at src/endpoint.rs:471:44:
[INFO] [stdout] detects a local ip: Os { code: 101, kind: NetworkUnreachable, message: "Network is unreachable" }
[INFO] [stdout] stack backtrace:
[INFO] [stdout]    0:     0x601f761a3981 - std[70759c8f55707aa4]::backtrace_rs::backtrace::libunwind::trace
[INFO] [stdout]                                at /rustc/dfb0accb7f508ae8be965d8629557221c889dd98/library/std/src/../../backtrace/src/backtrace/libunwind.rs:117:9
[INFO] [stdout]    1:     0x601f761a3981 - std[70759c8f55707aa4]::backtrace_rs::backtrace::trace_unsynchronized::<std[70759c8f55707aa4]::sys::backtrace::_print_fmt::{closure#1}>
[INFO] [stdout]                                at /rustc/dfb0accb7f508ae8be965d8629557221c889dd98/library/std/src/../../backtrace/src/backtrace/mod.rs:66:14
[INFO] [stdout]    2:     0x601f761a3981 - std[70759c8f55707aa4]::sys::backtrace::_print_fmt
[INFO] [stdout]                                at /rustc/dfb0accb7f508ae8be965d8629557221c889dd98/library/std/src/sys/backtrace.rs:74:9
[INFO] [stdout]    3:     0x601f761a3981 - <<std[70759c8f55707aa4]::sys::backtrace::BacktraceLock>::print::DisplayBacktrace as core[df12db4294e9bfd3]::fmt::Display>::fmt
[INFO] [stdout]                                at /rustc/dfb0accb7f508ae8be965d8629557221c889dd98/library/std/src/sys/backtrace.rs:44:26
[INFO] [stdout]    4:     0x601f761bb28a - <core[df12db4294e9bfd3]::fmt::rt::Argument>::fmt
[INFO] [stdout]                                at /rustc/dfb0accb7f508ae8be965d8629557221c889dd98/library/core/src/fmt/rt.rs:152:76
[INFO] [stdout]    5:     0x601f761bb28a - core[df12db4294e9bfd3]::fmt::write
[INFO] [stdout]    6:     0x601f761a858c - core[df12db4294e9bfd3]::io::write::default_write_fmt::<alloc[2182bb758b4b3781]::vec::Vec<u8>>
[INFO] [stdout]                                at /rustc/dfb0accb7f508ae8be965d8629557221c889dd98/library/core/src/io/write.rs:402:11
[INFO] [stdout]    7:     0x601f761a858c - <alloc[2182bb758b4b3781]::vec::Vec<u8> as core[df12db4294e9bfd3]::io::write::Write>::write_fmt
[INFO] [stdout]                                at /rustc/dfb0accb7f508ae8be965d8629557221c889dd98/library/core/src/io/write.rs:335:13
[INFO] [stdout]    8:     0x601f7617e8a6 - <std[70759c8f55707aa4]::sys::backtrace::BacktraceLock>::print
[INFO] [stdout]                                at /rustc/dfb0accb7f508ae8be965d8629557221c889dd98/library/std/src/sys/backtrace.rs:47:9
[INFO] [stdout]    9:     0x601f7617e8a6 - std[70759c8f55707aa4]::panicking::default_hook::{closure#0}
[INFO] [stdout]                                at /rustc/dfb0accb7f508ae8be965d8629557221c889dd98/library/std/src/panicking.rs:292:27
[INFO] [stdout]   10:     0x601f7619b699 - std[70759c8f55707aa4]::panicking::default_hook
[INFO] [stdout]                                at /rustc/dfb0accb7f508ae8be965d8629557221c889dd98/library/std/src/panicking.rs:316:9
[INFO] [stdout]   11:     0x601f75fe8620 - <alloc[2182bb758b4b3781]::boxed::Box<dyn for<'a, 'b> core[df12db4294e9bfd3]::ops::function::Fn<(&'a std[70759c8f55707aa4]::panic::PanicHookInfo<'b>,), Output = ()> + core[df12db4294e9bfd3]::marker::Send + core[df12db4294e9bfd3]::marker::Sync> as core[df12db4294e9bfd3]::ops::function::Fn<(&std[70759c8f55707aa4]::panic::PanicHookInfo,)>>::call
[INFO] [stdout]                                at /rustc/dfb0accb7f508ae8be965d8629557221c889dd98/library/alloc/src/boxed.rs:2334:9
[INFO] [stdout]   12:     0x601f75fe8620 - test[9d35eded1c95d3be]::test_main_inner::<test[9d35eded1c95d3be]::test_main_static::{closure#0}>::{closure#0}
[INFO] [stdout]                                at /rustc/dfb0accb7f508ae8be965d8629557221c889dd98/library/test/src/lib.rs:155:21
[INFO] [stdout]   13:     0x601f7619b9c2 - <alloc[2182bb758b4b3781]::boxed::Box<dyn for<'a, 'b> core[df12db4294e9bfd3]::ops::function::Fn<(&'a std[70759c8f55707aa4]::panic::PanicHookInfo<'b>,), Output = ()> + core[df12db4294e9bfd3]::marker::Send + core[df12db4294e9bfd3]::marker::Sync> as core[df12db4294e9bfd3]::ops::function::Fn<(&std[70759c8f55707aa4]::panic::PanicHookInfo,)>>::call
[INFO] [stdout]                                at /rustc/dfb0accb7f508ae8be965d8629557221c889dd98/library/alloc/src/boxed.rs:2334:9
[INFO] [stdout]   14:     0x601f7619b9c2 - std[70759c8f55707aa4]::panicking::panic_with_hook
[INFO] [stdout]                                at /rustc/dfb0accb7f508ae8be965d8629557221c889dd98/library/std/src/panicking.rs:823:13
[INFO] [stdout]   15:     0x601f7617e952 - std[70759c8f55707aa4]::panicking::panic_handler::{closure#0}
[INFO] [stdout]                                at /rustc/dfb0accb7f508ae8be965d8629557221c889dd98/library/std/src/panicking.rs:688:13
[INFO] [stdout]   16:     0x601f76177629 - std[70759c8f55707aa4]::sys::backtrace::__rust_end_short_backtrace::<std[70759c8f55707aa4]::panicking::panic_handler::{closure#0}, !>
[INFO] [stdout]                                at /rustc/dfb0accb7f508ae8be965d8629557221c889dd98/library/std/src/sys/backtrace.rs:182:18
[INFO] [stdout]   17:     0x601f7617f73d - __rustc[8fa7c3cbc660c2b3]::rust_begin_unwind
[INFO] [stdout]                                at /rustc/dfb0accb7f508ae8be965d8629557221c889dd98/library/std/src/panicking.rs:679:5
[INFO] [stdout]   18:     0x601f761bbaac - core[df12db4294e9bfd3]::panicking::panic_fmt
[INFO] [stdout]                                at /rustc/dfb0accb7f508ae8be965d8629557221c889dd98/library/core/src/panicking.rs:80:14
[INFO] [stdout]   19:     0x601f761bb802 - core[df12db4294e9bfd3]::result::unwrap_failed
[INFO] [stdout]                                at /rustc/dfb0accb7f508ae8be965d8629557221c889dd98/library/core/src/result.rs:1871:5
[INFO] [stdout]   20:     0x601f75cc6016 - <core[df12db4294e9bfd3]::result::Result<core[df12db4294e9bfd3]::net::ip_addr::IpAddr, alloc[2182bb758b4b3781]::boxed::Box<dyn core[df12db4294e9bfd3]::error::Error + core[df12db4294e9bfd3]::marker::Send + core[df12db4294e9bfd3]::marker::Sync>>>::expect
[INFO] [stdout]                                at /rustc/dfb0accb7f508ae8be965d8629557221c889dd98/library/core/src/result.rs:1184:23
[INFO] [stdout]   21:     0x601f75d0c91e - wavekat_sip[46728d44f783fad2]::endpoint::tests::detect_local_ip_returns_non_unspecified
[INFO] [stdout]                                at /opt/rustwide/workdir/src/endpoint.rs:471:44
[INFO] [stdout]   22:     0x601f75cf3c07 - wavekat_sip[46728d44f783fad2]::endpoint::tests::detect_local_ip_returns_non_unspecified::{closure#0}
[INFO] [stdout]                                at /opt/rustwide/workdir/src/endpoint.rs:469:49
[INFO] [stdout]   23:     0x601f75b5a296 - <wavekat_sip[46728d44f783fad2]::endpoint::tests::detect_local_ip_returns_non_unspecified::{closure#0} as core[df12db4294e9bfd3]::ops::function::FnOnce<()>>::call_once
[INFO] [stdout]                                at /rustc/dfb0accb7f508ae8be965d8629557221c889dd98/library/core/src/ops/function.rs:250:5
[INFO] [stdout]   24:     0x601f75fdb90b - <fn() -> core[df12db4294e9bfd3]::result::Result<(), alloc[2182bb758b4b3781]::string::String> as core[df12db4294e9bfd3]::ops::function::FnOnce<()>>::call_once
[INFO] [stdout]                                at /rustc/dfb0accb7f508ae8be965d8629557221c889dd98/library/core/src/ops/function.rs:250:5
[INFO] [stdout]   25:     0x601f75fdb90b - test[9d35eded1c95d3be]::__rust_begin_short_backtrace::<core[df12db4294e9bfd3]::result::Result<(), alloc[2182bb758b4b3781]::string::String>, fn() -> core[df12db4294e9bfd3]::result::Result<(), alloc[2182bb758b4b3781]::string::String>>
[INFO] [stdout]                                at /rustc/dfb0accb7f508ae8be965d8629557221c889dd98/library/test/src/lib.rs:733:18
[INFO] [stdout]   26:     0x601f75fe8f75 - test[9d35eded1c95d3be]::run_test_in_process::{closure#0}
[INFO] [stdout]                                at /rustc/dfb0accb7f508ae8be965d8629557221c889dd98/library/test/src/lib.rs:756:74
[INFO] [stdout]   27:     0x601f75fe8f75 - <core[df12db4294e9bfd3]::panic::unwind_safe::AssertUnwindSafe<test[9d35eded1c95d3be]::run_test_in_process::{closure#0}> as core[df12db4294e9bfd3]::ops::function::FnOnce<()>>::call_once
[INFO] [stdout]                                at /rustc/dfb0accb7f508ae8be965d8629557221c889dd98/library/core/src/panic/unwind_safe.rs:275:9
[INFO] [stdout]   28:     0x601f75fe8f75 - std[70759c8f55707aa4]::panicking::catch_unwind::do_call::<core[df12db4294e9bfd3]::panic::unwind_safe::AssertUnwindSafe<test[9d35eded1c95d3be]::run_test_in_process::{closure#0}>, core[df12db4294e9bfd3]::result::Result<(), alloc[2182bb758b4b3781]::string::String>>
[INFO] [stdout]                                at /rustc/dfb0accb7f508ae8be965d8629557221c889dd98/library/std/src/panicking.rs:576:43
[INFO] [stdout]   29:     0x601f75fe8f75 - std[70759c8f55707aa4]::panicking::catch_unwind::<core[df12db4294e9bfd3]::result::Result<(), alloc[2182bb758b4b3781]::string::String>, core[df12db4294e9bfd3]::panic::unwind_safe::AssertUnwindSafe<test[9d35eded1c95d3be]::run_test_in_process::{closure#0}>>
[INFO] [stdout]                                at /rustc/dfb0accb7f508ae8be965d8629557221c889dd98/library/std/src/panicking.rs:544:19
[INFO] [stdout]   30:     0x601f75fe8f75 - std[70759c8f55707aa4]::panic::catch_unwind::<core[df12db4294e9bfd3]::panic::unwind_safe::AssertUnwindSafe<test[9d35eded1c95d3be]::run_test_in_process::{closure#0}>, core[df12db4294e9bfd3]::result::Result<(), alloc[2182bb758b4b3781]::string::String>>
[INFO] [stdout]                                at /rustc/dfb0accb7f508ae8be965d8629557221c889dd98/library/std/src/panic.rs:359:14
[INFO] [stdout]   31:     0x601f75fe8f75 - test[9d35eded1c95d3be]::run_test_in_process
[INFO] [stdout]                                at /rustc/dfb0accb7f508ae8be965d8629557221c889dd98/library/test/src/lib.rs:756:27
[INFO] [stdout]   32:     0x601f75fe8f75 - test[9d35eded1c95d3be]::run_test::{closure#0}
[INFO] [stdout]                                at /rustc/dfb0accb7f508ae8be965d8629557221c889dd98/library/test/src/lib.rs:677:43
[INFO] [stdout]   33:     0x601f75fe2834 - test[9d35eded1c95d3be]::run_test::{closure#1}
[INFO] [stdout]                                at /rustc/dfb0accb7f508ae8be965d8629557221c889dd98/library/test/src/lib.rs:707:41
[INFO] [stdout]   34:     0x601f75fe2834 - std[70759c8f55707aa4]::sys::backtrace::__rust_begin_short_backtrace::<test[9d35eded1c95d3be]::run_test::{closure#1}, ()>
[INFO] [stdout]                                at /rustc/dfb0accb7f508ae8be965d8629557221c889dd98/library/std/src/sys/backtrace.rs:166:18
[INFO] [stdout]   35:     0x601f75fec0d2 - std[70759c8f55707aa4]::thread::lifecycle::spawn_unchecked::<test[9d35eded1c95d3be]::run_test::{closure#1}, ()>::{closure#1}::{closure#0}
[INFO] [stdout]                                at /rustc/dfb0accb7f508ae8be965d8629557221c889dd98/library/std/src/thread/lifecycle.rs:70:13
[INFO] [stdout]   36:     0x601f75fec0d2 - <core[df12db4294e9bfd3]::panic::unwind_safe::AssertUnwindSafe<std[70759c8f55707aa4]::thread::lifecycle::spawn_unchecked<test[9d35eded1c95d3be]::run_test::{closure#1}, ()>::{closure#1}::{closure#0}> as core[df12db4294e9bfd3]::ops::function::FnOnce<()>>::call_once
[INFO] [stdout]                                at /rustc/dfb0accb7f508ae8be965d8629557221c889dd98/library/core/src/panic/unwind_safe.rs:275:9
[INFO] [stdout]   37:     0x601f75fec0d2 - std[70759c8f55707aa4]::panicking::catch_unwind::do_call::<core[df12db4294e9bfd3]::panic::unwind_safe::AssertUnwindSafe<std[70759c8f55707aa4]::thread::lifecycle::spawn_unchecked<test[9d35eded1c95d3be]::run_test::{closure#1}, ()>::{closure#1}::{closure#0}>, ()>
[INFO] [stdout]                                at /rustc/dfb0accb7f508ae8be965d8629557221c889dd98/library/std/src/panicking.rs:576:43
[INFO] [stdout]   38:     0x601f75fec0d2 - std[70759c8f55707aa4]::panicking::catch_unwind::<(), core[df12db4294e9bfd3]::panic::unwind_safe::AssertUnwindSafe<std[70759c8f55707aa4]::thread::lifecycle::spawn_unchecked<test[9d35eded1c95d3be]::run_test::{closure#1}, ()>::{closure#1}::{closure#0}>>
[INFO] [stdout]                                at /rustc/dfb0accb7f508ae8be965d8629557221c889dd98/library/std/src/panicking.rs:544:19
[INFO] [stdout]   39:     0x601f75fec0d2 - std[70759c8f55707aa4]::panic::catch_unwind::<core[df12db4294e9bfd3]::panic::unwind_safe::AssertUnwindSafe<std[70759c8f55707aa4]::thread::lifecycle::spawn_unchecked<test[9d35eded1c95d3be]::run_test::{closure#1}, ()>::{closure#1}::{closure#0}>, ()>
[INFO] [stdout]                                at /rustc/dfb0accb7f508ae8be965d8629557221c889dd98/library/std/src/panic.rs:359:14
[INFO] [stdout]   40:     0x601f75fec0d2 - std[70759c8f55707aa4]::thread::lifecycle::spawn_unchecked::<test[9d35eded1c95d3be]::run_test::{closure#1}, ()>::{closure#1}
[INFO] [stdout]                                at /rustc/dfb0accb7f508ae8be965d8629557221c889dd98/library/std/src/thread/lifecycle.rs:68:26
[INFO] [stdout]   41:     0x601f75fec0d2 - <std[70759c8f55707aa4]::thread::lifecycle::spawn_unchecked<test[9d35eded1c95d3be]::run_test::{closure#1}, ()>::{closure#1} as core[df12db4294e9bfd3]::ops::function::FnOnce<()>>::call_once::{shim:vtable#0}
[INFO] [stdout]                                at /rustc/dfb0accb7f508ae8be965d8629557221c889dd98/library/core/src/ops/function.rs:250:5
[INFO] [stdout]   42:     0x601f761a2c29 - <alloc[2182bb758b4b3781]::boxed::Box<dyn core[df12db4294e9bfd3]::ops::function::FnOnce<(), Output = ()> + core[df12db4294e9bfd3]::marker::Send> as core[df12db4294e9bfd3]::ops::function::FnOnce<()>>::call_once
[INFO] [stdout]                                at /rustc/dfb0accb7f508ae8be965d8629557221c889dd98/library/alloc/src/boxed.rs:2320:9
[INFO] [stdout]   43:     0x601f761a2c29 - <std[70759c8f55707aa4]::sys::thread::unix::Thread>::new::thread_start
[INFO] [stdout]                                at /rustc/dfb0accb7f508ae8be965d8629557221c889dd98/library/std/src/sys/thread/unix.rs:123:17
[INFO] [stdout]   44:     0x7aa753868dfa - <unknown>
[INFO] [stdout]   45:     0x7aa7538fc3d4 - clone
[INFO] [stdout]   46:                0x0 - <unknown>
[INFO] [stdout] 
[INFO] [stdout] 
[INFO] [stdout] failures:
[INFO] [stdout]     endpoint::tests::detect_local_ip_returns_non_unspecified
[INFO] [stdout]     endpoint::tests::detect_local_ip_uses_server_field
[INFO] [stdout] 
[INFO] [stdout] test result: FAILED. 305 passed; 2 failed; 0 ignored; 0 measured; 0 filtered out; finished in 0.52s
[INFO] [stderr] error: test failed, to rerun pass `--lib`
[INFO] [stdout] 
[INFO] running `Command { std: "docker" "inspect" "70f6f25287f84d19df619099785727ae6df8fb3053aedde8024ce5fddfe6bef9", kill_on_drop: false }`
[INFO] running `Command { std: "docker" "rm" "-f" "70f6f25287f84d19df619099785727ae6df8fb3053aedde8024ce5fddfe6bef9", kill_on_drop: false }`
[INFO] [stdout] 70f6f25287f84d19df619099785727ae6df8fb3053aedde8024ce5fddfe6bef9
