[INFO] fetching crate wavecraft 0.9.39...
[INFO] testing wavecraft-0.9.39 against 1.99.0-beta.8 for beta-1.100-2
[INFO] extracting crate wavecraft 0.9.39 into /workspace/builds/worker-0-tc1/source
[INFO] started tweaking crates.io crate wavecraft 0.9.39
[INFO] removed 0 missing tests
[INFO] finished tweaking crates.io crate wavecraft 0.9.39
[INFO] tweaked toml for crates.io crate wavecraft 0.9.39 written to /workspace/builds/worker-0-tc1/source/Cargo.toml
[INFO] validating manifest of crates.io crate wavecraft 0.9.39 on toolchain 1.99.0-beta.8
[INFO] running `Command { std: CARGO_HOME="/workspace/cargo-home" RUSTUP_HOME="/workspace/rustup-home" "/workspace/cargo-home/bin/cargo" "+1.99.0-beta.8" "metadata" "--manifest-path" "Cargo.toml" "--no-deps", kill_on_drop: false }`
[INFO] crate crates.io crate wavecraft 0.9.39 already has a lockfile, it will not be regenerated
[INFO] running `Command { std: CARGO_HOME="/workspace/cargo-home" RUSTUP_HOME="/workspace/rustup-home" "/workspace/cargo-home/bin/cargo" "+1.99.0-beta.8" "fetch" "--manifest-path" "Cargo.toml", kill_on_drop: false }`
[INFO] [stderr]     Updating crates.io index
[INFO] [stderr]     Blocking waiting for file lock on package cache
[INFO] [stderr]  Downloading crates ...
[INFO] [stderr]   Downloaded which v7.0.3
[INFO] [stderr]   Downloaded env_home v0.1.0
[INFO] [stderr]   Downloaded wavecraft-protocol v0.12.49
[INFO] [stderr]   Downloaded cpal v0.15.3
[INFO] [stderr]   Downloaded notify-debouncer-full v0.4.0
[INFO] [stderr]   Downloaded sha1 v0.10.6
[INFO] [stderr]   Downloaded inotify-sys v0.1.5
[INFO] [stderr]   Downloaded memchr v2.7.6
[INFO] [stderr]   Downloaded cexpr v0.6.0
[INFO] [stderr]   Downloaded toml_edit v0.20.2
[INFO] [stderr]   Downloaded wavecraft-dsp v0.12.49
[INFO] [stderr]   Downloaded rtrb v0.3.2
[INFO] [stderr]   Downloaded tokio-tungstenite v0.24.0
[INFO] [stderr]   Downloaded kqueue v1.1.1
[INFO] [stderr]   Downloaded kqueue-sys v1.0.4
[INFO] [stderr]   Downloaded fsevent-sys v4.1.0
[INFO] [stderr]   Downloaded filetime v0.2.27
[INFO] [stderr]   Downloaded wasm-bindgen-futures v0.4.58
[INFO] [stderr]   Downloaded num-derive v0.4.2
[INFO] [stderr]   Downloaded dasp_sample v0.11.0
[INFO] [stderr]   Downloaded glob v0.3.3
[INFO] [stderr]   Downloaded atomic_float v1.1.0
[INFO] [stderr]   Downloaded toml_datetime v0.6.3
[INFO] [stderr]   Downloaded normalize-line-endings v0.3.0
[INFO] [stderr]   Downloaded float-cmp v0.10.0
[INFO] [stderr]   Downloaded difflib v0.4.0
[INFO] [stderr]   Downloaded number_prefix v0.4.0
[INFO] [stderr]   Downloaded include_dir v0.7.4
[INFO] [stderr]   Downloaded include_dir_macros v0.7.4
[INFO] [stderr]   Downloaded ctrlc v3.5.1
[INFO] [stderr]   Downloaded wait-timeout v0.2.1
[INFO] [stderr]   Downloaded termtree v0.5.1
[INFO] [stderr]   Downloaded wavecraft-processors v0.12.49
[INFO] [stderr]   Downloaded convert_case v0.6.0
[INFO] [stderr]   Downloaded utf-8 v0.7.6
[INFO] [stderr]   Downloaded crypto-common v0.1.7
[INFO] [stderr]   Downloaded notify-types v1.0.1
[INFO] [stderr]   Downloaded inotify v0.10.2
[INFO] [stderr]   Downloaded file-id v0.2.3
[INFO] [stderr]   Downloaded windows-result v0.1.2
[INFO] [stderr]   Downloaded oboe v0.6.1
[INFO] [stderr]   Downloaded coreaudio-sys v0.2.17
[INFO] [stderr]   Downloaded toml v0.8.2
[INFO] [stderr]   Downloaded predicates v3.1.3
[INFO] [stderr]   Downloaded predicates-core v1.0.9
[INFO] [stderr]   Downloaded web-time v1.1.0
[INFO] [stderr]   Downloaded predicates-tree v1.0.12
[INFO] [stderr]   Downloaded wavecraft-macros v0.12.49
[INFO] [stderr]   Downloaded wavecraft-bridge v0.12.49
[INFO] [stderr]   Downloaded data-encoding v2.10.0
[INFO] [stderr]   Downloaded notify v7.0.0
[INFO] [stderr]   Downloaded clang-sys v1.8.1
[INFO] [stderr]   Downloaded alsa v0.9.1
[INFO] [stderr]   Downloaded alsa-sys v0.3.1
[INFO] [stderr]   Downloaded console v0.15.11
[INFO] [stderr]   Downloaded anyhow v1.0.100
[INFO] [stderr]   Downloaded block2 v0.6.2
[INFO] [stderr]   Downloaded assert_cmd v2.1.2
[INFO] [stderr]   Downloaded wavecraft-dev-server v0.12.49
[INFO] [stderr]   Downloaded windows-core v0.54.0
[INFO] [stderr]   Downloaded coreaudio-rs v0.11.3
[INFO] [stderr]   Downloaded encode_unicode v1.0.0
[INFO] [stderr]   Downloaded typenum v1.19.0
[INFO] [stderr]   Downloaded minimal-lexical v0.2.1
[INFO] [stderr]   Downloaded indicatif v0.17.11
[INFO] [stderr]   Downloaded tungstenite v0.24.0
[INFO] [stderr]   Downloaded nom v7.1.3
[INFO] [stderr]   Downloaded itertools v0.13.0
[INFO] [stderr]   Downloaded command-group v5.0.1
[INFO] [stderr]   Downloaded winnow v0.5.40
[INFO] [stderr]   Downloaded oboe-sys v0.6.1
[INFO] [stderr]   Downloaded bindgen v0.72.1
[INFO] [stderr]   Downloaded unicode-width v0.2.2
[INFO] [stderr]   Downloaded winsafe v0.0.19
[INFO] [stderr]   Downloaded bstr v1.12.1
[INFO] [stderr]   Downloaded nix v0.30.1
[INFO] [stderr]   Downloaded web-sys v0.3.85
[INFO] [stderr]   Downloaded windows-sys v0.52.0
[INFO] [stderr]   Downloaded windows v0.54.0
[INFO] running `Command { std: "docker" "create" "-v" "/var/lib/crater-agent-workspace/builds/worker-0-tc1/source:/opt/rustwide/workdir:ro,Z" "-v" "/var/lib/crater-agent-workspace/builds/worker-0-tc1/target:/opt/rustwide/target:rw,Z" "-v" "/var/lib/crater-agent-workspace/cargo-home:/opt/rustwide/cargo-home:ro,Z" "-v" "/var/lib/crater-agent-workspace/rustup-home:/opt/rustwide/rustup-home:ro,Z" "-m" "1610612736" "--network" "none" "ghcr.io/rust-lang/crates-build-env/linux@sha256:3111399a4047eeb3a02b7a90e478d715f38a8c6669b5c4b49d30a17385265909" "sleep" "infinity", kill_on_drop: false }`
[INFO] [stdout] 7c6f03edae42dc37fbe9249aac9edc10fd64c3617317003719955139daaea466
[INFO] running `Command { std: "docker" "start" "7c6f03edae42dc37fbe9249aac9edc10fd64c3617317003719955139daaea466", kill_on_drop: false }`
[INFO] running `Command { std: "docker" "inspect" "7c6f03edae42dc37fbe9249aac9edc10fd64c3617317003719955139daaea466", kill_on_drop: false }`
[INFO] running `Command { std: "docker" "exec" "-e" "SOURCE_DIR=/opt/rustwide/workdir" "-e" "CARGO_HOME=/opt/rustwide/cargo-home" "-e" "RUSTUP_HOME=/opt/rustwide/rustup-home" "-e" "CARGO_TARGET_DIR=/opt/rustwide/target" "-w" "/opt/rustwide/workdir" "--user" "0:0" "7c6f03edae42dc37fbe9249aac9edc10fd64c3617317003719955139daaea466" "/opt/rustwide/cargo-home/bin/cargo" "+1.99.0-beta.8" "metadata" "--no-deps" "--format-version=1", kill_on_drop: false }`
[INFO] running `Command { std: "docker" "inspect" "7c6f03edae42dc37fbe9249aac9edc10fd64c3617317003719955139daaea466", kill_on_drop: false }`
[INFO] running `Command { std: "docker" "exec" "-e" "SOURCE_DIR=/opt/rustwide/workdir" "-e" "CARGO_HOME=/opt/rustwide/cargo-home" "-e" "RUSTUP_HOME=/opt/rustwide/rustup-home" "-e" "CARGO_TARGET_DIR=/opt/rustwide/target" "-e" "CARGO_INCREMENTAL=0" "-e" "RUST_BACKTRACE=full" "-e" "RUSTFLAGS=--cap-lints=warn" "-e" "RUSTDOCFLAGS=--cap-lints=warn" "-w" "/opt/rustwide/workdir" "--user" "0:0" "7c6f03edae42dc37fbe9249aac9edc10fd64c3617317003719955139daaea466" "/opt/rustwide/cargo-home/bin/cargo" "+1.99.0-beta.8" "build" "--frozen" "--message-format=json", kill_on_drop: false }`
[INFO] [stderr]    Compiling unicode-ident v1.0.22
[INFO] [stderr]    Compiling proc-macro2 v1.0.106
[INFO] [stderr]    Compiling quote v1.0.44
[INFO] [stderr]    Compiling libc v0.2.180
[INFO] [stderr]    Compiling cfg-if v1.0.4
[INFO] [stderr]    Compiling serde_core v1.0.228
[INFO] [stderr]    Compiling serde v1.0.228
[INFO] [stderr]    Compiling typenum v1.19.0
[INFO] [stderr]    Compiling version_check v0.9.5
[INFO] [stderr]    Compiling bitflags v2.10.0
[INFO] [stderr]    Compiling memchr v2.7.6
[INFO] [stderr]    Compiling itoa v1.0.17
[INFO] [stderr]    Compiling cfg_aliases v0.2.1
[INFO] [stderr]    Compiling zerocopy v0.8.39
[INFO] [stderr]    Compiling zmij v1.0.19
[INFO] [stderr]    Compiling serde_json v1.0.149
[INFO] [stderr]    Compiling log v0.4.29
[INFO] [stderr]    Compiling paste v1.0.15
[INFO] [stderr]    Compiling pin-project-lite v0.2.16
[INFO] [stderr]    Compiling once_cell v1.21.3
[INFO] [stderr]    Compiling pkg-config v0.3.32
[INFO] [stderr]    Compiling parking_lot_core v0.9.12
[INFO] [stderr]    Compiling bytes v1.11.1
[INFO] [stderr]    Compiling autocfg v1.5.0
[INFO] [stderr]    Compiling unicode-segmentation v1.12.0
[INFO] [stderr]    Compiling scopeguard v1.2.0
[INFO] [stderr]    Compiling generic-array v0.14.7
[INFO] [stderr]    Compiling smallvec v1.15.1
[INFO] [stderr]    Compiling httparse v1.10.1
[INFO] [stderr]    Compiling thiserror v1.0.69
[INFO] [stderr]    Compiling lock_api v0.4.14
[INFO] [stderr]    Compiling instant v0.1.13
[INFO] [stderr]    Compiling utf8parse v0.2.2
[INFO] [stderr]    Compiling same-file v1.0.6
[INFO] [stderr]    Compiling thiserror v2.0.18
[INFO] [stderr]    Compiling bitflags v1.3.2
[INFO] [stderr]    Compiling num-traits v0.2.19
[INFO] [stderr]    Compiling cpufeatures v0.2.17
[INFO] [stderr]    Compiling anstyle-parse v0.2.7
[INFO] [stderr]    Compiling walkdir v2.5.0
[INFO] [stderr]    Compiling notify-types v1.0.1
[INFO] [stderr]    Compiling alsa-sys v0.3.1
[INFO] [stderr]    Compiling tracing-core v0.1.36
[INFO] [stderr]    Compiling nix v0.30.1
[INFO] [stderr]    Compiling nix v0.29.0
[INFO] [stderr]    Compiling convert_case v0.6.0
[INFO] [stderr]    Compiling http v1.4.0
[INFO] [stderr]    Compiling anstyle-query v1.1.5
[INFO] [stderr]    Compiling utf-8 v0.7.6
[INFO] [stderr]    Compiling futures-sink v0.3.31
[INFO] [stderr]    Compiling byteorder v1.5.0
[INFO] [stderr]    Compiling equivalent v1.0.2
[INFO] [stderr]    Compiling futures-task v0.3.31
[INFO] [stderr]    Compiling cpal v0.15.3
[INFO] [stderr]    Compiling anyhow v1.0.100
[INFO] [stderr]    Compiling colorchoice v1.0.4
[INFO] [stderr]    Compiling anstyle v1.0.13
[INFO] [stderr]    Compiling rustix v1.1.3
[INFO] [stderr]    Compiling data-encoding v2.10.0
[INFO] [stderr]    Compiling portable-atomic v1.13.1
[INFO] [stderr]    Compiling pin-utils v0.1.0
[INFO] [stderr]    Compiling syn v2.0.114
[INFO] [stderr]    Compiling hashbrown v0.16.1
[INFO] [stderr]    Compiling futures-core v0.3.31
[INFO] [stderr]    Compiling unicode-width v0.2.2
[INFO] [stderr]    Compiling slab v0.4.12
[INFO] [stderr]    Compiling is_terminal_polyfill v1.70.2
[INFO] [stderr]    Compiling anstream v0.6.21
[INFO] [stderr]    Compiling aho-corasick v1.1.4
[INFO] [stderr]    Compiling libloading v0.8.9
[INFO] [stderr]    Compiling strsim v0.11.1
[INFO] [stderr]    Compiling winnow v0.5.40
[INFO] [stderr]    Compiling iana-time-zone v0.1.65
[INFO] [stderr]    Compiling file-id v0.2.3
[INFO] [stderr]    Compiling rtrb v0.3.2
[INFO] [stderr]    Compiling linux-raw-sys v0.11.0
[INFO] [stderr]    Compiling getrandom v0.2.17
[INFO] [stderr]    Compiling mio v1.1.1
[INFO] [stderr]    Compiling inotify-sys v0.1.5
[INFO] [stderr]    Compiling rand_core v0.6.4
[INFO] [stderr]    Compiling block-buffer v0.10.4
[INFO] [stderr]    Compiling crypto-common v0.1.7
[INFO] [stderr]    Compiling digest v0.10.7
[INFO] [stderr]    Compiling errno v0.3.14
[INFO] [stderr]    Compiling inotify v0.10.2
[INFO] [stderr]    Compiling sha1 v0.10.6
[INFO] [stderr]    Compiling signal-hook-registry v1.4.8
[INFO] [stderr]    Compiling parking_lot v0.12.5
[INFO] [stderr]    Compiling socket2 v0.6.2
[INFO] [stderr]    Compiling filetime v0.2.27
[INFO] [stderr]    Compiling indexmap v2.13.0
[INFO] [stderr]    Compiling nix v0.27.1
[INFO] [stderr]    Compiling notify v7.0.0
[INFO] [stderr]    Compiling alsa v0.9.1
[INFO] [stderr]    Compiling console v0.15.11
[INFO] [stderr]    Compiling regex-syntax v0.8.9
[INFO] [stderr]    Compiling clap_lex v0.7.7
[INFO] [stderr]    Compiling dasp_sample v0.11.0
[INFO] [stderr]    Compiling heck v0.5.0
[INFO] [stderr]    Compiling chrono v0.4.43
[INFO] [stderr]    Compiling clap_builder v4.5.57
[INFO] [stderr]    Compiling notify-debouncer-full v0.4.0
[INFO] [stderr]    Compiling command-group v5.0.1
[INFO] [stderr]    Compiling include_dir_macros v0.7.4
[INFO] [stderr]    Compiling env_home v0.1.0
[INFO] [stderr]    Compiling either v1.15.0
[INFO] [stderr]    Compiling wavecraft v0.9.39 (/opt/rustwide/workdir)
[INFO] [stderr]    Compiling number_prefix v0.4.0
[INFO] [stderr]    Compiling atomic_float v1.1.0
[INFO] [stderr]    Compiling indicatif v0.17.11
[INFO] [stderr]    Compiling ctrlc v3.5.1
[INFO] [stderr]    Compiling include_dir v0.7.4
[INFO] [stderr]    Compiling regex-automata v0.4.14
[INFO] [stderr]    Compiling which v7.0.3
[INFO] [stderr]    Compiling ppv-lite86 v0.2.21
[INFO] [stderr]    Compiling rand_chacha v0.3.1
[INFO] [stderr]    Compiling rand v0.8.5
[INFO] [stderr]    Compiling serde_derive v1.0.228
[INFO] [stderr]    Compiling thiserror-impl v1.0.69
[INFO] [stderr]    Compiling futures-macro v0.3.31
[INFO] [stderr]    Compiling tracing-attributes v0.1.31
[INFO] [stderr]    Compiling tokio-macros v2.6.0
[INFO] [stderr]    Compiling thiserror-impl v2.0.18
[INFO] [stderr]    Compiling wavecraft-macros v0.12.49
[INFO] [stderr]    Compiling clap_derive v4.5.55
[INFO] [stderr]    Compiling tokio v1.49.0
[INFO] [stderr]    Compiling tracing v0.1.44
[INFO] [stderr]    Compiling regex v1.12.3
[INFO] [stderr]    Compiling futures-util v0.3.31
[INFO] [stderr]    Compiling tungstenite v0.24.0
[INFO] [stderr]    Compiling clap v4.5.57
[INFO] [stderr]    Compiling wavecraft-protocol v0.12.49
[INFO] [stderr]    Compiling toml_datetime v0.6.3
[INFO] [stderr]    Compiling serde_spanned v0.6.9
[INFO] [stderr]    Compiling toml_edit v0.20.2
[INFO] [stderr]    Compiling wavecraft-dsp v0.12.49
[INFO] [stderr]    Compiling wavecraft-bridge v0.12.49
[INFO] [stderr]    Compiling wavecraft-processors v0.12.49
[INFO] [stderr]    Compiling toml v0.8.2
[INFO] [stderr]    Compiling tokio-tungstenite v0.24.0
[INFO] [stderr]    Compiling wavecraft-dev-server v0.12.49
[INFO] [stderr]     Finished `dev` profile [unoptimized + debuginfo] target(s) in 1m 03s
[INFO] running `Command { std: "docker" "inspect" "7c6f03edae42dc37fbe9249aac9edc10fd64c3617317003719955139daaea466", kill_on_drop: false }`
[INFO] running `Command { std: "docker" "exec" "-e" "SOURCE_DIR=/opt/rustwide/workdir" "-e" "CARGO_HOME=/opt/rustwide/cargo-home" "-e" "RUSTUP_HOME=/opt/rustwide/rustup-home" "-e" "CARGO_TARGET_DIR=/opt/rustwide/target" "-e" "CARGO_INCREMENTAL=0" "-e" "RUST_BACKTRACE=full" "-e" "RUSTFLAGS=--cap-lints=warn" "-e" "RUSTDOCFLAGS=--cap-lints=warn" "-w" "/opt/rustwide/workdir" "--user" "0:0" "7c6f03edae42dc37fbe9249aac9edc10fd64c3617317003719955139daaea466" "/opt/rustwide/cargo-home/bin/cargo" "+1.99.0-beta.8" "test" "--frozen" "--no-run" "--message-format=json", kill_on_drop: false }`
[INFO] [stderr]    Compiling regex-automata v0.4.14
[INFO] [stderr]    Compiling rustix v1.1.3
[INFO] [stderr]    Compiling getrandom v0.3.4
[INFO] [stderr]    Compiling predicates-core v1.0.9
[INFO] [stderr]    Compiling float-cmp v0.10.0
[INFO] [stderr]    Compiling difflib v0.4.0
[INFO] [stderr]    Compiling assert_cmd v2.1.2
[INFO] [stderr]    Compiling normalize-line-endings v0.3.0
[INFO] [stderr]    Compiling termtree v0.5.1
[INFO] [stderr]    Compiling wavecraft v0.9.39 (/opt/rustwide/workdir)
[INFO] [stderr]    Compiling wait-timeout v0.2.1
[INFO] [stderr]    Compiling fastrand v2.3.0
[INFO] [stderr]    Compiling predicates-tree v1.0.12
[INFO] [stderr]    Compiling which v7.0.3
[INFO] [stderr]    Compiling tempfile v3.24.0
[INFO] [stderr]    Compiling regex v1.12.3
[INFO] [stderr]    Compiling bstr v1.12.1
[INFO] [stderr]    Compiling predicates v3.1.3
[INFO] [stderr]     Finished `test` profile [unoptimized + debuginfo] target(s) in 13.39s
[INFO] running `Command { std: "docker" "inspect" "7c6f03edae42dc37fbe9249aac9edc10fd64c3617317003719955139daaea466", kill_on_drop: false }`
[INFO] running `Command { std: "docker" "exec" "-e" "SOURCE_DIR=/opt/rustwide/workdir" "-e" "CARGO_HOME=/opt/rustwide/cargo-home" "-e" "RUSTUP_HOME=/opt/rustwide/rustup-home" "-e" "CARGO_TARGET_DIR=/opt/rustwide/target" "-e" "CARGO_INCREMENTAL=0" "-e" "RUST_BACKTRACE=full" "-e" "RUSTFLAGS=--cap-lints=warn" "-e" "RUSTDOCFLAGS=--cap-lints=warn" "-w" "/opt/rustwide/workdir" "--user" "0:0" "7c6f03edae42dc37fbe9249aac9edc10fd64c3617317003719955139daaea466" "/opt/rustwide/cargo-home/bin/cargo" "+1.99.0-beta.8" "test" "--frozen", kill_on_drop: false }`
[INFO] [stderr]    Compiling wavecraft v0.9.39 (/opt/rustwide/workdir)
[INFO] [stderr]     Finished `test` profile [unoptimized + debuginfo] target(s) in 7.15s
[INFO] [stderr]      Running unittests src/main.rs (/opt/rustwide/target/debug/deps/wavecraft-1335a161db40ce47)
[INFO] [stdout] 
[INFO] [stdout] running 123 tests
[INFO] [stdout] test commands::bundle_command::project_root::tests::find_project_root_from_nested_directory ... ok
[INFO] [stdout] test commands::bundle_command::install::tests::install_reports_replace_failure_with_diagnostics ... ok
[INFO] [stdout] test commands::bundle_command::install::tests::install_reports_copy_failure_with_diagnostics ... ok
[INFO] [stdout] test commands::bundle_command::project_root::tests::resolve_project_root_returns_actionable_error_when_missing_markers ... ok
[INFO] [stdout] test commands::bundle_command::tests::routing_rejects_sdk_without_install ... ok
[INFO] [stdout] test commands::bundle_command::project_root::tests::resolve_project_root_install_still_errors_for_unrelated_directory ... ok
[INFO] [stdout] test commands::bundle_command::project_root::tests::resolve_project_root_install_uses_sdk_dev_root_when_cwd_is_inside_repo ... ok
[INFO] [stdout] test commands::bundle_command::install::tests::install_reports_directory_create_failure_with_diagnostics ... ok
[INFO] [stdout] test commands::bundle_command::project_root::tests::resolve_project_root_prefers_generated_project_over_sdk_dev_hint ... ok
[INFO] [stdout] test commands::bundle_command::project_root::tests::resolve_project_root_install_returns_install_specific_error_when_missing_markers ... ok
[INFO] [stdout] test commands::bundle_command::project_root::tests::resolve_project_root_install_uses_sdk_dev_root_when_cwd_is_repo_root ... ok
[INFO] [stdout] test commands::bundle_command::tests::routing_uses_existing_project_outside_sdk_mode ... ok
[INFO] [stdout] test commands::bundle_command::tests::routing_uses_temporary_project_for_sdk_install ... ok
[INFO] [stdout] test commands::bundle_command::tests::ensure_temporary_generated_project_reuses_existing_plugin_root ... ok
[INFO] [stdout] test commands::start::audio_runtime::tests::classify_audio_init_error_maps_no_input_device ... ok
[INFO] [stdout] test commands::start::audio_runtime::tests::classify_audio_init_error_maps_no_output_device ... ok
[INFO] [stdout] test commands::start::audio_runtime::tests::classify_runtime_loader_error_maps_vtable_missing ... ok
[INFO] [stdout] test commands::start::metadata_cache::tests::soft_clip_schema_guard_rejects_legacy_output_trim_id ... ok
[INFO] [stdout] test commands::start::audio_runtime::tests::status_for_running_audio_does_not_degrade_when_running ... ok
[INFO] [stdout] test commands::bundle_command::ui_assets::tests::detect_wavecraft_nih_plug_dependency_mode_accepts_non_path_dependency ... ok
[INFO] [stdout] test commands::start::metadata_cache::tests::soft_clip_schema_guard_accepts_expanded_schema ... ok
[INFO] [stdout] test commands::bundle_command::ui_assets::tests::detect_wavecraft_nih_plug_dependency_mode_accepts_local_path_dependency ... ok
[INFO] [stdout] test commands::start::audio_runtime::tests::status_for_running_audio_marks_full_duplex_as_running ... ok
[INFO] [stdout] test commands::start::startup_pipeline::tests::sdk_additional_watch_paths_are_empty_outside_sdk_mode ... ok
[INFO] [stdout] test commands::bundle_command::ui_assets::tests::stage_ui_dist_replaces_previous_assets ... ok
[INFO] [stdout] test commands::start::audio_runtime::tests::classify_audio_init_error_defaults_to_unknown ... ok
[INFO] [stdout] test commands::start::audio_runtime::tests::classify_audio_init_error_maps_permission_denied ... ok
[INFO] [stdout] test commands::start::startup_pipeline::tests::parse_allow_no_audio_env_accepts_opt_in_values ... ok
[INFO] [stdout] test commands::start::startup_pipeline::tests::parse_allow_no_audio_env_rejects_non_opt_in_values ... ok
[INFO] [stdout] test commands::start::startup_pipeline::tests::sdk_additional_watch_paths_include_wavecraft_processors_sources_and_manifest ... ok
[INFO] [stdout] test commands::start::tests::generated_plugin_project_stays_on_direct_start_flow ... ok
[INFO] [stdout] test commands::start::tests::unrelated_directory_still_fails_project_detection ... ok
[INFO] [stdout] test commands::start::tsconfig_paths::tests::is_idempotent_when_paths_present ... ok
[INFO] [stdout] test commands::start::tsconfig_paths::tests::returns_warning_when_compiler_options_missing ... ok
[INFO] [stdout] test commands::start::audio_runtime::tests::classify_runtime_loader_error_maps_loader_unavailable ... ok
[INFO] [stdout] test commands::bundle_command::metadata_refresh::tests::fresh_sidecars_are_used_for_contract_refresh ... ok
[INFO] [stdout] test commands::start::tests::sdk_root_uses_xtask_dev_mode_for_default_start ... ok
[INFO] [stdout] test commands::update::project_update::tests::test_detect_project_engine_only ... ok
[INFO] [stdout] test commands::start::tsconfig_paths::tests::injects_paths_with_trailing_comma_before_following_property ... ok
[INFO] [stdout] test commands::update::project_update::tests::test_detect_project_no_markers ... ok
[INFO] [stdout] test commands::update::self_update::tests::test_detect_phase_compiling ... ok
[INFO] [stdout] test commands::update::self_update::tests::test_detect_phase_downloaded ... ok
[INFO] [stdout] test commands::update::self_update::tests::test_detect_phase_downloading ... ok
[INFO] [stdout] test commands::start::tests::sdk_root_without_xtask_stays_on_direct_start_flow ... ok
[INFO] [stdout] test commands::update::project_update::tests::test_detect_project_ui_only ... ok
[INFO] [stdout] test commands::update::project_update::tests::test_detect_project_both ... ok
[INFO] [stdout] test commands::start::tsconfig_paths::tests::injects_when_primary_anchor_is_missing ... ok
[INFO] [stdout] test commands::start::tsconfig_paths::tests::injects_sdk_paths_when_missing ... ok
[INFO] [stdout] test commands::start::metadata_cache::tests::cached_sidecar_path_preserves_full_frequency_range_for_browser_dev_mode ... ok
[INFO] [stdout] test commands::update::self_update::tests::test_parse_version_output_standard ... ok
[INFO] [stdout] test commands::update::self_update::tests::test_detect_phase_installing ... ok
[INFO] [stdout] test commands::update::self_update::tests::test_parse_version_output_whitespace ... ok
[INFO] [stdout] test commands::update::self_update::tests::test_stream_collects_all_output ... ok
[INFO] [stdout] test commands::update::self_update::tests::test_parse_version_output_empty ... ok
[INFO] [stdout] test commands::update::self_update::tests::test_detect_phase_updating_index ... ok
[INFO] [stdout] test commands::update::self_update::tests::test_is_already_up_to_date_empty ... ok
[INFO] [stdout] test commands::update::self_update::tests::test_detect_phase_empty_line ... ok
[INFO] [stdout] test commands::update::summary::tests::test_summary_all_complete_no_project ... ok
[INFO] [stdout] test commands::update::summary::tests::test_summary_cli_failed_in_project ... ok
[INFO] [stdout] test commands::update::self_update::tests::test_parse_version_output_no_prefix ... ok
[INFO] [stdout] test commands::update::summary::tests::test_summary_project_errors ... ok
[INFO] [stdout] test commands::update::summary::tests::test_summary_cli_failed_not_in_project ... ok
[INFO] [stdout] test commands::bundle_command::metadata_refresh::tests::stale_sidecars_are_ignored_when_engine_source_is_newer ... ok
[INFO] [stdout] test commands::update::self_update::tests::test_is_already_up_to_date_true ... ok
[INFO] [stdout] test commands::update::self_update::tests::test_is_already_up_to_date_with_prefix ... ok
[INFO] [stdout] test project::detection::tests::test_has_node_modules_true ... ok
[INFO] [stdout] test project::detection::tests::test_plugin_project_detection ... ok
[INFO] [stdout] test commands::update::summary::tests::test_summary_updated_with_project_errors ... ok
[INFO] [stdout] test project::detection::tests::test_has_node_modules_false ... ok
[INFO] [stdout] test commands::update::summary::tests::test_summary_all_complete_with_project ... ok
[INFO] [stdout] test project::detection::tests::test_project_detection_valid ... ok
[INFO] [stdout] test commands::start::metadata_cache::tests::sdk_sidecar_cache_invalidates_when_wavecraft_processors_manifest_is_newer ... ok
[INFO] [stdout] test project::dylib::tests::finds_plugin_library_in_parent_target_when_engine_target_is_empty ... ok
[INFO] [stdout] test project::ts_codegen::tests::emits_number_value_type_for_enum_parameters ... ok
[INFO] [stdout] test project::ts_codegen::tests::emits_prettier_stable_processor_string_literals ... ok
[INFO] [stdout] test project::detection::tests::test_sdk_fallback_detection_when_engine_has_no_src ... ok
[INFO] [stdout] test commands::update::self_update::tests::test_is_already_up_to_date_false_new_install ... ok
[INFO] [stdout] test project::ts_codegen::tests::emits_boolean_value_types_for_bool_parameters ... ok
[INFO] [stdout] test project::detection::tests::test_sdk_repo_detection ... ok
[INFO] [stdout] test commands::update::self_update::tests::test_stream_empty_input ... ok
[INFO] [stdout] test project::ts_codegen::tests::removes_legacy_processors_declaration_file ... ok
[INFO] [stdout] test project::ts_codegen::tests::writes_deterministic_sorted_output ... ok
[INFO] [stdout] test project::dylib::tests::prefers_library_matching_crate_name_across_candidate_directories ... ok
[INFO] [stdout] test commands::update::self_update::tests::test_stream_handles_already_installed ... ok
[INFO] [stdout] test project::ts_codegen::tests::writes_marker_only_for_empty_param_list ... ok
[INFO] [stdout] test project::ts_codegen::tests::writes_deterministic_sorted_processor_output ... ok
[INFO] [stdout] test project::ts_codegen::tests::emits_prettier_stable_property_keys_for_typescript ... ok
[INFO] [stdout] test sdk_detect::tests::test_is_cargo_run_binary_workspace_target ... ok
[INFO] [stdout] test sdk_detect::tests::test_find_monorepo_root_not_found ... ok
[INFO] [stdout] test sdk_detect::tests::test_find_monorepo_root_with_home_dir ... ok
[INFO] [stdout] test project::ts_codegen::tests::writes_marker_only_for_empty_processor_list ... ok
[INFO] [stdout] test sdk_detect::tests::test_find_monorepo_root_found ... ok
[INFO] [stdout] test sdk_detect::tests::test_is_not_cargo_run_binary_usr_local ... ok
[INFO] [stdout] test sdk_detect::tests::test_is_cargo_run_binary_debug ... ok
[INFO] [stdout] test sdk_detect::tests::test_is_cargo_run_binary_release ... ok
[INFO] [stdout] test sdk_detect::tests::test_is_not_cargo_run_binary_installed ... ok
[INFO] [stdout] test commands::update::summary::tests::test_summary_updated_with_project ... ok
[INFO] [stdout] test template::overrides::tests::test_apply_local_dev_overrides_no_local_dev ... ok
[INFO] [stdout] test template::overrides::tests::test_apply_local_dev_overrides_no_tsconfig_paths_without_local_dev ... ok
[INFO] [stdout] test sdk_detect::tests::test_find_monorepo_root_workspace_target ... ok
[INFO] [stdout] test template::tests::test_embedded_template_excludes_build_artifact_directories ... ok
[INFO] [stdout] test template::overrides::tests::test_apply_local_dev_overrides_ignores_non_tsconfig_files ... ok
[INFO] [stdout] test template::overrides::tests::test_apply_local_dev_overrides_injects_tsconfig_paths ... ok
[INFO] [stdout] test template::overrides::tests::test_apply_local_dev_overrides_injects_paths_without_primary_anchor ... ok
[INFO] [stdout] test template::overrides::tests::test_apply_local_dev_overrides_adds_base_url_when_paths_exist ... ok
[INFO] [stdout] test template::overrides::tests::test_apply_local_dev_overrides_injects_paths_with_trailing_comma_before_next_property ... ok
[INFO] [stdout] test template::variables::tests::test_case_transformations ... ok
[INFO] [stdout] test template::overrides::tests::test_apply_local_dev_overrides_rewrites_npm_sdk_dependencies ... ok
[INFO] [stdout] test validation::tests::valid_names ... ok
[INFO] [stdout] test project::detection::tests::test_project_detection_missing_engine ... ok
[INFO] [stdout] test commands::bundle_command::ui_assets::tests::build_ui_assets_reports_failure_exit_code ... FAILED
[INFO] [stdout] test project::detection::tests::test_project_detection_missing_package_json ... ok
[INFO] [stdout] test project::detection::tests::test_project_detection_missing_ui ... ok
[INFO] [stdout] test project::detection::tests::test_sdk_mode_missing_template_engine_manifest ... ok
[INFO] [stdout] test project::ts_codegen::tests::errors_on_reserved_marker_id_collision ... ok
[INFO] [stdout] test template::variables::tests::test_apply ... ok
[INFO] [stdout] test template::overrides::tests::test_apply_local_dev_overrides_invalid_path ... ok
[INFO] [stdout] test project::ts_codegen::tests::errors_on_reserved_processor_marker_id_collision ... ok
[INFO] [stdout] test validation::tests::invalid_names ... ok
[INFO] [stdout] test template::variables::tests::test_unreplaced_variable ... ok
[INFO] [stdout] test template::overrides::tests::test_apply_local_dev_overrides ... ok
[INFO] [stdout] test template::variables::tests::test_metadata_fields ... ok
[INFO] [stdout] test template::tests::test_extract_template ... ok
[INFO] [stdout] 
[INFO] [stdout] failures:
[INFO] [stdout] 
[INFO] [stdout] ---- commands::bundle_command::ui_assets::tests::build_ui_assets_reports_failure_exit_code stdout ----
[INFO] [stdout] → Building UI assets...
[INFO] [stdout] 
[INFO] [stdout] thread 'commands::bundle_command::ui_assets::tests::build_ui_assets_reports_failure_exit_code' (3117) panicked at src/commands/bundle/ui_assets.rs:249:9:
[INFO] [stdout] assertion failed: error.to_string().contains("UI build failed")
[INFO] [stdout] stack backtrace:
[INFO] [stdout]    0:     0x60438b414691 - std[70759c8f55707aa4]::backtrace_rs::backtrace::libunwind::trace
[INFO] [stdout]                                at /rustc/dfb0accb7f508ae8be965d8629557221c889dd98/library/std/src/../../backtrace/src/backtrace/libunwind.rs:117:9
[INFO] [stdout]    1:     0x60438b414691 - std[70759c8f55707aa4]::backtrace_rs::backtrace::trace_unsynchronized::<std[70759c8f55707aa4]::sys::backtrace::_print_fmt::{closure#1}>
[INFO] [stdout]                                at /rustc/dfb0accb7f508ae8be965d8629557221c889dd98/library/std/src/../../backtrace/src/backtrace/mod.rs:66:14
[INFO] [stdout]    2:     0x60438b414691 - std[70759c8f55707aa4]::sys::backtrace::_print_fmt
[INFO] [stdout]                                at /rustc/dfb0accb7f508ae8be965d8629557221c889dd98/library/std/src/sys/backtrace.rs:74:9
[INFO] [stdout]    3:     0x60438b414691 - <<std[70759c8f55707aa4]::sys::backtrace::BacktraceLock>::print::DisplayBacktrace as core[df12db4294e9bfd3]::fmt::Display>::fmt
[INFO] [stdout]                                at /rustc/dfb0accb7f508ae8be965d8629557221c889dd98/library/std/src/sys/backtrace.rs:44:26
[INFO] [stdout]    4:     0x60438b42ce9a - <core[df12db4294e9bfd3]::fmt::rt::Argument>::fmt
[INFO] [stdout]                                at /rustc/dfb0accb7f508ae8be965d8629557221c889dd98/library/core/src/fmt/rt.rs:152:76
[INFO] [stdout]    5:     0x60438b42ce9a - core[df12db4294e9bfd3]::fmt::write
[INFO] [stdout]    6:     0x60438b41936c - core[df12db4294e9bfd3]::io::write::default_write_fmt::<alloc[2182bb758b4b3781]::vec::Vec<u8>>
[INFO] [stdout]                                at /rustc/dfb0accb7f508ae8be965d8629557221c889dd98/library/core/src/io/write.rs:402:11
[INFO] [stdout]    7:     0x60438b41936c - <alloc[2182bb758b4b3781]::vec::Vec<u8> as core[df12db4294e9bfd3]::io::write::Write>::write_fmt
[INFO] [stdout]                                at /rustc/dfb0accb7f508ae8be965d8629557221c889dd98/library/core/src/io/write.rs:335:13
[INFO] [stdout]    8:     0x60438b3ecd86 - <std[70759c8f55707aa4]::sys::backtrace::BacktraceLock>::print
[INFO] [stdout]                                at /rustc/dfb0accb7f508ae8be965d8629557221c889dd98/library/std/src/sys/backtrace.rs:47:9
[INFO] [stdout]    9:     0x60438b3ecd86 - std[70759c8f55707aa4]::panicking::default_hook::{closure#0}
[INFO] [stdout]                                at /rustc/dfb0accb7f508ae8be965d8629557221c889dd98/library/std/src/panicking.rs:292:27
[INFO] [stdout]   10:     0x60438b40abe9 - std[70759c8f55707aa4]::panicking::default_hook
[INFO] [stdout]                                at /rustc/dfb0accb7f508ae8be965d8629557221c889dd98/library/std/src/panicking.rs:316:9
[INFO] [stdout]   11:     0x60438b0c48c0 - <alloc[2182bb758b4b3781]::boxed::Box<dyn for<'a, 'b> core[df12db4294e9bfd3]::ops::function::Fn<(&'a std[70759c8f55707aa4]::panic::PanicHookInfo<'b>,), Output = ()> + core[df12db4294e9bfd3]::marker::Send + core[df12db4294e9bfd3]::marker::Sync> as core[df12db4294e9bfd3]::ops::function::Fn<(&std[70759c8f55707aa4]::panic::PanicHookInfo,)>>::call
[INFO] [stdout]                                at /rustc/dfb0accb7f508ae8be965d8629557221c889dd98/library/alloc/src/boxed.rs:2334:9
[INFO] [stdout]   12:     0x60438b0c48c0 - test[9d35eded1c95d3be]::test_main_inner::<test[9d35eded1c95d3be]::test_main_static::{closure#0}>::{closure#0}
[INFO] [stdout]                                at /rustc/dfb0accb7f508ae8be965d8629557221c889dd98/library/test/src/lib.rs:155:21
[INFO] [stdout]   13:     0x60438b40af12 - <alloc[2182bb758b4b3781]::boxed::Box<dyn for<'a, 'b> core[df12db4294e9bfd3]::ops::function::Fn<(&'a std[70759c8f55707aa4]::panic::PanicHookInfo<'b>,), Output = ()> + core[df12db4294e9bfd3]::marker::Send + core[df12db4294e9bfd3]::marker::Sync> as core[df12db4294e9bfd3]::ops::function::Fn<(&std[70759c8f55707aa4]::panic::PanicHookInfo,)>>::call
[INFO] [stdout]                                at /rustc/dfb0accb7f508ae8be965d8629557221c889dd98/library/alloc/src/boxed.rs:2334:9
[INFO] [stdout]   14:     0x60438b40af12 - std[70759c8f55707aa4]::panicking::panic_with_hook
[INFO] [stdout]                                at /rustc/dfb0accb7f508ae8be965d8629557221c889dd98/library/std/src/panicking.rs:823:13
[INFO] [stdout]   15:     0x60438b3ece64 - std[70759c8f55707aa4]::panicking::panic_handler::{closure#0}
[INFO] [stdout]                                at /rustc/dfb0accb7f508ae8be965d8629557221c889dd98/library/std/src/panicking.rs:681:13
[INFO] [stdout]   16:     0x60438b3e52d9 - std[70759c8f55707aa4]::sys::backtrace::__rust_end_short_backtrace::<std[70759c8f55707aa4]::panicking::panic_handler::{closure#0}, !>
[INFO] [stdout]                                at /rustc/dfb0accb7f508ae8be965d8629557221c889dd98/library/std/src/sys/backtrace.rs:182:18
[INFO] [stdout]   17:     0x60438b3edb3d - __rustc[8fa7c3cbc660c2b3]::rust_begin_unwind
[INFO] [stdout]                                at /rustc/dfb0accb7f508ae8be965d8629557221c889dd98/library/std/src/panicking.rs:679:5
[INFO] [stdout]   18:     0x60438b42d73c - core[df12db4294e9bfd3]::panicking::panic_fmt
[INFO] [stdout]                                at /rustc/dfb0accb7f508ae8be965d8629557221c889dd98/library/core/src/panicking.rs:80:14
[INFO] [stdout]   19:     0x60438b42d702 - core[df12db4294e9bfd3]::panicking::panic
[INFO] [stdout]                                at /rustc/dfb0accb7f508ae8be965d8629557221c889dd98/library/core/src/panicking.rs:150:5
[INFO] [stdout]   20:     0x60438af4590c - wavecraft[e2b60067e4ee58e5]::commands::bundle_command::ui_assets::tests::build_ui_assets_reports_failure_exit_code
[INFO] [stdout]                                at /opt/rustwide/workdir/src/commands/bundle/ui_assets.rs:249:9
[INFO] [stdout]   21:     0x60438af3f6a7 - wavecraft[e2b60067e4ee58e5]::commands::bundle_command::ui_assets::tests::build_ui_assets_reports_failure_exit_code::{closure#0}
[INFO] [stdout]                                at /opt/rustwide/workdir/src/commands/bundle/ui_assets.rs:237:51
[INFO] [stdout]   22:     0x60438af749e6 - <wavecraft[e2b60067e4ee58e5]::commands::bundle_command::ui_assets::tests::build_ui_assets_reports_failure_exit_code::{closure#0} as core[df12db4294e9bfd3]::ops::function::FnOnce<()>>::call_once
[INFO] [stdout]                                at /rustc/dfb0accb7f508ae8be965d8629557221c889dd98/library/core/src/ops/function.rs:250:5
[INFO] [stdout]   23:     0x60438b0b7bab - <fn() -> core[df12db4294e9bfd3]::result::Result<(), alloc[2182bb758b4b3781]::string::String> as core[df12db4294e9bfd3]::ops::function::FnOnce<()>>::call_once
[INFO] [stdout]                                at /rustc/dfb0accb7f508ae8be965d8629557221c889dd98/library/core/src/ops/function.rs:250:5
[INFO] [stdout]   24:     0x60438b0b7bab - test[9d35eded1c95d3be]::__rust_begin_short_backtrace::<core[df12db4294e9bfd3]::result::Result<(), alloc[2182bb758b4b3781]::string::String>, fn() -> core[df12db4294e9bfd3]::result::Result<(), alloc[2182bb758b4b3781]::string::String>>
[INFO] [stdout]                                at /rustc/dfb0accb7f508ae8be965d8629557221c889dd98/library/test/src/lib.rs:733:18
[INFO] [stdout]   25:     0x60438b0c5215 - test[9d35eded1c95d3be]::run_test_in_process::{closure#0}
[INFO] [stdout]                                at /rustc/dfb0accb7f508ae8be965d8629557221c889dd98/library/test/src/lib.rs:756:74
[INFO] [stdout]   26:     0x60438b0c5215 - <core[df12db4294e9bfd3]::panic::unwind_safe::AssertUnwindSafe<test[9d35eded1c95d3be]::run_test_in_process::{closure#0}> as core[df12db4294e9bfd3]::ops::function::FnOnce<()>>::call_once
[INFO] [stdout]                                at /rustc/dfb0accb7f508ae8be965d8629557221c889dd98/library/core/src/panic/unwind_safe.rs:275:9
[INFO] [stdout]   27:     0x60438b0c5215 - std[70759c8f55707aa4]::panicking::catch_unwind::do_call::<core[df12db4294e9bfd3]::panic::unwind_safe::AssertUnwindSafe<test[9d35eded1c95d3be]::run_test_in_process::{closure#0}>, core[df12db4294e9bfd3]::result::Result<(), alloc[2182bb758b4b3781]::string::String>>
[INFO] [stdout]                                at /rustc/dfb0accb7f508ae8be965d8629557221c889dd98/library/std/src/panicking.rs:576:43
[INFO] [stdout]   28:     0x60438b0c5215 - std[70759c8f55707aa4]::panicking::catch_unwind::<core[df12db4294e9bfd3]::result::Result<(), alloc[2182bb758b4b3781]::string::String>, core[df12db4294e9bfd3]::panic::unwind_safe::AssertUnwindSafe<test[9d35eded1c95d3be]::run_test_in_process::{closure#0}>>
[INFO] [stdout]                                at /rustc/dfb0accb7f508ae8be965d8629557221c889dd98/library/std/src/panicking.rs:544:19
[INFO] [stdout]   29:     0x60438b0c5215 - std[70759c8f55707aa4]::panic::catch_unwind::<core[df12db4294e9bfd3]::panic::unwind_safe::AssertUnwindSafe<test[9d35eded1c95d3be]::run_test_in_process::{closure#0}>, core[df12db4294e9bfd3]::result::Result<(), alloc[2182bb758b4b3781]::string::String>>
[INFO] [stdout]                                at /rustc/dfb0accb7f508ae8be965d8629557221c889dd98/library/std/src/panic.rs:359:14
[INFO] [stdout]   30:     0x60438b0c5215 - test[9d35eded1c95d3be]::run_test_in_process
[INFO] [stdout]                                at /rustc/dfb0accb7f508ae8be965d8629557221c889dd98/library/test/src/lib.rs:756:27
[INFO] [stdout]   31:     0x60438b0c5215 - test[9d35eded1c95d3be]::run_test::{closure#0}
[INFO] [stdout]                                at /rustc/dfb0accb7f508ae8be965d8629557221c889dd98/library/test/src/lib.rs:677:43
[INFO] [stdout]   32:     0x60438b0bead4 - test[9d35eded1c95d3be]::run_test::{closure#1}
[INFO] [stdout]                                at /rustc/dfb0accb7f508ae8be965d8629557221c889dd98/library/test/src/lib.rs:707:41
[INFO] [stdout]   33:     0x60438b0bead4 - std[70759c8f55707aa4]::sys::backtrace::__rust_begin_short_backtrace::<test[9d35eded1c95d3be]::run_test::{closure#1}, ()>
[INFO] [stdout]                                at /rustc/dfb0accb7f508ae8be965d8629557221c889dd98/library/std/src/sys/backtrace.rs:166:18
[INFO] [stdout]   34:     0x60438b0c8372 - std[70759c8f55707aa4]::thread::lifecycle::spawn_unchecked::<test[9d35eded1c95d3be]::run_test::{closure#1}, ()>::{closure#1}::{closure#0}
[INFO] [stdout]                                at /rustc/dfb0accb7f508ae8be965d8629557221c889dd98/library/std/src/thread/lifecycle.rs:70:13
[INFO] [stdout]   35:     0x60438b0c8372 - <core[df12db4294e9bfd3]::panic::unwind_safe::AssertUnwindSafe<std[70759c8f55707aa4]::thread::lifecycle::spawn_unchecked<test[9d35eded1c95d3be]::run_test::{closure#1}, ()>::{closure#1}::{closure#0}> as core[df12db4294e9bfd3]::ops::function::FnOnce<()>>::call_once
[INFO] [stdout]                                at /rustc/dfb0accb7f508ae8be965d8629557221c889dd98/library/core/src/panic/unwind_safe.rs:275:9
[INFO] [stdout]   36:     0x60438b0c8372 - std[70759c8f55707aa4]::panicking::catch_unwind::do_call::<core[df12db4294e9bfd3]::panic::unwind_safe::AssertUnwindSafe<std[70759c8f55707aa4]::thread::lifecycle::spawn_unchecked<test[9d35eded1c95d3be]::run_test::{closure#1}, ()>::{closure#1}::{closure#0}>, ()>
[INFO] [stdout]                                at /rustc/dfb0accb7f508ae8be965d8629557221c889dd98/library/std/src/panicking.rs:576:43
[INFO] [stdout]   37:     0x60438b0c8372 - std[70759c8f55707aa4]::panicking::catch_unwind::<(), core[df12db4294e9bfd3]::panic::unwind_safe::AssertUnwindSafe<std[70759c8f55707aa4]::thread::lifecycle::spawn_unchecked<test[9d35eded1c95d3be]::run_test::{closure#1}, ()>::{closure#1}::{closure#0}>>
[INFO] [stdout]                                at /rustc/dfb0accb7f508ae8be965d8629557221c889dd98/library/std/src/panicking.rs:544:19
[INFO] [stdout]   38:     0x60438b0c8372 - std[70759c8f55707aa4]::panic::catch_unwind::<core[df12db4294e9bfd3]::panic::unwind_safe::AssertUnwindSafe<std[70759c8f55707aa4]::thread::lifecycle::spawn_unchecked<test[9d35eded1c95d3be]::run_test::{closure#1}, ()>::{closure#1}::{closure#0}>, ()>
[INFO] [stdout]                                at /rustc/dfb0accb7f508ae8be965d8629557221c889dd98/library/std/src/panic.rs:359:14
[INFO] [stdout]   39:     0x60438b0c8372 - std[70759c8f55707aa4]::thread::lifecycle::spawn_unchecked::<test[9d35eded1c95d3be]::run_test::{closure#1}, ()>::{closure#1}
[INFO] [stdout]                                at /rustc/dfb0accb7f508ae8be965d8629557221c889dd98/library/std/src/thread/lifecycle.rs:68:26
[INFO] [stdout]   40:     0x60438b0c8372 - <std[70759c8f55707aa4]::thread::lifecycle::spawn_unchecked<test[9d35eded1c95d3be]::run_test::{closure#1}, ()>::{closure#1} as core[df12db4294e9bfd3]::ops::function::FnOnce<()>>::call_once::{shim:vtable#0}
[INFO] [stdout]                                at /rustc/dfb0accb7f508ae8be965d8629557221c889dd98/library/core/src/ops/function.rs:250:5
[INFO] [stdout]   41:     0x60438b413909 - <alloc[2182bb758b4b3781]::boxed::Box<dyn core[df12db4294e9bfd3]::ops::function::FnOnce<(), Output = ()> + core[df12db4294e9bfd3]::marker::Send> as core[df12db4294e9bfd3]::ops::function::FnOnce<()>>::call_once
[INFO] [stdout]                                at /rustc/dfb0accb7f508ae8be965d8629557221c889dd98/library/alloc/src/boxed.rs:2320:9
[INFO] [stdout]   42:     0x60438b413909 - <std[70759c8f55707aa4]::sys::thread::unix::Thread>::new::thread_start
[INFO] [stdout]                                at /rustc/dfb0accb7f508ae8be965d8629557221c889dd98/library/std/src/sys/thread/unix.rs:123:17
[INFO] [stdout]   43:     0x702634477dfa - <unknown>
[INFO] [stdout]   44:     0x70263450b3d4 - clone
[INFO] [stdout]   45:                0x0 - <unknown>
[INFO] [stdout] 
[INFO] [stdout] 
[INFO] [stdout] failures:
[INFO] [stdout]     commands::bundle_command::ui_assets::tests::build_ui_assets_reports_failure_exit_code
[INFO] [stdout] 
[INFO] [stdout] test result: FAILED. 122 passed; 1 failed; 0 ignored; 0 measured; 0 filtered out; finished in 0.54s
[INFO] [stdout] 
[INFO] [stderr] error: test failed, to rerun pass `--bin wavecraft`
[INFO] running `Command { std: "docker" "inspect" "7c6f03edae42dc37fbe9249aac9edc10fd64c3617317003719955139daaea466", kill_on_drop: false }`
[INFO] running `Command { std: "docker" "rm" "-f" "7c6f03edae42dc37fbe9249aac9edc10fd64c3617317003719955139daaea466", kill_on_drop: false }`
[INFO] [stdout] 7c6f03edae42dc37fbe9249aac9edc10fd64c3617317003719955139daaea466
