[INFO] fetching crate waterpump-evm-uniswap-api-client 0.1.0...
[INFO] testing waterpump-evm-uniswap-api-client-0.1.0 against 1.100.0-beta.1 for beta-1.100-2
[INFO] extracting crate waterpump-evm-uniswap-api-client 0.1.0 into /workspace/builds/worker-6-tc2/source
[INFO] started tweaking crates.io crate waterpump-evm-uniswap-api-client 0.1.0
[INFO] finished tweaking crates.io crate waterpump-evm-uniswap-api-client 0.1.0
[INFO] tweaked toml for crates.io crate waterpump-evm-uniswap-api-client 0.1.0 written to /workspace/builds/worker-6-tc2/source/Cargo.toml
[INFO] validating manifest of crates.io crate waterpump-evm-uniswap-api-client 0.1.0 on toolchain 1.100.0-beta.1
[INFO] running `Command { std: CARGO_HOME="/workspace/cargo-home" RUSTUP_HOME="/workspace/rustup-home" "/workspace/cargo-home/bin/cargo" "+1.100.0-beta.1" "metadata" "--manifest-path" "Cargo.toml" "--no-deps", kill_on_drop: false }`
[INFO] crate crates.io crate waterpump-evm-uniswap-api-client 0.1.0 already has a lockfile, it will not be regenerated
[INFO] running `Command { std: CARGO_HOME="/workspace/cargo-home" RUSTUP_HOME="/workspace/rustup-home" "/workspace/cargo-home/bin/cargo" "+1.100.0-beta.1" "fetch" "--manifest-path" "Cargo.toml", kill_on_drop: false }`
[INFO] running `Command { std: "docker" "create" "-v" "/var/lib/crater-agent-workspace/builds/worker-6-tc2/source:/opt/rustwide/workdir:ro,Z" "-v" "/var/lib/crater-agent-workspace/builds/worker-6-tc2/target:/opt/rustwide/target:rw,Z" "-v" "/var/lib/crater-agent-workspace/cargo-home:/opt/rustwide/cargo-home:ro,Z" "-v" "/var/lib/crater-agent-workspace/rustup-home:/opt/rustwide/rustup-home:ro,Z" "-m" "1610612736" "--network" "none" "ghcr.io/rust-lang/crates-build-env/linux@sha256:3111399a4047eeb3a02b7a90e478d715f38a8c6669b5c4b49d30a17385265909" "sleep" "infinity", kill_on_drop: false }`
[INFO] [stdout] c68caf0de27c0f843274dc9c07e3e2b20b5c1678ed1c413c9e211784c45ff1e4
[INFO] running `Command { std: "docker" "start" "c68caf0de27c0f843274dc9c07e3e2b20b5c1678ed1c413c9e211784c45ff1e4", kill_on_drop: false }`
[INFO] running `Command { std: "docker" "inspect" "c68caf0de27c0f843274dc9c07e3e2b20b5c1678ed1c413c9e211784c45ff1e4", kill_on_drop: false }`
[INFO] running `Command { std: "docker" "exec" "-e" "SOURCE_DIR=/opt/rustwide/workdir" "-e" "CARGO_HOME=/opt/rustwide/cargo-home" "-e" "RUSTUP_HOME=/opt/rustwide/rustup-home" "-e" "CARGO_TARGET_DIR=/opt/rustwide/target" "-w" "/opt/rustwide/workdir" "--user" "0:0" "c68caf0de27c0f843274dc9c07e3e2b20b5c1678ed1c413c9e211784c45ff1e4" "/opt/rustwide/cargo-home/bin/cargo" "+1.100.0-beta.1" "metadata" "--no-deps" "--format-version=1", kill_on_drop: false }`
[INFO] running `Command { std: "docker" "inspect" "c68caf0de27c0f843274dc9c07e3e2b20b5c1678ed1c413c9e211784c45ff1e4", kill_on_drop: false }`
[INFO] running `Command { std: "docker" "exec" "-e" "SOURCE_DIR=/opt/rustwide/workdir" "-e" "CARGO_HOME=/opt/rustwide/cargo-home" "-e" "RUSTUP_HOME=/opt/rustwide/rustup-home" "-e" "CARGO_TARGET_DIR=/opt/rustwide/target" "-e" "CARGO_INCREMENTAL=0" "-e" "RUST_BACKTRACE=full" "-e" "RUSTFLAGS=--cap-lints=warn" "-e" "RUSTDOCFLAGS=--cap-lints=warn" "-w" "/opt/rustwide/workdir" "--user" "0:0" "c68caf0de27c0f843274dc9c07e3e2b20b5c1678ed1c413c9e211784c45ff1e4" "/opt/rustwide/cargo-home/bin/cargo" "+1.100.0-beta.1" "build" "--frozen" "--message-format=json", kill_on_drop: false }`
[INFO] [stderr]    Compiling quote v1.0.45
[INFO] [stderr]    Compiling libc v0.2.184
[INFO] [stderr]    Compiling bytes v1.11.1
[INFO] [stderr]    Compiling futures-core v0.3.32
[INFO] [stderr]    Compiling shlex v1.3.0
[INFO] [stderr]    Compiling find-msvc-tools v0.1.9
[INFO] [stderr]    Compiling pkg-config v0.3.33
[INFO] [stderr]    Compiling typenum v1.19.0
[INFO] [stderr]    Compiling writeable v0.6.3
[INFO] [stderr]    Compiling cc v1.2.60
[INFO] [stderr]    Compiling smallvec v1.15.1
[INFO] [stderr]    Compiling litemap v0.8.2
[INFO] [stderr]    Compiling generic-array v0.14.7
[INFO] [stderr]    Compiling icu_normalizer_data v2.2.0
[INFO] [stderr]    Compiling syn v2.0.117
[INFO] [stderr]    Compiling icu_properties_data v2.2.0
[INFO] [stderr]    Compiling hashbrown v0.17.0
[INFO] [stderr]    Compiling bitflags v2.11.0
[INFO] [stderr]    Compiling openssl v0.10.76
[INFO] [stderr]    Compiling http v1.4.0
[INFO] [stderr]    Compiling serde_core v1.0.228
[INFO] [stderr]    Compiling futures-task v0.3.32
[INFO] [stderr]    Compiling futures-sink v0.3.32
[INFO] [stderr]    Compiling futures-util v0.3.32
[INFO] [stderr]    Compiling want v0.3.1
[INFO] [stderr]    Compiling indexmap v2.14.0
[INFO] [stderr]    Compiling http-body v1.0.1
[INFO] [stderr]    Compiling errno v0.3.14
[INFO] [stderr]    Compiling signal-hook-registry v1.4.8
[INFO] [stderr]    Compiling socket2 v0.6.3
[INFO] [stderr]    Compiling mio v1.2.0
[INFO] [stderr]    Compiling openssl-sys v0.9.112
[INFO] [stderr]    Compiling futures-channel v0.3.32
[INFO] [stderr]    Compiling serde v1.0.228
[INFO] [stderr]    Compiling log v0.4.29
[INFO] [stderr]    Compiling unicode-segmentation v1.13.2
[INFO] [stderr]    Compiling native-tls v0.2.18
[INFO] [stderr]    Compiling block-buffer v0.10.4
[INFO] [stderr]    Compiling crypto-common v0.1.7
[INFO] [stderr]    Compiling sync_wrapper v1.0.2
[INFO] [stderr]    Compiling paste v1.0.15
[INFO] [stderr]    Compiling ipnet v2.12.0
[INFO] [stderr]    Compiling serde_json v1.0.149
[INFO] [stderr]    Compiling convert_case v0.10.0
[INFO] [stderr]    Compiling digest v0.10.7
[INFO] [stderr]    Compiling http-body-util v0.1.3
[INFO] [stderr]    Compiling zeroize v1.8.2
[INFO] [stderr]    Compiling foldhash v0.2.0
[INFO] [stderr]    Compiling memchr v2.8.0
[INFO] [stderr]    Compiling anyhow v1.0.102
[INFO] [stderr]    Compiling ruint-macro v1.2.1
[INFO] [stderr]    Compiling keccak v0.1.6
[INFO] [stderr]    Compiling iri-string v0.7.12
[INFO] [stderr]    Compiling const-hex v1.18.1
[INFO] [stderr]    Compiling ruint v1.17.2
[INFO] [stderr]    Compiling sha3 v0.10.8
[INFO] [stderr]    Compiling hashbrown v0.16.1
[INFO] [stderr]    Compiling rustls-pki-types v1.14.0
[INFO] [stderr]    Compiling encoding_rs v0.8.35
[INFO] [stderr]    Compiling rustc-hash v2.1.2
[INFO] [stderr]    Compiling synstructure v0.13.2
[INFO] [stderr]    Compiling zerofrom-derive v0.1.7
[INFO] [stderr]    Compiling yoke-derive v0.8.2
[INFO] [stderr]    Compiling zerovec-derive v0.11.3
[INFO] [stderr]    Compiling displaydoc v0.2.5
[INFO] [stderr]    Compiling tokio-macros v2.6.1
[INFO] [stderr]    Compiling tracing-attributes v0.1.31
[INFO] [stderr]    Compiling openssl-macros v0.1.1
[INFO] [stderr]    Compiling serde_derive v1.0.228
[INFO] [stderr]    Compiling tokio v1.49.0
[INFO] [stderr]    Compiling derive_more-impl v2.1.1
[INFO] [stderr]    Compiling thiserror-impl v2.0.18
[INFO] [stderr]    Compiling async-trait v0.1.89
[INFO] [stderr]    Compiling zerofrom v0.1.7
[INFO] [stderr]    Compiling yoke v0.8.2
[INFO] [stderr]    Compiling tracing v0.1.44
[INFO] [stderr]    Compiling zerovec v0.11.6
[INFO] [stderr]    Compiling zerotrie v0.2.4
[INFO] [stderr]    Compiling thiserror v2.0.18
[INFO] [stderr]    Compiling tinystr v0.8.3
[INFO] [stderr]    Compiling potential_utf v0.1.5
[INFO] [stderr]    Compiling icu_collections v2.2.0
[INFO] [stderr]    Compiling icu_locale_core v2.2.0
[INFO] [stderr]    Compiling icu_provider v2.2.0
[INFO] [stderr]    Compiling serde_urlencoded v0.7.1
[INFO] [stderr]    Compiling derive_more v2.1.1
[INFO] [stderr]    Compiling icu_normalizer v2.2.0
[INFO] [stderr]    Compiling icu_properties v2.2.0
[INFO] [stderr]    Compiling alloy-primitives v1.5.7
[INFO] [stderr]    Compiling tokio-util v0.7.18
[INFO] [stderr]    Compiling tokio-native-tls v0.3.1
[INFO] [stderr]    Compiling tower v0.5.3
[INFO] [stderr]    Compiling idna_adapter v1.2.1
[INFO] [stderr]    Compiling idna v1.1.0
[INFO] [stderr]    Compiling h2 v0.4.13
[INFO] [stderr]    Compiling tower-http v0.6.8
[INFO] [stderr]    Compiling url v2.5.8
[INFO] [stderr]    Compiling hyper v1.9.0
[INFO] [stderr]    Compiling hyper-util v0.1.20
[INFO] [stderr]    Compiling hyper-tls v0.6.0
[INFO] [stderr]    Compiling reqwest v0.12.28
[INFO] [stderr]    Compiling waterpump-evm-uniswap-api-client v0.1.0 (/opt/rustwide/workdir)
[INFO] [stderr] warning: unused dependency `async-trait`
[INFO] [stderr]  --> Cargo.toml:7:15
[INFO] [stderr]   |
[INFO] [stderr] 7 | [dependencies.async-trait]
[INFO] [stderr]   |               ^^^^^^^^^^^^
[INFO] [stderr]   |
[INFO] [stderr]   = note: `cargo::unused_dependencies` is set to `warn` by default
[INFO] [stderr] help: consider removing the dependency on `async-trait`
[INFO] [stderr] warning: `waterpump-evm-uniswap-api-client` (manifest) generated 1 warning
[INFO] [stderr]     Finished `dev` profile [unoptimized + debuginfo] target(s) in 1m 29s
[INFO] running `Command { std: "docker" "inspect" "c68caf0de27c0f843274dc9c07e3e2b20b5c1678ed1c413c9e211784c45ff1e4", kill_on_drop: false }`
[INFO] running `Command { std: "docker" "exec" "-e" "SOURCE_DIR=/opt/rustwide/workdir" "-e" "CARGO_HOME=/opt/rustwide/cargo-home" "-e" "RUSTUP_HOME=/opt/rustwide/rustup-home" "-e" "CARGO_TARGET_DIR=/opt/rustwide/target" "-e" "CARGO_INCREMENTAL=0" "-e" "RUST_BACKTRACE=full" "-e" "RUSTFLAGS=--cap-lints=warn" "-e" "RUSTDOCFLAGS=--cap-lints=warn" "-w" "/opt/rustwide/workdir" "--user" "0:0" "c68caf0de27c0f843274dc9c07e3e2b20b5c1678ed1c413c9e211784c45ff1e4" "/opt/rustwide/cargo-home/bin/cargo" "+1.100.0-beta.1" "test" "--frozen" "--no-run" "--message-format=json", kill_on_drop: false }`
[INFO] [stderr]    Compiling tokio v1.49.0
[INFO] [stderr]    Compiling anstream v1.0.0
[INFO] [stderr]    Compiling strsim v0.11.1
[INFO] [stderr]    Compiling clap_derive v4.6.0
[INFO] [stderr]    Compiling clap_builder v4.6.0
[INFO] [stderr]    Compiling clap v4.6.0
[INFO] [stderr]    Compiling tokio-util v0.7.18
[INFO] [stderr]    Compiling tower v0.5.3
[INFO] [stderr]    Compiling tokio-native-tls v0.3.1
[INFO] [stderr]    Compiling tokio-stream v0.1.18
[INFO] [stderr]    Compiling tower-http v0.6.8
[INFO] [stderr]    Compiling tokio-test v0.4.5
[INFO] [stderr]    Compiling h2 v0.4.13
[INFO] [stderr]    Compiling hyper v1.9.0
[INFO] [stderr]    Compiling hyper-util v0.1.20
[INFO] [stderr]    Compiling hyper-tls v0.6.0
[INFO] [stderr]    Compiling reqwest v0.12.28
[INFO] [stderr]    Compiling waterpump-evm-uniswap-api-client v0.1.0 (/opt/rustwide/workdir)
[INFO] [stderr] warning: unused dependency `async-trait`
[INFO] [stderr]  --> Cargo.toml:7:15
[INFO] [stderr]   |
[INFO] [stderr] 7 | [dependencies.async-trait]
[INFO] [stderr]   |               ^^^^^^^^^^^^
[INFO] [stderr]   |
[INFO] [stderr]   = note: `cargo::unused_dependencies` is set to `warn` by default
[INFO] [stderr] help: consider removing the dependency on `async-trait`
[INFO] [stderr] warning: `waterpump-evm-uniswap-api-client` (manifest) generated 1 warning
[INFO] [stderr]     Finished `test` profile [unoptimized + debuginfo] target(s) in 31.26s
[INFO] running `Command { std: "docker" "inspect" "c68caf0de27c0f843274dc9c07e3e2b20b5c1678ed1c413c9e211784c45ff1e4", kill_on_drop: false }`
[INFO] running `Command { std: "docker" "exec" "-e" "SOURCE_DIR=/opt/rustwide/workdir" "-e" "CARGO_HOME=/opt/rustwide/cargo-home" "-e" "RUSTUP_HOME=/opt/rustwide/rustup-home" "-e" "CARGO_TARGET_DIR=/opt/rustwide/target" "-e" "CARGO_INCREMENTAL=0" "-e" "RUST_BACKTRACE=full" "-e" "RUSTFLAGS=--cap-lints=warn" "-e" "RUSTDOCFLAGS=--cap-lints=warn" "-w" "/opt/rustwide/workdir" "--user" "0:0" "c68caf0de27c0f843274dc9c07e3e2b20b5c1678ed1c413c9e211784c45ff1e4" "/opt/rustwide/cargo-home/bin/cargo" "+1.100.0-beta.1" "test" "--frozen", kill_on_drop: false }`
[INFO] [stderr] warning: unused dependency `async-trait`
[INFO] [stderr]  --> Cargo.toml:7:15
[INFO] [stderr]   |
[INFO] [stderr] 7 | [dependencies.async-trait]
[INFO] [stderr]   |               ^^^^^^^^^^^^
[INFO] [stderr]   |
[INFO] [stderr]   = note: `cargo::unused_dependencies` is set to `warn` by default
[INFO] [stderr] help: consider removing the dependency on `async-trait`
[INFO] [stderr] warning: `waterpump-evm-uniswap-api-client` (manifest) generated 1 warning
[INFO] [stderr]     Finished `test` profile [unoptimized + debuginfo] target(s) in 0.32s
[INFO] [stderr]      Running unittests src/lib.rs (/opt/rustwide/target/debug/build/waterpump-evm-uniswap-api-client/6e6c639ea336e818/out/waterpump_evm_uniswap_api_client-6e6c639ea336e818)
[INFO] [stdout] 
[INFO] [stdout] running 0 tests
[INFO] [stdout] 
[INFO] [stdout] test result: ok. 0 passed; 0 failed; 0 ignored; 0 measured; 0 filtered out; finished in 0.00s
[INFO] [stdout] 
[INFO] [stderr]    Doc-tests waterpump_evm_uniswap_api_client
[INFO] [stdout] 
[INFO] [stdout] running 3 tests
[INFO] [stdout] test src/client.rs - client::UniswapApiClient::list_positions (line 63) - compile ... FAILED
[INFO] [stdout] test src/client.rs - client::UniswapApiClient::new (line 30) - compile ... ok
[INFO] [stdout] test src/lib.rs - (line 7) - compile ... FAILED
[INFO] [stdout] 
[INFO] [stdout] failures:
[INFO] [stdout] 
[INFO] [stdout] ---- src/client.rs - client::UniswapApiClient::list_positions (line 63) stdout ----
[INFO] [stdout] error[E0599]: no associated function or constant named `from_str` found for struct `Address` in the current scope
[INFO] [stdout]    --> src/client.rs:71:37
[INFO] [stdout]     |
[INFO] [stdout]  71 |     address: format!("{}", Address::from_str("0x30c756c5733590ac077403511A89415D6e40a08a")?),
[INFO] [stdout]     |                                     ^^^^^^^^ associated function or constant not found in `Address`
[INFO] [stdout]     |
[INFO] [stdout] note: if you're trying to build a new `Address` consider using one of the following associated functions:
[INFO] [stdout]       Address::new
[INFO] [stdout]       Address::with_last_byte
[INFO] [stdout]       Address::repeat_byte
[INFO] [stdout]       Address::from_slice
[INFO] [stdout]       and 5 others
[INFO] [stdout]    --> /opt/rustwide/cargo-home/registry/src/index.crates.io-1949cf8c6b5b557f/alloy-primitives-1.5.7/src/bits/macros.rs:247:13
[INFO] [stdout]     |
[INFO] [stdout] 247 |               pub const fn new(bytes: [u8; $n]) -> Self {
[INFO] [stdout]     |               ^^^^^^^^^^^^^^^^^^^^^^^^^^^^^^^^^^^^^^^^^
[INFO] [stdout] ...
[INFO] [stdout] 253 |               pub const fn with_last_byte(x: u8) -> Self {
[INFO] [stdout]     |               ^^^^^^^^^^^^^^^^^^^^^^^^^^^^^^^^^^^^^^^^^^
[INFO] [stdout] ...
[INFO] [stdout] 259 |               pub const fn repeat_byte(byte: u8) -> Self {
[INFO] [stdout]     |               ^^^^^^^^^^^^^^^^^^^^^^^^^^^^^^^^^^^^^^^^^^
[INFO] [stdout] ...
[INFO] [stdout] 285 |               pub fn from_slice(src: &[u8]) -> Self {
[INFO] [stdout]     |               ^^^^^^^^^^^^^^^^^^^^^^^^^^^^^^^^^^^^^
[INFO] [stdout]     |
[INFO] [stdout]    ::: /opt/rustwide/cargo-home/registry/src/index.crates.io-1949cf8c6b5b557f/alloy-primitives-1.5.7/src/bits/address.rs:45:1
[INFO] [stdout]     |
[INFO] [stdout]  45 | / wrap_fixed_bytes!(
[INFO] [stdout]  46 | |     // we implement Display with the checksum, so we don't derive it
[INFO] [stdout]  47 | |     extra_derives: [],
[INFO] [stdout]  48 | |     /// An Ethereum address, 20 bytes in length.
[INFO] [stdout] ...   |
[INFO] [stdout]  88 | |     pub struct Address<20>;
[INFO] [stdout]  89 | | );
[INFO] [stdout]     | |_- in this macro invocation
[INFO] [stdout]     = help: items from traits can only be used if the trait is in scope
[INFO] [stdout]     = note: this error originates in the macro `wrap_fixed_bytes` (in Nightly builds, run with -Z macro-backtrace for more info)
[INFO] [stdout] help: trait `FromStr` which provides `from_str` is implemented but not in scope; perhaps you want to import it
[INFO] [stdout]     |
[INFO] [stdout]  62 + use std::str::FromStr;
[INFO] [stdout]     |
[INFO] [stdout] help: there is an associated function `from` with a similar name
[INFO] [stdout]     |
[INFO] [stdout]  71 -     address: format!("{}", Address::from_str("0x30c756c5733590ac077403511A89415D6e40a08a")?),
[INFO] [stdout]  71 +     address: format!("{}", Address::from("0x30c756c5733590ac077403511A89415D6e40a08a")?),
[INFO] [stdout]     |
[INFO] [stdout] 
[INFO] [stdout] error: aborting due to 1 previous error
[INFO] [stdout] 
[INFO] [stdout] For more information about this error, try `rustc --explain E0599`.
[INFO] [stdout] Couldn't compile the test.
[INFO] [stdout] ---- src/lib.rs - (line 7) stdout ----
[INFO] [stdout] error[E0599]: no associated function or constant named `from_str` found for struct `Address` in the current scope
[INFO] [stdout]    --> src/lib.rs:17:24
[INFO] [stdout]     |
[INFO] [stdout]  17 |     token_in: Address::from_str("0xA0b86991c6218b36c1d19D4a2e9Eb0cE3606eB48")?,
[INFO] [stdout]     |                        ^^^^^^^^ associated function or constant not found in `Address`
[INFO] [stdout]     |
[INFO] [stdout] note: if you're trying to build a new `Address` consider using one of the following associated functions:
[INFO] [stdout]       Address::new
[INFO] [stdout]       Address::with_last_byte
[INFO] [stdout]       Address::repeat_byte
[INFO] [stdout]       Address::from_slice
[INFO] [stdout]       and 5 others
[INFO] [stdout]    --> /opt/rustwide/cargo-home/registry/src/index.crates.io-1949cf8c6b5b557f/alloy-primitives-1.5.7/src/bits/macros.rs:247:13
[INFO] [stdout]     |
[INFO] [stdout] 247 |               pub const fn new(bytes: [u8; $n]) -> Self {
[INFO] [stdout]     |               ^^^^^^^^^^^^^^^^^^^^^^^^^^^^^^^^^^^^^^^^^
[INFO] [stdout] ...
[INFO] [stdout] 253 |               pub const fn with_last_byte(x: u8) -> Self {
[INFO] [stdout]     |               ^^^^^^^^^^^^^^^^^^^^^^^^^^^^^^^^^^^^^^^^^^
[INFO] [stdout] ...
[INFO] [stdout] 259 |               pub const fn repeat_byte(byte: u8) -> Self {
[INFO] [stdout]     |               ^^^^^^^^^^^^^^^^^^^^^^^^^^^^^^^^^^^^^^^^^^
[INFO] [stdout] ...
[INFO] [stdout] 285 |               pub fn from_slice(src: &[u8]) -> Self {
[INFO] [stdout]     |               ^^^^^^^^^^^^^^^^^^^^^^^^^^^^^^^^^^^^^
[INFO] [stdout]     |
[INFO] [stdout]    ::: /opt/rustwide/cargo-home/registry/src/index.crates.io-1949cf8c6b5b557f/alloy-primitives-1.5.7/src/bits/address.rs:45:1
[INFO] [stdout]     |
[INFO] [stdout]  45 | / wrap_fixed_bytes!(
[INFO] [stdout]  46 | |     // we implement Display with the checksum, so we don't derive it
[INFO] [stdout]  47 | |     extra_derives: [],
[INFO] [stdout]  48 | |     /// An Ethereum address, 20 bytes in length.
[INFO] [stdout] ...   |
[INFO] [stdout]  88 | |     pub struct Address<20>;
[INFO] [stdout]  89 | | );
[INFO] [stdout]     | |_- in this macro invocation
[INFO] [stdout]     = help: items from traits can only be used if the trait is in scope
[INFO] [stdout]     = note: this error originates in the macro `wrap_fixed_bytes` (in Nightly builds, run with -Z macro-backtrace for more info)
[INFO] [stdout] help: trait `FromStr` which provides `from_str` is implemented but not in scope; perhaps you want to import it
[INFO] [stdout]     |
[INFO] [stdout]   6 + use std::str::FromStr;
[INFO] [stdout]     |
[INFO] [stdout] help: there is an associated function `from` with a similar name
[INFO] [stdout]     |
[INFO] [stdout]  17 -     token_in: Address::from_str("0xA0b86991c6218b36c1d19D4a2e9Eb0cE3606eB48")?,
[INFO] [stdout]  17 +     token_in: Address::from("0xA0b86991c6218b36c1d19D4a2e9Eb0cE3606eB48")?,
[INFO] [stdout]     |
[INFO] [stdout] 
[INFO] [stdout] error[E0599]: no associated function or constant named `from_str` found for struct `Address` in the current scope
[INFO] [stdout]    --> src/lib.rs:18:25
[INFO] [stdout]     |
[INFO] [stdout]  18 |     token_out: Address::from_str("0xC02aaA39b223FE8D0A0e5C4F27eAD9083C756Cc2")?,
[INFO] [stdout]     |                         ^^^^^^^^ associated function or constant not found in `Address`
[INFO] [stdout]     |
[INFO] [stdout] note: if you're trying to build a new `Address` consider using one of the following associated functions:
[INFO] [stdout]       Address::new
[INFO] [stdout]       Address::with_last_byte
[INFO] [stdout]       Address::repeat_byte
[INFO] [stdout]       Address::from_slice
[INFO] [stdout]       and 5 others
[INFO] [stdout]    --> /opt/rustwide/cargo-home/registry/src/index.crates.io-1949cf8c6b5b557f/alloy-primitives-1.5.7/src/bits/macros.rs:247:13
[INFO] [stdout]     |
[INFO] [stdout] 247 |               pub const fn new(bytes: [u8; $n]) -> Self {
[INFO] [stdout]     |               ^^^^^^^^^^^^^^^^^^^^^^^^^^^^^^^^^^^^^^^^^
[INFO] [stdout] ...
[INFO] [stdout] 253 |               pub const fn with_last_byte(x: u8) -> Self {
[INFO] [stdout]     |               ^^^^^^^^^^^^^^^^^^^^^^^^^^^^^^^^^^^^^^^^^^
[INFO] [stdout] ...
[INFO] [stdout] 259 |               pub const fn repeat_byte(byte: u8) -> Self {
[INFO] [stdout]     |               ^^^^^^^^^^^^^^^^^^^^^^^^^^^^^^^^^^^^^^^^^^
[INFO] [stdout] ...
[INFO] [stdout] 285 |               pub fn from_slice(src: &[u8]) -> Self {
[INFO] [stdout]     |               ^^^^^^^^^^^^^^^^^^^^^^^^^^^^^^^^^^^^^
[INFO] [stdout]     |
[INFO] [stdout]    ::: /opt/rustwide/cargo-home/registry/src/index.crates.io-1949cf8c6b5b557f/alloy-primitives-1.5.7/src/bits/address.rs:45:1
[INFO] [stdout]     |
[INFO] [stdout]  45 | / wrap_fixed_bytes!(
[INFO] [stdout]  46 | |     // we implement Display with the checksum, so we don't derive it
[INFO] [stdout]  47 | |     extra_derives: [],
[INFO] [stdout]  48 | |     /// An Ethereum address, 20 bytes in length.
[INFO] [stdout] ...   |
[INFO] [stdout]  88 | |     pub struct Address<20>;
[INFO] [stdout]  89 | | );
[INFO] [stdout]     | |_- in this macro invocation
[INFO] [stdout]     = help: items from traits can only be used if the trait is in scope
[INFO] [stdout]     = note: this error originates in the macro `wrap_fixed_bytes` (in Nightly builds, run with -Z macro-backtrace for more info)
[INFO] [stdout] help: trait `FromStr` which provides `from_str` is implemented but not in scope; perhaps you want to import it
[INFO] [stdout]     |
[INFO] [stdout]   6 + use std::str::FromStr;
[INFO] [stdout]     |
[INFO] [stdout] help: there is an associated function `from` with a similar name
[INFO] [stdout]     |
[INFO] [stdout]  18 -     token_out: Address::from_str("0xC02aaA39b223FE8D0A0e5C4F27eAD9083C756Cc2")?,
[INFO] [stdout]  18 +     token_out: Address::from("0xC02aaA39b223FE8D0A0e5C4F27eAD9083C756Cc2")?,
[INFO] [stdout]     |
[INFO] [stdout] 
[INFO] [stdout] error[E0599]: no method named `get_quote` found for struct `UniswapApiClient` in the current scope
[INFO] [stdout]   --> src/lib.rs:27:20
[INFO] [stdout]    |
[INFO] [stdout] 27 | let quote = client.get_quote(request).await?;
[INFO] [stdout]    |                    ^^^^^^^^^ method not found in `UniswapApiClient`
[INFO] [stdout] 
[INFO] [stdout] error[E0599]: no method named `get_tokens` found for struct `UniswapApiClient` in the current scope
[INFO] [stdout]   --> src/lib.rs:31:21
[INFO] [stdout]    |
[INFO] [stdout] 31 | let tokens = client.get_tokens().await?;
[INFO] [stdout]    |                     ^^^^^^^^^^ method not found in `UniswapApiClient`
[INFO] [stdout] 
[INFO] [stdout] error[E0599]: no method named `get_pools` found for struct `UniswapApiClient` in the current scope
[INFO] [stdout]   --> src/lib.rs:35:20
[INFO] [stdout]    |
[INFO] [stdout] 35 | let pools = client.get_pools(None, None).await?;
[INFO] [stdout]    |                    ^^^^^^^^^ method not found in `UniswapApiClient`
[INFO] [stdout] 
[INFO] [stdout] error: aborting due to 5 previous errors
[INFO] [stdout] 
[INFO] [stdout] For more information about this error, try `rustc --explain E0599`.
[INFO] [stdout] Couldn't compile the test.
[INFO] [stdout] 
[INFO] [stdout] failures:
[INFO] [stdout]     src/client.rs - client::UniswapApiClient::list_positions (line 63)
[INFO] [stdout]     src/lib.rs - (line 7)
[INFO] [stdout] 
[INFO] [stdout] test result: FAILED. 1 passed; 2 failed; 0 ignored; 0 measured; 0 filtered out; finished in 0.31s
[INFO] [stdout] 
[INFO] [stderr] error: doctest failed, to rerun pass `--doc`
[INFO] running `Command { std: "docker" "inspect" "c68caf0de27c0f843274dc9c07e3e2b20b5c1678ed1c413c9e211784c45ff1e4", kill_on_drop: false }`
[INFO] running `Command { std: "docker" "rm" "-f" "c68caf0de27c0f843274dc9c07e3e2b20b5c1678ed1c413c9e211784c45ff1e4", kill_on_drop: false }`
[INFO] [stdout] c68caf0de27c0f843274dc9c07e3e2b20b5c1678ed1c413c9e211784c45ff1e4
