[INFO] fetching crate wasi-soroban-rs 0.2.9...
[INFO] testing wasi-soroban-rs-0.2.9 against 1.100.0-beta.1 for beta-1.100-2
[INFO] extracting crate wasi-soroban-rs 0.2.9 into /workspace/builds/worker-1-tc2/source
[INFO] started tweaking crates.io crate wasi-soroban-rs 0.2.9
[INFO] removed 0 missing examples
[INFO] finished tweaking crates.io crate wasi-soroban-rs 0.2.9
[INFO] tweaked toml for crates.io crate wasi-soroban-rs 0.2.9 written to /workspace/builds/worker-1-tc2/source/Cargo.toml
[INFO] validating manifest of crates.io crate wasi-soroban-rs 0.2.9 on toolchain 1.100.0-beta.1
[INFO] running `Command { std: CARGO_HOME="/workspace/cargo-home" RUSTUP_HOME="/workspace/rustup-home" "/workspace/cargo-home/bin/cargo" "+1.100.0-beta.1" "metadata" "--manifest-path" "Cargo.toml" "--no-deps", kill_on_drop: false }`
[INFO] crate crates.io crate wasi-soroban-rs 0.2.9 already has a lockfile, it will not be regenerated
[INFO] running `Command { std: CARGO_HOME="/workspace/cargo-home" RUSTUP_HOME="/workspace/rustup-home" "/workspace/cargo-home/bin/cargo" "+1.100.0-beta.1" "fetch" "--manifest-path" "Cargo.toml", kill_on_drop: false }`
[INFO] running `Command { std: "docker" "create" "-v" "/var/lib/crater-agent-workspace/builds/worker-1-tc2/source:/opt/rustwide/workdir:ro,Z" "-v" "/var/lib/crater-agent-workspace/builds/worker-1-tc2/target:/opt/rustwide/target:rw,Z" "-v" "/var/lib/crater-agent-workspace/cargo-home:/opt/rustwide/cargo-home:ro,Z" "-v" "/var/lib/crater-agent-workspace/rustup-home:/opt/rustwide/rustup-home:ro,Z" "-m" "1610612736" "--network" "none" "ghcr.io/rust-lang/crates-build-env/linux@sha256:3111399a4047eeb3a02b7a90e478d715f38a8c6669b5c4b49d30a17385265909" "sleep" "infinity", kill_on_drop: false }`
[INFO] [stdout] c2de2136308db0612e0727812a95aaf352b042886eb1557528f44c5d6f35d5f6
[INFO] running `Command { std: "docker" "start" "c2de2136308db0612e0727812a95aaf352b042886eb1557528f44c5d6f35d5f6", kill_on_drop: false }`
[INFO] running `Command { std: "docker" "inspect" "c2de2136308db0612e0727812a95aaf352b042886eb1557528f44c5d6f35d5f6", kill_on_drop: false }`
[INFO] running `Command { std: "docker" "exec" "-e" "SOURCE_DIR=/opt/rustwide/workdir" "-e" "CARGO_HOME=/opt/rustwide/cargo-home" "-e" "RUSTUP_HOME=/opt/rustwide/rustup-home" "-e" "CARGO_TARGET_DIR=/opt/rustwide/target" "-w" "/opt/rustwide/workdir" "--user" "0:0" "c2de2136308db0612e0727812a95aaf352b042886eb1557528f44c5d6f35d5f6" "/opt/rustwide/cargo-home/bin/cargo" "+1.100.0-beta.1" "metadata" "--no-deps" "--format-version=1", kill_on_drop: false }`
[INFO] running `Command { std: "docker" "inspect" "c2de2136308db0612e0727812a95aaf352b042886eb1557528f44c5d6f35d5f6", kill_on_drop: false }`
[INFO] running `Command { std: "docker" "exec" "-e" "SOURCE_DIR=/opt/rustwide/workdir" "-e" "CARGO_HOME=/opt/rustwide/cargo-home" "-e" "RUSTUP_HOME=/opt/rustwide/rustup-home" "-e" "CARGO_TARGET_DIR=/opt/rustwide/target" "-e" "CARGO_INCREMENTAL=0" "-e" "RUST_BACKTRACE=full" "-e" "RUSTFLAGS=--cap-lints=warn" "-e" "RUSTDOCFLAGS=--cap-lints=warn" "-w" "/opt/rustwide/workdir" "--user" "0:0" "c2de2136308db0612e0727812a95aaf352b042886eb1557528f44c5d6f35d5f6" "/opt/rustwide/cargo-home/bin/cargo" "+1.100.0-beta.1" "build" "--frozen" "--message-format=json", kill_on_drop: false }`
[INFO] [stderr]    Compiling unicode-ident v1.0.19
[INFO] [stderr]    Compiling subtle v2.6.1
[INFO] [stderr]    Compiling cfg-if v1.0.3
[INFO] [stderr]    Compiling const-oid v0.9.6
[INFO] [stderr]    Compiling memchr v2.7.5
[INFO] [stderr]    Compiling base64ct v1.8.0
[INFO] [stderr]    Compiling stable_deref_trait v1.2.0
[INFO] [stderr]    Compiling serde_core v1.0.226
[INFO] [stderr]    Compiling typenum v1.18.0
[INFO] [stderr]    Compiling num-traits v0.2.19
[INFO] [stderr]    Compiling serde v1.0.226
[INFO] [stderr]    Compiling serde_json v1.0.145
[INFO] [stderr]    Compiling http v1.4.0
[INFO] [stderr]    Compiling semver v1.0.27
[INFO] [stderr]    Compiling proc-macro2 v1.0.101
[INFO] [stderr]    Compiling getrandom v0.2.16
[INFO] [stderr]    Compiling base16ct v0.2.0
[INFO] [stderr]    Compiling tracing-core v0.1.34
[INFO] [stderr]    Compiling rustc_version v0.4.1
[INFO] [stderr]    Compiling rustls v0.23.40
[INFO] [stderr]    Compiling rand_core v0.6.4
[INFO] [stderr]    Compiling futures-util v0.3.31
[INFO] [stderr]    Compiling indexmap v2.11.4
[INFO] [stderr]    Compiling spin v0.9.8
[INFO] [stderr]    Compiling num-bigint-dig v0.8.6
[INFO] [stderr]    Compiling getrandom v0.3.3
[INFO] [stderr]    Compiling pem-rfc7468 v0.7.0
[INFO] [stderr]    Compiling lazy_static v1.5.0
[INFO] [stderr]    Compiling schemars v0.8.22
[INFO] [stderr]    Compiling ff v0.13.1
[INFO] [stderr]    Compiling rand_chacha v0.3.1
[INFO] [stderr]    Compiling curve25519-dalek v4.1.3
[INFO] [stderr]    Compiling group v0.13.0
[INFO] [stderr]    Compiling anstyle-parse v0.2.7
[INFO] [stderr]    Compiling quote v1.0.40
[INFO] [stderr]    Compiling http-body v1.0.1
[INFO] [stderr]    Compiling colorchoice v1.0.4
[INFO] [stderr]    Compiling syn v2.0.106
[INFO] [stderr]    Compiling rand v0.8.5
[INFO] [stderr]    Compiling percent-encoding v2.3.2
[INFO] [stderr]    Compiling sync_wrapper v1.0.2
[INFO] [stderr]    Compiling anstyle v1.0.11
[INFO] [stderr]    Compiling is_terminal_polyfill v1.70.1
[INFO] [stderr]    Compiling data-encoding v2.9.0
[INFO] [stderr]    Compiling anstyle-query v1.1.4
[INFO] [stderr]    Compiling wasi-jsonrpsee-http-client v0.26.1
[INFO] [stderr]    Compiling http-body-util v0.1.3
[INFO] [stderr]    Compiling form_urlencoded v1.2.2
[INFO] [stderr]    Compiling clap_lex v0.7.5
[INFO] [stderr]    Compiling anstream v0.6.20
[INFO] [stderr]    Compiling heapless v0.8.0
[INFO] [stderr]    Compiling termcolor_output_impl v1.0.0
[INFO] [stderr]    Compiling either v1.15.0
[INFO] [stderr]    Compiling rand_core v0.9.3
[INFO] [stderr]    Compiling ethnum v1.5.3
[INFO] [stderr]    Compiling escape-bytes v0.1.1
[INFO] [stderr]    Compiling num-integer v0.1.46
[INFO] [stderr]    Compiling ordered-float v2.10.1
[INFO] [stderr]    Compiling chrono v0.4.42
[INFO] [stderr]    Compiling num-iter v0.1.45
[INFO] [stderr]    Compiling clap_builder v4.5.48
[INFO] [stderr]    Compiling rand_chacha v0.9.0
[INFO] [stderr]    Compiling termcolor_output v1.0.1
[INFO] [stderr]    Compiling itertools v0.10.5
[INFO] [stderr]    Compiling rand v0.9.2
[INFO] [stderr]    Compiling tower v0.5.3
[INFO] [stderr]    Compiling synstructure v0.13.2
[INFO] [stderr]    Compiling darling_core v0.21.3
[INFO] [stderr]    Compiling zeroize_derive v1.4.2
[INFO] [stderr]    Compiling serde_derive v1.0.226
[INFO] [stderr]    Compiling zerofrom-derive v0.1.6
[INFO] [stderr]    Compiling yoke-derive v0.8.0
[INFO] [stderr]    Compiling zerovec-derive v0.11.1
[INFO] [stderr]    Compiling displaydoc v0.2.5
[INFO] [stderr]    Compiling tokio-macros v2.7.0
[INFO] [stderr]    Compiling tracing-attributes v0.1.30
[INFO] [stderr]    Compiling curve25519-dalek-derive v0.1.1
[INFO] [stderr]    Compiling thiserror-impl v2.0.18
[INFO] [stderr]    Compiling pin-project-internal v1.1.10
[INFO] [stderr]    Compiling async-trait v0.1.89
[INFO] [stderr]    Compiling thiserror-impl v1.0.69
[INFO] [stderr]    Compiling cfg_eval v0.1.2
[INFO] [stderr]    Compiling clap_derive v4.5.47
[INFO] [stderr]    Compiling wasi-soroban-rs-macros v0.2.9
[INFO] [stderr]    Compiling zeroize v1.8.1
[INFO] [stderr]    Compiling tokio v1.52.2
[INFO] [stderr]    Compiling generic-array v0.14.7
[INFO] [stderr]    Compiling der v0.7.10
[INFO] [stderr]    Compiling rustls-pki-types v1.14.1
[INFO] [stderr]    Compiling pin-project v1.1.10
[INFO] [stderr]    Compiling thiserror v1.0.69
[INFO] [stderr]    Compiling rustls-webpki v0.103.13
[INFO] [stderr]    Compiling webpki-roots v1.0.7
[INFO] [stderr]    Compiling rustls-native-certs v0.8.3
[INFO] [stderr]    Compiling rustls-webpki v0.102.8
[INFO] [stderr]    Compiling zerofrom v0.1.6
[INFO] [stderr]    Compiling webpki-roots v0.26.11
[INFO] [stderr]    Compiling yoke v0.8.0
[INFO] [stderr]    Compiling thiserror v2.0.18
[INFO] [stderr]    Compiling tracing v0.1.41
[INFO] [stderr]    Compiling crypto-common v0.1.6
[INFO] [stderr]    Compiling block-buffer v0.10.4
[INFO] [stderr]    Compiling inout v0.1.4
[INFO] [stderr]    Compiling crypto-bigint v0.5.5
[INFO] [stderr]    Compiling clap v4.5.48
[INFO] [stderr]    Compiling zerovec v0.11.4
[INFO] [stderr]    Compiling zerotrie v0.2.2
[INFO] [stderr]    Compiling digest v0.10.7
[INFO] [stderr]    Compiling cipher v0.4.4
[INFO] [stderr]    Compiling universal-hash v0.5.1
[INFO] [stderr]    Compiling aead v0.5.2
[INFO] [stderr]    Compiling darling_macro v0.21.3
[INFO] [stderr]    Compiling polyval v0.6.2
[INFO] [stderr]    Compiling poly1305 v0.8.0
[INFO] [stderr]    Compiling aes v0.8.4
[INFO] [stderr]    Compiling chacha20 v0.9.1
[INFO] [stderr]    Compiling ghash v0.5.1
[INFO] [stderr]    Compiling ctr v0.9.2
[INFO] [stderr]    Compiling hmac v0.12.1
[INFO] [stderr]    Compiling spki v0.7.3
[INFO] [stderr]    Compiling signature v2.2.0
[INFO] [stderr]    Compiling hkdf v0.12.4
[INFO] [stderr]    Compiling sha2 v0.10.9
[INFO] [stderr]    Compiling rfc6979 v0.4.0
[INFO] [stderr]    Compiling pkcs5 v0.7.1
[INFO] [stderr]    Compiling darling v0.21.3
[INFO] [stderr]    Compiling chacha20poly1305 v0.10.1
[INFO] [stderr]    Compiling serde_with_macros v3.14.1
[INFO] [stderr]    Compiling aes-gcm v0.10.3
[INFO] [stderr]    Compiling pkcs8 v0.10.2
[INFO] [stderr]    Compiling sec1 v0.7.3
[INFO] [stderr]    Compiling ed25519 v2.2.3
[INFO] [stderr]    Compiling pkcs1 v0.7.5
[INFO] [stderr]    Compiling rsa v0.9.10
[INFO] [stderr]    Compiling tinystr v0.8.1
[INFO] [stderr]    Compiling potential_utf v0.1.3
[INFO] [stderr]    Compiling elliptic-curve v0.13.8
[INFO] [stderr]    Compiling ed25519-dalek v2.2.0
[INFO] [stderr]    Compiling x25519-dalek v2.0.1
[INFO] [stderr]    Compiling icu_collections v2.0.0
[INFO] [stderr]    Compiling icu_locale_core v2.0.0
[INFO] [stderr]    Compiling primeorder v0.13.6
[INFO] [stderr]    Compiling ecdsa v0.16.9
[INFO] [stderr]    Compiling crate-git-revision v0.0.6
[INFO] [stderr]    Compiling stellar-strkey v0.0.13
[INFO] [stderr]    Compiling stellar-xdr v26.0.1
[INFO] [stderr]    Compiling stellar-strkey v0.0.16
[INFO] [stderr]    Compiling p384 v0.13.1
[INFO] [stderr]    Compiling p256 v0.13.2
[INFO] [stderr]    Compiling icu_provider v2.0.0
[INFO] [stderr]    Compiling icu_normalizer v2.0.0
[INFO] [stderr]    Compiling icu_properties v2.0.1
[INFO] [stderr]    Compiling tokio-util v0.7.16
[INFO] [stderr]    Compiling wasi-jsonrpsee-types v0.26.1
[INFO] [stderr]    Compiling serde-value v0.7.0
[INFO] [stderr]    Compiling hex v0.4.3
[INFO] [stderr]    Compiling serde-aux v4.7.0
[INFO] [stderr]    Compiling h2 v0.4.14
[INFO] [stderr]    Compiling wasi-jsonrpsee-core v0.26.1
[INFO] [stderr]    Compiling tokio-rustls v0.26.4
[INFO] [stderr]    Compiling rustls-rustcrypto v0.0.2-alpha
[INFO] [stderr]    Compiling serde_with v3.14.1
[INFO] [stderr]    Compiling idna_adapter v1.2.1
[INFO] [stderr]    Compiling idna v1.1.0
[INFO] [stderr]    Compiling url v2.5.7
[INFO] [stderr]    Compiling rustls-platform-verifier v0.5.3
[INFO] [stderr]    Compiling hyper v1.9.0
[INFO] [stderr]    Compiling hyper-util v0.1.20
[INFO] [stderr]    Compiling hyper-rustls v0.27.9
[INFO] [stderr]    Compiling wasi-stellar-rpc-client v26.0.0
[INFO] [stderr]    Compiling wasi-soroban-rs v0.2.9 (/opt/rustwide/workdir)
[INFO] [stderr]     Finished `dev` profile [unoptimized + debuginfo] target(s) in 1m 16s
[INFO] [stderr] warning: the following packages contain code that will be rejected by a future version of Rust: wasi-jsonrpsee-http-client v0.26.1
[INFO] [stderr] note: to see what the problems were, use the option `--future-incompat-report`, or run `cargo report future-incompatibilities --id 1`
[INFO] running `Command { std: "docker" "inspect" "c2de2136308db0612e0727812a95aaf352b042886eb1557528f44c5d6f35d5f6", kill_on_drop: false }`
[INFO] running `Command { std: "docker" "exec" "-e" "SOURCE_DIR=/opt/rustwide/workdir" "-e" "CARGO_HOME=/opt/rustwide/cargo-home" "-e" "RUSTUP_HOME=/opt/rustwide/rustup-home" "-e" "CARGO_TARGET_DIR=/opt/rustwide/target" "-e" "CARGO_INCREMENTAL=0" "-e" "RUST_BACKTRACE=full" "-e" "RUSTFLAGS=--cap-lints=warn" "-e" "RUSTDOCFLAGS=--cap-lints=warn" "-w" "/opt/rustwide/workdir" "--user" "0:0" "c2de2136308db0612e0727812a95aaf352b042886eb1557528f44c5d6f35d5f6" "/opt/rustwide/cargo-home/bin/cargo" "+1.100.0-beta.1" "test" "--frozen" "--no-run" "--message-format=json", kill_on_drop: false }`
[INFO] [stderr]    Compiling tokio v1.52.2
[INFO] [stderr]    Compiling rustix v1.1.2
[INFO] [stderr]    Compiling bitflags v2.11.1
[INFO] [stderr]    Compiling linux-raw-sys v0.11.0
[INFO] [stderr]    Compiling fastrand v2.3.0
[INFO] [stderr]    Compiling dotenv v0.15.0
[INFO] [stderr]    Compiling tempfile v3.23.0
[INFO] [stderr]    Compiling tokio-util v0.7.16
[INFO] [stderr]    Compiling tokio-rustls v0.26.4
[INFO] [stderr]    Compiling wasi-jsonrpsee-core v0.26.1
[INFO] [stderr]    Compiling h2 v0.4.14
[INFO] [stderr]    Compiling hyper v1.9.0
[INFO] [stderr]    Compiling hyper-util v0.1.20
[INFO] [stderr]    Compiling hyper-rustls v0.27.9
[INFO] [stderr]    Compiling wasi-jsonrpsee-http-client v0.26.1
[INFO] [stderr]    Compiling wasi-stellar-rpc-client v26.0.0
[INFO] [stderr]    Compiling wasi-soroban-rs v0.2.9 (/opt/rustwide/workdir)
[INFO] [stderr]     Finished `test` profile [unoptimized + debuginfo] target(s) in 30.00s
[INFO] [stderr] warning: the following packages contain code that will be rejected by a future version of Rust: wasi-jsonrpsee-http-client v0.26.1
[INFO] [stderr] note: to see what the problems were, use the option `--future-incompat-report`, or run `cargo report future-incompatibilities --id 1`
[INFO] running `Command { std: "docker" "inspect" "c2de2136308db0612e0727812a95aaf352b042886eb1557528f44c5d6f35d5f6", kill_on_drop: false }`
[INFO] running `Command { std: "docker" "exec" "-e" "SOURCE_DIR=/opt/rustwide/workdir" "-e" "CARGO_HOME=/opt/rustwide/cargo-home" "-e" "RUSTUP_HOME=/opt/rustwide/rustup-home" "-e" "CARGO_TARGET_DIR=/opt/rustwide/target" "-e" "CARGO_INCREMENTAL=0" "-e" "RUST_BACKTRACE=full" "-e" "RUSTFLAGS=--cap-lints=warn" "-e" "RUSTDOCFLAGS=--cap-lints=warn" "-w" "/opt/rustwide/workdir" "--user" "0:0" "c2de2136308db0612e0727812a95aaf352b042886eb1557528f44c5d6f35d5f6" "/opt/rustwide/cargo-home/bin/cargo" "+1.100.0-beta.1" "test" "--frozen", kill_on_drop: false }`
[INFO] [stderr]     Finished `test` profile [unoptimized + debuginfo] target(s) in 0.49s
[INFO] [stderr] warning: the following packages contain code that will be rejected by a future version of Rust: wasi-jsonrpsee-http-client v0.26.1
[INFO] [stderr] note: to see what the problems were, use the option `--future-incompat-report`, or run `cargo report future-incompatibilities --id 1`
[INFO] [stderr]      Running unittests src/lib.rs (/opt/rustwide/target/debug/build/wasi-soroban-rs/17e90f9094b66784/out/wasi_soroban_rs-17e90f9094b66784)
[INFO] [stdout] 
[INFO] [stdout] running 102 tests
[INFO] [stdout] test account::test::test_create_thresholds_operation ... ok
[INFO] [stdout] test account::test::test_account_config_default ... ok
[INFO] [stdout] test account::test::test_display_account_sequence ... ok
[INFO] [stdout] test account::test::load_account ... ok
[INFO] [stdout] test account::test::sign_transaction ... ok
[INFO] [stdout] test account::test::test_next_sequence ... ok
[INFO] [stdout] test contract::test::test_contract_clone ... ok
[INFO] [stdout] test auth::tests::simulate_with_auth_signs_attaches_and_reprices ... ok
[INFO] [stdout] test account::test::sign_transaction_unsafe ... ok
[INFO] [stdout] test contract::test::test_contract_deploy ... ok
[INFO] [stdout] test auth::tests::simulate_with_auth_errors_on_unsignable_address ... ok
[INFO] [stdout] test auth::tests::source_account_entry_passes_through ... ok
[INFO] [stdout] test account::test::multisig ... ok
[INFO] [stdout] test account::test::test_account_sequence_conversions ... ok
[INFO] [stdout] test account::test::test_account_from_implementations ... ok
[INFO] [stdout] test account::test::test_configure ... ok
[INFO] [stdout] test account::test::test_account_display_implementations ... ok
[INFO] [stdout] test auth::tests::address_entry_for_other_address_passes_through ... ok
[INFO] [stdout] test contract::test::test_contract_new ... ok
[INFO] [stdout] test contract::test::test_file_reader ... ok
[INFO] [stdout] test contract::test::test_from_configs ... ok
[INFO] [stdout] test contract::test::test_contract_invoke ... ok
[INFO] [stdout] test contract::test::test_upload_wasm ... ok
[INFO] [stdout] test crypto::tests::test_calculate_contract_id ... ok
[INFO] [stdout] test contract::test::test_set_client_configs ... ok
[INFO] [stdout] test crypto::tests::test_sha256_hash ... ok
[INFO] [stdout] test env::test::test_code_already_exists_error ... ok
[INFO] [stdout] test env::test::test_network_id ... ok
[INFO] [stdout] test contract::test::test_upload_wasm_contract_code_already_exists ... ok
[INFO] [stdout] test env::test::test_new ... ok
[INFO] [stdout] test error::tests::test_error_equality ... ok
[INFO] [stdout] test error::tests::test_display_implementations ... ok
[INFO] [stdout] test error::tests::test_error_cloning ... ok
[INFO] [stdout] test error::tests::test_error_trait_implementation ... ok
[INFO] [stdout] test error::tests::test_from_xdr_error ... ok
[INFO] [stdout] test account::test::test_sign_transaction_envelope ... ok
[INFO] [stdout] test guard::tests::test_authorized_calls_check_and_update_success ... ok
[INFO] [stdout] test guard::tests::test_authorized_calls_for_contract_check_and_update_fail ... ok
[INFO] [stdout] test operation::test::test_create_contract_with_args ... ok
[INFO] [stdout] test operation::test::test_create_contract_without_args ... ok
[INFO] [stdout] test operation::test::test_extend_footprint_ttl_different_values ... ok
[INFO] [stdout] test macros::test::test_token_contract_no_inputs ... ok
[INFO] [stdout] test fs::test::test_default_file_reader_nonexistent_file ... ok
[INFO] [stdout] test fs::test::test_default_file_reader_success ... ok
[INFO] [stdout] test operation::test::test_extend_footprint_ttl ... ok
[INFO] [stdout] test contract::test::test_contract_id ... ok
[INFO] [stdout] test operation::test::test_invoke_contract_invalid_function_name ... ok
[INFO] [stdout] test operation::test::test_upload_wasm ... ok
[INFO] [stdout] test parser::tests::test_deploy_parser_fallback ... ok
[INFO] [stdout] test operation::test::test_invoke_contract ... ok
[INFO] [stdout] test parser::tests::test_extract_operation_result_success ... ok
[INFO] [stdout] test parser::tests::test_extract_operation_result_non_success ... ok
[INFO] [stdout] test parser::tests::test_deploy_parser ... ok
[INFO] [stdout] test parser::tests::test_deploy_parser_v4_meta_no_return_value ... ok
[INFO] [stdout] test parser::tests::test_extract_contract_id ... ok
[INFO] [stdout] test parser::tests::test_account_set_options_parser_v4_meta ... ok
[INFO] [stdout] test parser::tests::test_deploy_parser_v4_meta ... ok
[INFO] [stdout] test parser::tests::test_extract_operation_result_non_invoke_function ... ok
[INFO] [stdout] test env::test::test_send_transaction_error ... ok
[INFO] [stdout] test error::tests::test_from_io_error ... ok
[INFO] [stdout] test parser::tests::test_account_set_options_parser ... ok
[INFO] [stdout] test parser::tests::test_invoke_function_fallback_to_operation_result ... ok
[INFO] [stdout] test parser::tests::test_invoke_function_parser_v4_meta ... ok
[INFO] [stdout] test parser::tests::test_invoke_function_parser ... ok
[INFO] [stdout] test response::tests::test_get_events_no_meta ... ok
[INFO] [stdout] test response::tests::test_get_soroban_meta_success ... ok
[INFO] [stdout] test parser::tests::test_new_parser ... ok
[INFO] [stdout] test response::tests::test_get_return_value_no_meta ... ok
[INFO] [stdout] test scval::tests::test_bytes_into_scval ... ok
[INFO] [stdout] test response::tests::test_get_events_empty ... ok
[INFO] [stdout] test parser::tests::test_no_transaction_result ... ok
[INFO] [stdout] test rpc::test::test_get_account_error ... ok
[INFO] [stdout] test response::tests::test_get_return_value_success ... ok
[INFO] [stdout] test response::tests::test_get_soroban_meta_no_meta ... ok
[INFO] [stdout] test scval::tests::test_account_id_into_scval ... ok
[INFO] [stdout] test response::tests::test_get_events_success ... ok
[INFO] [stdout] test scval::tests::test_duration_into_scval ... ok
[INFO] [stdout] test scval::tests::test_i32_into_scval ... ok
[INFO] [stdout] test scval::tests::test_string_into_scval ... ok
[INFO] [stdout] test scval::tests::test_vec_conversion_error ... ok
[INFO] [stdout] test signer::tests::test_public_key ... ok
[INFO] [stdout] test scval::tests::test_u32_into_scval ... ok
[INFO] [stdout] test scval::tests::test_i64_into_scval ... ok
[INFO] [stdout] test scval::tests::test_vec_scval_into_scval ... ok
[INFO] [stdout] test scval::tests::test_string_conversion_error ... ok
[INFO] [stdout] test transaction::test::test_add_operation ... ok
[INFO] [stdout] test signer::tests::test_account_id ... ok
[INFO] [stdout] test signer::tests::test_sign_transaction ... ok
[INFO] [stdout] test macros::test::test_token_load_from_path ... ok
[INFO] [stdout] test scval::tests::test_bool_into_scval ... ok
[INFO] [stdout] test macros::test::test_token_contract ... ok
[INFO] [stdout] test transaction::test::test_set_env ... ok
[INFO] [stdout] test scval::tests::test_u64_into_scval ... ok
[INFO] [stdout] test transaction::test::test_set_memo ... ok
[INFO] [stdout] test transaction::test::test_simulate_and_build ... ok
[INFO] [stdout] test transaction::test::test_simulate_transaction ... ok
[INFO] [stdout] test transaction::test::test_set_preconditions ... ok
[INFO] [stdout] test transaction::test::test_build_transaction ... ok
[INFO] [stdout] test rpc::test::test_send_transaction_polling_error ... ok
[INFO] [stdout] test auth::tests::signs_matching_address_entry_with_verifiable_signatures ... ok
[INFO] [stdout] test rpc::test::test_simulate_transaction_envelope_error ... FAILED
[INFO] [stdout] test crypto::tests::test_generate_salt_chi_squared ... ok
[INFO] [stdout] 
[INFO] [stdout] failures:
[INFO] [stdout] 
[INFO] [stdout] ---- rpc::test::test_simulate_transaction_envelope_error stdout ----
[INFO] [stdout] 
[INFO] [stdout] thread 'rpc::test::test_simulate_transaction_envelope_error' (2985) panicked at src/rpc.rs:148:9:
[INFO] [stdout] assertion failed: res.is_ok()
[INFO] [stdout] stack backtrace:
[INFO] [stdout]    0:     0x59f6f4ee20b1 - std[617be2ca0a6fd877]::backtrace_rs::backtrace::libunwind::trace
[INFO] [stdout]                                at /rustc/e3feeb59cd1bdd011a2bfcc0747b55125d9b8527/library/std/src/../../backtrace/src/backtrace/libunwind.rs:117:9
[INFO] [stdout]    1:     0x59f6f4ee20b1 - std[617be2ca0a6fd877]::backtrace_rs::backtrace::trace_unsynchronized::<std[617be2ca0a6fd877]::sys::backtrace::_print_fmt::{closure#1}>
[INFO] [stdout]                                at /rustc/e3feeb59cd1bdd011a2bfcc0747b55125d9b8527/library/std/src/../../backtrace/src/backtrace/mod.rs:66:14
[INFO] [stdout]    2:     0x59f6f4ee20b1 - std[617be2ca0a6fd877]::sys::backtrace::_print_fmt
[INFO] [stdout]                                at /rustc/e3feeb59cd1bdd011a2bfcc0747b55125d9b8527/library/std/src/sys/backtrace.rs:74:9
[INFO] [stdout]    3:     0x59f6f4ee20b1 - <<std[617be2ca0a6fd877]::sys::backtrace::BacktraceLock>::print::DisplayBacktrace as core[a373ad73a504971]::fmt::Display>::fmt
[INFO] [stdout]                                at /rustc/e3feeb59cd1bdd011a2bfcc0747b55125d9b8527/library/std/src/sys/backtrace.rs:44:26
[INFO] [stdout]    4:     0x59f6f4ef860a - <core[a373ad73a504971]::fmt::rt::Argument>::fmt
[INFO] [stdout]                                at /rustc/e3feeb59cd1bdd011a2bfcc0747b55125d9b8527/library/core/src/fmt/rt.rs:152:76
[INFO] [stdout]    5:     0x59f6f4ef860a - core[a373ad73a504971]::fmt::write
[INFO] [stdout]    6:     0x59f6f4ee6c3c - core[a373ad73a504971]::io::write::default_write_fmt::<alloc[2e1b2a31b91974c5]::vec::Vec<u8>>
[INFO] [stdout]                                at /rustc/e3feeb59cd1bdd011a2bfcc0747b55125d9b8527/library/core/src/io/write.rs:402:11
[INFO] [stdout]    7:     0x59f6f4ee6c3c - <alloc[2e1b2a31b91974c5]::vec::Vec<u8> as core[a373ad73a504971]::io::write::Write>::write_fmt
[INFO] [stdout]                                at /rustc/e3feeb59cd1bdd011a2bfcc0747b55125d9b8527/library/core/src/io/write.rs:335:13
[INFO] [stdout]    8:     0x59f6f4ebc996 - <std[617be2ca0a6fd877]::sys::backtrace::BacktraceLock>::print
[INFO] [stdout]                                at /rustc/e3feeb59cd1bdd011a2bfcc0747b55125d9b8527/library/std/src/sys/backtrace.rs:47:9
[INFO] [stdout]    9:     0x59f6f4ebc996 - std[617be2ca0a6fd877]::panicking::default_hook::{closure#0}
[INFO] [stdout]                                at /rustc/e3feeb59cd1bdd011a2bfcc0747b55125d9b8527/library/std/src/panicking.rs:289:27
[INFO] [stdout]   10:     0x59f6f4ed9ac9 - std[617be2ca0a6fd877]::panicking::default_hook
[INFO] [stdout]                                at /rustc/e3feeb59cd1bdd011a2bfcc0747b55125d9b8527/library/std/src/panicking.rs:313:9
[INFO] [stdout]   11:     0x59f6f4786810 - <alloc[2e1b2a31b91974c5]::boxed::Box<dyn for<'a, 'b> core[a373ad73a504971]::ops::function::Fn<(&'a std[617be2ca0a6fd877]::panic::PanicHookInfo<'b>,), Output = ()> + core[a373ad73a504971]::marker::Sync + core[a373ad73a504971]::marker::Send> as core[a373ad73a504971]::ops::function::Fn<(&std[617be2ca0a6fd877]::panic::PanicHookInfo,)>>::call
[INFO] [stdout]                                at /rustc/e3feeb59cd1bdd011a2bfcc0747b55125d9b8527/library/alloc/src/boxed.rs:2328:9
[INFO] [stdout]   12:     0x59f6f4786810 - test[aada8e7e76ba119b]::test_main_inner::{closure#0}
[INFO] [stdout]                                at /rustc/e3feeb59cd1bdd011a2bfcc0747b55125d9b8527/library/test/src/lib.rs:137:21
[INFO] [stdout]   13:     0x59f6f4ed9df2 - <alloc[2e1b2a31b91974c5]::boxed::Box<dyn for<'a, 'b> core[a373ad73a504971]::ops::function::Fn<(&'a std[617be2ca0a6fd877]::panic::PanicHookInfo<'b>,), Output = ()> + core[a373ad73a504971]::marker::Sync + core[a373ad73a504971]::marker::Send> as core[a373ad73a504971]::ops::function::Fn<(&std[617be2ca0a6fd877]::panic::PanicHookInfo,)>>::call
[INFO] [stdout]                                at /rustc/e3feeb59cd1bdd011a2bfcc0747b55125d9b8527/library/alloc/src/boxed.rs:2328:9
[INFO] [stdout]   14:     0x59f6f4ed9df2 - std[617be2ca0a6fd877]::panicking::panic_with_hook
[INFO] [stdout]                                at /rustc/e3feeb59cd1bdd011a2bfcc0747b55125d9b8527/library/std/src/panicking.rs:819:13
[INFO] [stdout]   15:     0x59f6f4ebca74 - std[617be2ca0a6fd877]::panicking::panic_handler::{closure#0}
[INFO] [stdout]                                at /rustc/e3feeb59cd1bdd011a2bfcc0747b55125d9b8527/library/std/src/panicking.rs:678:13
[INFO] [stdout]   16:     0x59f6f4eb5399 - std[617be2ca0a6fd877]::sys::backtrace::__rust_end_short_backtrace::<std[617be2ca0a6fd877]::panicking::panic_handler::{closure#0}, !>
[INFO] [stdout]                                at /rustc/e3feeb59cd1bdd011a2bfcc0747b55125d9b8527/library/std/src/sys/backtrace.rs:182:18
[INFO] [stdout]   17:     0x59f6f4ebd83d - __rustc[ea4f61d10b84890b]::rust_begin_unwind
[INFO] [stdout]                                at /rustc/e3feeb59cd1bdd011a2bfcc0747b55125d9b8527/library/std/src/panicking.rs:676:5
[INFO] [stdout]   18:     0x59f6f4ef8e5c - core[a373ad73a504971]::panicking::panic_fmt
[INFO] [stdout]                                at /rustc/e3feeb59cd1bdd011a2bfcc0747b55125d9b8527/library/core/src/panicking.rs:80:14
[INFO] [stdout]   19:     0x59f6f4ef8e22 - core[a373ad73a504971]::panicking::panic
[INFO] [stdout]                                at /rustc/e3feeb59cd1bdd011a2bfcc0747b55125d9b8527/library/core/src/panicking.rs:150:5
[INFO] [stdout]   20:     0x59f6f45fb196 - wasi_soroban_rs[8a950ea61e943b68]::rpc::test::test_simulate_transaction_envelope_error::{closure#0}
[INFO] [stdout]                                at /opt/rustwide/workdir/src/rpc.rs:148:9
[INFO] [stdout]   21:     0x59f6f45d6412 - <core[a373ad73a504971]::pin::Pin<&mut dyn core[a373ad73a504971]::future::future::Future<Output = ()>> as core[a373ad73a504971]::future::future::Future>::poll
[INFO] [stdout]                                at /rustc/e3feeb59cd1bdd011a2bfcc0747b55125d9b8527/library/core/src/future/future.rs:133:9
[INFO] [stdout]   22:     0x59f6f45d648d - <core[a373ad73a504971]::pin::Pin<&mut core[a373ad73a504971]::pin::Pin<&mut dyn core[a373ad73a504971]::future::future::Future<Output = ()>>> as core[a373ad73a504971]::future::future::Future>::poll
[INFO] [stdout]                                at /rustc/e3feeb59cd1bdd011a2bfcc0747b55125d9b8527/library/core/src/future/future.rs:133:9
[INFO] [stdout]   23:     0x59f6f461d99d - <tokio[ad117f42226f533d]::runtime::scheduler::current_thread::CoreGuard>::block_on::<core[a373ad73a504971]::pin::Pin<&mut core[a373ad73a504971]::pin::Pin<&mut dyn core[a373ad73a504971]::future::future::Future<Output = ()>>>>::{closure#0}::{closure#0}::{closure#0}
[INFO] [stdout]                                at /opt/rustwide/cargo-home/registry/src/index.crates.io-1949cf8c6b5b557f/tokio-1.52.2/src/runtime/scheduler/current_thread/mod.rs:778:70
[INFO] [stdout]   24:     0x59f6f461d8c5 - tokio[ad117f42226f533d]::task::coop::with_budget::<core[a373ad73a504971]::task::poll::Poll<()>, <tokio[ad117f42226f533d]::runtime::scheduler::current_thread::CoreGuard>::block_on<core[a373ad73a504971]::pin::Pin<&mut core[a373ad73a504971]::pin::Pin<&mut dyn core[a373ad73a504971]::future::future::Future<Output = ()>>>>::{closure#0}::{closure#0}::{closure#0}>
[INFO] [stdout]                                at /opt/rustwide/cargo-home/registry/src/index.crates.io-1949cf8c6b5b557f/tokio-1.52.2/src/task/coop/mod.rs:167:5
[INFO] [stdout]   25:     0x59f6f461d8c5 - tokio[ad117f42226f533d]::task::coop::budget::<core[a373ad73a504971]::task::poll::Poll<()>, <tokio[ad117f42226f533d]::runtime::scheduler::current_thread::CoreGuard>::block_on<core[a373ad73a504971]::pin::Pin<&mut core[a373ad73a504971]::pin::Pin<&mut dyn core[a373ad73a504971]::future::future::Future<Output = ()>>>>::{closure#0}::{closure#0}::{closure#0}>
[INFO] [stdout]                                at /opt/rustwide/cargo-home/registry/src/index.crates.io-1949cf8c6b5b557f/tokio-1.52.2/src/task/coop/mod.rs:133:5
[INFO] [stdout]   26:     0x59f6f461d8c5 - <tokio[ad117f42226f533d]::runtime::scheduler::current_thread::CoreGuard>::block_on::<core[a373ad73a504971]::pin::Pin<&mut core[a373ad73a504971]::pin::Pin<&mut dyn core[a373ad73a504971]::future::future::Future<Output = ()>>>>::{closure#0}::{closure#0}
[INFO] [stdout]                                at /opt/rustwide/cargo-home/registry/src/index.crates.io-1949cf8c6b5b557f/tokio-1.52.2/src/runtime/scheduler/current_thread/mod.rs:778:25
[INFO] [stdout]   27:     0x59f6f460f5a2 - <tokio[ad117f42226f533d]::runtime::scheduler::current_thread::Context>::enter::<core[a373ad73a504971]::task::poll::Poll<()>, <tokio[ad117f42226f533d]::runtime::scheduler::current_thread::CoreGuard>::block_on<core[a373ad73a504971]::pin::Pin<&mut core[a373ad73a504971]::pin::Pin<&mut dyn core[a373ad73a504971]::future::future::Future<Output = ()>>>>::{closure#0}::{closure#0}>
[INFO] [stdout]                                at /opt/rustwide/cargo-home/registry/src/index.crates.io-1949cf8c6b5b557f/tokio-1.52.2/src/runtime/scheduler/current_thread/mod.rs:451:19
[INFO] [stdout]   28:     0x59f6f461c8bd - <tokio[ad117f42226f533d]::runtime::scheduler::current_thread::CoreGuard>::block_on::<core[a373ad73a504971]::pin::Pin<&mut core[a373ad73a504971]::pin::Pin<&mut dyn core[a373ad73a504971]::future::future::Future<Output = ()>>>>::{closure#0}
[INFO] [stdout]                                at /opt/rustwide/cargo-home/registry/src/index.crates.io-1949cf8c6b5b557f/tokio-1.52.2/src/runtime/scheduler/current_thread/mod.rs:777:44
[INFO] [stdout]   29:     0x59f6f461bb64 - <tokio[ad117f42226f533d]::runtime::scheduler::current_thread::CoreGuard>::enter::<<tokio[ad117f42226f533d]::runtime::scheduler::current_thread::CoreGuard>::block_on<core[a373ad73a504971]::pin::Pin<&mut core[a373ad73a504971]::pin::Pin<&mut dyn core[a373ad73a504971]::future::future::Future<Output = ()>>>>::{closure#0}, core[a373ad73a504971]::option::Option<()>>::{closure#0}
[INFO] [stdout]                                at /opt/rustwide/cargo-home/registry/src/index.crates.io-1949cf8c6b5b557f/tokio-1.52.2/src/runtime/scheduler/current_thread/mod.rs:865:68
[INFO] [stdout]   30:     0x59f6f46da84b - <tokio[ad117f42226f533d]::runtime::context::scoped::Scoped<tokio[ad117f42226f533d]::runtime::scheduler::Context>>::set::<<tokio[ad117f42226f533d]::runtime::scheduler::current_thread::CoreGuard>::enter<<tokio[ad117f42226f533d]::runtime::scheduler::current_thread::CoreGuard>::block_on<core[a373ad73a504971]::pin::Pin<&mut core[a373ad73a504971]::pin::Pin<&mut dyn core[a373ad73a504971]::future::future::Future<Output = ()>>>>::{closure#0}, core[a373ad73a504971]::option::Option<()>>::{closure#0}, (alloc[2e1b2a31b91974c5]::boxed::Box<tokio[ad117f42226f533d]::runtime::scheduler::current_thread::Core>, core[a373ad73a504971]::option::Option<()>)>
[INFO] [stdout]                                at /opt/rustwide/cargo-home/registry/src/index.crates.io-1949cf8c6b5b557f/tokio-1.52.2/src/runtime/context/scoped.rs:40:9
[INFO] [stdout]   31:     0x59f6f45e9d19 - tokio[ad117f42226f533d]::runtime::context::set_scheduler::<(alloc[2e1b2a31b91974c5]::boxed::Box<tokio[ad117f42226f533d]::runtime::scheduler::current_thread::Core>, core[a373ad73a504971]::option::Option<()>), <tokio[ad117f42226f533d]::runtime::scheduler::current_thread::CoreGuard>::enter<<tokio[ad117f42226f533d]::runtime::scheduler::current_thread::CoreGuard>::block_on<core[a373ad73a504971]::pin::Pin<&mut core[a373ad73a504971]::pin::Pin<&mut dyn core[a373ad73a504971]::future::future::Future<Output = ()>>>>::{closure#0}, core[a373ad73a504971]::option::Option<()>>::{closure#0}>::{closure#0}
[INFO] [stdout]                                at /opt/rustwide/cargo-home/registry/src/index.crates.io-1949cf8c6b5b557f/tokio-1.52.2/src/runtime/context.rs:181:38
[INFO] [stdout]   32:     0x59f6f469225f - <std[617be2ca0a6fd877]::thread::local::LocalKey<tokio[ad117f42226f533d]::runtime::context::Context>>::try_with::<tokio[ad117f42226f533d]::runtime::context::set_scheduler<(alloc[2e1b2a31b91974c5]::boxed::Box<tokio[ad117f42226f533d]::runtime::scheduler::current_thread::Core>, core[a373ad73a504971]::option::Option<()>), <tokio[ad117f42226f533d]::runtime::scheduler::current_thread::CoreGuard>::enter<<tokio[ad117f42226f533d]::runtime::scheduler::current_thread::CoreGuard>::block_on<core[a373ad73a504971]::pin::Pin<&mut core[a373ad73a504971]::pin::Pin<&mut dyn core[a373ad73a504971]::future::future::Future<Output = ()>>>>::{closure#0}, core[a373ad73a504971]::option::Option<()>>::{closure#0}>::{closure#0}, (alloc[2e1b2a31b91974c5]::boxed::Box<tokio[ad117f42226f533d]::runtime::scheduler::current_thread::Core>, core[a373ad73a504971]::option::Option<()>)>
[INFO] [stdout]                                at /rustc/e3feeb59cd1bdd011a2bfcc0747b55125d9b8527/library/std/src/thread/local.rs:463:12
[INFO] [stdout]   33:     0x59f6f4691e0e - <std[617be2ca0a6fd877]::thread::local::LocalKey<tokio[ad117f42226f533d]::runtime::context::Context>>::with::<tokio[ad117f42226f533d]::runtime::context::set_scheduler<(alloc[2e1b2a31b91974c5]::boxed::Box<tokio[ad117f42226f533d]::runtime::scheduler::current_thread::Core>, core[a373ad73a504971]::option::Option<()>), <tokio[ad117f42226f533d]::runtime::scheduler::current_thread::CoreGuard>::enter<<tokio[ad117f42226f533d]::runtime::scheduler::current_thread::CoreGuard>::block_on<core[a373ad73a504971]::pin::Pin<&mut core[a373ad73a504971]::pin::Pin<&mut dyn core[a373ad73a504971]::future::future::Future<Output = ()>>>>::{closure#0}, core[a373ad73a504971]::option::Option<()>>::{closure#0}>::{closure#0}, (alloc[2e1b2a31b91974c5]::boxed::Box<tokio[ad117f42226f533d]::runtime::scheduler::current_thread::Core>, core[a373ad73a504971]::option::Option<()>)>
[INFO] [stdout]                                at /rustc/e3feeb59cd1bdd011a2bfcc0747b55125d9b8527/library/std/src/thread/local.rs:427:20
[INFO] [stdout]   34:     0x59f6f45e8a9d - tokio[ad117f42226f533d]::runtime::context::set_scheduler::<(alloc[2e1b2a31b91974c5]::boxed::Box<tokio[ad117f42226f533d]::runtime::scheduler::current_thread::Core>, core[a373ad73a504971]::option::Option<()>), <tokio[ad117f42226f533d]::runtime::scheduler::current_thread::CoreGuard>::enter<<tokio[ad117f42226f533d]::runtime::scheduler::current_thread::CoreGuard>::block_on<core[a373ad73a504971]::pin::Pin<&mut core[a373ad73a504971]::pin::Pin<&mut dyn core[a373ad73a504971]::future::future::Future<Output = ()>>>>::{closure#0}, core[a373ad73a504971]::option::Option<()>>::{closure#0}>
[INFO] [stdout]                                at /opt/rustwide/cargo-home/registry/src/index.crates.io-1949cf8c6b5b557f/tokio-1.52.2/src/runtime/context.rs:181:17
[INFO] [stdout]   35:     0x59f6f4611fb0 - <tokio[ad117f42226f533d]::runtime::scheduler::current_thread::CoreGuard>::enter::<<tokio[ad117f42226f533d]::runtime::scheduler::current_thread::CoreGuard>::block_on<core[a373ad73a504971]::pin::Pin<&mut core[a373ad73a504971]::pin::Pin<&mut dyn core[a373ad73a504971]::future::future::Future<Output = ()>>>>::{closure#0}, core[a373ad73a504971]::option::Option<()>>
[INFO] [stdout]                                at /opt/rustwide/cargo-home/registry/src/index.crates.io-1949cf8c6b5b557f/tokio-1.52.2/src/runtime/scheduler/current_thread/mod.rs:865:27
[INFO] [stdout]   36:     0x59f6f46122a6 - <tokio[ad117f42226f533d]::runtime::scheduler::current_thread::CoreGuard>::block_on::<core[a373ad73a504971]::pin::Pin<&mut core[a373ad73a504971]::pin::Pin<&mut dyn core[a373ad73a504971]::future::future::Future<Output = ()>>>>
[INFO] [stdout]                                at /opt/rustwide/cargo-home/registry/src/index.crates.io-1949cf8c6b5b557f/tokio-1.52.2/src/runtime/scheduler/current_thread/mod.rs:765:24
[INFO] [stdout]   37:     0x59f6f461a9b0 - <tokio[ad117f42226f533d]::runtime::scheduler::current_thread::CurrentThread>::block_on::<core[a373ad73a504971]::pin::Pin<&mut dyn core[a373ad73a504971]::future::future::Future<Output = ()>>>::{closure#0}
[INFO] [stdout]                                at /opt/rustwide/cargo-home/registry/src/index.crates.io-1949cf8c6b5b557f/tokio-1.52.2/src/runtime/scheduler/current_thread/mod.rs:205:33
[INFO] [stdout]   38:     0x59f6f45e9018 - tokio[ad117f42226f533d]::runtime::context::runtime::enter_runtime::<<tokio[ad117f42226f533d]::runtime::scheduler::current_thread::CurrentThread>::block_on<core[a373ad73a504971]::pin::Pin<&mut dyn core[a373ad73a504971]::future::future::Future<Output = ()>>>::{closure#0}, ()>
[INFO] [stdout]                                at /opt/rustwide/cargo-home/registry/src/index.crates.io-1949cf8c6b5b557f/tokio-1.52.2/src/runtime/context/runtime.rs:65:16
[INFO] [stdout]   39:     0x59f6f460f164 - <tokio[ad117f42226f533d]::runtime::scheduler::current_thread::CurrentThread>::block_on::<core[a373ad73a504971]::pin::Pin<&mut dyn core[a373ad73a504971]::future::future::Future<Output = ()>>>
[INFO] [stdout]                                at /opt/rustwide/cargo-home/registry/src/index.crates.io-1949cf8c6b5b557f/tokio-1.52.2/src/runtime/scheduler/current_thread/mod.rs:193:9
[INFO] [stdout]   40:     0x59f6f46aaa9f - <tokio[ad117f42226f533d]::runtime::runtime::Runtime>::block_on_inner::<core[a373ad73a504971]::pin::Pin<&mut dyn core[a373ad73a504971]::future::future::Future<Output = ()>>>
[INFO] [stdout]                                at /opt/rustwide/cargo-home/registry/src/index.crates.io-1949cf8c6b5b557f/tokio-1.52.2/src/runtime/runtime.rs:371:52
[INFO] [stdout]   41:     0x59f6f46aabeb - <tokio[ad117f42226f533d]::runtime::runtime::Runtime>::block_on::<core[a373ad73a504971]::pin::Pin<&mut dyn core[a373ad73a504971]::future::future::Future<Output = ()>>>
[INFO] [stdout]                                at /opt/rustwide/cargo-home/registry/src/index.crates.io-1949cf8c6b5b557f/tokio-1.52.2/src/runtime/runtime.rs:345:18
[INFO] [stdout]   42:     0x59f6f4605981 - wasi_soroban_rs[8a950ea61e943b68]::rpc::test::test_simulate_transaction_envelope_error
[INFO] [stdout]                                at /opt/rustwide/workdir/src/rpc.rs:152:10
[INFO] [stdout]   43:     0x59f6f45fa1c7 - wasi_soroban_rs[8a950ea61e943b68]::rpc::test::test_simulate_transaction_envelope_error::{closure#0}
[INFO] [stdout]                                at /opt/rustwide/workdir/src/rpc.rs:139:56
[INFO] [stdout]   44:     0x59f6f45ee066 - <wasi_soroban_rs[8a950ea61e943b68]::rpc::test::test_simulate_transaction_envelope_error::{closure#0} as core[a373ad73a504971]::ops::function::FnOnce<()>>::call_once
[INFO] [stdout]                                at /rustc/e3feeb59cd1bdd011a2bfcc0747b55125d9b8527/library/core/src/ops/function.rs:250:5
[INFO] [stdout]   45:     0x59f6f4779c5b - <fn() -> core[a373ad73a504971]::result::Result<(), alloc[2e1b2a31b91974c5]::string::String> as core[a373ad73a504971]::ops::function::FnOnce<()>>::call_once
[INFO] [stdout]                                at /rustc/e3feeb59cd1bdd011a2bfcc0747b55125d9b8527/library/core/src/ops/function.rs:250:5
[INFO] [stdout]   46:     0x59f6f4779c5b - test[aada8e7e76ba119b]::__rust_begin_short_backtrace::<core[a373ad73a504971]::result::Result<(), alloc[2e1b2a31b91974c5]::string::String>, fn() -> core[a373ad73a504971]::result::Result<(), alloc[2e1b2a31b91974c5]::string::String>>
[INFO] [stdout]                                at /rustc/e3feeb59cd1bdd011a2bfcc0747b55125d9b8527/library/test/src/lib.rs:701:18
[INFO] [stdout]   47:     0x59f6f4786e35 - test[aada8e7e76ba119b]::run_test_in_process::{closure#0}
[INFO] [stdout]                                at /rustc/e3feeb59cd1bdd011a2bfcc0747b55125d9b8527/library/test/src/lib.rs:724:74
[INFO] [stdout]   48:     0x59f6f4786e35 - <core[a373ad73a504971]::panic::unwind_safe::AssertUnwindSafe<test[aada8e7e76ba119b]::run_test_in_process::{closure#0}> as core[a373ad73a504971]::ops::function::FnOnce<()>>::call_once
[INFO] [stdout]                                at /rustc/e3feeb59cd1bdd011a2bfcc0747b55125d9b8527/library/core/src/panic/unwind_safe.rs:275:9
[INFO] [stdout]   49:     0x59f6f4786e35 - std[617be2ca0a6fd877]::panicking::catch_unwind::do_call::<core[a373ad73a504971]::panic::unwind_safe::AssertUnwindSafe<test[aada8e7e76ba119b]::run_test_in_process::{closure#0}>, core[a373ad73a504971]::result::Result<(), alloc[2e1b2a31b91974c5]::string::String>>
[INFO] [stdout]                                at /rustc/e3feeb59cd1bdd011a2bfcc0747b55125d9b8527/library/std/src/panicking.rs:573:43
[INFO] [stdout]   50:     0x59f6f4786e35 - std[617be2ca0a6fd877]::panicking::catch_unwind::<core[a373ad73a504971]::result::Result<(), alloc[2e1b2a31b91974c5]::string::String>, core[a373ad73a504971]::panic::unwind_safe::AssertUnwindSafe<test[aada8e7e76ba119b]::run_test_in_process::{closure#0}>>
[INFO] [stdout]                                at /rustc/e3feeb59cd1bdd011a2bfcc0747b55125d9b8527/library/std/src/panicking.rs:541:19
[INFO] [stdout]   51:     0x59f6f4786e35 - std[617be2ca0a6fd877]::panic::catch_unwind::<core[a373ad73a504971]::panic::unwind_safe::AssertUnwindSafe<test[aada8e7e76ba119b]::run_test_in_process::{closure#0}>, core[a373ad73a504971]::result::Result<(), alloc[2e1b2a31b91974c5]::string::String>>
[INFO] [stdout]                                at /rustc/e3feeb59cd1bdd011a2bfcc0747b55125d9b8527/library/std/src/panic.rs:359:14
[INFO] [stdout]   52:     0x59f6f4786e35 - test[aada8e7e76ba119b]::run_test_in_process
[INFO] [stdout]                                at /rustc/e3feeb59cd1bdd011a2bfcc0747b55125d9b8527/library/test/src/lib.rs:724:27
[INFO] [stdout]   53:     0x59f6f4786e35 - test[aada8e7e76ba119b]::run_test::{closure#0}
[INFO] [stdout]                                at /rustc/e3feeb59cd1bdd011a2bfcc0747b55125d9b8527/library/test/src/lib.rs:645:43
[INFO] [stdout]   54:     0x59f6f4780724 - test[aada8e7e76ba119b]::run_test::{closure#1}
[INFO] [stdout]                                at /rustc/e3feeb59cd1bdd011a2bfcc0747b55125d9b8527/library/test/src/lib.rs:675:41
[INFO] [stdout]   55:     0x59f6f4780724 - std[617be2ca0a6fd877]::sys::backtrace::__rust_begin_short_backtrace::<test[aada8e7e76ba119b]::run_test::{closure#1}, ()>
[INFO] [stdout]                                at /rustc/e3feeb59cd1bdd011a2bfcc0747b55125d9b8527/library/std/src/sys/backtrace.rs:166:18
[INFO] [stdout]   56:     0x59f6f4789ec2 - std[617be2ca0a6fd877]::thread::lifecycle::spawn_unchecked::<test[aada8e7e76ba119b]::run_test::{closure#1}, ()>::{closure#1}::{closure#0}
[INFO] [stdout]                                at /rustc/e3feeb59cd1bdd011a2bfcc0747b55125d9b8527/library/std/src/thread/lifecycle.rs:70:13
[INFO] [stdout]   57:     0x59f6f4789ec2 - <core[a373ad73a504971]::panic::unwind_safe::AssertUnwindSafe<std[617be2ca0a6fd877]::thread::lifecycle::spawn_unchecked<test[aada8e7e76ba119b]::run_test::{closure#1}, ()>::{closure#1}::{closure#0}> as core[a373ad73a504971]::ops::function::FnOnce<()>>::call_once
[INFO] [stdout]                                at /rustc/e3feeb59cd1bdd011a2bfcc0747b55125d9b8527/library/core/src/panic/unwind_safe.rs:275:9
[INFO] [stdout]   58:     0x59f6f4789ec2 - std[617be2ca0a6fd877]::panicking::catch_unwind::do_call::<core[a373ad73a504971]::panic::unwind_safe::AssertUnwindSafe<std[617be2ca0a6fd877]::thread::lifecycle::spawn_unchecked<test[aada8e7e76ba119b]::run_test::{closure#1}, ()>::{closure#1}::{closure#0}>, ()>
[INFO] [stdout]                                at /rustc/e3feeb59cd1bdd011a2bfcc0747b55125d9b8527/library/std/src/panicking.rs:573:43
[INFO] [stdout]   59:     0x59f6f4789ec2 - std[617be2ca0a6fd877]::panicking::catch_unwind::<(), core[a373ad73a504971]::panic::unwind_safe::AssertUnwindSafe<std[617be2ca0a6fd877]::thread::lifecycle::spawn_unchecked<test[aada8e7e76ba119b]::run_test::{closure#1}, ()>::{closure#1}::{closure#0}>>
[INFO] [stdout]                                at /rustc/e3feeb59cd1bdd011a2bfcc0747b55125d9b8527/library/std/src/panicking.rs:541:19
[INFO] [stdout]   60:     0x59f6f4789ec2 - std[617be2ca0a6fd877]::panic::catch_unwind::<core[a373ad73a504971]::panic::unwind_safe::AssertUnwindSafe<std[617be2ca0a6fd877]::thread::lifecycle::spawn_unchecked<test[aada8e7e76ba119b]::run_test::{closure#1}, ()>::{closure#1}::{closure#0}>, ()>
[INFO] [stdout]                                at /rustc/e3feeb59cd1bdd011a2bfcc0747b55125d9b8527/library/std/src/panic.rs:359:14
[INFO] [stdout]   61:     0x59f6f4789ec2 - std[617be2ca0a6fd877]::thread::lifecycle::spawn_unchecked::<test[aada8e7e76ba119b]::run_test::{closure#1}, ()>::{closure#1}
[INFO] [stdout]                                at /rustc/e3feeb59cd1bdd011a2bfcc0747b55125d9b8527/library/std/src/thread/lifecycle.rs:68:26
[INFO] [stdout]   62:     0x59f6f4789ec2 - <std[617be2ca0a6fd877]::thread::lifecycle::spawn_unchecked<test[aada8e7e76ba119b]::run_test::{closure#1}, ()>::{closure#1} as core[a373ad73a504971]::ops::function::FnOnce<()>>::call_once::{shim:vtable#0}
[INFO] [stdout]                                at /rustc/e3feeb59cd1bdd011a2bfcc0747b55125d9b8527/library/core/src/ops/function.rs:250:5
[INFO] [stdout]   63:     0x59f6f4ee124f - <alloc[2e1b2a31b91974c5]::boxed::Box<dyn core[a373ad73a504971]::ops::function::FnOnce<(), Output = ()> + core[a373ad73a504971]::marker::Send> as core[a373ad73a504971]::ops::function::FnOnce<()>>::call_once
[INFO] [stdout]                                at /rustc/e3feeb59cd1bdd011a2bfcc0747b55125d9b8527/library/alloc/src/boxed.rs:2314:9
[INFO] [stdout]   64:     0x59f6f4ee124f - <std[617be2ca0a6fd877]::sys::thread::unix::Thread>::new::thread_start
[INFO] [stdout]                                at /rustc/e3feeb59cd1bdd011a2bfcc0747b55125d9b8527/library/std/src/sys/thread/unix.rs:127:17
[INFO] [stdout]   65:     0x7b89e9655dfa - <unknown>
[INFO] [stdout]   66:     0x7b89e96e93d4 - clone
[INFO] [stdout]   67:                0x0 - <unknown>
[INFO] [stdout] 
[INFO] [stdout] 
[INFO] [stdout] failures:
[INFO] [stdout]     rpc::test::test_simulate_transaction_envelope_error
[INFO] [stdout] 
[INFO] [stdout] test result: FAILED. 101 passed; 1 failed; 0 ignored; 0 measured; 0 filtered out; finished in 0.29s
[INFO] [stdout] 
[INFO] [stderr] error: test failed, to rerun pass `--lib`
[INFO] running `Command { std: "docker" "inspect" "c2de2136308db0612e0727812a95aaf352b042886eb1557528f44c5d6f35d5f6", kill_on_drop: false }`
[INFO] running `Command { std: "docker" "rm" "-f" "c2de2136308db0612e0727812a95aaf352b042886eb1557528f44c5d6f35d5f6", kill_on_drop: false }`
[INFO] [stdout] c2de2136308db0612e0727812a95aaf352b042886eb1557528f44c5d6f35d5f6
