[INFO] fetching crate wal-core 0.1.1...
[INFO] testing wal-core-0.1.1 against 1.100.0-beta.1 for beta-1.100-2
[INFO] extracting crate wal-core 0.1.1 into /workspace/builds/worker-0-tc2/source
[INFO] started tweaking crates.io crate wal-core 0.1.1
[INFO] finished tweaking crates.io crate wal-core 0.1.1
[INFO] tweaked toml for crates.io crate wal-core 0.1.1 written to /workspace/builds/worker-0-tc2/source/Cargo.toml
[INFO] validating manifest of crates.io crate wal-core 0.1.1 on toolchain 1.100.0-beta.1
[INFO] running `Command { std: CARGO_HOME="/workspace/cargo-home" RUSTUP_HOME="/workspace/rustup-home" "/workspace/cargo-home/bin/cargo" "+1.100.0-beta.1" "metadata" "--manifest-path" "Cargo.toml" "--no-deps", kill_on_drop: false }`
[INFO] running `Command { std: CARGO_HOME="/workspace/cargo-home" RUSTUP_HOME="/workspace/rustup-home" "/workspace/cargo-home/bin/cargo" "+1.100.0-beta.1" "generate-lockfile" "--manifest-path" "Cargo.toml", kill_on_drop: false }`
[INFO] [stderr]     Updating crates.io index
[INFO] [stderr]     Blocking waiting for file lock on package cache
[INFO] [stderr]      Locking 93 packages to highest compatible versions
[INFO] [stderr]       Adding gloo v0.10.0 (available: v0.12.0)
[INFO] [stderr]       Adding itertools v0.11.0 (available: v0.15.0)
[INFO] [stderr]       Adding minicov v0.3.8 (available: v0.3.9)
[INFO] running `Command { std: CARGO_HOME="/workspace/cargo-home" RUSTUP_HOME="/workspace/rustup-home" "/workspace/cargo-home/bin/cargo" "+1.100.0-beta.1" "fetch" "--manifest-path" "Cargo.toml", kill_on_drop: false }`
[INFO] [stderr] warning: `package.homepage` is redundant with `package.repository`
[INFO] [stderr]   --> Cargo.toml:30:12
[INFO] [stderr]    |
[INFO] [stderr] 30 | homepage = "https://github.com/walrust/wal"
[INFO] [stderr]    |            ^^^^^^^^^^^^^^^^^^^^^^^^^^^^^^^^
[INFO] [stderr] ...
[INFO] [stderr] 34 | repository = "https://github.com/walrust/wal"
[INFO] [stderr]    |              --------------------------------
[INFO] [stderr]    |
[INFO] [stderr]    = note: `cargo::redundant_homepage` is set to `warn` by default
[INFO] [stderr] help: consider removing `package.homepage`
[INFO] [stderr] warning: `wal-core` (manifest) generated 1 warning
[INFO] running `Command { std: "docker" "create" "-v" "/var/lib/crater-agent-workspace/builds/worker-0-tc2/source:/opt/rustwide/workdir:ro,Z" "-v" "/var/lib/crater-agent-workspace/builds/worker-0-tc2/target:/opt/rustwide/target:rw,Z" "-v" "/var/lib/crater-agent-workspace/cargo-home:/opt/rustwide/cargo-home:ro,Z" "-v" "/var/lib/crater-agent-workspace/rustup-home:/opt/rustwide/rustup-home:ro,Z" "-m" "1610612736" "--network" "none" "ghcr.io/rust-lang/crates-build-env/linux@sha256:3111399a4047eeb3a02b7a90e478d715f38a8c6669b5c4b49d30a17385265909" "sleep" "infinity", kill_on_drop: false }`
[INFO] [stdout] 4496c2af77bbab40c2f4ae5fd21e698d81eba6d9ea593d65b79e5f19f40bfbe9
[INFO] running `Command { std: "docker" "start" "4496c2af77bbab40c2f4ae5fd21e698d81eba6d9ea593d65b79e5f19f40bfbe9", kill_on_drop: false }`
[INFO] running `Command { std: "docker" "inspect" "4496c2af77bbab40c2f4ae5fd21e698d81eba6d9ea593d65b79e5f19f40bfbe9", kill_on_drop: false }`
[INFO] running `Command { std: "docker" "exec" "-e" "SOURCE_DIR=/opt/rustwide/workdir" "-e" "CARGO_HOME=/opt/rustwide/cargo-home" "-e" "RUSTUP_HOME=/opt/rustwide/rustup-home" "-e" "CARGO_TARGET_DIR=/opt/rustwide/target" "-w" "/opt/rustwide/workdir" "--user" "0:0" "4496c2af77bbab40c2f4ae5fd21e698d81eba6d9ea593d65b79e5f19f40bfbe9" "/opt/rustwide/cargo-home/bin/cargo" "+1.100.0-beta.1" "metadata" "--no-deps" "--format-version=1", kill_on_drop: false }`
[INFO] running `Command { std: "docker" "inspect" "4496c2af77bbab40c2f4ae5fd21e698d81eba6d9ea593d65b79e5f19f40bfbe9", kill_on_drop: false }`
[INFO] running `Command { std: "docker" "exec" "-e" "SOURCE_DIR=/opt/rustwide/workdir" "-e" "CARGO_HOME=/opt/rustwide/cargo-home" "-e" "RUSTUP_HOME=/opt/rustwide/rustup-home" "-e" "CARGO_TARGET_DIR=/opt/rustwide/target" "-e" "CARGO_INCREMENTAL=0" "-e" "RUST_BACKTRACE=full" "-e" "RUSTFLAGS=--cap-lints=warn" "-e" "RUSTDOCFLAGS=--cap-lints=warn" "-w" "/opt/rustwide/workdir" "--user" "0:0" "4496c2af77bbab40c2f4ae5fd21e698d81eba6d9ea593d65b79e5f19f40bfbe9" "/opt/rustwide/cargo-home/bin/cargo" "+1.100.0-beta.1" "build" "--frozen" "--message-format=json", kill_on_drop: false }`
[INFO] [stderr] warning: `package.homepage` is redundant with `package.repository`
[INFO] [stderr]   --> Cargo.toml:30:12
[INFO] [stderr]    |
[INFO] [stderr] 30 | homepage = "https://github.com/walrust/wal"
[INFO] [stderr]    |            ^^^^^^^^^^^^^^^^^^^^^^^^^^^^^^^^
[INFO] [stderr] ...
[INFO] [stderr] 34 | repository = "https://github.com/walrust/wal"
[INFO] [stderr]    |              --------------------------------
[INFO] [stderr]    |
[INFO] [stderr]    = note: `cargo::redundant_homepage` is set to `warn` by default
[INFO] [stderr] help: consider removing `package.homepage`
[INFO] [stderr] warning: `wal-core` (manifest) generated 1 warning
[INFO] [stderr]    Compiling unicode-ident v1.0.26
[INFO] [stderr]    Compiling rustversion v1.0.23
[INFO] [stderr]    Compiling wasm-bindgen-shared v0.2.129
[INFO] [stderr]    Compiling bumpalo v3.20.3
[INFO] [stderr]    Compiling futures-sink v0.3.34
[INFO] [stderr]    Compiling futures-core v0.3.34
[INFO] [stderr]    Compiling futures-io v0.3.34
[INFO] [stderr]    Compiling futures-task v0.3.34
[INFO] [stderr]    Compiling proc-macro2 v1.0.107
[INFO] [stderr]    Compiling serde_json v1.0.151
[INFO] [stderr]    Compiling futures-channel v0.3.34
[INFO] [stderr]    Compiling indexmap v2.14.2
[INFO] [stderr]    Compiling winnow v0.5.40
[INFO] [stderr]    Compiling toml_datetime v0.6.11
[INFO] [stderr]    Compiling percent-encoding v2.3.2
[INFO] [stderr]    Compiling http v0.2.12
[INFO] [stderr]    Compiling form_urlencoded v1.2.2
[INFO] [stderr]    Compiling either v1.19.0
[INFO] [stderr]    Compiling quote v1.0.47
[INFO] [stderr]    Compiling wasm-bindgen v0.2.129
[INFO] [stderr]    Compiling itertools v0.11.0
[INFO] [stderr]    Compiling syn v3.0.6
[INFO] [stderr]    Compiling syn v2.0.119
[INFO] [stderr]    Compiling toml_edit v0.19.15
[INFO] [stderr]    Compiling proc-macro-crate v1.3.1
[INFO] [stderr]    Compiling wasm-bindgen-macro-support v0.2.129
[INFO] [stderr]    Compiling thiserror-impl v1.0.69
[INFO] [stderr]    Compiling pin-project-internal v1.1.13
[INFO] [stderr]    Compiling gloo-worker-macros v0.1.0
[INFO] [stderr]    Compiling futures-macro v0.3.34
[INFO] [stderr]    Compiling serde_derive v1.0.229
[INFO] [stderr]    Compiling pin-project v1.1.13
[INFO] [stderr]    Compiling thiserror v1.0.69
[INFO] [stderr]    Compiling futures-util v0.3.34
[INFO] [stderr]    Compiling serde v1.0.229
[INFO] [stderr]    Compiling bincode v1.3.3
[INFO] [stderr]    Compiling serde_urlencoded v0.7.1
[INFO] [stderr]    Compiling futures v0.3.34
[INFO] [stderr]    Compiling pinned v0.1.0
[INFO] [stderr]    Compiling wasm-bindgen-macro v0.2.129
[INFO] [stderr]    Compiling js-sys v0.3.106
[INFO] [stderr]    Compiling console_error_panic_hook v0.1.7
[INFO] [stderr]    Compiling web-sys v0.3.106
[INFO] [stderr]    Compiling wasm-bindgen-futures v0.4.79
[INFO] [stderr]    Compiling serde-wasm-bindgen v0.6.5
[INFO] [stderr]    Compiling gloo-timers v0.3.0
[INFO] [stderr]    Compiling gloo-utils v0.2.0
[INFO] [stderr]    Compiling gloo-events v0.2.0
[INFO] [stderr]    Compiling gloo-render v0.2.0
[INFO] [stderr]    Compiling gloo-dialogs v0.2.0
[INFO] [stderr]    Compiling gloo-worker v0.4.0
[INFO] [stderr]    Compiling gloo-net v0.4.0
[INFO] [stderr]    Compiling gloo-storage v0.3.0
[INFO] [stderr]    Compiling gloo-console v0.3.0
[INFO] [stderr]    Compiling gloo-history v0.2.2
[INFO] [stderr]    Compiling gloo-file v0.3.0
[INFO] [stderr]    Compiling gloo v0.10.0
[INFO] [stderr]    Compiling wal-core v0.1.1 (/opt/rustwide/workdir)
[INFO] [stdout] warning: trailing semicolon in macro used in expression position
[INFO] [stdout]   --> src/utils.rs:11:9
[INFO] [stdout]    |
[INFO] [stdout] 11 |         log!(text.to_string())
[INFO] [stdout]    |         ^^^^^^^^^^^^^^^^^^^^^^
[INFO] [stdout]    |
[INFO] [stdout]    = note: macro invocations at the end of a block are treated as expressions
[INFO] [stdout]    = note: to ignore the value produced by the macro, add a semicolon after the invocation of `log`
[INFO] [stdout]    = warning: this was previously accepted by the compiler but is being phased out; it will become a hard error in a future release!
[INFO] [stdout]    = note: for more information, see issue #79813 <https://github.com/rust-lang/rust/issues/79813>
[INFO] [stdout]    = note: `#[warn(semicolon_in_expressions_from_non_local_macros)]` (part of `#[warn(future_incompatible)]`) on by default
[INFO] [stdout]    = note: this warning originates in the macro `log` (in Nightly builds, run with -Z macro-backtrace for more info)
[INFO] [stdout] 
[INFO] [stdout] 
[INFO] [stdout] warning: trailing semicolon in macro used in expression position
[INFO] [stdout]   --> src/utils.rs:21:9
[INFO] [stdout]    |
[INFO] [stdout] 21 |         warn!(text.to_string().as_str())
[INFO] [stdout]    |         ^^^^^^^^^^^^^^^^^^^^^^^^^^^^^^^^
[INFO] [stdout]    |
[INFO] [stdout]    = note: macro invocations at the end of a block are treated as expressions
[INFO] [stdout]    = note: to ignore the value produced by the macro, add a semicolon after the invocation of `warn`
[INFO] [stdout]    = warning: this was previously accepted by the compiler but is being phased out; it will become a hard error in a future release!
[INFO] [stdout]    = note: for more information, see issue #79813 <https://github.com/rust-lang/rust/issues/79813>
[INFO] [stdout]    = note: this warning originates in the macro `warn` (in Nightly builds, run with -Z macro-backtrace for more info)
[INFO] [stdout] 
[INFO] [stdout] 
[INFO] [stdout] warning: associated function `new` is never used
[INFO] [stdout]   --> src/component/mod.rs:43:8
[INFO] [stdout]    |
[INFO] [stdout] 42 | pub(crate) trait AnyComponent {
[INFO] [stdout]    |                  ------------ associated function in this trait
[INFO] [stdout] 43 |     fn new(props: Box<dyn Any>) -> Self
[INFO] [stdout]    |        ^^^
[INFO] [stdout]    |
[INFO] [stdout]    = note: `#[warn(dead_code)]` (part of `#[warn(unused)]`) on by default
[INFO] [stdout] 
[INFO] [stdout] 
[INFO] [stderr]     Finished `dev` profile [unoptimized + debuginfo] target(s) in 1m 04s
[INFO] [stderr] warning: the following packages contain code that will be rejected by a future version of Rust: wal-core v0.1.1 (/opt/rustwide/workdir)
[INFO] [stderr] note: to see what the problems were, use the option `--future-incompat-report`, or run `cargo report future-incompatibilities --id 1`
[INFO] running `Command { std: "docker" "inspect" "4496c2af77bbab40c2f4ae5fd21e698d81eba6d9ea593d65b79e5f19f40bfbe9", kill_on_drop: false }`
[INFO] running `Command { std: "docker" "exec" "-e" "SOURCE_DIR=/opt/rustwide/workdir" "-e" "CARGO_HOME=/opt/rustwide/cargo-home" "-e" "RUSTUP_HOME=/opt/rustwide/rustup-home" "-e" "CARGO_TARGET_DIR=/opt/rustwide/target" "-e" "CARGO_INCREMENTAL=0" "-e" "RUST_BACKTRACE=full" "-e" "RUSTFLAGS=--cap-lints=warn" "-e" "RUSTDOCFLAGS=--cap-lints=warn" "-w" "/opt/rustwide/workdir" "--user" "0:0" "4496c2af77bbab40c2f4ae5fd21e698d81eba6d9ea593d65b79e5f19f40bfbe9" "/opt/rustwide/cargo-home/bin/cargo" "+1.100.0-beta.1" "test" "--frozen" "--no-run" "--message-format=json", kill_on_drop: false }`
[INFO] [stderr] warning: `package.homepage` is redundant with `package.repository`
[INFO] [stderr]   --> Cargo.toml:30:12
[INFO] [stderr]    |
[INFO] [stderr] 30 | homepage = "https://github.com/walrust/wal"
[INFO] [stderr]    |            ^^^^^^^^^^^^^^^^^^^^^^^^^^^^^^^^
[INFO] [stderr] ...
[INFO] [stderr] 34 | repository = "https://github.com/walrust/wal"
[INFO] [stderr]    |              --------------------------------
[INFO] [stderr]    |
[INFO] [stderr]    = note: `cargo::redundant_homepage` is set to `warn` by default
[INFO] [stderr] help: consider removing `package.homepage`
[INFO] [stderr] warning: `wal-core` (manifest) generated 1 warning
[INFO] [stderr]    Compiling libm v0.2.16
[INFO] [stderr]    Compiling num-traits v0.2.19
[INFO] [stderr]    Compiling async-trait v0.1.92
[INFO] [stderr]    Compiling wasm-bindgen-test-macro v0.3.79
[INFO] [stderr]    Compiling wasm-bindgen-test-shared v0.2.129
[INFO] [stderr]    Compiling oorandom v11.1.5
[INFO] [stderr]    Compiling nu-ansi-term v0.50.3
[INFO] [stderr]    Compiling cast v0.3.0
[INFO] [stdout] warning: trailing semicolon in macro used in expression position
[INFO] [stdout]   --> src/utils.rs:11:9
[INFO] [stdout]    |
[INFO] [stdout] 11 |         log!(text.to_string())
[INFO] [stdout]    |         ^^^^^^^^^^^^^^^^^^^^^^
[INFO] [stdout]    |
[INFO] [stdout]    = note: macro invocations at the end of a block are treated as expressions
[INFO] [stdout]    = note: to ignore the value produced by the macro, add a semicolon after the invocation of `log`
[INFO] [stdout]    = warning: this was previously accepted by the compiler but is being phased out; it will become a hard error in a future release!
[INFO] [stdout]    = note: for more information, see issue #79813 <https://github.com/rust-lang/rust/issues/79813>
[INFO] [stdout]    = note: `#[warn(semicolon_in_expressions_from_non_local_macros)]` (part of `#[warn(future_incompatible)]`) on by default
[INFO] [stdout]    = note: this warning originates in the macro `log` (in Nightly builds, run with -Z macro-backtrace for more info)
[INFO] [stdout] 
[INFO] [stdout] 
[INFO] [stdout] warning: trailing semicolon in macro used in expression position
[INFO] [stdout]   --> src/utils.rs:21:9
[INFO] [stdout]    |
[INFO] [stdout] 21 |         warn!(text.to_string().as_str())
[INFO] [stdout]    |         ^^^^^^^^^^^^^^^^^^^^^^^^^^^^^^^^
[INFO] [stdout]    |
[INFO] [stdout]    = note: macro invocations at the end of a block are treated as expressions
[INFO] [stdout]    = note: to ignore the value produced by the macro, add a semicolon after the invocation of `warn`
[INFO] [stdout]    = warning: this was previously accepted by the compiler but is being phased out; it will become a hard error in a future release!
[INFO] [stdout]    = note: for more information, see issue #79813 <https://github.com/rust-lang/rust/issues/79813>
[INFO] [stdout]    = note: this warning originates in the macro `warn` (in Nightly builds, run with -Z macro-backtrace for more info)
[INFO] [stdout] 
[INFO] [stdout] 
[INFO] [stdout] warning: associated function `new` is never used
[INFO] [stdout]   --> src/component/mod.rs:43:8
[INFO] [stdout]    |
[INFO] [stdout] 42 | pub(crate) trait AnyComponent {
[INFO] [stdout]    |                  ------------ associated function in this trait
[INFO] [stdout] 43 |     fn new(props: Box<dyn Any>) -> Self
[INFO] [stdout]    |        ^^^
[INFO] [stdout]    |
[INFO] [stdout]    = note: `#[warn(dead_code)]` (part of `#[warn(unused)]`) on by default
[INFO] [stdout] 
[INFO] [stdout] 
[INFO] [stderr]    Compiling wasm-bindgen-test v0.3.79
[INFO] [stderr]    Compiling wal-core v0.1.1 (/opt/rustwide/workdir)
[INFO] [stdout] warning: trailing semicolon in macro used in expression position
[INFO] [stdout]   --> src/utils.rs:11:9
[INFO] [stdout]    |
[INFO] [stdout] 11 |         log!(text.to_string())
[INFO] [stdout]    |         ^^^^^^^^^^^^^^^^^^^^^^
[INFO] [stdout]    |
[INFO] [stdout]    = note: macro invocations at the end of a block are treated as expressions
[INFO] [stdout]    = note: to ignore the value produced by the macro, add a semicolon after the invocation of `log`
[INFO] [stdout]    = warning: this was previously accepted by the compiler but is being phased out; it will become a hard error in a future release!
[INFO] [stdout]    = note: for more information, see issue #79813 <https://github.com/rust-lang/rust/issues/79813>
[INFO] [stdout]    = note: `#[warn(semicolon_in_expressions_from_non_local_macros)]` (part of `#[warn(future_incompatible)]`) on by default
[INFO] [stdout]    = note: this warning originates in the macro `log` (in Nightly builds, run with -Z macro-backtrace for more info)
[INFO] [stdout] 
[INFO] [stdout] 
[INFO] [stdout] warning: trailing semicolon in macro used in expression position
[INFO] [stdout]   --> src/utils.rs:21:9
[INFO] [stdout]    |
[INFO] [stdout] 21 |         warn!(text.to_string().as_str())
[INFO] [stdout]    |         ^^^^^^^^^^^^^^^^^^^^^^^^^^^^^^^^
[INFO] [stdout]    |
[INFO] [stdout]    = note: macro invocations at the end of a block are treated as expressions
[INFO] [stdout]    = note: to ignore the value produced by the macro, add a semicolon after the invocation of `warn`
[INFO] [stdout]    = warning: this was previously accepted by the compiler but is being phased out; it will become a hard error in a future release!
[INFO] [stdout]    = note: for more information, see issue #79813 <https://github.com/rust-lang/rust/issues/79813>
[INFO] [stdout]    = note: this warning originates in the macro `warn` (in Nightly builds, run with -Z macro-backtrace for more info)
[INFO] [stdout] 
[INFO] [stdout] 
[INFO] [stdout] warning: associated function `new` is never used
[INFO] [stdout]   --> src/component/mod.rs:43:8
[INFO] [stdout]    |
[INFO] [stdout] 42 | pub(crate) trait AnyComponent {
[INFO] [stdout]    |                  ------------ associated function in this trait
[INFO] [stdout] 43 |     fn new(props: Box<dyn Any>) -> Self
[INFO] [stdout]    |        ^^^
[INFO] [stdout]    |
[INFO] [stdout]    = note: `#[warn(dead_code)]` (part of `#[warn(unused)]`) on by default
[INFO] [stdout] 
[INFO] [stdout] 
[INFO] [stdout] warning: struct `Root2` is never constructed
[INFO] [stdout]    --> src/router/mod.rs:228:12
[INFO] [stdout]     |
[INFO] [stdout] 228 |     struct Root2;
[INFO] [stdout]     |            ^^^^^
[INFO] [stdout] 
[INFO] [stdout] 
[INFO] [stderr]     Finished `test` profile [unoptimized + debuginfo] target(s) in 6.94s
[INFO] [stderr] warning: the following packages contain code that will be rejected by a future version of Rust: wal-core v0.1.1 (/opt/rustwide/workdir)
[INFO] [stderr] note: to see what the problems were, use the option `--future-incompat-report`, or run `cargo report future-incompatibilities --id 2`
[INFO] running `Command { std: "docker" "inspect" "4496c2af77bbab40c2f4ae5fd21e698d81eba6d9ea593d65b79e5f19f40bfbe9", kill_on_drop: false }`
[INFO] running `Command { std: "docker" "exec" "-e" "SOURCE_DIR=/opt/rustwide/workdir" "-e" "CARGO_HOME=/opt/rustwide/cargo-home" "-e" "RUSTUP_HOME=/opt/rustwide/rustup-home" "-e" "CARGO_TARGET_DIR=/opt/rustwide/target" "-e" "CARGO_INCREMENTAL=0" "-e" "RUST_BACKTRACE=full" "-e" "RUSTFLAGS=--cap-lints=warn" "-e" "RUSTDOCFLAGS=--cap-lints=warn" "-w" "/opt/rustwide/workdir" "--user" "0:0" "4496c2af77bbab40c2f4ae5fd21e698d81eba6d9ea593d65b79e5f19f40bfbe9" "/opt/rustwide/cargo-home/bin/cargo" "+1.100.0-beta.1" "test" "--frozen", kill_on_drop: false }`
[INFO] [stderr] warning: `package.homepage` is redundant with `package.repository`
[INFO] [stderr]   --> Cargo.toml:30:12
[INFO] [stderr]    |
[INFO] [stderr] 30 | homepage = "https://github.com/walrust/wal"
[INFO] [stderr]    |            ^^^^^^^^^^^^^^^^^^^^^^^^^^^^^^^^
[INFO] [stderr] ...
[INFO] [stderr] 34 | repository = "https://github.com/walrust/wal"
[INFO] [stderr]    |              --------------------------------
[INFO] [stderr]    |
[INFO] [stderr]    = note: `cargo::redundant_homepage` is set to `warn` by default
[INFO] [stderr] help: consider removing `package.homepage`
[INFO] [stderr] warning: `wal-core` (manifest) generated 1 warning
[INFO] [stderr] warning: trailing semicolon in macro used in expression position
[INFO] [stderr]   --> src/utils.rs:11:9
[INFO] [stderr]    |
[INFO] [stderr] 11 |         log!(text.to_string())
[INFO] [stderr]    |         ^^^^^^^^^^^^^^^^^^^^^^
[INFO] [stderr]    |
[INFO] [stderr]    = note: macro invocations at the end of a block are treated as expressions
[INFO] [stderr]    = note: to ignore the value produced by the macro, add a semicolon after the invocation of `log`
[INFO] [stderr]    = warning: this was previously accepted by the compiler but is being phased out; it will become a hard error in a future release!
[INFO] [stderr]    = note: for more information, see issue #79813 <https://github.com/rust-lang/rust/issues/79813>
[INFO] [stderr]    = note: `#[warn(semicolon_in_expressions_from_non_local_macros)]` (part of `#[warn(future_incompatible)]`) on by default
[INFO] [stderr]    = note: this warning originates in the macro `log` (in Nightly builds, run with -Z macro-backtrace for more info)
[INFO] [stderr] 
[INFO] [stderr] warning: trailing semicolon in macro used in expression position
[INFO] [stderr]   --> src/utils.rs:21:9
[INFO] [stderr]    |
[INFO] [stderr] 21 |         warn!(text.to_string().as_str())
[INFO] [stderr]    |         ^^^^^^^^^^^^^^^^^^^^^^^^^^^^^^^^
[INFO] [stderr]    |
[INFO] [stderr]    = note: macro invocations at the end of a block are treated as expressions
[INFO] [stderr]    = note: to ignore the value produced by the macro, add a semicolon after the invocation of `warn`
[INFO] [stderr]    = warning: this was previously accepted by the compiler but is being phased out; it will become a hard error in a future release!
[INFO] [stderr]    = note: for more information, see issue #79813 <https://github.com/rust-lang/rust/issues/79813>
[INFO] [stderr]    = note: this warning originates in the macro `warn` (in Nightly builds, run with -Z macro-backtrace for more info)
[INFO] [stderr] 
[INFO] [stderr] warning: associated function `new` is never used
[INFO] [stderr]   --> src/component/mod.rs:43:8
[INFO] [stderr]    |
[INFO] [stderr] 42 | pub(crate) trait AnyComponent {
[INFO] [stderr]    |                  ------------ associated function in this trait
[INFO] [stderr] 43 |     fn new(props: Box<dyn Any>) -> Self
[INFO] [stderr]    |        ^^^
[INFO] [stderr]    |
[INFO] [stderr]    = note: `#[warn(dead_code)]` (part of `#[warn(unused)]`) on by default
[INFO] [stderr] 
[INFO] [stderr] warning: `wal-core` (lib) generated 3 warnings
[INFO] [stderr] warning: struct `Root2` is never constructed
[INFO] [stderr]    --> src/router/mod.rs:228:12
[INFO] [stderr]     |
[INFO] [stderr] 228 |     struct Root2;
[INFO] [stderr]     |            ^^^^^
[INFO] [stderr] 
[INFO] [stderr] warning: `wal-core` (lib test) generated 4 warnings (3 duplicates)
[INFO] [stderr]     Finished `test` profile [unoptimized + debuginfo] target(s) in 0.54s
[INFO] [stderr] warning: the following packages contain code that will be rejected by a future version of Rust: wal-core v0.1.1 (/opt/rustwide/workdir)
[INFO] [stderr] note: to see what the problems were, use the option `--future-incompat-report`, or run `cargo report future-incompatibilities --id 2`
[INFO] [stderr]      Running unittests src/lib.rs (/opt/rustwide/target/debug/build/wal-core/4db823a763db16a0/out/wal_core-4db823a763db16a0)
[INFO] [stdout] 
[INFO] [stdout] running 5 tests
[INFO] [stdout] test utils::tests::raw_memory_compare_should_return_false_when_values_are_not_the_same_type ... ok
[INFO] [stdout] test utils::tests::raw_memory_compare_should_return_true_when_values_are_the_same ... ok
[INFO] [stdout] test utils::tests::raw_memory_compare_should_return_false_when_values_are_not_the_same ... ok
[INFO] [stdout] test utils::tests::raw_memory_compare_should_return_false_when_values_are_collections_not_the_same_type ... ok
[INFO] [stdout] test utils::tests::raw_memory_compare_should_return_false_when_values_are_not_the_same_size ... ok
[INFO] [stdout] 
[INFO] [stdout] test result: ok. 5 passed; 0 failed; 0 ignored; 0 measured; 0 filtered out; finished in 0.00s
[INFO] [stdout] 
[INFO] [stderr]    Doc-tests wal_core
[INFO] [stdout] 
[INFO] [stdout] running 4 tests
[INFO] [stdout] test src/virtual_dom/vcomponent.rs - virtual_dom::vcomponent::VComponent::new (line 38) ... FAILED
[INFO] [stdout] test src/virtual_dom/velement.rs - virtual_dom::velement::VElement::new (line 26) ... FAILED
[INFO] [stdout] test src/virtual_dom/vtext.rs - virtual_dom::vtext::VText::new (line 17) ... FAILED
[INFO] [stdout] test src/router/mod.rs - router::Router::start (line 71) ... FAILED
[INFO] [stdout] 
[INFO] [stdout] failures:
[INFO] [stdout] 
[INFO] [stdout] ---- src/virtual_dom/vcomponent.rs - virtual_dom::vcomponent::VComponent::new (line 38) stdout ----
[INFO] [stdout] error: non-item in item list
[INFO] [stdout]   --> src/virtual_dom/vcomponent.rs:42:5
[INFO] [stdout]    |
[INFO] [stdout] 40 | impl Component for ExampleComponent {
[INFO] [stdout]    |                                     - item list starts here
[INFO] [stdout] 41 |     type Properties = ();
[INFO] [stdout] 42 |     ...
[INFO] [stdout]    |     ^^^ non-item starts here
[INFO] [stdout] 43 | }
[INFO] [stdout]    | - item list ends here
[INFO] [stdout] 
[INFO] [stdout] error[E0405]: cannot find trait `Component` in this scope
[INFO] [stdout]   --> src/virtual_dom/vcomponent.rs:40:6
[INFO] [stdout]    |
[INFO] [stdout] 40 | impl Component for ExampleComponent {
[INFO] [stdout]    |      ^^^^^^^^^ not found in this scope
[INFO] [stdout] 
[INFO] [stdout] error[E0433]: cannot find type `VComponent` in this scope
[INFO] [stdout]   --> src/virtual_dom/vcomponent.rs:45:13
[INFO] [stdout]    |
[INFO] [stdout] 45 | let vcomp = VComponent::new::<ExampleComponent>(props, None);
[INFO] [stdout]    |             ^^^^^^^^^^ use of undeclared type `VComponent`
[INFO] [stdout] 
[INFO] [stdout] error: aborting due to 3 previous errors
[INFO] [stdout] 
[INFO] [stdout] Some errors have detailed explanations: E0405, E0433.
[INFO] [stdout] For more information about an error, try `rustc --explain E0405`.
[INFO] [stdout] Couldn't compile the test.
[INFO] [stdout] ---- src/virtual_dom/velement.rs - virtual_dom::velement::VElement::new (line 26) stdout ----
[INFO] [stdout] error[E0433]: cannot find type `VElement` in this scope
[INFO] [stdout]   --> src/virtual_dom/velement.rs:27:15
[INFO] [stdout]    |
[INFO] [stdout] 27 | let element = VElement::new(
[INFO] [stdout]    |               ^^^^^^^^ use of undeclared type `VElement`
[INFO] [stdout] 
[INFO] [stdout] error[E0277]: the type `str` cannot be indexed by `(String, String)`
[INFO] [stdout]   --> src/virtual_dom/velement.rs:29:6
[INFO] [stdout]    |
[INFO] [stdout] 29 |     [(String::from("id"),String::from("example"))].into(),  // attr,
[INFO] [stdout]    |      ^^^^^^^^^^^^^^^^^^^^^^^^^^^^^^^^^^^^^^^^^^^^ string indices are ranges of `usize`
[INFO] [stdout]    |
[INFO] [stdout]    = help: the trait `SliceIndex<str>` is not implemented for `(String, String)`
[INFO] [stdout] help: the trait `SliceIndex<str>` is implemented for `(Bound<usize>, Bound<usize>)`
[INFO] [stdout]   --> /rustc/e3feeb59cd1bdd011a2bfcc0747b55125d9b8527/library/core/src/str/traits.rs:367:0
[INFO] [stdout]    = note: required for `String` to implement `Index<(String, String)>`
[INFO] [stdout] 
[INFO] [stdout] error[E0433]: cannot find type `VNode` in this scope
[INFO] [stdout]   --> src/virtual_dom/velement.rs:32:10
[INFO] [stdout]    |
[INFO] [stdout] 32 |     vec![VNode::Text(VText::new("child"))]                  // children
[INFO] [stdout]    |          ^^^^^ use of undeclared type `VNode`
[INFO] [stdout] 
[INFO] [stdout] error[E0433]: cannot find type `VText` in this scope
[INFO] [stdout]   --> src/virtual_dom/velement.rs:32:22
[INFO] [stdout]    |
[INFO] [stdout] 32 |     vec![VNode::Text(VText::new("child"))]                  // children
[INFO] [stdout]    |                      ^^^^^ use of undeclared type `VText`
[INFO] [stdout] 
[INFO] [stdout] error: aborting due to 4 previous errors
[INFO] [stdout] 
[INFO] [stdout] Some errors have detailed explanations: E0277, E0433.
[INFO] [stdout] For more information about an error, try `rustc --explain E0277`.
[INFO] [stdout] Couldn't compile the test.
[INFO] [stdout] ---- src/virtual_dom/vtext.rs - virtual_dom::vtext::VText::new (line 17) stdout ----
[INFO] [stdout] error[E0433]: cannot find type `VText` in this scope
[INFO] [stdout]   --> src/virtual_dom/vtext.rs:18:14
[INFO] [stdout]    |
[INFO] [stdout] 18 | let vtext1 = VText::new(321);
[INFO] [stdout]    |              ^^^^^ use of undeclared type `VText`
[INFO] [stdout] 
[INFO] [stdout] error[E0433]: cannot find type `VText` in this scope
[INFO] [stdout]   --> src/virtual_dom/vtext.rs:19:14
[INFO] [stdout]    |
[INFO] [stdout] 19 | let vtext2 = VText::new("321");
[INFO] [stdout]    |              ^^^^^ use of undeclared type `VText`
[INFO] [stdout] 
[INFO] [stdout] error: aborting due to 2 previous errors
[INFO] [stdout] 
[INFO] [stdout] For more information about this error, try `rustc --explain E0433`.
[INFO] [stdout] Couldn't compile the test.
[INFO] [stdout] ---- src/router/mod.rs - router::Router::start (line 71) stdout ----
[INFO] [stdout] error: non-item in item list
[INFO] [stdout]   --> src/router/mod.rs:74:30
[INFO] [stdout]    |
[INFO] [stdout] 74 | impl Component for MainPage {...}
[INFO] [stdout]    |                             -^^^- item list ends here
[INFO] [stdout]    |                             ||
[INFO] [stdout]    |                             |non-item starts here
[INFO] [stdout]    |                             item list starts here
[INFO] [stdout] 
[INFO] [stdout] error[E0405]: cannot find trait `Component` in this scope
[INFO] [stdout]   --> src/router/mod.rs:74:6
[INFO] [stdout]    |
[INFO] [stdout] 74 | impl Component for MainPage {...}
[INFO] [stdout]    |      ^^^^^^^^^ not found in this scope
[INFO] [stdout] 
[INFO] [stdout] error[E0433]: cannot find type `RouterBuilder` in this scope
[INFO] [stdout]   --> src/router/mod.rs:79:1
[INFO] [stdout]    |
[INFO] [stdout] 79 | RouterBuilder::default()
[INFO] [stdout]    | ^^^^^^^^^^^^^ use of undeclared type `RouterBuilder`
[INFO] [stdout] 
[INFO] [stdout] error: aborting due to 3 previous errors
[INFO] [stdout] 
[INFO] [stdout] Some errors have detailed explanations: E0405, E0433.
[INFO] [stdout] For more information about an error, try `rustc --explain E0405`.
[INFO] [stdout] Couldn't compile the test.
[INFO] [stdout] 
[INFO] [stdout] failures:
[INFO] [stdout]     src/router/mod.rs - router::Router::start (line 71)
[INFO] [stdout]     src/virtual_dom/vcomponent.rs - virtual_dom::vcomponent::VComponent::new (line 38)
[INFO] [stdout]     src/virtual_dom/velement.rs - virtual_dom::velement::VElement::new (line 26)
[INFO] [stdout]     src/virtual_dom/vtext.rs - virtual_dom::vtext::VText::new (line 17)
[INFO] [stdout] 
[INFO] [stdout] test result: FAILED. 0 passed; 4 failed; 0 ignored; 0 measured; 0 filtered out; finished in 0.25s
[INFO] [stdout] 
[INFO] [stderr] error: doctest failed, to rerun pass `--doc`
[INFO] running `Command { std: "docker" "inspect" "4496c2af77bbab40c2f4ae5fd21e698d81eba6d9ea593d65b79e5f19f40bfbe9", kill_on_drop: false }`
[INFO] running `Command { std: "docker" "rm" "-f" "4496c2af77bbab40c2f4ae5fd21e698d81eba6d9ea593d65b79e5f19f40bfbe9", kill_on_drop: false }`
[INFO] [stdout] 4496c2af77bbab40c2f4ae5fd21e698d81eba6d9ea593d65b79e5f19f40bfbe9
