[INFO] fetching crate wafrift-sanitizer 0.3.1...
[INFO] testing wafrift-sanitizer-0.3.1 against 1.100.0-beta.1 for beta-1.100-2
[INFO] extracting crate wafrift-sanitizer 0.3.1 into /workspace/builds/worker-3-tc2/source
[INFO] started tweaking crates.io crate wafrift-sanitizer 0.3.1
[INFO] removed 0 missing tests
[INFO] finished tweaking crates.io crate wafrift-sanitizer 0.3.1
[INFO] tweaked toml for crates.io crate wafrift-sanitizer 0.3.1 written to /workspace/builds/worker-3-tc2/source/Cargo.toml
[INFO] validating manifest of crates.io crate wafrift-sanitizer 0.3.1 on toolchain 1.100.0-beta.1
[INFO] running `Command { std: CARGO_HOME="/workspace/cargo-home" RUSTUP_HOME="/workspace/rustup-home" "/workspace/cargo-home/bin/cargo" "+1.100.0-beta.1" "metadata" "--manifest-path" "Cargo.toml" "--no-deps", kill_on_drop: false }`
[INFO] crate crates.io crate wafrift-sanitizer 0.3.1 already has a lockfile, it will not be regenerated
[INFO] running `Command { std: CARGO_HOME="/workspace/cargo-home" RUSTUP_HOME="/workspace/rustup-home" "/workspace/cargo-home/bin/cargo" "+1.100.0-beta.1" "fetch" "--manifest-path" "Cargo.toml", kill_on_drop: false }`
[INFO] running `Command { std: "docker" "create" "-v" "/var/lib/crater-agent-workspace/builds/worker-3-tc2/source:/opt/rustwide/workdir:ro,Z" "-v" "/var/lib/crater-agent-workspace/builds/worker-3-tc2/target:/opt/rustwide/target:rw,Z" "-v" "/var/lib/crater-agent-workspace/cargo-home:/opt/rustwide/cargo-home:ro,Z" "-v" "/var/lib/crater-agent-workspace/rustup-home:/opt/rustwide/rustup-home:ro,Z" "-m" "1610612736" "--network" "none" "ghcr.io/rust-lang/crates-build-env/linux@sha256:3111399a4047eeb3a02b7a90e478d715f38a8c6669b5c4b49d30a17385265909" "sleep" "infinity", kill_on_drop: false }`
[INFO] [stdout] 097aad4d7c60e2cbf0d90214e1af01dbf54efc448326dce6f74db26213ebf77a
[INFO] running `Command { std: "docker" "start" "097aad4d7c60e2cbf0d90214e1af01dbf54efc448326dce6f74db26213ebf77a", kill_on_drop: false }`
[INFO] running `Command { std: "docker" "inspect" "097aad4d7c60e2cbf0d90214e1af01dbf54efc448326dce6f74db26213ebf77a", kill_on_drop: false }`
[INFO] running `Command { std: "docker" "exec" "-e" "SOURCE_DIR=/opt/rustwide/workdir" "-e" "CARGO_HOME=/opt/rustwide/cargo-home" "-e" "RUSTUP_HOME=/opt/rustwide/rustup-home" "-e" "CARGO_TARGET_DIR=/opt/rustwide/target" "-w" "/opt/rustwide/workdir" "--user" "0:0" "097aad4d7c60e2cbf0d90214e1af01dbf54efc448326dce6f74db26213ebf77a" "/opt/rustwide/cargo-home/bin/cargo" "+1.100.0-beta.1" "metadata" "--no-deps" "--format-version=1", kill_on_drop: false }`
[INFO] running `Command { std: "docker" "inspect" "097aad4d7c60e2cbf0d90214e1af01dbf54efc448326dce6f74db26213ebf77a", kill_on_drop: false }`
[INFO] running `Command { std: "docker" "exec" "-e" "SOURCE_DIR=/opt/rustwide/workdir" "-e" "CARGO_HOME=/opt/rustwide/cargo-home" "-e" "RUSTUP_HOME=/opt/rustwide/rustup-home" "-e" "CARGO_TARGET_DIR=/opt/rustwide/target" "-e" "CARGO_INCREMENTAL=0" "-e" "RUST_BACKTRACE=full" "-e" "RUSTFLAGS=--cap-lints=warn" "-e" "RUSTDOCFLAGS=--cap-lints=warn" "-w" "/opt/rustwide/workdir" "--user" "0:0" "097aad4d7c60e2cbf0d90214e1af01dbf54efc448326dce6f74db26213ebf77a" "/opt/rustwide/cargo-home/bin/cargo" "+1.100.0-beta.1" "build" "--frozen" "--message-format=json", kill_on_drop: false }`
[INFO] [stderr]    Compiling proc-macro2 v1.0.106
[INFO] [stderr]    Compiling unicode-ident v1.0.24
[INFO] [stderr]    Compiling quote v1.0.45
[INFO] [stderr]    Compiling memchr v2.8.1
[INFO] [stderr]    Compiling serde_core v1.0.228
[INFO] [stderr]    Compiling libc v0.2.186
[INFO] [stderr]    Compiling cfg-if v1.0.4
[INFO] [stderr]    Compiling serde v1.0.228
[INFO] [stderr]    Compiling shlex v2.0.1
[INFO] [stderr]    Compiling object v0.37.3
[INFO] [stderr]    Compiling zerocopy v0.8.52
[INFO] [stderr]    Compiling hashbrown v0.17.0
[INFO] [stderr]    Compiling equivalent v1.0.2
[INFO] [stderr]    Compiling toml_write v0.1.2
[INFO] [stderr]    Compiling winnow v0.7.15
[INFO] [stderr]    Compiling getrandom v0.4.2
[INFO] [stderr]    Compiling zmij v1.0.21
[INFO] [stderr]    Compiling serde_json v1.0.149
[INFO] [stderr]    Compiling once_cell v1.21.4
[INFO] [stderr]    Compiling thiserror v2.0.18
[INFO] [stderr]    Compiling cc v1.2.63
[INFO] [stderr]    Compiling crc32fast v1.5.0
[INFO] [stderr]    Compiling alloc-no-stdlib v2.0.4
[INFO] [stderr]    Compiling tracing-core v0.1.36
[INFO] [stderr]    Compiling itoa v1.0.18
[INFO] [stderr]    Compiling tinyvec_macros v0.1.1
[INFO] [stderr]    Compiling pin-project-lite v0.2.17
[INFO] [stderr]    Compiling tinyvec v1.11.0
[INFO] [stderr]    Compiling alloc-stdlib v0.2.2
[INFO] [stderr]    Compiling adler2 v2.0.1
[INFO] [stderr]    Compiling urlencoding v2.1.3
[INFO] [stderr]    Compiling santh-bogon v0.1.0
[INFO] [stderr]    Compiling simd-adler32 v0.3.9
[INFO] [stderr]    Compiling base64 v0.22.1
[INFO] [stderr]    Compiling brotli-decompressor v5.0.1
[INFO] [stderr]    Compiling log v0.4.32
[INFO] [stderr]    Compiling unicode-normalization v0.1.25
[INFO] [stderr]    Compiling regex-syntax v0.8.11
[INFO] [stderr]    Compiling hex v0.4.3
[INFO] [stderr]    Compiling miniz_oxide v0.8.9
[INFO] [stderr]    Compiling aho-corasick v1.1.4
[INFO] [stderr]    Compiling indexmap v2.14.0
[INFO] [stderr]    Compiling stacker v0.1.24
[INFO] [stderr]    Compiling flate2 v1.1.9
[INFO] [stderr]    Compiling brotli v8.0.3
[INFO] [stderr]    Compiling syn v2.0.117
[INFO] [stderr]    Compiling getrandom v0.2.17
[INFO] [stderr]    Compiling rand_core v0.6.4
[INFO] [stderr]    Compiling uuid v1.23.3
[INFO] [stderr]    Compiling regex-automata v0.4.14
[INFO] [stderr]    Compiling ar_archive_writer v0.5.2
[INFO] [stderr]    Compiling ppv-lite86 v0.2.21
[INFO] [stderr]    Compiling psm v0.1.31
[INFO] [stderr]    Compiling rand_chacha v0.3.1
[INFO] [stderr]    Compiling rand v0.8.5
[INFO] [stderr]    Compiling regex v1.12.3
[INFO] [stderr]    Compiling serde_derive v1.0.228
[INFO] [stderr]    Compiling thiserror-impl v2.0.18
[INFO] [stderr]    Compiling tracing-attributes v0.1.31
[INFO] [stderr]    Compiling recursive-proc-macro-impl v0.1.1
[INFO] [stderr]    Compiling recursive v0.1.1
[INFO] [stderr]    Compiling sqlparser v0.61.0
[INFO] [stderr]    Compiling tracing v0.1.44
[INFO] [stderr]    Compiling serde_spanned v0.6.9
[INFO] [stderr]    Compiling toml_datetime v0.6.11
[INFO] [stderr]    Compiling wafrift-types v0.3.1
[INFO] [stderr]    Compiling toml_edit v0.22.27
[INFO] [stderr]    Compiling toml v0.8.23
[INFO] [stderr]    Compiling wafrift-encoding v0.3.1
[INFO] [stderr]    Compiling wafrift-grammar v0.3.1
[INFO] [stderr]    Compiling wafrift-wafmodel v0.3.1
[INFO] [stderr]    Compiling wafrift-sanitizer v0.3.1 (/opt/rustwide/workdir)
[INFO] [stderr]     Finished `dev` profile [unoptimized + debuginfo] target(s) in 48.05s
[INFO] running `Command { std: "docker" "inspect" "097aad4d7c60e2cbf0d90214e1af01dbf54efc448326dce6f74db26213ebf77a", kill_on_drop: false }`
[INFO] running `Command { std: "docker" "exec" "-e" "SOURCE_DIR=/opt/rustwide/workdir" "-e" "CARGO_HOME=/opt/rustwide/cargo-home" "-e" "RUSTUP_HOME=/opt/rustwide/rustup-home" "-e" "CARGO_TARGET_DIR=/opt/rustwide/target" "-e" "CARGO_INCREMENTAL=0" "-e" "RUST_BACKTRACE=full" "-e" "RUSTFLAGS=--cap-lints=warn" "-e" "RUSTDOCFLAGS=--cap-lints=warn" "-w" "/opt/rustwide/workdir" "--user" "0:0" "097aad4d7c60e2cbf0d90214e1af01dbf54efc448326dce6f74db26213ebf77a" "/opt/rustwide/cargo-home/bin/cargo" "+1.100.0-beta.1" "test" "--frozen" "--no-run" "--message-format=json", kill_on_drop: false }`
[INFO] [stderr]    Compiling getrandom v0.3.4
[INFO] [stderr]    Compiling rustix v1.1.4
[INFO] [stderr]    Compiling bitflags v2.13.0
[INFO] [stderr]    Compiling num-traits v0.2.19
[INFO] [stderr]    Compiling fastrand v2.4.1
[INFO] [stderr]    Compiling wait-timeout v0.2.1
[INFO] [stderr]    Compiling bit-vec v0.8.0
[INFO] [stderr]    Compiling quick-error v1.2.3
[INFO] [stderr]    Compiling fnv v1.0.7
[INFO] [stderr]    Compiling unarray v0.1.4
[INFO] [stderr]    Compiling rand_core v0.9.5
[INFO] [stderr]    Compiling bit-set v0.8.0
[INFO] [stderr]    Compiling rand_xorshift v0.4.0
[INFO] [stderr]    Compiling rand_chacha v0.9.0
[INFO] [stderr]    Compiling rand v0.9.4
[INFO] [stderr]    Compiling tempfile v3.27.0
[INFO] [stderr]    Compiling rusty-fork v0.3.1
[INFO] [stderr]    Compiling proptest v1.11.0
[INFO] [stderr]    Compiling wafrift-sanitizer v0.3.1 (/opt/rustwide/workdir)
[INFO] [stderr]     Finished `test` profile [unoptimized + debuginfo] target(s) in 12.83s
[INFO] running `Command { std: "docker" "inspect" "097aad4d7c60e2cbf0d90214e1af01dbf54efc448326dce6f74db26213ebf77a", kill_on_drop: false }`
[INFO] running `Command { std: "docker" "exec" "-e" "SOURCE_DIR=/opt/rustwide/workdir" "-e" "CARGO_HOME=/opt/rustwide/cargo-home" "-e" "RUSTUP_HOME=/opt/rustwide/rustup-home" "-e" "CARGO_TARGET_DIR=/opt/rustwide/target" "-e" "CARGO_INCREMENTAL=0" "-e" "RUST_BACKTRACE=full" "-e" "RUSTFLAGS=--cap-lints=warn" "-e" "RUSTDOCFLAGS=--cap-lints=warn" "-w" "/opt/rustwide/workdir" "--user" "0:0" "097aad4d7c60e2cbf0d90214e1af01dbf54efc448326dce6f74db26213ebf77a" "/opt/rustwide/cargo-home/bin/cargo" "+1.100.0-beta.1" "test" "--frozen", kill_on_drop: false }`
[INFO] [stderr]     Finished `test` profile [unoptimized + debuginfo] target(s) in 0.11s
[INFO] [stderr]      Running unittests src/lib.rs (/opt/rustwide/target/debug/build/wafrift-sanitizer/6a074e48d47bba03/out/wafrift_sanitizer-6a074e48d47bba03)
[INFO] [stdout] 
[INFO] [stdout] running 72 tests
[INFO] [stdout] test extract::tests::detects_blocked_javascript_scheme ... ok
[INFO] [stdout] test extract::tests::evidence_is_recorded_for_every_detection ... ok
[INFO] [stdout] test extract::tests::detects_event_handler_stripping ... ok
[INFO] [stdout] test extract::tests::embedded_signatures_parse_and_have_markers ... ok
[INFO] [stdout] test extract::tests::detects_js_xss_object_whitelist_keys ... ok
[INFO] [stdout] test extract::tests::detects_custom_regex_strip_sanitizer ... ok
[INFO] [stdout] test extract::tests::data_scheme_only_blocked_when_html_or_anchored ... ok
[INFO] [stdout] test extract::tests::detects_sanitize_html_allowlist ... ok
[INFO] [stdout] test extract::tests::detects_dompurify_with_forbid_and_allow_lists ... ok
[INFO] [stdout] test extract::tests::strip_pattern_respects_char_class_slashes ... ok
[INFO] [stdout] test extract::tests::signatures_loader_fails_closed ... ok
[INFO] [stdout] test mine::tests::vectors_loader_fails_closed_on_empty ... ok
[INFO] [stdout] test extract::tests::unknown_source_yields_empty_model ... ok
[INFO] [stdout] test extract::tests::non_empty_replacement_is_not_a_strip ... ok
[INFO] [stdout] test extract::tests::unbalanced_brackets_do_not_panic_or_extract_garbage ... ok
[INFO] [stdout] test mine::tests::canonical_vectors_load_and_are_executable ... ok
[INFO] [stdout] test model::tests::executable_detector_flags_unambiguous_markup_vectors_only ... ok
[INFO] [stdout] test model::tests::forbidden_script_tag_is_dropped ... ok
[INFO] [stdout] test model::tests::blocked_javascript_scheme_is_defanged_in_output ... ok
[INFO] [stdout] test model::tests::forbidding_script_but_not_svg_leaves_an_executable_handler ... ok
[INFO] [stdout] test model::tests::forbid_is_case_insensitive_so_case_variation_does_not_bypass ... ok
[INFO] [stdout] test model::tests::allowlist_drops_unlisted_executable_tags ... ok
[INFO] [stdout] test model::tests::custom_strip_pattern_removes_matches ... ok
[INFO] [stdout] test model::tests::allowlisted_tag_with_handler_survives_when_handlers_not_stripped ... ok
[INFO] [stdout] test model::tests::handler_stripping_neutralizes_the_svg_vector ... ok
[INFO] [stdout] test model::tests::oracle_empty_body_is_block_not_panic ... ok
[INFO] [stdout] test mxss::tests::a_forbid_only_config_leaving_svg_and_style_reachable_is_flagged ... ok
[INFO] [stdout] test model::tests::oracle_passes_a_surviving_bypass_blocks_a_neutralized_input ... ok
[INFO] [stdout] test mxss::tests::a_tight_inert_allowlist_has_no_mxss_candidates ... ok
[INFO] [stdout] test mxss::tests::a_math_allowing_config_flags_the_annotation_xml_integration_point ... ok
[INFO] [stdout] test mxss::tests::candidates_carry_the_class_and_note_for_the_operator ... ok
[INFO] [stdout] test mxss::tests::an_allowlist_permitting_a_foreign_root_and_child_is_flagged ... ok
[INFO] [stdout] test mxss::tests::embedded_table_loads_and_is_nonempty ... ok
[INFO] [stdout] test mxss::tests::loader_fails_closed_on_empty ... ok
[INFO] [stdout] test mxss::tests::forbidding_the_integration_point_child_forecloses_it ... ok
[INFO] [stdout] test mxss::tests::loader_rejects_an_entry_with_an_empty_tag ... ok
[INFO] [stdout] test mxss::tests::html_spec_integration_points_are_in_the_table ... ok
[INFO] [stdout] test sourcemap::tests::decode_rejects_bad_segment_arity ... ok
[INFO] [stdout] test sourcemap::tests::decode_accumulates_deltas_across_segments_and_lines ... ok
[INFO] [stdout] test sourcemap::tests::decode_single_segment_mapping ... ok
[INFO] [stdout] test sourcemap::tests::missing_sources_content_yields_none_not_error ... ok
[INFO] [stdout] test sourcemap::tests::parse_rejects_malformed_json ... ok
[INFO] [stdout] test sourcemap::tests::parse_rejects_non_v3 ... ok
[INFO] [stdout] test sourcemap::tests::decode_five_field_segment_carries_name_index ... ok
[INFO] [stdout] test mxss::tests::forbidding_one_tag_of_a_pair_forecloses_that_combination ... ok
[INFO] [stdout] test sourcemap::tests::decode_empty_mappings_line_is_kept_as_empty_segment_list ... ok
[INFO] [stdout] test sourcemap::tests::prop_vlq_roundtrips ... ok
[INFO] [stdout] test sourcemap::tests::recovered_content_joins_only_present_sources ... ok
[INFO] [stdout] test sourcemap::tests::recovered_sources_applies_source_root ... ok
[INFO] [stdout] test sourcemap::tests::recovered_sources_returns_embedded_content ... ok
[INFO] [stdout] test sourcemap::tests::vlq_bad_char_is_rejected ... ok
[INFO] [stdout] test sourcemap::tests::vlq_decode_reports_chars_consumed ... ok
[INFO] [stdout] test sourcemap::tests::vlq_just_under_the_overflow_boundary_still_decodes ... ok
[INFO] [stdout] test sourcemap::tests::vlq_known_values ... ok
[INFO] [stdout] test sourcemap::tests::vlq_long_continuation_run_past_64_bits_is_rejected ... ok
[INFO] [stdout] test sourcemap::tests::vlq_overflow_at_the_shift_60_boundary_is_rejected_not_truncated ... ok
[INFO] [stdout] test sourcemap::tests::vlq_truncated_continuation_is_rejected ... ok
[INFO] [stdout] test sourcemap::tests::prop_vlq_sequence_roundtrips ... ok
[INFO] [stdout] test sourcemap::tests::prop_decoded_value_reencodes_stably ... ok
[INFO] [stdout] test model::tests::prop_strict_config_admits_no_bypass ... ok
[INFO] [stdout] test model::tests::prop_sanitize_idempotent_and_total ... ok
[INFO] [stdout] test sourcemap::tests::prop_decode_vlq_never_panics ... ok
[INFO] [stdout] test extract::tests::prop_forbid_tags_roundtrip ... ok
[INFO] [stdout] test sourcemap::tests::prop_parse_never_panics ... ok
[INFO] [stdout] test extract::tests::prop_extract_never_panics ... ok
[INFO] [stdout] test mine::tests::a_handler_leaking_config_yields_at_least_one_bypass ... ok
[INFO] [stdout] test mine::tests::every_reported_bypass_genuinely_survives_the_model ... ok
[INFO] [stdout] test mine::tests::a_strict_config_yields_no_bypass ... ok
[INFO] [stdout] test mine::tests::vector_class_is_labelled ... ok
[INFO] [stdout] test mine::tests::strict_model_with_a_strip_pattern_terminates_fast_and_yields_no_bypass ... FAILED
[INFO] [stdout] test mine::tests::reported_bypasses_are_deduplicated ... ok
[INFO] [stdout] test mine::tests::mining_is_deterministic ... ok
[INFO] [stdout] 
[INFO] [stdout] failures:
[INFO] [stdout] 
[INFO] [stdout] ---- mine::tests::strict_model_with_a_strip_pattern_terminates_fast_and_yields_no_bypass stdout ----
[INFO] [stdout] 
[INFO] [stdout] thread 'mine::tests::strict_model_with_a_strip_pattern_terminates_fast_and_yields_no_bypass' (1759) panicked at src/mine.rs:334:9:
[INFO] [stdout] strict decompile must be bounded; took 39.255826812s
[INFO] [stdout] stack backtrace:
[INFO] [stdout]    0:     0x5c628cb8d211 - std[617be2ca0a6fd877]::backtrace_rs::backtrace::libunwind::trace
[INFO] [stdout]                                at /rustc/e3feeb59cd1bdd011a2bfcc0747b55125d9b8527/library/std/src/../../backtrace/src/backtrace/libunwind.rs:117:9
[INFO] [stdout]    1:     0x5c628cb8d211 - std[617be2ca0a6fd877]::backtrace_rs::backtrace::trace_unsynchronized::<std[617be2ca0a6fd877]::sys::backtrace::_print_fmt::{closure#1}>
[INFO] [stdout]                                at /rustc/e3feeb59cd1bdd011a2bfcc0747b55125d9b8527/library/std/src/../../backtrace/src/backtrace/mod.rs:66:14
[INFO] [stdout]    2:     0x5c628cb8d211 - std[617be2ca0a6fd877]::sys::backtrace::_print_fmt
[INFO] [stdout]                                at /rustc/e3feeb59cd1bdd011a2bfcc0747b55125d9b8527/library/std/src/sys/backtrace.rs:74:9
[INFO] [stdout]    3:     0x5c628cb8d211 - <<std[617be2ca0a6fd877]::sys::backtrace::BacktraceLock>::print::DisplayBacktrace as core[a373ad73a504971]::fmt::Display>::fmt
[INFO] [stdout]                                at /rustc/e3feeb59cd1bdd011a2bfcc0747b55125d9b8527/library/std/src/sys/backtrace.rs:44:26
[INFO] [stdout]    4:     0x5c628cba3d8a - <core[a373ad73a504971]::fmt::rt::Argument>::fmt
[INFO] [stdout]                                at /rustc/e3feeb59cd1bdd011a2bfcc0747b55125d9b8527/library/core/src/fmt/rt.rs:152:76
[INFO] [stdout]    5:     0x5c628cba3d8a - core[a373ad73a504971]::fmt::write
[INFO] [stdout]    6:     0x5c628cb9188c - core[a373ad73a504971]::io::write::default_write_fmt::<alloc[2e1b2a31b91974c5]::vec::Vec<u8>>
[INFO] [stdout]                                at /rustc/e3feeb59cd1bdd011a2bfcc0747b55125d9b8527/library/core/src/io/write.rs:402:11
[INFO] [stdout]    7:     0x5c628cb9188c - <alloc[2e1b2a31b91974c5]::vec::Vec<u8> as core[a373ad73a504971]::io::write::Write>::write_fmt
[INFO] [stdout]                                at /rustc/e3feeb59cd1bdd011a2bfcc0747b55125d9b8527/library/core/src/io/write.rs:335:13
[INFO] [stdout]    8:     0x5c628cb68146 - <std[617be2ca0a6fd877]::sys::backtrace::BacktraceLock>::print
[INFO] [stdout]                                at /rustc/e3feeb59cd1bdd011a2bfcc0747b55125d9b8527/library/std/src/sys/backtrace.rs:47:9
[INFO] [stdout]    9:     0x5c628cb68146 - std[617be2ca0a6fd877]::panicking::default_hook::{closure#0}
[INFO] [stdout]                                at /rustc/e3feeb59cd1bdd011a2bfcc0747b55125d9b8527/library/std/src/panicking.rs:289:27
[INFO] [stdout]   10:     0x5c628cb856f9 - std[617be2ca0a6fd877]::panicking::default_hook
[INFO] [stdout]                                at /rustc/e3feeb59cd1bdd011a2bfcc0747b55125d9b8527/library/std/src/panicking.rs:313:9
[INFO] [stdout]   11:     0x5c628c7534e0 - <alloc[2e1b2a31b91974c5]::boxed::Box<dyn for<'a, 'b> core[a373ad73a504971]::ops::function::Fn<(&'a std[617be2ca0a6fd877]::panic::PanicHookInfo<'b>,), Output = ()> + core[a373ad73a504971]::marker::Sync + core[a373ad73a504971]::marker::Send> as core[a373ad73a504971]::ops::function::Fn<(&std[617be2ca0a6fd877]::panic::PanicHookInfo,)>>::call
[INFO] [stdout]                                at /rustc/e3feeb59cd1bdd011a2bfcc0747b55125d9b8527/library/alloc/src/boxed.rs:2328:9
[INFO] [stdout]   12:     0x5c628c7534e0 - test[aada8e7e76ba119b]::test_main_inner::{closure#0}
[INFO] [stdout]                                at /rustc/e3feeb59cd1bdd011a2bfcc0747b55125d9b8527/library/test/src/lib.rs:137:21
[INFO] [stdout]   13:     0x5c628cb858b2 - <alloc[2e1b2a31b91974c5]::boxed::Box<dyn for<'a, 'b> core[a373ad73a504971]::ops::function::Fn<(&'a std[617be2ca0a6fd877]::panic::PanicHookInfo<'b>,), Output = ()> + core[a373ad73a504971]::marker::Sync + core[a373ad73a504971]::marker::Send> as core[a373ad73a504971]::ops::function::Fn<(&std[617be2ca0a6fd877]::panic::PanicHookInfo,)>>::call
[INFO] [stdout]                                at /rustc/e3feeb59cd1bdd011a2bfcc0747b55125d9b8527/library/alloc/src/boxed.rs:2328:9
[INFO] [stdout]   14:     0x5c628cb858b2 - std[617be2ca0a6fd877]::panicking::panic_with_hook
[INFO] [stdout]                                at /rustc/e3feeb59cd1bdd011a2bfcc0747b55125d9b8527/library/std/src/panicking.rs:819:13
[INFO] [stdout]   15:     0x5c628cb681f2 - std[617be2ca0a6fd877]::panicking::panic_handler::{closure#0}
[INFO] [stdout]                                at /rustc/e3feeb59cd1bdd011a2bfcc0747b55125d9b8527/library/std/src/panicking.rs:685:13
[INFO] [stdout]   16:     0x5c628cb60db9 - std[617be2ca0a6fd877]::sys::backtrace::__rust_end_short_backtrace::<std[617be2ca0a6fd877]::panicking::panic_handler::{closure#0}, !>
[INFO] [stdout]                                at /rustc/e3feeb59cd1bdd011a2bfcc0747b55125d9b8527/library/std/src/sys/backtrace.rs:182:18
[INFO] [stdout]   17:     0x5c628cb68dfd - __rustc[ea4f61d10b84890b]::rust_begin_unwind
[INFO] [stdout]                                at /rustc/e3feeb59cd1bdd011a2bfcc0747b55125d9b8527/library/std/src/panicking.rs:676:5
[INFO] [stdout]   18:     0x5c628cba462c - core[a373ad73a504971]::panicking::panic_fmt
[INFO] [stdout]                                at /rustc/e3feeb59cd1bdd011a2bfcc0747b55125d9b8527/library/core/src/panicking.rs:80:14
[INFO] [stdout]   19:     0x5c628c70f2d4 - wafrift_sanitizer[4178f2340e6753b8]::mine::tests::strict_model_with_a_strip_pattern_terminates_fast_and_yields_no_bypass
[INFO] [stdout]                                at /opt/rustwide/workdir/src/mine.rs:334:9
[INFO] [stdout]   20:     0x5c628c70c627 - wafrift_sanitizer[4178f2340e6753b8]::mine::tests::strict_model_with_a_strip_pattern_terminates_fast_and_yields_no_bypass::{closure#0}
[INFO] [stdout]                                at /opt/rustwide/workdir/src/mine.rs:306:80
[INFO] [stdout]   21:     0x5c628c6d10a6 - <wafrift_sanitizer[4178f2340e6753b8]::mine::tests::strict_model_with_a_strip_pattern_terminates_fast_and_yields_no_bypass::{closure#0} as core[a373ad73a504971]::ops::function::FnOnce<()>>::call_once
[INFO] [stdout]                                at /rustc/e3feeb59cd1bdd011a2bfcc0747b55125d9b8527/library/core/src/ops/function.rs:250:5
[INFO] [stdout]   22:     0x5c628c74692b - <fn() -> core[a373ad73a504971]::result::Result<(), alloc[2e1b2a31b91974c5]::string::String> as core[a373ad73a504971]::ops::function::FnOnce<()>>::call_once
[INFO] [stdout]                                at /rustc/e3feeb59cd1bdd011a2bfcc0747b55125d9b8527/library/core/src/ops/function.rs:250:5
[INFO] [stdout]   23:     0x5c628c74692b - test[aada8e7e76ba119b]::__rust_begin_short_backtrace::<core[a373ad73a504971]::result::Result<(), alloc[2e1b2a31b91974c5]::string::String>, fn() -> core[a373ad73a504971]::result::Result<(), alloc[2e1b2a31b91974c5]::string::String>>
[INFO] [stdout]                                at /rustc/e3feeb59cd1bdd011a2bfcc0747b55125d9b8527/library/test/src/lib.rs:701:18
[INFO] [stdout]   24:     0x5c628c753b05 - test[aada8e7e76ba119b]::run_test_in_process::{closure#0}
[INFO] [stdout]                                at /rustc/e3feeb59cd1bdd011a2bfcc0747b55125d9b8527/library/test/src/lib.rs:724:74
[INFO] [stdout]   25:     0x5c628c753b05 - <core[a373ad73a504971]::panic::unwind_safe::AssertUnwindSafe<test[aada8e7e76ba119b]::run_test_in_process::{closure#0}> as core[a373ad73a504971]::ops::function::FnOnce<()>>::call_once
[INFO] [stdout]                                at /rustc/e3feeb59cd1bdd011a2bfcc0747b55125d9b8527/library/core/src/panic/unwind_safe.rs:275:9
[INFO] [stdout]   26:     0x5c628c753b05 - std[617be2ca0a6fd877]::panicking::catch_unwind::do_call::<core[a373ad73a504971]::panic::unwind_safe::AssertUnwindSafe<test[aada8e7e76ba119b]::run_test_in_process::{closure#0}>, core[a373ad73a504971]::result::Result<(), alloc[2e1b2a31b91974c5]::string::String>>
[INFO] [stdout]                                at /rustc/e3feeb59cd1bdd011a2bfcc0747b55125d9b8527/library/std/src/panicking.rs:573:43
[INFO] [stdout]   27:     0x5c628c753b05 - std[617be2ca0a6fd877]::panicking::catch_unwind::<core[a373ad73a504971]::result::Result<(), alloc[2e1b2a31b91974c5]::string::String>, core[a373ad73a504971]::panic::unwind_safe::AssertUnwindSafe<test[aada8e7e76ba119b]::run_test_in_process::{closure#0}>>
[INFO] [stdout]                                at /rustc/e3feeb59cd1bdd011a2bfcc0747b55125d9b8527/library/std/src/panicking.rs:541:19
[INFO] [stdout]   28:     0x5c628c753b05 - std[617be2ca0a6fd877]::panic::catch_unwind::<core[a373ad73a504971]::panic::unwind_safe::AssertUnwindSafe<test[aada8e7e76ba119b]::run_test_in_process::{closure#0}>, core[a373ad73a504971]::result::Result<(), alloc[2e1b2a31b91974c5]::string::String>>
[INFO] [stdout]                                at /rustc/e3feeb59cd1bdd011a2bfcc0747b55125d9b8527/library/std/src/panic.rs:359:14
[INFO] [stdout]   29:     0x5c628c753b05 - test[aada8e7e76ba119b]::run_test_in_process
[INFO] [stdout]                                at /rustc/e3feeb59cd1bdd011a2bfcc0747b55125d9b8527/library/test/src/lib.rs:724:27
[INFO] [stdout]   30:     0x5c628c753b05 - test[aada8e7e76ba119b]::run_test::{closure#0}
[INFO] [stdout]                                at /rustc/e3feeb59cd1bdd011a2bfcc0747b55125d9b8527/library/test/src/lib.rs:645:43
[INFO] [stdout]   31:     0x5c628c74d3f4 - test[aada8e7e76ba119b]::run_test::{closure#1}
[INFO] [stdout]                                at /rustc/e3feeb59cd1bdd011a2bfcc0747b55125d9b8527/library/test/src/lib.rs:675:41
[INFO] [stdout]   32:     0x5c628c74d3f4 - std[617be2ca0a6fd877]::sys::backtrace::__rust_begin_short_backtrace::<test[aada8e7e76ba119b]::run_test::{closure#1}, ()>
[INFO] [stdout]                                at /rustc/e3feeb59cd1bdd011a2bfcc0747b55125d9b8527/library/std/src/sys/backtrace.rs:166:18
[INFO] [stdout]   33:     0x5c628c756b92 - std[617be2ca0a6fd877]::thread::lifecycle::spawn_unchecked::<test[aada8e7e76ba119b]::run_test::{closure#1}, ()>::{closure#1}::{closure#0}
[INFO] [stdout]                                at /rustc/e3feeb59cd1bdd011a2bfcc0747b55125d9b8527/library/std/src/thread/lifecycle.rs:70:13
[INFO] [stdout]   34:     0x5c628c756b92 - <core[a373ad73a504971]::panic::unwind_safe::AssertUnwindSafe<std[617be2ca0a6fd877]::thread::lifecycle::spawn_unchecked<test[aada8e7e76ba119b]::run_test::{closure#1}, ()>::{closure#1}::{closure#0}> as core[a373ad73a504971]::ops::function::FnOnce<()>>::call_once
[INFO] [stdout]                                at /rustc/e3feeb59cd1bdd011a2bfcc0747b55125d9b8527/library/core/src/panic/unwind_safe.rs:275:9
[INFO] [stdout]   35:     0x5c628c756b92 - std[617be2ca0a6fd877]::panicking::catch_unwind::do_call::<core[a373ad73a504971]::panic::unwind_safe::AssertUnwindSafe<std[617be2ca0a6fd877]::thread::lifecycle::spawn_unchecked<test[aada8e7e76ba119b]::run_test::{closure#1}, ()>::{closure#1}::{closure#0}>, ()>
[INFO] [stdout]                                at /rustc/e3feeb59cd1bdd011a2bfcc0747b55125d9b8527/library/std/src/panicking.rs:573:43
[INFO] [stdout]   36:     0x5c628c756b92 - std[617be2ca0a6fd877]::panicking::catch_unwind::<(), core[a373ad73a504971]::panic::unwind_safe::AssertUnwindSafe<std[617be2ca0a6fd877]::thread::lifecycle::spawn_unchecked<test[aada8e7e76ba119b]::run_test::{closure#1}, ()>::{closure#1}::{closure#0}>>
[INFO] [stdout]                                at /rustc/e3feeb59cd1bdd011a2bfcc0747b55125d9b8527/library/std/src/panicking.rs:541:19
[INFO] [stdout]   37:     0x5c628c756b92 - std[617be2ca0a6fd877]::panic::catch_unwind::<core[a373ad73a504971]::panic::unwind_safe::AssertUnwindSafe<std[617be2ca0a6fd877]::thread::lifecycle::spawn_unchecked<test[aada8e7e76ba119b]::run_test::{closure#1}, ()>::{closure#1}::{closure#0}>, ()>
[INFO] [stdout]                                at /rustc/e3feeb59cd1bdd011a2bfcc0747b55125d9b8527/library/std/src/panic.rs:359:14
[INFO] [stdout]   38:     0x5c628c756b92 - std[617be2ca0a6fd877]::thread::lifecycle::spawn_unchecked::<test[aada8e7e76ba119b]::run_test::{closure#1}, ()>::{closure#1}
[INFO] [stdout]                                at /rustc/e3feeb59cd1bdd011a2bfcc0747b55125d9b8527/library/std/src/thread/lifecycle.rs:68:26
[INFO] [stdout]   39:     0x5c628c756b92 - <std[617be2ca0a6fd877]::thread::lifecycle::spawn_unchecked<test[aada8e7e76ba119b]::run_test::{closure#1}, ()>::{closure#1} as core[a373ad73a504971]::ops::function::FnOnce<()>>::call_once::{shim:vtable#0}
[INFO] [stdout]                                at /rustc/e3feeb59cd1bdd011a2bfcc0747b55125d9b8527/library/core/src/ops/function.rs:250:5
[INFO] [stdout]   40:     0x5c628cb8ca6f - <alloc[2e1b2a31b91974c5]::boxed::Box<dyn core[a373ad73a504971]::ops::function::FnOnce<(), Output = ()> + core[a373ad73a504971]::marker::Send> as core[a373ad73a504971]::ops::function::FnOnce<()>>::call_once
[INFO] [stdout]                                at /rustc/e3feeb59cd1bdd011a2bfcc0747b55125d9b8527/library/alloc/src/boxed.rs:2314:9
[INFO] [stdout]   41:     0x5c628cb8ca6f - <std[617be2ca0a6fd877]::sys::thread::unix::Thread>::new::thread_start
[INFO] [stdout]                                at /rustc/e3feeb59cd1bdd011a2bfcc0747b55125d9b8527/library/std/src/sys/thread/unix.rs:127:17
[INFO] [stdout]   42:     0x7dc9d8e7cdfa - <unknown>
[INFO] [stdout]   43:     0x7dc9d8f103d4 - clone
[INFO] [stdout]   44:                0x0 - <unknown>
[INFO] [stdout] 
[INFO] [stdout] 
[INFO] [stdout] failures:
[INFO] [stdout]     mine::tests::strict_model_with_a_strip_pattern_terminates_fast_and_yields_no_bypass
[INFO] [stdout] 
[INFO] [stdout] test result: FAILED. 71 passed; 1 failed; 0 ignored; 0 measured; 0 filtered out; finished in 41.71s
[INFO] [stdout] 
[INFO] [stderr] error: test failed, to rerun pass `--lib`
[INFO] running `Command { std: "docker" "inspect" "097aad4d7c60e2cbf0d90214e1af01dbf54efc448326dce6f74db26213ebf77a", kill_on_drop: false }`
[INFO] running `Command { std: "docker" "rm" "-f" "097aad4d7c60e2cbf0d90214e1af01dbf54efc448326dce6f74db26213ebf77a", kill_on_drop: false }`
[INFO] [stdout] 097aad4d7c60e2cbf0d90214e1af01dbf54efc448326dce6f74db26213ebf77a
