[INFO] fetching crate vulkane 0.16.0...
[INFO] testing vulkane-0.16.0 against 1.100.0-beta.1 for beta-1.100-2
[INFO] extracting crate vulkane 0.16.0 into /workspace/builds/worker-1-tc2/source
[INFO] started tweaking crates.io crate vulkane 0.16.0
[INFO] removed 0 missing examples
[INFO] removed 0 missing tests
[INFO] finished tweaking crates.io crate vulkane 0.16.0
[INFO] tweaked toml for crates.io crate vulkane 0.16.0 written to /workspace/builds/worker-1-tc2/source/Cargo.toml
[INFO] validating manifest of crates.io crate vulkane 0.16.0 on toolchain 1.100.0-beta.1
[INFO] running `Command { std: CARGO_HOME="/workspace/cargo-home" RUSTUP_HOME="/workspace/rustup-home" "/workspace/cargo-home/bin/cargo" "+1.100.0-beta.1" "metadata" "--manifest-path" "Cargo.toml" "--no-deps", kill_on_drop: false }`
[INFO] crate crates.io crate vulkane 0.16.0 already has a lockfile, it will not be regenerated
[INFO] running `Command { std: CARGO_HOME="/workspace/cargo-home" RUSTUP_HOME="/workspace/rustup-home" "/workspace/cargo-home/bin/cargo" "+1.100.0-beta.1" "fetch" "--manifest-path" "Cargo.toml", kill_on_drop: false }`
[INFO] [stderr] warning: `package.homepage` is redundant with `package.repository`
[INFO] [stderr]    --> Cargo.toml:135:12
[INFO] [stderr]     |
[INFO] [stderr] 135 | homepage = "https://github.com/ciresnave/vulkane"
[INFO] [stderr]     |            ^^^^^^^^^^^^^^^^^^^^^^^^^^^^^^^^^^^^^^
[INFO] [stderr] ...
[INFO] [stderr] 140 | repository = "https://github.com/ciresnave/vulkane"
[INFO] [stderr]     |              --------------------------------------
[INFO] [stderr]     |
[INFO] [stderr]     = note: `cargo::redundant_homepage` is set to `warn` by default
[INFO] [stderr] help: consider removing `package.homepage`
[INFO] [stderr] warning: `vulkane` (manifest) generated 1 warning
[INFO] running `Command { std: "docker" "create" "-v" "/var/lib/crater-agent-workspace/builds/worker-1-tc2/source:/opt/rustwide/workdir:ro,Z" "-v" "/var/lib/crater-agent-workspace/builds/worker-1-tc2/target:/opt/rustwide/target:rw,Z" "-v" "/var/lib/crater-agent-workspace/cargo-home:/opt/rustwide/cargo-home:ro,Z" "-v" "/var/lib/crater-agent-workspace/rustup-home:/opt/rustwide/rustup-home:ro,Z" "-m" "1610612736" "--network" "none" "ghcr.io/rust-lang/crates-build-env/linux@sha256:3111399a4047eeb3a02b7a90e478d715f38a8c6669b5c4b49d30a17385265909" "sleep" "infinity", kill_on_drop: false }`
[INFO] [stdout] 6e78afdc7e5c818d4f63a85d42589d7c5e1f39f6707c0dfd9413b0b0cc056c80
[INFO] running `Command { std: "docker" "start" "6e78afdc7e5c818d4f63a85d42589d7c5e1f39f6707c0dfd9413b0b0cc056c80", kill_on_drop: false }`
[INFO] running `Command { std: "docker" "inspect" "6e78afdc7e5c818d4f63a85d42589d7c5e1f39f6707c0dfd9413b0b0cc056c80", kill_on_drop: false }`
[INFO] running `Command { std: "docker" "exec" "-e" "SOURCE_DIR=/opt/rustwide/workdir" "-e" "CARGO_HOME=/opt/rustwide/cargo-home" "-e" "RUSTUP_HOME=/opt/rustwide/rustup-home" "-e" "CARGO_TARGET_DIR=/opt/rustwide/target" "-w" "/opt/rustwide/workdir" "--user" "0:0" "6e78afdc7e5c818d4f63a85d42589d7c5e1f39f6707c0dfd9413b0b0cc056c80" "/opt/rustwide/cargo-home/bin/cargo" "+1.100.0-beta.1" "metadata" "--no-deps" "--format-version=1", kill_on_drop: false }`
[INFO] running `Command { std: "docker" "inspect" "6e78afdc7e5c818d4f63a85d42589d7c5e1f39f6707c0dfd9413b0b0cc056c80", kill_on_drop: false }`
[INFO] running `Command { std: "docker" "exec" "-e" "SOURCE_DIR=/opt/rustwide/workdir" "-e" "CARGO_HOME=/opt/rustwide/cargo-home" "-e" "RUSTUP_HOME=/opt/rustwide/rustup-home" "-e" "CARGO_TARGET_DIR=/opt/rustwide/target" "-e" "CARGO_INCREMENTAL=0" "-e" "RUST_BACKTRACE=full" "-e" "RUSTFLAGS=--cap-lints=warn" "-e" "RUSTDOCFLAGS=--cap-lints=warn" "-w" "/opt/rustwide/workdir" "--user" "0:0" "6e78afdc7e5c818d4f63a85d42589d7c5e1f39f6707c0dfd9413b0b0cc056c80" "/opt/rustwide/cargo-home/bin/cargo" "+1.100.0-beta.1" "build" "--frozen" "--message-format=json", kill_on_drop: false }`
[INFO] [stderr] warning: `package.homepage` is redundant with `package.repository`
[INFO] [stderr]    --> Cargo.toml:135:12
[INFO] [stderr]     |
[INFO] [stderr] 135 | homepage = "https://github.com/ciresnave/vulkane"
[INFO] [stderr]     |            ^^^^^^^^^^^^^^^^^^^^^^^^^^^^^^^^^^^^^^
[INFO] [stderr] ...
[INFO] [stderr] 140 | repository = "https://github.com/ciresnave/vulkane"
[INFO] [stderr]     |              --------------------------------------
[INFO] [stderr]     |
[INFO] [stderr]     = note: `cargo::redundant_homepage` is set to `warn` by default
[INFO] [stderr] help: consider removing `package.homepage`
[INFO] [stderr] warning: `vulkane` (manifest) generated 1 warning
[INFO] [stderr]    Compiling libc v0.2.184
[INFO] [stderr]    Compiling unicode-ident v1.0.18
[INFO] [stderr]    Compiling memchr v2.7.5
[INFO] [stderr]    Compiling zeroize v1.8.2
[INFO] [stderr]    Compiling itoa v1.0.15
[INFO] [stderr]    Compiling ring v0.17.14
[INFO] [stderr]    Compiling untrusted v0.9.0
[INFO] [stderr]    Compiling getrandom v0.3.3
[INFO] [stderr]    Compiling once_cell v1.21.3
[INFO] [stderr]    Compiling proc-macro2 v1.0.101
[INFO] [stderr]    Compiling httparse v1.10.1
[INFO] [stderr]    Compiling rustix v1.1.4
[INFO] [stderr]    Compiling rustls-pki-types v1.14.0
[INFO] [stderr]    Compiling rustls v0.23.37
[INFO] [stderr]    Compiling thiserror v2.0.16
[INFO] [stderr]    Compiling bytes v1.11.1
[INFO] [stderr]    Compiling serde_json v1.0.143
[INFO] [stderr]    Compiling bitflags v2.9.3
[INFO] [stderr]    Compiling linux-raw-sys v0.12.1
[INFO] [stderr]    Compiling regex-syntax v0.8.6
[INFO] [stderr]    Compiling simd-adler32 v0.3.9
[INFO] [stderr]    Compiling quote v1.0.40
[INFO] [stderr]    Compiling aho-corasick v1.1.3
[INFO] [stderr]    Compiling log v0.4.29
[INFO] [stderr]    Compiling http v1.4.0
[INFO] [stderr]    Compiling syn v2.0.106
[INFO] [stderr]    Compiling miniz_oxide v0.8.9
[INFO] [stderr]    Compiling getrandom v0.2.17
[INFO] [stderr]    Compiling crc32fast v1.5.0
[INFO] [stderr]    Compiling base64 v0.22.1
[INFO] [stderr]    Compiling subtle v2.6.1
[INFO] [stderr]    Compiling ryu v1.0.20
[INFO] [stderr]    Compiling fastrand v2.3.0
[INFO] [stderr]    Compiling flate2 v1.1.9
[INFO] [stderr]    Compiling ureq-proto v0.6.0
[INFO] [stderr]    Compiling roxmltree v0.21.1
[INFO] [stderr]    Compiling webpki-roots v1.0.6
[INFO] [stderr]    Compiling utf8-zero v0.8.1
[INFO] [stderr]    Compiling percent-encoding v2.3.2
[INFO] [stderr]    Compiling regex-automata v0.4.14
[INFO] [stderr]    Compiling libloading v0.9.0
[INFO] [stderr]    Compiling tempfile v3.27.0
[INFO] [stderr]    Compiling serde_derive v1.0.228
[INFO] [stderr]    Compiling thiserror-impl v2.0.16
[INFO] [stderr]    Compiling rustls-webpki v0.103.14
[INFO] [stderr]    Compiling regex v1.12.3
[INFO] [stderr]    Compiling serde v1.0.228
[INFO] [stderr]    Compiling vulkan_gen v0.5.0
[INFO] [stderr]    Compiling ureq v3.3.0
[INFO] [stderr]    Compiling vulkane v0.16.0 (/opt/rustwide/workdir)
[INFO] [stderr] warning: unused dependency `ureq`
[INFO] [stderr]  --> Cargo.toml:1:21
[INFO] [stderr]   |
[INFO] [stderr] 1 | [build-dependencies.ureq]
[INFO] [stderr]   |                     ^^^^^
[INFO] [stderr]   |
[INFO] [stderr]   = note: `cargo::unused_dependencies` is set to `warn` by default
[INFO] [stderr] help: consider removing the dependency on `ureq`
[INFO] [stderr] warning: `vulkane` (manifest) generated 1 warning
[INFO] [stderr]     Finished `dev` profile [unoptimized + debuginfo] target(s) in 1m 03s
[INFO] running `Command { std: "docker" "inspect" "6e78afdc7e5c818d4f63a85d42589d7c5e1f39f6707c0dfd9413b0b0cc056c80", kill_on_drop: false }`
[INFO] running `Command { std: "docker" "exec" "-e" "SOURCE_DIR=/opt/rustwide/workdir" "-e" "CARGO_HOME=/opt/rustwide/cargo-home" "-e" "RUSTUP_HOME=/opt/rustwide/rustup-home" "-e" "CARGO_TARGET_DIR=/opt/rustwide/target" "-e" "CARGO_INCREMENTAL=0" "-e" "RUST_BACKTRACE=full" "-e" "RUSTFLAGS=--cap-lints=warn" "-e" "RUSTDOCFLAGS=--cap-lints=warn" "-w" "/opt/rustwide/workdir" "--user" "0:0" "6e78afdc7e5c818d4f63a85d42589d7c5e1f39f6707c0dfd9413b0b0cc056c80" "/opt/rustwide/cargo-home/bin/cargo" "+1.100.0-beta.1" "test" "--frozen" "--no-run" "--message-format=json", kill_on_drop: false }`
[INFO] [stderr] warning: `package.homepage` is redundant with `package.repository`
[INFO] [stderr]    --> Cargo.toml:135:12
[INFO] [stderr]     |
[INFO] [stderr] 135 | homepage = "https://github.com/ciresnave/vulkane"
[INFO] [stderr]     |            ^^^^^^^^^^^^^^^^^^^^^^^^^^^^^^^^^^^^^^
[INFO] [stderr] ...
[INFO] [stderr] 140 | repository = "https://github.com/ciresnave/vulkane"
[INFO] [stderr]     |              --------------------------------------
[INFO] [stderr]     |
[INFO] [stderr]     = note: `cargo::redundant_homepage` is set to `warn` by default
[INFO] [stderr] help: consider removing `package.homepage`
[INFO] [stderr] warning: `vulkane` (manifest) generated 1 warning
[INFO] [stderr]    Compiling bitflags v2.9.3
[INFO] [stderr]    Compiling memchr v2.7.5
[INFO] [stderr]    Compiling rustix v1.1.4
[INFO] [stderr]    Compiling libloading v0.8.9
[INFO] [stderr]    Compiling wayland-sys v0.31.11
[INFO] [stderr]    Compiling wayland-backend v0.3.15
[INFO] [stderr]    Compiling wayland-client v0.31.14
[INFO] [stderr]    Compiling getrandom v0.3.3
[INFO] [stderr]    Compiling rustix v0.38.44
[INFO] [stderr]    Compiling dlib v0.5.3
[INFO] [stderr]    Compiling thiserror-impl v1.0.69
[INFO] [stderr]    Compiling rustls v0.23.37
[INFO] [stderr]    Compiling ureq-proto v0.6.0
[INFO] [stderr]    Compiling xcursor v0.3.10
[INFO] [stderr]    Compiling quick-xml v0.39.2
[INFO] [stderr]    Compiling aho-corasick v1.1.3
[INFO] [stderr]    Compiling serde_json v1.0.143
[INFO] [stderr]    Compiling thiserror v1.0.69
[INFO] [stderr]    Compiling roxmltree v0.21.1
[INFO] [stderr]    Compiling wayland-scanner v0.31.10
[INFO] [stderr]    Compiling tempfile v3.27.0
[INFO] [stderr]    Compiling zerocopy v0.8.48
[INFO] [stderr]    Compiling regex-automata v0.4.14
[INFO] [stderr]    Compiling smithay-client-toolkit v0.19.2
[INFO] [stderr]    Compiling ttf-parser v0.25.1
[INFO] [stderr]    Compiling strict-num v0.1.1
[INFO] [stderr]    Compiling bytemuck v1.25.0
[INFO] [stderr]    Compiling ahash v0.8.12
[INFO] [stderr]    Compiling tiny-skia-path v0.11.4
[INFO] [stderr]    Compiling memmap2 v0.9.10
[INFO] [stderr]    Compiling ab_glyph_rasterizer v0.1.10
[INFO] [stderr]    Compiling winit v0.30.13
[INFO] [stderr]    Compiling tiny-skia v0.11.4
[INFO] [stderr]    Compiling as-raw-xcb-connection v1.0.1
[INFO] [stderr]    Compiling tracing v0.1.44
[INFO] [stderr]    Compiling x11-dl v2.21.0
[INFO] [stderr]    Compiling polling v3.11.0
[INFO] [stderr]    Compiling regex v1.12.3
[INFO] [stderr]    Compiling calloop v0.13.0
[INFO] [stderr]    Compiling vulkan_gen v0.5.0
[INFO] [stderr]    Compiling wayland-csd-frame v0.3.0
[INFO] [stderr]    Compiling owned_ttf_parser v0.25.1
[INFO] [stderr]    Compiling ureq v3.3.0
[INFO] [stderr]    Compiling ab_glyph v0.2.32
[INFO] [stderr]    Compiling gethostname v1.1.0
[INFO] [stderr]    Compiling x11rb v0.13.2
[INFO] [stderr]    Compiling xkbcommon-dl v0.4.2
[INFO] [stderr]    Compiling smol_str v0.2.2
[INFO] [stderr]    Compiling wayland-protocols v0.32.12
[INFO] [stderr]    Compiling wayland-cursor v0.31.14
[INFO] [stderr]    Compiling calloop-wayland-source v0.3.0
[INFO] [stderr]    Compiling dpi v0.1.2
[INFO] [stderr]    Compiling vulkane v0.16.0 (/opt/rustwide/workdir)
[INFO] [stderr]    Compiling wayland-protocols-wlr v0.3.12
[INFO] [stderr]    Compiling wayland-protocols-plasma v0.3.12
[INFO] [stderr]    Compiling sctk-adwaita v0.10.1
[INFO] [stderr] warning: unused dependency `ureq`
[INFO] [stderr]  --> Cargo.toml:1:21
[INFO] [stderr]   |
[INFO] [stderr] 1 | [build-dependencies.ureq]
[INFO] [stderr]   |                     ^^^^^
[INFO] [stderr]   |
[INFO] [stderr]   = note: `cargo::unused_dependencies` is set to `warn` by default
[INFO] [stderr] help: consider removing the dependency on `ureq`
[INFO] [stderr] warning: `vulkane` (manifest) generated 1 warning
[INFO] [stderr]     Finished `test` profile [unoptimized + debuginfo] target(s) in 2m 13s
[INFO] [stderr] warning: the following packages contain code that will be rejected by a future version of Rust: winit v0.30.13
[INFO] [stderr] note: to see what the problems were, use the option `--future-incompat-report`, or run `cargo report future-incompatibilities --id 5`
[INFO] running `Command { std: "docker" "inspect" "6e78afdc7e5c818d4f63a85d42589d7c5e1f39f6707c0dfd9413b0b0cc056c80", kill_on_drop: false }`
[INFO] running `Command { std: "docker" "exec" "-e" "SOURCE_DIR=/opt/rustwide/workdir" "-e" "CARGO_HOME=/opt/rustwide/cargo-home" "-e" "RUSTUP_HOME=/opt/rustwide/rustup-home" "-e" "CARGO_TARGET_DIR=/opt/rustwide/target" "-e" "CARGO_INCREMENTAL=0" "-e" "RUST_BACKTRACE=full" "-e" "RUSTFLAGS=--cap-lints=warn" "-e" "RUSTDOCFLAGS=--cap-lints=warn" "-w" "/opt/rustwide/workdir" "--user" "0:0" "6e78afdc7e5c818d4f63a85d42589d7c5e1f39f6707c0dfd9413b0b0cc056c80" "/opt/rustwide/cargo-home/bin/cargo" "+1.100.0-beta.1" "test" "--frozen", kill_on_drop: false }`
[INFO] [stderr] warning: `package.homepage` is redundant with `package.repository`
[INFO] [stderr]    --> Cargo.toml:135:12
[INFO] [stderr]     |
[INFO] [stderr] 135 | homepage = "https://github.com/ciresnave/vulkane"
[INFO] [stderr]     |            ^^^^^^^^^^^^^^^^^^^^^^^^^^^^^^^^^^^^^^
[INFO] [stderr] ...
[INFO] [stderr] 140 | repository = "https://github.com/ciresnave/vulkane"
[INFO] [stderr]     |              --------------------------------------
[INFO] [stderr]     |
[INFO] [stderr]     = note: `cargo::redundant_homepage` is set to `warn` by default
[INFO] [stderr] help: consider removing `package.homepage`
[INFO] [stderr] warning: `vulkane` (manifest) generated 1 warning
[INFO] [stderr] warning: unused dependency `ureq`
[INFO] [stderr]  --> Cargo.toml:1:21
[INFO] [stderr]   |
[INFO] [stderr] 1 | [build-dependencies.ureq]
[INFO] [stderr]   |                     ^^^^^
[INFO] [stderr]   |
[INFO] [stderr]   = note: `cargo::unused_dependencies` is set to `warn` by default
[INFO] [stderr] help: consider removing the dependency on `ureq`
[INFO] [stderr] warning: `vulkane` (manifest) generated 1 warning
[INFO] [stderr]     Finished `test` profile [unoptimized + debuginfo] target(s) in 0.33s
[INFO] [stderr] warning: the following packages contain code that will be rejected by a future version of Rust: winit v0.30.13
[INFO] [stderr] note: to see what the problems were, use the option `--future-incompat-report`, or run `cargo report future-incompatibilities --id 5`
[INFO] [stderr]      Running unittests src/lib.rs (/opt/rustwide/target/debug/build/vulkane/a1df771af3dcad99/out/vulkane-a1df771af3dcad99)
[INFO] [stdout] 
[INFO] [stdout] running 82 tests
[INFO] [stdout] test safe::allocator::linear::tests::alignment_advances_cursor ... ok
[INFO] [stdout] test safe::allocator::linear::tests::reset_returns_capacity ... ok
[INFO] [stdout] test safe::allocator::memory_type_selection_tests::conformant_desktop_layout_picks_plain_system_ram ... ok
[INFO] [stdout] test safe::allocator::linear::tests::allocate_in_order ... ok
[INFO] [stdout] test safe::allocator::memory_type_selection_tests::host_visible_falls_back_when_every_host_type_is_device_local ... ok
[INFO] [stdout] test safe::allocator::memory_type_selection_tests::type_bits_mask_overrides_the_preference ... ok
[INFO] [stdout] test safe::allocator::memory_type_selection_tests::host_visible_avoids_the_bar_when_the_bar_is_enumerated_first ... ok
[INFO] [stdout] test safe::allocator::tlsf::tests::alignment_is_respected ... ok
[INFO] [stdout] test safe::allocator::tlsf::tests::allocate_one_then_free ... ok
[INFO] [stdout] test safe::allocator::memory_type_selection_tests::host_visible_reports_none_when_no_host_type_exists ... ok
[INFO] [stdout] test safe::allocator::linear::tests::returns_none_when_full ... ok
[INFO] [stdout] test safe::allocator::memory_type_selection_tests::host_visible_device_local_still_selects_the_bar ... ok
[INFO] [stdout] test safe::allocator::tlsf::tests::allocate_many_distinct_sizes ... ok
[INFO] [stdout] test safe::auto::tests::acceleration_structure_khr_has_auto_wrapper_api ... ok
[INFO] [stdout] test safe::allocator::tlsf::tests::allocations_dont_overlap_each_other_or_extend_capacity ... ok
[INFO] [stdout] test safe::allocator::tlsf::tests::returns_none_when_full ... ok
[INFO] [stdout] test safe::auto::tests::ext_traits_provide_raw_methods ... ok
[INFO] [stdout] test safe::auto::tests::key_auto_wrappers_compile ... ok
[INFO] [stdout] test safe::command::tests::command_buffer_is_send_sync ... ok
[INFO] [stdout] test safe::auto::tests::ergonomic_safe_traits_provide_clean_signatures ... ok
[INFO] [stdout] test safe::auto::tests::ergonomic_safe_slice_and_enumerate_signatures ... ok
[INFO] [stdout] test safe::device::tests::queue_is_send_sync ... ok
[INFO] [stdout] test safe::extensions::tests::contains_lookup_is_by_name_string ... ok
[INFO] [stdout] test safe::features::tests::escape_hatch_chains_any_feature_struct ... ok
[INFO] [stdout] test safe::features::tests::core_1_0_bit_flips_inside_features2 ... ok
[INFO] [stdout] test safe::extensions::tests::device_extensions_khr_cooperative_matrix_includes_deps ... ok
[INFO] [stdout] test safe::features::tests::mixing_core_versions_pushes_one_struct_per_version ... ok
[INFO] [stdout] test safe::extensions::tests::instance_extensions_khr_surface ... ok
[INFO] [stdout] test safe::auto::tests::ray_tracing_is_reachable_without_unsafe ... ok
[INFO] [stdout] test safe::features::tests::multiple_bits_on_same_struct_share_one_push ... ok
[INFO] [stdout] test safe::features::tests::new_has_only_features2_head ... ok
[INFO] [stdout] test safe::physical::driver_written_enum_tests::an_undefined_component_type_is_representable_and_reported_honestly ... ok
[INFO] [stdout] test safe::extensions::tests::device_extensions_dedups_transitive_requires ... ok
[INFO] [stdout] test safe::extensions::tests::raw_escape_hatch_works ... ok
[INFO] [stdout] test safe::features::tests::v12_bit_lazily_pushes_struct ... ok
[INFO] [stdout] test safe::physical::driver_written_enum_tests::a_defined_component_type_still_converts ... ok
[INFO] [stdout] test safe::pnext::tests::extension_struct_chains_like_core_features ... ok
[INFO] [stdout] test safe::features::tests::cooperative_matrix_generated_method_works ... ok
[INFO] [stdout] test safe::pnext::tests::get_returns_pushed_struct ... ok
[INFO] [stdout] test safe::pnext::tests::empty_chain_has_null_head ... ok
[INFO] [stdout] test safe::pnext::tests::new_pnext_sets_stype_correctly ... ok
[INFO] [stdout] test safe::pnext::tests::single_push_links_to_null ... ok
[INFO] [stdout] test tests::test_constants_exist ... ok
[INFO] [stdout] test safe::pnext::tests::multi_push_forms_ordered_chain ... ok
[INFO] [stdout] test tests::test_base_types_exist ... ok
[INFO] [stdout] test safe::physical::driver_written_enum_tests::unknown_driver_ids_collapse_when_named_but_stay_distinct_raw ... ok
[INFO] [stdout] test safe::pnext::tests::push_after_head_still_relinks_previous_tail ... ok
[INFO] [stdout] test tests::test_dispatch_tables_have_required_fields ... ok
[INFO] [stdout] test tests::test_extension_structs_exist ... ok
[INFO] [stdout] test tests::test_function_pointer_signatures_match_spec ... ok
[INFO] [stdout] test tests::test_handle_types_exist ... ok
[INFO] [stdout] test tests::test_dispatch_tables_exist ... ok
[INFO] [stdout] test tests::test_struct_default_impls ... ok
[INFO] [stdout] test tests::test_function_pointer_types_exist ... ok
[INFO] [stdout] test tests::test_non_dispatchable_handle_types_exist ... ok
[INFO] [stdout] test tests::test_vk_application_info_size_matches_spec ... ok
[INFO] [stdout] test tests::test_version_roundtrip ... ok
[INFO] [stdout] test tests::test_vk_api_version_extraction ... ok
[INFO] [stdout] test tests::test_vk_application_info_struct ... ok
[INFO] [stdout] test tests::test_vk_extent_3d_layout ... ok
[INFO] [stdout] test tests::test_vk_header_version_complete_is_usable_const ... ok
[INFO] [stdout] test tests::test_null_handle ... ok
[INFO] [stdout] test tests::test_vk_header_version_exists ... ok
[INFO] [stdout] test tests::test_vk_instance_create_info_struct ... ok
[INFO] [stdout] test tests::test_vk_make_api_version ... ok
[INFO] [stdout] test tests::test_vk_rect_2d_layout ... ok
[INFO] [stdout] test tests::test_vk_check_macro_error ... ok
[INFO] [stdout] test tests::test_vk_check_macro_success ... ok
[INFO] [stdout] test tests::test_vk_offset_2d_layout ... ok
[INFO] [stdout] test tests::test_vk_result_into_result_error ... ok
[INFO] [stdout] test tests::test_vk_result_implements_error_trait ... ok
[INFO] [stdout] test tests::test_vk_result_into_result_success ... ok
[INFO] [stdout] test tests::test_vk_result_enum ... ok
[INFO] [stdout] test tests::test_vk_structure_type_has_extension_values ... ok
[INFO] [stdout] test tests::test_clear_value_is_union ... ok
[INFO] [stdout] test unit_tests::test_version_module ... ok
[INFO] [stdout] test unit_tests::test_version_struct_roundtrip ... ok
[INFO] [stdout] test tests::test_vk_result_is_success_and_is_error ... ok
[INFO] [stdout] test unit_tests::test_bindings_reexport ... ok
[INFO] [stdout] test tests::test_clear_color_value_is_union ... ok
[INFO] [stdout] test tests::test_bitmask_flags_combinable ... ok
[INFO] [stdout] test tests::test_generated_bindings_have_zero_todo_lines ... ok
[INFO] [stdout] 
[INFO] [stdout] test result: ok. 82 passed; 0 failed; 0 ignored; 0 measured; 0 filtered out; finished in 0.14s
[INFO] [stdout] 
[INFO] [stderr]      Running tests/ci_coverage.rs (/opt/rustwide/target/debug/build/vulkane/6660934f8a1b706f/out/ci_coverage-6660934f8a1b706f)
[INFO] [stdout] 
[INFO] [stdout] running 3 tests
[INFO] [stdout] test every_example_is_built_by_ci ... ok
[INFO] [stdout] test every_feature_gated_test_file_is_built_by_some_ci_leg ... ok
[INFO] [stdout] test the_parser_actually_finds_the_features_it_claims_to ... ok
[INFO] [stdout] 
[INFO] [stdout] test result: ok. 3 passed; 0 failed; 0 ignored; 0 measured; 0 filtered out; finished in 0.00s
[INFO] [stdout] 
[INFO] [stderr]      Running tests/coopvec_live.rs (/opt/rustwide/target/debug/build/vulkane/1a26b0ce4e4a5e5e/out/coopvec_live-1a26b0ce4e4a5e5e)
[INFO] [stdout] 
[INFO] [stdout] running 11 tests
[INFO] [stdout] test common::lock_witness_tests::a_prefix_pid_does_not_match ... ok
[INFO] [stdout] test common::lock_witness_tests::absent_or_malformed_metadata_does_not_match ... ok
[INFO] [stdout] test common::lock_witness_tests::the_pid_field_may_end_at_a_comma_or_a_brace ... ok
[INFO] [stdout] test common::the_off_list_does_not_arm ... ok
[INFO] [stdout] test common::the_on_list_arms_in_any_case_or_padding ... ok
[INFO] [stdout] test common::lock_witness_tests::a_non_numeric_pid_never_matches ... ok
[INFO] [stdout] test common::the_reader_pairs_the_variable_with_its_own_value ... ok
[INFO] [stdout] test common::the_doc_names_every_value_the_predicate_accepts ... ok
[INFO] [stdout] test common::an_unrecognised_value_panics_rather_than_silently_disarming - should panic ... ok
[INFO] [stderr] error: test failed, to rerun pass `--test coopvec_live`
[INFO] [stdout] test cooperative_vector_properties_are_well_formed_and_nameable ... FAILED
[INFO] [stdout] test packed_component_types_never_appear_in_cooperative_matrix_properties ... FAILED
[INFO] [stdout] 
[INFO] [stdout] failures:
[INFO] [stdout] 
[INFO] [stdout] ---- cooperative_vector_properties_are_well_formed_and_nameable stdout ----
[INFO] [stdout] 
[INFO] [stdout] thread 'cooperative_vector_properties_are_well_formed_and_nameable' (2728) panicked at tests/common/mod.rs:389:5:
[INFO] [stdout] this test touches a physical device, but the machine-wide GPU serialization lock is not held.
[INFO] [stdout] 
[INFO] [stdout] The contract, so this stays true wherever the wrapper lives:
[INFO] [stdout]   GPU_RUN_HELD=1 and GPU_RUN_HELD_PID=<pid>, plus a `gpu-run.lock` in TEMP whose `pid`
[INFO] [stdout]   field is that same pid. All three are set by `gpu-run.ps1` while
[INFO] [stdout]   it holds the lock, and the lockfile is removed when it releases.
[INFO] [stdout] 
[INFO] [stdout] Run through `gpu-run.ps1 -Project vulkane -- <cmd>` from wherever you have it. Invoke it with `pwsh`, not `powershell`: some copies do not parse under Windows PowerShell 5.1 (Fuel GAP-223), and a stale checkout is the likely one to hand.
[INFO] [stdout] 
[INFO] [stdout] If this run genuinely must bypass the lock, say why:
[INFO] [stdout]   GPU_RUN_UNGUARDED="<reason>"
[INFO] [stdout] which proceeds and prints the reason, so a bypass that became habitual is greppable rather than invisible.
[INFO] [stdout] 
[INFO] [stdout] This is a hard failure rather than a skip on purpose. A skip would be indistinguishable from "this machine has no GPU", and that conflation is what the Device/Capability split in this file exists to prevent.
[INFO] [stdout] stack backtrace:
[INFO] [stdout]    0:     0x58e1ca7fd321 - std[617be2ca0a6fd877]::backtrace_rs::backtrace::libunwind::trace
[INFO] [stdout]                                at /rustc/e3feeb59cd1bdd011a2bfcc0747b55125d9b8527/library/std/src/../../backtrace/src/backtrace/libunwind.rs:117:9
[INFO] [stdout]    1:     0x58e1ca7fd321 - std[617be2ca0a6fd877]::backtrace_rs::backtrace::trace_unsynchronized::<std[617be2ca0a6fd877]::sys::backtrace::_print_fmt::{closure#1}>
[INFO] [stdout]                                at /rustc/e3feeb59cd1bdd011a2bfcc0747b55125d9b8527/library/std/src/../../backtrace/src/backtrace/mod.rs:66:14
[INFO] [stdout]    2:     0x58e1ca7fd321 - std[617be2ca0a6fd877]::sys::backtrace::_print_fmt
[INFO] [stdout]                                at /rustc/e3feeb59cd1bdd011a2bfcc0747b55125d9b8527/library/std/src/sys/backtrace.rs:74:9
[INFO] [stdout]    3:     0x58e1ca7fd321 - <<std[617be2ca0a6fd877]::sys::backtrace::BacktraceLock>::print::DisplayBacktrace as core[a373ad73a504971]::fmt::Display>::fmt
[INFO] [stdout]                                at /rustc/e3feeb59cd1bdd011a2bfcc0747b55125d9b8527/library/std/src/sys/backtrace.rs:44:26
[INFO] [stdout]    4:     0x58e1ca81158a - <core[a373ad73a504971]::fmt::rt::Argument>::fmt
[INFO] [stdout]                                at /rustc/e3feeb59cd1bdd011a2bfcc0747b55125d9b8527/library/core/src/fmt/rt.rs:152:76
[INFO] [stdout]    5:     0x58e1ca81158a - core[a373ad73a504971]::fmt::write
[INFO] [stdout]    6:     0x58e1ca80153c - core[a373ad73a504971]::io::write::default_write_fmt::<alloc[2e1b2a31b91974c5]::vec::Vec<u8>>
[INFO] [stdout]                                at /rustc/e3feeb59cd1bdd011a2bfcc0747b55125d9b8527/library/core/src/io/write.rs:402:11
[INFO] [stdout]    7:     0x58e1ca80153c - <alloc[2e1b2a31b91974c5]::vec::Vec<u8> as core[a373ad73a504971]::io::write::Write>::write_fmt
[INFO] [stdout]                                at /rustc/e3feeb59cd1bdd011a2bfcc0747b55125d9b8527/library/core/src/io/write.rs:335:13
[INFO] [stdout]    8:     0x58e1ca7d9296 - <std[617be2ca0a6fd877]::sys::backtrace::BacktraceLock>::print
[INFO] [stdout]                                at /rustc/e3feeb59cd1bdd011a2bfcc0747b55125d9b8527/library/std/src/sys/backtrace.rs:47:9
[INFO] [stdout]    9:     0x58e1ca7d9296 - std[617be2ca0a6fd877]::panicking::default_hook::{closure#0}
[INFO] [stdout]                                at /rustc/e3feeb59cd1bdd011a2bfcc0747b55125d9b8527/library/std/src/panicking.rs:289:27
[INFO] [stdout]   10:     0x58e1ca7f5659 - std[617be2ca0a6fd877]::panicking::default_hook
[INFO] [stdout]                                at /rustc/e3feeb59cd1bdd011a2bfcc0747b55125d9b8527/library/std/src/panicking.rs:313:9
[INFO] [stdout]   11:     0x58e1ca77a720 - <alloc[2e1b2a31b91974c5]::boxed::Box<dyn for<'a, 'b> core[a373ad73a504971]::ops::function::Fn<(&'a std[617be2ca0a6fd877]::panic::PanicHookInfo<'b>,), Output = ()> + core[a373ad73a504971]::marker::Sync + core[a373ad73a504971]::marker::Send> as core[a373ad73a504971]::ops::function::Fn<(&std[617be2ca0a6fd877]::panic::PanicHookInfo,)>>::call
[INFO] [stdout]                                at /rustc/e3feeb59cd1bdd011a2bfcc0747b55125d9b8527/library/alloc/src/boxed.rs:2328:9
[INFO] [stdout]   12:     0x58e1ca77a720 - test[aada8e7e76ba119b]::test_main_inner::{closure#0}
[INFO] [stdout]                                at /rustc/e3feeb59cd1bdd011a2bfcc0747b55125d9b8527/library/test/src/lib.rs:137:21
[INFO] [stdout]   13:     0x58e1ca7f5812 - <alloc[2e1b2a31b91974c5]::boxed::Box<dyn for<'a, 'b> core[a373ad73a504971]::ops::function::Fn<(&'a std[617be2ca0a6fd877]::panic::PanicHookInfo<'b>,), Output = ()> + core[a373ad73a504971]::marker::Sync + core[a373ad73a504971]::marker::Send> as core[a373ad73a504971]::ops::function::Fn<(&std[617be2ca0a6fd877]::panic::PanicHookInfo,)>>::call
[INFO] [stdout]                                at /rustc/e3feeb59cd1bdd011a2bfcc0747b55125d9b8527/library/alloc/src/boxed.rs:2328:9
[INFO] [stdout]   14:     0x58e1ca7f5812 - std[617be2ca0a6fd877]::panicking::panic_with_hook
[INFO] [stdout]                                at /rustc/e3feeb59cd1bdd011a2bfcc0747b55125d9b8527/library/std/src/panicking.rs:819:13
[INFO] [stdout]   15:     0x58e1ca7d9342 - std[617be2ca0a6fd877]::panicking::panic_handler::{closure#0}
[INFO] [stdout]                                at /rustc/e3feeb59cd1bdd011a2bfcc0747b55125d9b8527/library/std/src/panicking.rs:685:13
[INFO] [stdout]   16:     0x58e1ca7d1ec9 - std[617be2ca0a6fd877]::sys::backtrace::__rust_end_short_backtrace::<std[617be2ca0a6fd877]::panicking::panic_handler::{closure#0}, !>
[INFO] [stdout]                                at /rustc/e3feeb59cd1bdd011a2bfcc0747b55125d9b8527/library/std/src/sys/backtrace.rs:182:18
[INFO] [stdout]   17:     0x58e1ca7d9f4d - __rustc[ea4f61d10b84890b]::rust_begin_unwind
[INFO] [stdout]                                at /rustc/e3feeb59cd1bdd011a2bfcc0747b55125d9b8527/library/std/src/panicking.rs:676:5
[INFO] [stdout]   18:     0x58e1ca811d4c - core[a373ad73a504971]::panicking::panic_fmt
[INFO] [stdout]                                at /rustc/e3feeb59cd1bdd011a2bfcc0747b55125d9b8527/library/core/src/panicking.rs:80:14
[INFO] [stdout]   19:     0x58e1ca76369c - coopvec_live[8f95a0a7ad6e2a97]::common::require_serialization_lock
[INFO] [stdout]                                at /opt/rustwide/workdir/tests/common/mod.rs:389:5
[INFO] [stdout]   20:     0x58e1ca76319a - coopvec_live[8f95a0a7ad6e2a97]::common::instance_and_devices
[INFO] [stdout]                                at /opt/rustwide/workdir/tests/common/mod.rs:511:5
[INFO] [stdout]   21:     0x58e1ca75aa7d - coopvec_live[8f95a0a7ad6e2a97]::cooperative_vector_properties_are_well_formed_and_nameable
[INFO] [stdout]                                at /opt/rustwide/workdir/tests/coopvec_live.rs:34:15
[INFO] [stdout]   22:     0x58e1ca75a7b7 - coopvec_live[8f95a0a7ad6e2a97]::cooperative_vector_properties_are_well_formed_and_nameable::{closure#0}
[INFO] [stdout]                                at /opt/rustwide/workdir/tests/coopvec_live.rs:27:64
[INFO] [stdout]   23:     0x58e1ca75ff06 - <coopvec_live[8f95a0a7ad6e2a97]::cooperative_vector_properties_are_well_formed_and_nameable::{closure#0} as core[a373ad73a504971]::ops::function::FnOnce<()>>::call_once
[INFO] [stdout]                                at /rustc/e3feeb59cd1bdd011a2bfcc0747b55125d9b8527/library/core/src/ops/function.rs:250:5
[INFO] [stdout]   24:     0x58e1ca76db6b - <fn() -> core[a373ad73a504971]::result::Result<(), alloc[2e1b2a31b91974c5]::string::String> as core[a373ad73a504971]::ops::function::FnOnce<()>>::call_once
[INFO] [stdout]                                at /rustc/e3feeb59cd1bdd011a2bfcc0747b55125d9b8527/library/core/src/ops/function.rs:250:5
[INFO] [stdout]   25:     0x58e1ca76db6b - test[aada8e7e76ba119b]::__rust_begin_short_backtrace::<core[a373ad73a504971]::result::Result<(), alloc[2e1b2a31b91974c5]::string::String>, fn() -> core[a373ad73a504971]::result::Result<(), alloc[2e1b2a31b91974c5]::string::String>>
[INFO] [stdout]                                at /rustc/e3feeb59cd1bdd011a2bfcc0747b55125d9b8527/library/test/src/lib.rs:701:18
[INFO] [stdout]   26:     0x58e1ca77ad45 - test[aada8e7e76ba119b]::run_test_in_process::{closure#0}
[INFO] [stdout]                                at /rustc/e3feeb59cd1bdd011a2bfcc0747b55125d9b8527/library/test/src/lib.rs:724:74
[INFO] [stdout]   27:     0x58e1ca77ad45 - <core[a373ad73a504971]::panic::unwind_safe::AssertUnwindSafe<test[aada8e7e76ba119b]::run_test_in_process::{closure#0}> as core[a373ad73a504971]::ops::function::FnOnce<()>>::call_once
[INFO] [stdout]                                at /rustc/e3feeb59cd1bdd011a2bfcc0747b55125d9b8527/library/core/src/panic/unwind_safe.rs:275:9
[INFO] [stdout]   28:     0x58e1ca77ad45 - std[617be2ca0a6fd877]::panicking::catch_unwind::do_call::<core[a373ad73a504971]::panic::unwind_safe::AssertUnwindSafe<test[aada8e7e76ba119b]::run_test_in_process::{closure#0}>, core[a373ad73a504971]::result::Result<(), alloc[2e1b2a31b91974c5]::string::String>>
[INFO] [stdout]                                at /rustc/e3feeb59cd1bdd011a2bfcc0747b55125d9b8527/library/std/src/panicking.rs:573:43
[INFO] [stdout]   29:     0x58e1ca77ad45 - std[617be2ca0a6fd877]::panicking::catch_unwind::<core[a373ad73a504971]::result::Result<(), alloc[2e1b2a31b91974c5]::string::String>, core[a373ad73a504971]::panic::unwind_safe::AssertUnwindSafe<test[aada8e7e76ba119b]::run_test_in_process::{closure#0}>>
[INFO] [stdout]                                at /rustc/e3feeb59cd1bdd011a2bfcc0747b55125d9b8527/library/std/src/panicking.rs:541:19
[INFO] [stdout]   30:     0x58e1ca77ad45 - std[617be2ca0a6fd877]::panic::catch_unwind::<core[a373ad73a504971]::panic::unwind_safe::AssertUnwindSafe<test[aada8e7e76ba119b]::run_test_in_process::{closure#0}>, core[a373ad73a504971]::result::Result<(), alloc[2e1b2a31b91974c5]::string::String>>
[INFO] [stdout]                                at /rustc/e3feeb59cd1bdd011a2bfcc0747b55125d9b8527/library/std/src/panic.rs:359:14
[INFO] [stdout]   31:     0x58e1ca77ad45 - test[aada8e7e76ba119b]::run_test_in_process
[INFO] [stdout]                                at /rustc/e3feeb59cd1bdd011a2bfcc0747b55125d9b8527/library/test/src/lib.rs:724:27
[INFO] [stdout]   32:     0x58e1ca77ad45 - test[aada8e7e76ba119b]::run_test::{closure#0}
[INFO] [stdout]                                at /rustc/e3feeb59cd1bdd011a2bfcc0747b55125d9b8527/library/test/src/lib.rs:645:43
[INFO] [stdout]   33:     0x58e1ca774634 - test[aada8e7e76ba119b]::run_test::{closure#1}
[INFO] [stdout]                                at /rustc/e3feeb59cd1bdd011a2bfcc0747b55125d9b8527/library/test/src/lib.rs:675:41
[INFO] [stdout]   34:     0x58e1ca774634 - std[617be2ca0a6fd877]::sys::backtrace::__rust_begin_short_backtrace::<test[aada8e7e76ba119b]::run_test::{closure#1}, ()>
[INFO] [stdout]                                at /rustc/e3feeb59cd1bdd011a2bfcc0747b55125d9b8527/library/std/src/sys/backtrace.rs:166:18
[INFO] [stdout]   35:     0x58e1ca77ddd2 - std[617be2ca0a6fd877]::thread::lifecycle::spawn_unchecked::<test[aada8e7e76ba119b]::run_test::{closure#1}, ()>::{closure#1}::{closure#0}
[INFO] [stdout]                                at /rustc/e3feeb59cd1bdd011a2bfcc0747b55125d9b8527/library/std/src/thread/lifecycle.rs:70:13
[INFO] [stdout]   36:     0x58e1ca77ddd2 - <core[a373ad73a504971]::panic::unwind_safe::AssertUnwindSafe<std[617be2ca0a6fd877]::thread::lifecycle::spawn_unchecked<test[aada8e7e76ba119b]::run_test::{closure#1}, ()>::{closure#1}::{closure#0}> as core[a373ad73a504971]::ops::function::FnOnce<()>>::call_once
[INFO] [stdout]                                at /rustc/e3feeb59cd1bdd011a2bfcc0747b55125d9b8527/library/core/src/panic/unwind_safe.rs:275:9
[INFO] [stdout]   37:     0x58e1ca77ddd2 - std[617be2ca0a6fd877]::panicking::catch_unwind::do_call::<core[a373ad73a504971]::panic::unwind_safe::AssertUnwindSafe<std[617be2ca0a6fd877]::thread::lifecycle::spawn_unchecked<test[aada8e7e76ba119b]::run_test::{closure#1}, ()>::{closure#1}::{closure#0}>, ()>
[INFO] [stdout]                                at /rustc/e3feeb59cd1bdd011a2bfcc0747b55125d9b8527/library/std/src/panicking.rs:573:43
[INFO] [stdout]   38:     0x58e1ca77ddd2 - std[617be2ca0a6fd877]::panicking::catch_unwind::<(), core[a373ad73a504971]::panic::unwind_safe::AssertUnwindSafe<std[617be2ca0a6fd877]::thread::lifecycle::spawn_unchecked<test[aada8e7e76ba119b]::run_test::{closure#1}, ()>::{closure#1}::{closure#0}>>
[INFO] [stdout]                                at /rustc/e3feeb59cd1bdd011a2bfcc0747b55125d9b8527/library/std/src/panicking.rs:541:19
[INFO] [stdout]   39:     0x58e1ca77ddd2 - std[617be2ca0a6fd877]::panic::catch_unwind::<core[a373ad73a504971]::panic::unwind_safe::AssertUnwindSafe<std[617be2ca0a6fd877]::thread::lifecycle::spawn_unchecked<test[aada8e7e76ba119b]::run_test::{closure#1}, ()>::{closure#1}::{closure#0}>, ()>
[INFO] [stdout]                                at /rustc/e3feeb59cd1bdd011a2bfcc0747b55125d9b8527/library/std/src/panic.rs:359:14
[INFO] [stdout]   40:     0x58e1ca77ddd2 - std[617be2ca0a6fd877]::thread::lifecycle::spawn_unchecked::<test[aada8e7e76ba119b]::run_test::{closure#1}, ()>::{closure#1}
[INFO] [stdout]                                at /rustc/e3feeb59cd1bdd011a2bfcc0747b55125d9b8527/library/std/src/thread/lifecycle.rs:68:26
[INFO] [stdout]   41:     0x58e1ca77ddd2 - <std[617be2ca0a6fd877]::thread::lifecycle::spawn_unchecked<test[aada8e7e76ba119b]::run_test::{closure#1}, ()>::{closure#1} as core[a373ad73a504971]::ops::function::FnOnce<()>>::call_once::{shim:vtable#0}
[INFO] [stdout]                                at /rustc/e3feeb59cd1bdd011a2bfcc0747b55125d9b8527/library/core/src/ops/function.rs:250:5
[INFO] [stdout]   42:     0x58e1ca7fc81f - <alloc[2e1b2a31b91974c5]::boxed::Box<dyn core[a373ad73a504971]::ops::function::FnOnce<(), Output = ()> + core[a373ad73a504971]::marker::Send> as core[a373ad73a504971]::ops::function::FnOnce<()>>::call_once
[INFO] [stdout]                                at /rustc/e3feeb59cd1bdd011a2bfcc0747b55125d9b8527/library/alloc/src/boxed.rs:2314:9
[INFO] [stdout]   43:     0x58e1ca7fc81f - <std[617be2ca0a6fd877]::sys::thread::unix::Thread>::new::thread_start
[INFO] [stdout]                                at /rustc/e3feeb59cd1bdd011a2bfcc0747b55125d9b8527/library/std/src/sys/thread/unix.rs:127:17
[INFO] [stdout]   44:     0x7800d6919dfa - <unknown>
[INFO] [stdout]   45:     0x7800d69ad3d4 - clone
[INFO] [stdout]   46:                0x0 - <unknown>
[INFO] [stdout] 
[INFO] [stdout] ---- packed_component_types_never_appear_in_cooperative_matrix_properties stdout ----
[INFO] [stdout] 
[INFO] [stdout] thread 'packed_component_types_never_appear_in_cooperative_matrix_properties' (2729) panicked at tests/common/mod.rs:389:5:
[INFO] [stdout] this test touches a physical device, but the machine-wide GPU serialization lock is not held.
[INFO] [stdout] 
[INFO] [stdout] The contract, so this stays true wherever the wrapper lives:
[INFO] [stdout]   GPU_RUN_HELD=1 and GPU_RUN_HELD_PID=<pid>, plus a `gpu-run.lock` in TEMP whose `pid`
[INFO] [stdout]   field is that same pid. All three are set by `gpu-run.ps1` while
[INFO] [stdout]   it holds the lock, and the lockfile is removed when it releases.
[INFO] [stdout] 
[INFO] [stdout] Run through `gpu-run.ps1 -Project vulkane -- <cmd>` from wherever you have it. Invoke it with `pwsh`, not `powershell`: some copies do not parse under Windows PowerShell 5.1 (Fuel GAP-223), and a stale checkout is the likely one to hand.
[INFO] [stdout] 
[INFO] [stdout] If this run genuinely must bypass the lock, say why:
[INFO] [stdout]   GPU_RUN_UNGUARDED="<reason>"
[INFO] [stdout] which proceeds and prints the reason, so a bypass that became habitual is greppable rather than invisible.
[INFO] [stdout] 
[INFO] [stdout] This is a hard failure rather than a skip on purpose. A skip would be indistinguishable from "this machine has no GPU", and that conflation is what the Device/Capability split in this file exists to prevent.
[INFO] [stdout] stack backtrace:
[INFO] [stdout]    0:     0x58e1ca7fd321 - std[617be2ca0a6fd877]::backtrace_rs::backtrace::libunwind::trace
[INFO] [stdout]                                at /rustc/e3feeb59cd1bdd011a2bfcc0747b55125d9b8527/library/std/src/../../backtrace/src/backtrace/libunwind.rs:117:9
[INFO] [stdout]    1:     0x58e1ca7fd321 - std[617be2ca0a6fd877]::backtrace_rs::backtrace::trace_unsynchronized::<std[617be2ca0a6fd877]::sys::backtrace::_print_fmt::{closure#1}>
[INFO] [stdout]                                at /rustc/e3feeb59cd1bdd011a2bfcc0747b55125d9b8527/library/std/src/../../backtrace/src/backtrace/mod.rs:66:14
[INFO] [stdout]    2:     0x58e1ca7fd321 - std[617be2ca0a6fd877]::sys::backtrace::_print_fmt
[INFO] [stdout]                                at /rustc/e3feeb59cd1bdd011a2bfcc0747b55125d9b8527/library/std/src/sys/backtrace.rs:74:9
[INFO] [stdout]    3:     0x58e1ca7fd321 - <<std[617be2ca0a6fd877]::sys::backtrace::BacktraceLock>::print::DisplayBacktrace as core[a373ad73a504971]::fmt::Display>::fmt
[INFO] [stdout]                                at /rustc/e3feeb59cd1bdd011a2bfcc0747b55125d9b8527/library/std/src/sys/backtrace.rs:44:26
[INFO] [stdout]    4:     0x58e1ca81158a - <core[a373ad73a504971]::fmt::rt::Argument>::fmt
[INFO] [stdout]                                at /rustc/e3feeb59cd1bdd011a2bfcc0747b55125d9b8527/library/core/src/fmt/rt.rs:152:76
[INFO] [stdout]    5:     0x58e1ca81158a - core[a373ad73a504971]::fmt::write
[INFO] [stdout]    6:     0x58e1ca80153c - core[a373ad73a504971]::io::write::default_write_fmt::<alloc[2e1b2a31b91974c5]::vec::Vec<u8>>
[INFO] [stdout]                                at /rustc/e3feeb59cd1bdd011a2bfcc0747b55125d9b8527/library/core/src/io/write.rs:402:11
[INFO] [stdout]    7:     0x58e1ca80153c - <alloc[2e1b2a31b91974c5]::vec::Vec<u8> as core[a373ad73a504971]::io::write::Write>::write_fmt
[INFO] [stdout]                                at /rustc/e3feeb59cd1bdd011a2bfcc0747b55125d9b8527/library/core/src/io/write.rs:335:13
[INFO] [stdout]    8:     0x58e1ca7d9296 - <std[617be2ca0a6fd877]::sys::backtrace::BacktraceLock>::print
[INFO] [stdout]                                at /rustc/e3feeb59cd1bdd011a2bfcc0747b55125d9b8527/library/std/src/sys/backtrace.rs:47:9
[INFO] [stdout]    9:     0x58e1ca7d9296 - std[617be2ca0a6fd877]::panicking::default_hook::{closure#0}
[INFO] [stdout]                                at /rustc/e3feeb59cd1bdd011a2bfcc0747b55125d9b8527/library/std/src/panicking.rs:289:27
[INFO] [stdout]   10:     0x58e1ca7f5659 - std[617be2ca0a6fd877]::panicking::default_hook
[INFO] [stdout]                                at /rustc/e3feeb59cd1bdd011a2bfcc0747b55125d9b8527/library/std/src/panicking.rs:313:9
[INFO] [stdout]   11:     0x58e1ca77a720 - <alloc[2e1b2a31b91974c5]::boxed::Box<dyn for<'a, 'b> core[a373ad73a504971]::ops::function::Fn<(&'a std[617be2ca0a6fd877]::panic::PanicHookInfo<'b>,), Output = ()> + core[a373ad73a504971]::marker::Sync + core[a373ad73a504971]::marker::Send> as core[a373ad73a504971]::ops::function::Fn<(&std[617be2ca0a6fd877]::panic::PanicHookInfo,)>>::call
[INFO] [stdout]                                at /rustc/e3feeb59cd1bdd011a2bfcc0747b55125d9b8527/library/alloc/src/boxed.rs:2328:9
[INFO] [stdout]   12:     0x58e1ca77a720 - test[aada8e7e76ba119b]::test_main_inner::{closure#0}
[INFO] [stdout]                                at /rustc/e3feeb59cd1bdd011a2bfcc0747b55125d9b8527/library/test/src/lib.rs:137:21
[INFO] [stdout]   13:     0x58e1ca7f5812 - <alloc[2e1b2a31b91974c5]::boxed::Box<dyn for<'a, 'b> core[a373ad73a504971]::ops::function::Fn<(&'a std[617be2ca0a6fd877]::panic::PanicHookInfo<'b>,), Output = ()> + core[a373ad73a504971]::marker::Sync + core[a373ad73a504971]::marker::Send> as core[a373ad73a504971]::ops::function::Fn<(&std[617be2ca0a6fd877]::panic::PanicHookInfo,)>>::call
[INFO] [stdout]                                at /rustc/e3feeb59cd1bdd011a2bfcc0747b55125d9b8527/library/alloc/src/boxed.rs:2328:9
[INFO] [stdout]   14:     0x58e1ca7f5812 - std[617be2ca0a6fd877]::panicking::panic_with_hook
[INFO] [stdout]                                at /rustc/e3feeb59cd1bdd011a2bfcc0747b55125d9b8527/library/std/src/panicking.rs:819:13
[INFO] [stdout]   15:     0x58e1ca7d9342 - std[617be2ca0a6fd877]::panicking::panic_handler::{closure#0}
[INFO] [stdout]                                at /rustc/e3feeb59cd1bdd011a2bfcc0747b55125d9b8527/library/std/src/panicking.rs:685:13
[INFO] [stdout]   16:     0x58e1ca7d1ec9 - std[617be2ca0a6fd877]::sys::backtrace::__rust_end_short_backtrace::<std[617be2ca0a6fd877]::panicking::panic_handler::{closure#0}, !>
[INFO] [stdout]                                at /rustc/e3feeb59cd1bdd011a2bfcc0747b55125d9b8527/library/std/src/sys/backtrace.rs:182:18
[INFO] [stdout]   17:     0x58e1ca7d9f4d - __rustc[ea4f61d10b84890b]::rust_begin_unwind
[INFO] [stdout]                                at /rustc/e3feeb59cd1bdd011a2bfcc0747b55125d9b8527/library/std/src/panicking.rs:676:5
[INFO] [stdout]   18:     0x58e1ca811d4c - core[a373ad73a504971]::panicking::panic_fmt
[INFO] [stdout]                                at /rustc/e3feeb59cd1bdd011a2bfcc0747b55125d9b8527/library/core/src/panicking.rs:80:14
[INFO] [stdout]   19:     0x58e1ca76369c - coopvec_live[8f95a0a7ad6e2a97]::common::require_serialization_lock
[INFO] [stdout]                                at /opt/rustwide/workdir/tests/common/mod.rs:389:5
[INFO] [stdout]   20:     0x58e1ca76319a - coopvec_live[8f95a0a7ad6e2a97]::common::instance_and_devices
[INFO] [stdout]                                at /opt/rustwide/workdir/tests/common/mod.rs:511:5
[INFO] [stdout]   21:     0x58e1ca75b572 - coopvec_live[8f95a0a7ad6e2a97]::packed_component_types_never_appear_in_cooperative_matrix_properties
[INFO] [stdout]                                at /opt/rustwide/workdir/tests/coopvec_live.rs:116:15
[INFO] [stdout]   22:     0x58e1ca75a7e7 - coopvec_live[8f95a0a7ad6e2a97]::packed_component_types_never_appear_in_cooperative_matrix_properties::{closure#0}
[INFO] [stdout]                                at /opt/rustwide/workdir/tests/coopvec_live.rs:111:74
[INFO] [stdout]   23:     0x58e1ca75ff26 - <coopvec_live[8f95a0a7ad6e2a97]::packed_component_types_never_appear_in_cooperative_matrix_properties::{closure#0} as core[a373ad73a504971]::ops::function::FnOnce<()>>::call_once
[INFO] [stdout]                                at /rustc/e3feeb59cd1bdd011a2bfcc0747b55125d9b8527/library/core/src/ops/function.rs:250:5
[INFO] [stdout]   24:     0x58e1ca76db6b - <fn() -> core[a373ad73a504971]::result::Result<(), alloc[2e1b2a31b91974c5]::string::String> as core[a373ad73a504971]::ops::function::FnOnce<()>>::call_once
[INFO] [stdout]                                at /rustc/e3feeb59cd1bdd011a2bfcc0747b55125d9b8527/library/core/src/ops/function.rs:250:5
[INFO] [stdout]   25:     0x58e1ca76db6b - test[aada8e7e76ba119b]::__rust_begin_short_backtrace::<core[a373ad73a504971]::result::Result<(), alloc[2e1b2a31b91974c5]::string::String>, fn() -> core[a373ad73a504971]::result::Result<(), alloc[2e1b2a31b91974c5]::string::String>>
[INFO] [stdout]                                at /rustc/e3feeb59cd1bdd011a2bfcc0747b55125d9b8527/library/test/src/lib.rs:701:18
[INFO] [stdout]   26:     0x58e1ca77ad45 - test[aada8e7e76ba119b]::run_test_in_process::{closure#0}
[INFO] [stdout]                                at /rustc/e3feeb59cd1bdd011a2bfcc0747b55125d9b8527/library/test/src/lib.rs:724:74
[INFO] [stdout]   27:     0x58e1ca77ad45 - <core[a373ad73a504971]::panic::unwind_safe::AssertUnwindSafe<test[aada8e7e76ba119b]::run_test_in_process::{closure#0}> as core[a373ad73a504971]::ops::function::FnOnce<()>>::call_once
[INFO] [stdout]                                at /rustc/e3feeb59cd1bdd011a2bfcc0747b55125d9b8527/library/core/src/panic/unwind_safe.rs:275:9
[INFO] [stdout]   28:     0x58e1ca77ad45 - std[617be2ca0a6fd877]::panicking::catch_unwind::do_call::<core[a373ad73a504971]::panic::unwind_safe::AssertUnwindSafe<test[aada8e7e76ba119b]::run_test_in_process::{closure#0}>, core[a373ad73a504971]::result::Result<(), alloc[2e1b2a31b91974c5]::string::String>>
[INFO] [stdout]                                at /rustc/e3feeb59cd1bdd011a2bfcc0747b55125d9b8527/library/std/src/panicking.rs:573:43
[INFO] [stdout]   29:     0x58e1ca77ad45 - std[617be2ca0a6fd877]::panicking::catch_unwind::<core[a373ad73a504971]::result::Result<(), alloc[2e1b2a31b91974c5]::string::String>, core[a373ad73a504971]::panic::unwind_safe::AssertUnwindSafe<test[aada8e7e76ba119b]::run_test_in_process::{closure#0}>>
[INFO] [stdout]                                at /rustc/e3feeb59cd1bdd011a2bfcc0747b55125d9b8527/library/std/src/panicking.rs:541:19
[INFO] [stdout]   30:     0x58e1ca77ad45 - std[617be2ca0a6fd877]::panic::catch_unwind::<core[a373ad73a504971]::panic::unwind_safe::AssertUnwindSafe<test[aada8e7e76ba119b]::run_test_in_process::{closure#0}>, core[a373ad73a504971]::result::Result<(), alloc[2e1b2a31b91974c5]::string::String>>
[INFO] [stdout]                                at /rustc/e3feeb59cd1bdd011a2bfcc0747b55125d9b8527/library/std/src/panic.rs:359:14
[INFO] [stdout]   31:     0x58e1ca77ad45 - test[aada8e7e76ba119b]::run_test_in_process
[INFO] [stdout]                                at /rustc/e3feeb59cd1bdd011a2bfcc0747b55125d9b8527/library/test/src/lib.rs:724:27
[INFO] [stdout]   32:     0x58e1ca77ad45 - test[aada8e7e76ba119b]::run_test::{closure#0}
[INFO] [stdout]                                at /rustc/e3feeb59cd1bdd011a2bfcc0747b55125d9b8527/library/test/src/lib.rs:645:43
[INFO] [stdout]   33:     0x58e1ca774634 - test[aada8e7e76ba119b]::run_test::{closure#1}
[INFO] [stdout]                                at /rustc/e3feeb59cd1bdd011a2bfcc0747b55125d9b8527/library/test/src/lib.rs:675:41
[INFO] [stdout]   34:     0x58e1ca774634 - std[617be2ca0a6fd877]::sys::backtrace::__rust_begin_short_backtrace::<test[aada8e7e76ba119b]::run_test::{closure#1}, ()>
[INFO] [stdout]                                at /rustc/e3feeb59cd1bdd011a2bfcc0747b55125d9b8527/library/std/src/sys/backtrace.rs:166:18
[INFO] [stdout]   35:     0x58e1ca77ddd2 - std[617be2ca0a6fd877]::thread::lifecycle::spawn_unchecked::<test[aada8e7e76ba119b]::run_test::{closure#1}, ()>::{closure#1}::{closure#0}
[INFO] [stdout]                                at /rustc/e3feeb59cd1bdd011a2bfcc0747b55125d9b8527/library/std/src/thread/lifecycle.rs:70:13
[INFO] [stdout]   36:     0x58e1ca77ddd2 - <core[a373ad73a504971]::panic::unwind_safe::AssertUnwindSafe<std[617be2ca0a6fd877]::thread::lifecycle::spawn_unchecked<test[aada8e7e76ba119b]::run_test::{closure#1}, ()>::{closure#1}::{closure#0}> as core[a373ad73a504971]::ops::function::FnOnce<()>>::call_once
[INFO] [stdout]                                at /rustc/e3feeb59cd1bdd011a2bfcc0747b55125d9b8527/library/core/src/panic/unwind_safe.rs:275:9
[INFO] [stdout]   37:     0x58e1ca77ddd2 - std[617be2ca0a6fd877]::panicking::catch_unwind::do_call::<core[a373ad73a504971]::panic::unwind_safe::AssertUnwindSafe<std[617be2ca0a6fd877]::thread::lifecycle::spawn_unchecked<test[aada8e7e76ba119b]::run_test::{closure#1}, ()>::{closure#1}::{closure#0}>, ()>
[INFO] [stdout]                                at /rustc/e3feeb59cd1bdd011a2bfcc0747b55125d9b8527/library/std/src/panicking.rs:573:43
[INFO] [stdout]   38:     0x58e1ca77ddd2 - std[617be2ca0a6fd877]::panicking::catch_unwind::<(), core[a373ad73a504971]::panic::unwind_safe::AssertUnwindSafe<std[617be2ca0a6fd877]::thread::lifecycle::spawn_unchecked<test[aada8e7e76ba119b]::run_test::{closure#1}, ()>::{closure#1}::{closure#0}>>
[INFO] [stdout]                                at /rustc/e3feeb59cd1bdd011a2bfcc0747b55125d9b8527/library/std/src/panicking.rs:541:19
[INFO] [stdout]   39:     0x58e1ca77ddd2 - std[617be2ca0a6fd877]::panic::catch_unwind::<core[a373ad73a504971]::panic::unwind_safe::AssertUnwindSafe<std[617be2ca0a6fd877]::thread::lifecycle::spawn_unchecked<test[aada8e7e76ba119b]::run_test::{closure#1}, ()>::{closure#1}::{closure#0}>, ()>
[INFO] [stdout]                                at /rustc/e3feeb59cd1bdd011a2bfcc0747b55125d9b8527/library/std/src/panic.rs:359:14
[INFO] [stdout]   40:     0x58e1ca77ddd2 - std[617be2ca0a6fd877]::thread::lifecycle::spawn_unchecked::<test[aada8e7e76ba119b]::run_test::{closure#1}, ()>::{closure#1}
[INFO] [stdout]                                at /rustc/e3feeb59cd1bdd011a2bfcc0747b55125d9b8527/library/std/src/thread/lifecycle.rs:68:26
[INFO] [stdout]   41:     0x58e1ca77ddd2 - <std[617be2ca0a6fd877]::thread::lifecycle::spawn_unchecked<test[aada8e7e76ba119b]::run_test::{closure#1}, ()>::{closure#1} as core[a373ad73a504971]::ops::function::FnOnce<()>>::call_once::{shim:vtable#0}
[INFO] [stdout]                                at /rustc/e3feeb59cd1bdd011a2bfcc0747b55125d9b8527/library/core/src/ops/function.rs:250:5
[INFO] [stdout]   42:     0x58e1ca7fc81f - <alloc[2e1b2a31b91974c5]::boxed::Box<dyn core[a373ad73a504971]::ops::function::FnOnce<(), Output = ()> + core[a373ad73a504971]::marker::Send> as core[a373ad73a504971]::ops::function::FnOnce<()>>::call_once
[INFO] [stdout]                                at /rustc/e3feeb59cd1bdd011a2bfcc0747b55125d9b8527/library/alloc/src/boxed.rs:2314:9
[INFO] [stdout]   43:     0x58e1ca7fc81f - <std[617be2ca0a6fd877]::sys::thread::unix::Thread>::new::thread_start
[INFO] [stdout]                                at /rustc/e3feeb59cd1bdd011a2bfcc0747b55125d9b8527/library/std/src/sys/thread/unix.rs:127:17
[INFO] [stdout]   44:     0x7800d6919dfa - <unknown>
[INFO] [stdout]   45:     0x7800d69ad3d4 - clone
[INFO] [stdout]   46:                0x0 - <unknown>
[INFO] [stdout] 
[INFO] [stdout] 
[INFO] [stdout] failures:
[INFO] [stdout]     cooperative_vector_properties_are_well_formed_and_nameable
[INFO] [stdout]     packed_component_types_never_appear_in_cooperative_matrix_properties
[INFO] [stdout] 
[INFO] [stdout] test result: FAILED. 9 passed; 2 failed; 0 ignored; 0 measured; 0 filtered out; finished in 0.11s
[INFO] [stdout] 
[INFO] running `Command { std: "docker" "inspect" "6e78afdc7e5c818d4f63a85d42589d7c5e1f39f6707c0dfd9413b0b0cc056c80", kill_on_drop: false }`
[INFO] running `Command { std: "docker" "rm" "-f" "6e78afdc7e5c818d4f63a85d42589d7c5e1f39f6707c0dfd9413b0b0cc056c80", kill_on_drop: false }`
[INFO] [stdout] 6e78afdc7e5c818d4f63a85d42589d7c5e1f39f6707c0dfd9413b0b0cc056c80
