[INFO] fetching crate vite-static-derive 1.1.0...
[INFO] testing vite-static-derive-1.1.0 against 1.99.0-beta.8 for beta-1.100-2
[INFO] extracting crate vite-static-derive 1.1.0 into /workspace/builds/worker-4-tc1/source
[INFO] started tweaking crates.io crate vite-static-derive 1.1.0
[INFO] finished tweaking crates.io crate vite-static-derive 1.1.0
[INFO] tweaked toml for crates.io crate vite-static-derive 1.1.0 written to /workspace/builds/worker-4-tc1/source/Cargo.toml
[INFO] validating manifest of crates.io crate vite-static-derive 1.1.0 on toolchain 1.99.0-beta.8
[INFO] running `Command { std: CARGO_HOME="/workspace/cargo-home" RUSTUP_HOME="/workspace/rustup-home" "/workspace/cargo-home/bin/cargo" "+1.99.0-beta.8" "metadata" "--manifest-path" "Cargo.toml" "--no-deps", kill_on_drop: false }`
[INFO] crate crates.io crate vite-static-derive 1.1.0 already has a lockfile, it will not be regenerated
[INFO] running `Command { std: CARGO_HOME="/workspace/cargo-home" RUSTUP_HOME="/workspace/rustup-home" "/workspace/cargo-home/bin/cargo" "+1.99.0-beta.8" "fetch" "--manifest-path" "Cargo.toml", kill_on_drop: false }`
[INFO] [stderr]     Updating crates.io index
[INFO] [stderr]  Downloading crates ...
[INFO] [stderr]   Downloaded vite-static-shared v1.1.0
[INFO] [stderr]   Downloaded blake3 v1.8.5
[INFO] [stderr]   Downloaded cc v1.2.66
[INFO] running `Command { std: "docker" "create" "-v" "/var/lib/crater-agent-workspace/builds/worker-4-tc1/source:/opt/rustwide/workdir:ro,Z" "-v" "/var/lib/crater-agent-workspace/builds/worker-4-tc1/target:/opt/rustwide/target:rw,Z" "-v" "/var/lib/crater-agent-workspace/cargo-home:/opt/rustwide/cargo-home:ro,Z" "-v" "/var/lib/crater-agent-workspace/rustup-home:/opt/rustwide/rustup-home:ro,Z" "-m" "1610612736" "--network" "none" "ghcr.io/rust-lang/crates-build-env/linux@sha256:3111399a4047eeb3a02b7a90e478d715f38a8c6669b5c4b49d30a17385265909" "sleep" "infinity", kill_on_drop: false }`
[INFO] [stdout] f617e2200c2b7b6c8ddcc8c1b1eadf4635b3bc4b0ceee09e9ea25e7213006e81
[INFO] running `Command { std: "docker" "start" "f617e2200c2b7b6c8ddcc8c1b1eadf4635b3bc4b0ceee09e9ea25e7213006e81", kill_on_drop: false }`
[INFO] running `Command { std: "docker" "inspect" "f617e2200c2b7b6c8ddcc8c1b1eadf4635b3bc4b0ceee09e9ea25e7213006e81", kill_on_drop: false }`
[INFO] running `Command { std: "docker" "exec" "-e" "SOURCE_DIR=/opt/rustwide/workdir" "-e" "CARGO_HOME=/opt/rustwide/cargo-home" "-e" "RUSTUP_HOME=/opt/rustwide/rustup-home" "-e" "CARGO_TARGET_DIR=/opt/rustwide/target" "-w" "/opt/rustwide/workdir" "--user" "0:0" "f617e2200c2b7b6c8ddcc8c1b1eadf4635b3bc4b0ceee09e9ea25e7213006e81" "/opt/rustwide/cargo-home/bin/cargo" "+1.99.0-beta.8" "metadata" "--no-deps" "--format-version=1", kill_on_drop: false }`
[INFO] running `Command { std: "docker" "inspect" "f617e2200c2b7b6c8ddcc8c1b1eadf4635b3bc4b0ceee09e9ea25e7213006e81", kill_on_drop: false }`
[INFO] running `Command { std: "docker" "exec" "-e" "SOURCE_DIR=/opt/rustwide/workdir" "-e" "CARGO_HOME=/opt/rustwide/cargo-home" "-e" "RUSTUP_HOME=/opt/rustwide/rustup-home" "-e" "CARGO_TARGET_DIR=/opt/rustwide/target" "-e" "CARGO_INCREMENTAL=0" "-e" "RUST_BACKTRACE=full" "-e" "RUSTFLAGS=--cap-lints=warn" "-e" "RUSTDOCFLAGS=--cap-lints=warn" "-w" "/opt/rustwide/workdir" "--user" "0:0" "f617e2200c2b7b6c8ddcc8c1b1eadf4635b3bc4b0ceee09e9ea25e7213006e81" "/opt/rustwide/cargo-home/bin/cargo" "+1.99.0-beta.8" "build" "--frozen" "--message-format=json", kill_on_drop: false }`
[INFO] [stderr]    Compiling quote v1.0.46
[INFO] [stderr]    Compiling unicase v2.9.0
[INFO] [stderr]    Compiling cc v1.2.66
[INFO] [stderr]    Compiling zmij v1.0.21
[INFO] [stderr]    Compiling anyhow v1.0.103
[INFO] [stderr]    Compiling serde_json v1.0.150
[INFO] [stderr]    Compiling constant_time_eq v0.4.2
[INFO] [stderr]    Compiling mime v0.3.17
[INFO] [stderr]    Compiling arrayvec v0.7.8
[INFO] [stderr]    Compiling arrayref v0.3.9
[INFO] [stderr]    Compiling mime_guess v2.0.5
[INFO] [stderr]    Compiling cfg-if v1.0.4
[INFO] [stderr]    Compiling cpufeatures v0.3.0
[INFO] [stderr]    Compiling base64 v0.22.1
[INFO] [stderr]    Compiling syn v2.0.118
[INFO] [stderr]    Compiling blake3 v1.8.5
[INFO] [stderr]    Compiling serde_derive v1.0.228
[INFO] [stderr]    Compiling serde v1.0.228
[INFO] [stderr]    Compiling vite-static-shared v1.1.0
[INFO] [stderr]    Compiling vite-static-derive v1.1.0 (/opt/rustwide/workdir)
[INFO] [stderr]     Finished `dev` profile [unoptimized + debuginfo] target(s) in 14.74s
[INFO] running `Command { std: "docker" "inspect" "f617e2200c2b7b6c8ddcc8c1b1eadf4635b3bc4b0ceee09e9ea25e7213006e81", kill_on_drop: false }`
[INFO] running `Command { std: "docker" "exec" "-e" "SOURCE_DIR=/opt/rustwide/workdir" "-e" "CARGO_HOME=/opt/rustwide/cargo-home" "-e" "RUSTUP_HOME=/opt/rustwide/rustup-home" "-e" "CARGO_TARGET_DIR=/opt/rustwide/target" "-e" "CARGO_INCREMENTAL=0" "-e" "RUST_BACKTRACE=full" "-e" "RUSTFLAGS=--cap-lints=warn" "-e" "RUSTDOCFLAGS=--cap-lints=warn" "-w" "/opt/rustwide/workdir" "--user" "0:0" "f617e2200c2b7b6c8ddcc8c1b1eadf4635b3bc4b0ceee09e9ea25e7213006e81" "/opt/rustwide/cargo-home/bin/cargo" "+1.99.0-beta.8" "test" "--frozen" "--no-run" "--message-format=json", kill_on_drop: false }`
[INFO] [stderr]    Compiling vite-static-derive v1.1.0 (/opt/rustwide/workdir)
[INFO] [stderr]     Finished `test` profile [unoptimized + debuginfo] target(s) in 1.25s
[INFO] running `Command { std: "docker" "inspect" "f617e2200c2b7b6c8ddcc8c1b1eadf4635b3bc4b0ceee09e9ea25e7213006e81", kill_on_drop: false }`
[INFO] running `Command { std: "docker" "exec" "-e" "SOURCE_DIR=/opt/rustwide/workdir" "-e" "CARGO_HOME=/opt/rustwide/cargo-home" "-e" "RUSTUP_HOME=/opt/rustwide/rustup-home" "-e" "CARGO_TARGET_DIR=/opt/rustwide/target" "-e" "CARGO_INCREMENTAL=0" "-e" "RUST_BACKTRACE=full" "-e" "RUSTFLAGS=--cap-lints=warn" "-e" "RUSTDOCFLAGS=--cap-lints=warn" "-w" "/opt/rustwide/workdir" "--user" "0:0" "f617e2200c2b7b6c8ddcc8c1b1eadf4635b3bc4b0ceee09e9ea25e7213006e81" "/opt/rustwide/cargo-home/bin/cargo" "+1.99.0-beta.8" "test" "--frozen", kill_on_drop: false }`
[INFO] [stderr]     Finished `test` profile [unoptimized + debuginfo] target(s) in 0.08s
[INFO] [stderr]      Running unittests src/lib.rs (/opt/rustwide/target/debug/deps/vite_static_derive-6e228d0719a1f59c)
[INFO] [stdout] 
[INFO] [stdout] running 1 test
[INFO] [stdout] test parse::tests::resolve_env_test ... ok
[INFO] [stdout] 
[INFO] [stdout] test result: ok. 1 passed; 0 failed; 0 ignored; 0 measured; 0 filtered out; finished in 0.00s
[INFO] [stdout] 
[INFO] [stderr]    Doc-tests vite_static_derive
[INFO] [stdout] 
[INFO] [stdout] running 1 test
[INFO] [stdout] test src/lib.rs - manifest_derive (line 28) ... ok
[INFO] [stdout] 
[INFO] [stdout] test result: ok. 1 passed; 0 failed; 0 ignored; 0 measured; 0 filtered out; finished in 0.01s
[INFO] [stdout] 
[INFO] [stdout] 
[INFO] [stdout] running 3 tests
[INFO] [stdout] test src/lib.rs - manifest_derive (line 70) ... FAILED
[INFO] [stdout] test src/lib.rs - manifest_derive (line 55) ... FAILED
[INFO] [stdout] test src/lib.rs - manifest_derive (line 78) ... FAILED
[INFO] [stdout] 
[INFO] [stdout] failures:
[INFO] [stdout] 
[INFO] [stdout] ---- src/lib.rs - manifest_derive (line 70) stdout ----
[INFO] [stdout] error: expected item after attributes
[INFO] [stdout]   --> src/lib.rs:71:1
[INFO] [stdout]    |
[INFO] [stdout] 71 | #[cfg_attr(debug_assertions, no_embedding)]
[INFO] [stdout]    | ^^^^^^^^^^^^^^^^^^^^^^^^^^^^^^^^^^^^^^^^^^^ expected an item after this
[INFO] [stdout] 
[INFO] [stdout] error: aborting due to 1 previous error
[INFO] [stdout] 
[INFO] [stdout] Couldn't compile the test.
[INFO] [stdout] ---- src/lib.rs - manifest_derive (line 55) stdout ----
[INFO] [stdout] error: expected item after attributes
[INFO] [stdout]   --> src/lib.rs:59:1
[INFO] [stdout]    |
[INFO] [stdout] 56 | / #[vite_dist = "relative/path/to/vite-project/dist"]
[INFO] [stdout] 57 | | #[vite_dist = "/absolute/path/to/vite-project/dist"]
[INFO] [stdout] 58 | | #[vite_dist = "env:VITE_DIST_PATH"]
[INFO] [stdout]    | |___________________________________- other attributes here
[INFO] [stdout] 59 |   #[vite_dist = "env:VITE_DIST_PATH|/default/path/to/dist"]
[INFO] [stdout]    |   ^^^^^^^^^^^^^^^^^^^^^^^^^^^^^^^^^^^^^^^^^^^^^^^^^^^^^^^^^ expected an item after this
[INFO] [stdout] 
[INFO] [stdout] error: aborting due to 1 previous error
[INFO] [stdout] 
[INFO] [stdout] Couldn't compile the test.
[INFO] [stdout] ---- src/lib.rs - manifest_derive (line 78) stdout ----
[INFO] [stdout] error: expected item after attributes
[INFO] [stdout]   --> src/lib.rs:79:1
[INFO] [stdout]    |
[INFO] [stdout] 79 | #[vite_static = "::path::to::vite_static"]
[INFO] [stdout]    | ^^^^^^^^^^^^^^^^^^^^^^^^^^^^^^^^^^^^^^^^^^ expected an item after this
[INFO] [stdout] 
[INFO] [stdout] error: aborting due to 1 previous error
[INFO] [stdout] 
[INFO] [stdout] Couldn't compile the test.
[INFO] [stdout] 
[INFO] [stdout] failures:
[INFO] [stdout]     src/lib.rs - manifest_derive (line 55)
[INFO] [stdout]     src/lib.rs - manifest_derive (line 70)
[INFO] [stdout]     src/lib.rs - manifest_derive (line 78)
[INFO] [stdout] 
[INFO] [stdout] test result: FAILED. 0 passed; 3 failed; 0 ignored; 0 measured; 0 filtered out; finished in 0.04s
[INFO] [stdout] 
[INFO] [stdout] all doctests ran in 0.66s; merged doctests compilation took 0.60s
[INFO] [stderr] error: doctest failed, to rerun pass `--doc`
[INFO] running `Command { std: "docker" "inspect" "f617e2200c2b7b6c8ddcc8c1b1eadf4635b3bc4b0ceee09e9ea25e7213006e81", kill_on_drop: false }`
[INFO] running `Command { std: "docker" "rm" "-f" "f617e2200c2b7b6c8ddcc8c1b1eadf4635b3bc4b0ceee09e9ea25e7213006e81", kill_on_drop: false }`
[INFO] [stdout] f617e2200c2b7b6c8ddcc8c1b1eadf4635b3bc4b0ceee09e9ea25e7213006e81
