[INFO] fetching crate vissue-core 0.18.2...
[INFO] testing vissue-core-0.18.2 against 1.99.0-beta.8 for beta-1.100-2
[INFO] extracting crate vissue-core 0.18.2 into /workspace/builds/worker-4-tc1/source
[INFO] started tweaking crates.io crate vissue-core 0.18.2
[INFO] removed 0 missing tests
[INFO] finished tweaking crates.io crate vissue-core 0.18.2
[INFO] tweaked toml for crates.io crate vissue-core 0.18.2 written to /workspace/builds/worker-4-tc1/source/Cargo.toml
[INFO] validating manifest of crates.io crate vissue-core 0.18.2 on toolchain 1.99.0-beta.8
[INFO] running `Command { std: CARGO_HOME="/workspace/cargo-home" RUSTUP_HOME="/workspace/rustup-home" "/workspace/cargo-home/bin/cargo" "+1.99.0-beta.8" "metadata" "--manifest-path" "Cargo.toml" "--no-deps", kill_on_drop: false }`
[INFO] crate crates.io crate vissue-core 0.18.2 already has a lockfile, it will not be regenerated
[INFO] running `Command { std: CARGO_HOME="/workspace/cargo-home" RUSTUP_HOME="/workspace/rustup-home" "/workspace/cargo-home/bin/cargo" "+1.99.0-beta.8" "fetch" "--manifest-path" "Cargo.toml", kill_on_drop: false }`
[INFO] [stderr]     Updating crates.io index
[INFO] [stderr]  Downloading crates ...
[INFO] [stderr]   Downloaded fs2 v0.4.3
[INFO] [stderr]   Downloaded daggy v0.9.0
[INFO] [stderr]   Downloaded capnp v0.27.2
[INFO] [stderr]   Downloaded embedded-io v0.7.1
[INFO] [stderr]   Downloaded cc v1.4.6
[INFO] running `Command { std: "docker" "create" "-v" "/var/lib/crater-agent-workspace/builds/worker-4-tc1/source:/opt/rustwide/workdir:ro,Z" "-v" "/var/lib/crater-agent-workspace/builds/worker-4-tc1/target:/opt/rustwide/target:rw,Z" "-v" "/var/lib/crater-agent-workspace/cargo-home:/opt/rustwide/cargo-home:ro,Z" "-v" "/var/lib/crater-agent-workspace/rustup-home:/opt/rustwide/rustup-home:ro,Z" "-m" "1610612736" "--network" "none" "ghcr.io/rust-lang/crates-build-env/linux@sha256:3111399a4047eeb3a02b7a90e478d715f38a8c6669b5c4b49d30a17385265909" "sleep" "infinity", kill_on_drop: false }`
[INFO] [stdout] bfe8a0124e236943ec2ef590d12340dfcc2066f5cda9fbf63f3f0f5956ff24c4
[INFO] running `Command { std: "docker" "start" "bfe8a0124e236943ec2ef590d12340dfcc2066f5cda9fbf63f3f0f5956ff24c4", kill_on_drop: false }`
[INFO] running `Command { std: "docker" "inspect" "bfe8a0124e236943ec2ef590d12340dfcc2066f5cda9fbf63f3f0f5956ff24c4", kill_on_drop: false }`
[INFO] running `Command { std: "docker" "exec" "-e" "SOURCE_DIR=/opt/rustwide/workdir" "-e" "CARGO_HOME=/opt/rustwide/cargo-home" "-e" "RUSTUP_HOME=/opt/rustwide/rustup-home" "-e" "CARGO_TARGET_DIR=/opt/rustwide/target" "-w" "/opt/rustwide/workdir" "--user" "0:0" "bfe8a0124e236943ec2ef590d12340dfcc2066f5cda9fbf63f3f0f5956ff24c4" "/opt/rustwide/cargo-home/bin/cargo" "+1.99.0-beta.8" "metadata" "--no-deps" "--format-version=1", kill_on_drop: false }`
[INFO] running `Command { std: "docker" "inspect" "bfe8a0124e236943ec2ef590d12340dfcc2066f5cda9fbf63f3f0f5956ff24c4", kill_on_drop: false }`
[INFO] running `Command { std: "docker" "exec" "-e" "SOURCE_DIR=/opt/rustwide/workdir" "-e" "CARGO_HOME=/opt/rustwide/cargo-home" "-e" "RUSTUP_HOME=/opt/rustwide/rustup-home" "-e" "CARGO_TARGET_DIR=/opt/rustwide/target" "-e" "CARGO_INCREMENTAL=0" "-e" "RUST_BACKTRACE=full" "-e" "RUSTFLAGS=--cap-lints=warn" "-e" "RUSTDOCFLAGS=--cap-lints=warn" "-w" "/opt/rustwide/workdir" "--user" "0:0" "bfe8a0124e236943ec2ef590d12340dfcc2066f5cda9fbf63f3f0f5956ff24c4" "/opt/rustwide/cargo-home/bin/cargo" "+1.99.0-beta.8" "build" "--frozen" "--message-format=json", kill_on_drop: false }`
[INFO] [stderr]    Compiling serde_core v1.0.229
[INFO] [stderr]    Compiling crossbeam-utils v0.8.23
[INFO] [stderr]    Compiling proc-macro2 v1.0.107
[INFO] [stderr]    Compiling crossbeam-epoch v0.9.21
[INFO] [stderr]    Compiling typenum v1.20.1
[INFO] [stderr]    Compiling quote v1.0.47
[INFO] [stderr]    Compiling crossbeam-deque v0.8.8
[INFO] [stderr]    Compiling libc v0.2.189
[INFO] [stderr]    Compiling foldhash v0.1.5
[INFO] [stderr]    Compiling zmij v1.0.23
[INFO] [stderr]    Compiling indexmap v2.14.2
[INFO] [stderr]    Compiling hashbrown v0.15.5
[INFO] [stderr]    Compiling winnow v1.0.4
[INFO] [stderr]    Compiling serde v1.0.229
[INFO] [stderr]    Compiling serde_json v1.0.151
[INFO] [stderr]    Compiling const-oid v0.10.2
[INFO] [stderr]    Compiling fixedbitset v0.5.7
[INFO] [stderr]    Compiling anyhow v1.0.104
[INFO] [stderr]    Compiling syn v3.0.5
[INFO] [stderr]    Compiling rayon-core v1.13.0
[INFO] [stderr]    Compiling toml_parser v1.1.2+spec-1.1.0
[INFO] [stderr]    Compiling hybrid-array v0.4.13
[INFO] [stderr]    Compiling petgraph v0.8.3
[INFO] [stderr]    Compiling cpufeatures v0.3.0
[INFO] [stderr]    Compiling either v1.18.0
[INFO] [stderr]    Compiling toml_writer v1.1.1+spec-1.1.0
[INFO] [stderr]    Compiling memchr v2.8.3
[INFO] [stderr]    Compiling rayon v1.12.0
[INFO] [stderr]    Compiling crypto-common v0.2.2
[INFO] [stderr]    Compiling block-buffer v0.12.1
[INFO] [stderr]    Compiling chrono v0.4.45
[INFO] [stderr]    Compiling digest v0.11.3
[INFO] [stderr]    Compiling sha2 v0.11.0
[INFO] [stderr]    Compiling fs2 v0.4.3
[INFO] [stderr]    Compiling capnp v0.27.2
[INFO] [stderr]    Compiling xxhash-rust v0.8.18
[INFO] [stderr]    Compiling serde_derive v1.0.229
[INFO] [stderr]    Compiling toml_datetime v1.1.1+spec-1.1.0
[INFO] [stderr]    Compiling serde_spanned v1.1.1
[INFO] [stderr]    Compiling daggy v0.9.0
[INFO] [stderr]    Compiling toml v1.1.2+spec-1.1.0
[INFO] [stderr]    Compiling vissue-core v0.18.2 (/opt/rustwide/workdir)
[INFO] [stderr]     Finished `dev` profile [unoptimized + debuginfo] target(s) in 48.64s
[INFO] running `Command { std: "docker" "inspect" "bfe8a0124e236943ec2ef590d12340dfcc2066f5cda9fbf63f3f0f5956ff24c4", kill_on_drop: false }`
[INFO] running `Command { std: "docker" "exec" "-e" "SOURCE_DIR=/opt/rustwide/workdir" "-e" "CARGO_HOME=/opt/rustwide/cargo-home" "-e" "RUSTUP_HOME=/opt/rustwide/rustup-home" "-e" "CARGO_TARGET_DIR=/opt/rustwide/target" "-e" "CARGO_INCREMENTAL=0" "-e" "RUST_BACKTRACE=full" "-e" "RUSTFLAGS=--cap-lints=warn" "-e" "RUSTDOCFLAGS=--cap-lints=warn" "-w" "/opt/rustwide/workdir" "--user" "0:0" "bfe8a0124e236943ec2ef590d12340dfcc2066f5cda9fbf63f3f0f5956ff24c4" "/opt/rustwide/cargo-home/bin/cargo" "+1.99.0-beta.8" "test" "--frozen" "--no-run" "--message-format=json", kill_on_drop: false }`
[INFO] [stderr]    Compiling rustix v1.1.4
[INFO] [stderr]    Compiling getrandom v0.4.3
[INFO] [stderr]    Compiling once_cell v1.21.4
[INFO] [stderr]    Compiling tempfile v3.27.0
[INFO] [stderr]    Compiling vissue-core v0.18.2 (/opt/rustwide/workdir)
[INFO] [stderr]     Finished `test` profile [unoptimized + debuginfo] target(s) in 24.07s
[INFO] running `Command { std: "docker" "inspect" "bfe8a0124e236943ec2ef590d12340dfcc2066f5cda9fbf63f3f0f5956ff24c4", kill_on_drop: false }`
[INFO] running `Command { std: "docker" "exec" "-e" "SOURCE_DIR=/opt/rustwide/workdir" "-e" "CARGO_HOME=/opt/rustwide/cargo-home" "-e" "RUSTUP_HOME=/opt/rustwide/rustup-home" "-e" "CARGO_TARGET_DIR=/opt/rustwide/target" "-e" "CARGO_INCREMENTAL=0" "-e" "RUST_BACKTRACE=full" "-e" "RUSTFLAGS=--cap-lints=warn" "-e" "RUSTDOCFLAGS=--cap-lints=warn" "-w" "/opt/rustwide/workdir" "--user" "0:0" "bfe8a0124e236943ec2ef590d12340dfcc2066f5cda9fbf63f3f0f5956ff24c4" "/opt/rustwide/cargo-home/bin/cargo" "+1.99.0-beta.8" "test" "--frozen", kill_on_drop: false }`
[INFO] [stderr]     Finished `test` profile [unoptimized + debuginfo] target(s) in 0.11s
[INFO] [stderr]      Running unittests src/lib.rs (/opt/rustwide/target/debug/deps/vissue_core-b011f5cbf9f716fa)
[INFO] [stdout] 
[INFO] [stdout] running 319 tests
[INFO] [stdout] test agent::tests::body_excerpt_suppresses_apparent_secrets ... ok
[INFO] [stdout] test agent::tests::body_excerpt_returns_the_heading_range ... ok
[INFO] [stdout] test agent::tests::claim_moves_an_open_issue_to_started ... ok
[INFO] [stdout] test agent::tests::the_secret_screen_reads_shapes_not_substrings ... ok
[INFO] [stdout] test agent::tests::claim_refuses_a_closed_issue ... ok
[INFO] [stdout] test catalog::shared_corpus_tests::a_shared_scope_parses_a_tracker_once_and_outside_it_every_read_is_fresh ... ok
[INFO] [stdout] test agent::tests::show_json_carries_the_file_range ... ok
[INFO] [stdout] test agent::tests::hygiene_groups_claims_by_holder ... ok
[INFO] [stdout] test agent::tests::hygiene_flags_a_started_issue_that_is_blocked ... ok
[INFO] [stdout] test config::tests::a_consensus_weight_the_iteration_cannot_use_is_refused ... ok
[INFO] [stdout] test config::tests::a_missing_named_root_is_not_a_tracker ... ok
[INFO] [stdout] test config::tests::a_per_agent_susceptibility_is_checked_and_names_the_agent ... ok
[INFO] [stdout] test config::tests::a_partial_override_keeps_the_keys_it_does_not_name ... ok
[INFO] [stdout] test config::tests::a_tilde_root_expands_against_home ... ok
[INFO] [stdout] test config::tests::a_trust_row_overrides_only_the_agent_it_names ... ok
[INFO] [stdout] test config::tests::a_susceptibility_row_overrides_only_the_agent_it_names ... ok
[INFO] [stdout] test config::tests::config_defaults_when_no_files_present ... ok
[INFO] [stdout] test config::tests::prefix_scoped_config_overrides_root_config ... ok
[INFO] [stdout] test config::tests::a_seat_file_that_says_nothing_usable_says_nothing ... ok
[INFO] [stdout] test config::tests::layout_defaults_to_software_prefix ... ok
[INFO] [stdout] test config::tests::root_config_supplies_prefix ... ok
[INFO] [stdout] test config::tests::explicit_prefix_wins ... ok
[INFO] [stdout] test config::tests::the_consensus_defaults_converge_on_their_own ... ok
[INFO] [stdout] test config::tests::the_ends_of_the_self_weight_range_are_accepted ... ok
[INFO] [stdout] test agent::tests::ready_json_drops_blocked_issues ... ok
[INFO] [stdout] test config::tests::the_environment_names_the_claiming_identity_first ... ok
[INFO] [stdout] test config::tests::the_seat_root_shares_the_file_the_router_reads ... ok
[INFO] [stdout] test agent::tests::closed_work_that_named_no_product_is_reported_only_where_it_is_expected ... ok
[INFO] [stdout] test config::tests::the_stale_claim_threshold_is_configurable ... ok
[INFO] [stdout] test config::tests::without_configuration_the_identity_is_user_at_host ... ok
[INFO] [stdout] test consensus::tests::a_named_agent_carries_its_own_susceptibility ... ok
[INFO] [stdout] test config::tests::the_caller_beats_the_environment_beats_where_you_stand ... ok
[INFO] [stdout] test consensus::tests::a_single_ballot_settles_on_itself ... ok
[INFO] [stdout] test consensus::tests::an_agent_at_zero_never_leaves_its_ballot ... ok
[INFO] [stdout] test consensus::tests::an_exact_tie_has_no_leader ... ok
[INFO] [stdout] test consensus::tests::every_influence_row_is_stochastic ... ok
[INFO] [stdout] test consensus::tests::a_periodic_trust_graph_is_reported_as_oscillating ... ok
[INFO] [stdout] test consensus::tests::naming_nobody_is_the_scalar_case ... ok
[INFO] [stdout] test consensus::tests::an_anchor_removes_the_periodic_case ... ok
[INFO] [stdout] test consensus::tests::anchor_rows_take_an_object_in_range ... ok
[INFO] [stdout] test consensus::tests::the_consensus_is_the_ballots_weighted_by_social_power ... ok
[INFO] [stdout] test consensus::tests::trust_can_move_the_group_off_the_plurality ... ok
[INFO] [stdout] test consensus::tests::no_ballots_leaves_no_consensus_to_report ... ok
[INFO] [stdout] test consensus::tests::trust_rows_take_tuples_or_objects ... ok
[INFO] [stdout] test consensus::tests::the_anchored_limit_solves_the_friedkin_johnsen_equation ... ok
[INFO] [stdout] test consensus::tests::full_susceptibility_is_the_unanchored_model ... ok
[INFO] [stdout] test consensus::tests::weight_on_an_agent_that_did_not_vote_is_dropped ... ok
[INFO] [stdout] test consensus::tests::without_configuration_the_consensus_is_the_tally_as_a_fraction ... ok
[INFO] [stdout] test config::tests::a_seat_file_names_a_tracker ... ok
[INFO] [stdout] test consensus::tests::an_anchor_leaves_the_minority_still_holding_its_position ... ok
[INFO] [stdout] test consensus::tests::two_closed_groups_do_not_reach_a_consensus ... ok
[INFO] [stdout] test consensus::tests::a_slowly_mixing_group_still_reaches_a_consensus ... ok
[INFO] [stdout] test digest::tests::a_digest_is_stable_across_runs ... ok
[INFO] [stdout] test digest::tests::selecting_projects_narrows_the_digest ... ok
[INFO] [stdout] test agent::tests::a_note_from_someone_else_does_not_keep_a_dead_holder_live ... ok
[INFO] [stdout] test events::tests::a_sequence_advances_and_reads_back ... ok
[INFO] [stdout] test events::tests::a_zero_timeout_does_not_sleep ... ok
[INFO] [stdout] test events::tests::a_tail_counts_lines_not_sequence_numbers ... ok
[INFO] [stdout] test events::tests::emit_state_change_writes_kind_id_and_detail ... ok
[INFO] [stdout] test digest::tests::the_rendered_form_names_every_project ... ok
[INFO] [stdout] test digest::tests::the_combined_digest_follows_the_parts ... ok
[INFO] [stdout] test events::tests::the_gitignore_hint_only_touches_an_existing_file ... ok
[INFO] [stdout] test events::tests::a_short_timeout_does_not_wait_the_poll_interval ... ok
[INFO] [stdout] test events::tests::the_report_carries_a_json_block ... ok
[INFO] [stdout] test events::tests::filters_narrow_by_project_and_kind ... ok
[INFO] [stdout] test events::tests::wait_until_terminal_returns_done_immediately ... ok
[INFO] [stdout] test events::tests::concurrent_emits_assign_unique_sequences ... ok
[INFO] [stdout] test events::tests::wait_until_terminal_returns_cancelled ... ok
[INFO] [stdout] test keys::tests::a_broken_overlay_leaves_the_defaults_and_says_why ... ok
[INFO] [stdout] test digest::tests::selection_order_does_not_change_the_digest ... ok
[INFO] [stdout] test events::tests::two_rapid_state_changes_both_appear_in_the_log ... ok
[INFO] [stdout] test keys::tests::a_leader_is_one_character ... ok
[INFO] [stdout] test keys::tests::a_missing_overlay_is_not_an_error_worth_reporting ... ok
[INFO] [stdout] test keys::tests::a_typed_character_is_its_own_chord ... ok
[INFO] [stdout] test keys::tests::an_overlay_rebinds_only_what_it_names ... ok
[INFO] [stdout] test keys::tests::every_action_has_a_unique_id ... ok
[INFO] [stdout] test keys::tests::help_follows_an_overlay_remap ... ok
[INFO] [stdout] test keys::tests::an_overlay_that_cannot_be_understood_says_which_part ... ok
[INFO] [stdout] test keys::tests::defaults_resolve_j_and_n ... ok
[INFO] [stdout] test keys::tests::overlay_remaps_list_down ... ok
[INFO] [stdout] test keys::tests::occupancy_reports_one_entry_per_bound_chord ... ok
[INFO] [stdout] test keys::tests::the_help_and_the_table_describe_every_action ... ok
[INFO] [stdout] test keys::tests::overlay_rejects_reserved_and_unknown ... ok
[INFO] [stdout] test keys::tests::the_leader_timeout_takes_a_positive_number_only ... ok
[INFO] [stdout] test keys::tests::the_keys_a_reader_needs_cannot_be_taken_away ... ok
[INFO] [stdout] test keys::tests::two_actions_may_not_share_one_chord ... ok
[INFO] [stdout] test keys::tests::the_help_shows_the_rebound_chord_rather_than_the_default ... ok
[INFO] [stdout] test merge::tests::a_claim_released_after_it_was_taken_stays_released ... ok
[INFO] [stdout] test keys::tests::two_actions_may_swap_chords_in_one_overlay ... ok
[INFO] [stdout] test merge::tests::a_real_clash_is_a_note_and_a_drawer_not_markers ... ok
[INFO] [stdout] test merge::tests::a_heading_removed_on_one_side_goes_unless_the_other_changed_it ... ok
[INFO] [stdout] test merge::tests::a_state_change_beside_a_note_takes_both ... ok
[INFO] [stdout] test merge::tests::a_side_that_does_not_parse_is_an_error ... ok
[INFO] [stdout] test merge::tests::deeds_added_on_both_sides_merge_by_token ... ok
[INFO] [stdout] test merge::tests::one_new_id_on_both_sides_takes_the_newer_copy_without_a_clash ... ok
[INFO] [stdout] test merge::tests::ballots_merge_per_voter_and_new_issues_from_both_sides_stay ... ok
[INFO] [stdout] test merge::tests::merging_in_an_ancestor_of_ours_gives_ours ... ok
[INFO] [stdout] test merge::tests::two_notes_on_one_issue_merge_without_a_clash ... ok
[INFO] [stdout] test mirror::tests::a_line_that_is_not_a_stamp_parses_as_nothing ... ok
[INFO] [stdout] test mirror::tests::a_stamp_round_trips_through_its_rendered_form ... ok
[INFO] [stdout] test mirror::tests::body_compaction_collapses_blanks_and_marks_the_cut ... ok
[INFO] [stdout] test mirror::tests::a_mirrored_body_heading_never_reparses_as_an_issue ... ok
[INFO] [stdout] test mirror::tests::format_parsing_rejects_unknown_names ... ok
[INFO] [stdout] test mirror::tests::body_headings_sit_below_the_issue_that_owns_them ... ok
[INFO] [stdout] test mirror::tests::an_empty_project_list_covers_every_project ... ok
[INFO] [stdout] test digest::tests::a_project_digest_matches_its_own_export ... ok
[INFO] [stdout] test mirror::tests::markdown_mirror_lists_metadata_as_bullets ... ok
[INFO] [stdout] test mirror::tests::org_mirror_drops_a_heading_tagged_noexport ... ok
[INFO] [stdout] test mirror::tests::state_filter_selects_a_single_bucket ... ok
[INFO] [stdout] test model::tests::a_heading_renders_its_tags_where_org_aligns_them ... ok
[INFO] [stdout] test model::tests::a_long_title_keeps_one_space_before_its_tags ... ok
[INFO] [stdout] test model::tests::a_title_is_not_mistaken_for_a_tag_run ... ok
[INFO] [stdout] test model::tests::accessors_read_optional_properties ... ok
[INFO] [stdout] test model::tests::blocked_by_accepts_commas_spaces_and_both ... ok
[INFO] [stdout] test model::tests::blocked_by_reads_a_blocker_id_list_and_edna_ids ... ok
[INFO] [stdout] test model::tests::clock_lines_survive_a_state_rewrite ... ok
[INFO] [stdout] test model::tests::headline_tags_split_off_the_title ... ok
[INFO] [stdout] test events::tests::waiting_returns_the_current_generation_on_timeout ... ok
[INFO] [stdout] test model::tests::last_activity_is_the_claim_stamp_even_when_someone_else_noted ... ok
[INFO] [stdout] test model::tests::logbook_renders_state_transitions ... ok
[INFO] [stdout] test model::tests::note_lines_round_trip ... ok
[INFO] [stdout] test model::tests::state_change_prepends_and_skips_no_ops ... ok
[INFO] [stdout] test model::tests::tags_read_the_property_and_the_heading_together ... ok
[INFO] [stdout] test model::tests::tags_split_on_commas_and_colons ... ok
[INFO] [stdout] test mirror::tests::org_mirror_carries_the_banner_and_selected_projects_only ... ok
[INFO] [stdout] test ops::tests::a_blank_or_multiline_vote_is_refused ... ok
[INFO] [stdout] test ops::tests::a_choice_containing_a_colon_round_trips ... ok
[INFO] [stdout] test mirror::tests::the_mirror_reparses_as_issue_headings ... ok
[INFO] [stdout] test mirror::tests::property_lines_line_up_with_the_tracker_format ... ok
[INFO] [stdout] test ops::tests::a_cited_deed_is_readable_back_off_the_heading ... ok
[INFO] [stdout] test ops::tests::a_cwd_under_the_prefix_names_its_project ... ok
[INFO] [stdout] test events::tests::wait_until_terminal_times_out_on_started ... ok
[INFO] [stdout] test mirror::tests::the_stamp_is_found_in_a_rendered_mirror ... ok
[INFO] [stdout] test ops::tests::a_claim_points_at_the_working_set_when_there_is_one ... ok
[INFO] [stdout] test ops::tests::a_hand_written_line_in_the_drawer_survives_a_vote ... ok
[INFO] [stdout] test ops::tests::a_lead_short_of_a_majority_is_not_called_consensus ... ok
[INFO] [stdout] test ops::tests::a_projected_board_refuses_a_create_and_names_its_inbox ... ok
[INFO] [stdout] test ops::tests::a_single_ballot_is_not_called_a_consensus ... ok
[INFO] [stdout] test ops::tests::a_parents_statistics_cookie_follows_its_children ... ok
[INFO] [stdout] test ops::tests::a_repeating_deadline_moves_on_instead_of_closing ... ok
[INFO] [stdout] test ops::tests::a_stale_done_after_reject_is_refused_and_the_source_stays_cancelled ... ok
[INFO] [stdout] test ops::tests::a_second_terminal_does_not_drop_the_first ... ok
[INFO] [stdout] test ops::tests::a_value_deedar_could_not_be_asked_for_is_refused ... ok
[INFO] [stdout] test ops::tests::an_identity_that_the_line_format_cannot_hold_is_refused ... ok
[INFO] [stdout] test ops::tests::a_tie_is_reported_as_no_consensus ... ok
[INFO] [stdout] test ops::tests::an_issue_with_no_votes_says_so_rather_than_showing_an_empty_table ... ok
[INFO] [stdout] test ops::tests::both_deed_forms_are_accessions ... ok
[INFO] [stdout] test ops::tests::blocker_cycle_is_rejected_before_writing ... ok
[INFO] [stdout] test ops::tests::a_state_update_writes_a_logbook_entry ... ok
[INFO] [stdout] test ops::tests::a_keyword_the_file_declares_is_legal_and_its_side_decides_closing ... ok
[INFO] [stdout] test ops::tests::auto_unblock_to_todo_releases_the_claim ... ok
[INFO] [stdout] test ops::tests::check_names_a_file_missing_category_and_a_type_not_on_the_heading ... ok
[INFO] [stdout] test ops::tests::check_errors_on_a_newer_protocol_stamp ... ok
[INFO] [stdout] test ops::tests::a_withdrawn_ballot_stops_counting_and_the_logbook_keeps_it ... ok
[INFO] [stdout] test ops::tests::check_is_quiet_about_a_done_issue_that_merely_uses_the_word_rejected ... ok
[INFO] [stdout] test ops::tests::check_reads_a_discovery_claim_only_near_the_link_it_belongs_to ... ok
[INFO] [stdout] test ops::tests::check_is_quiet_about_a_mention_that_claims_no_relation ... ok
[INFO] [stdout] test ops::tests::check_is_quiet_about_a_mention_that_a_parent_edge_already_explains ... ok
[INFO] [stdout] test ops::tests::blocking_and_unblocking_drive_the_state ... ok
[INFO] [stdout] test ops::tests::citing_the_same_deed_twice_leaves_one_citation ... ok
[INFO] [stdout] test ops::tests::closing_a_blocker_reports_the_issues_still_pointing_at_it ... ok
[INFO] [stdout] test ops::tests::closing_stamps_closed_and_reopening_clears_it ... ok
[INFO] [stdout] test ops::tests::citations_keep_the_order_they_were_added_in ... ok
[INFO] [stdout] test ops::tests::check_warns_on_reject_prose_done_and_a_mention_without_an_edge ... ok
[INFO] [stdout] test ops::tests::check_reads_supersedes_as_a_roll_up_and_superseded_by_as_an_outcome ... ok
[INFO] [stdout] test ops::tests::create_ignores_an_id_link_that_is_not_in_the_corpus ... ok
[INFO] [stdout] test ops::tests::create_accepts_a_parent_defined_in_a_design_document ... ok
[INFO] [stdout] test ops::tests::create_rejects_a_parent_that_does_not_exist ... ok
[INFO] [stdout] test ops::tests::create_rejects_an_explicit_id_for_another_project ... ok
[INFO] [stdout] test ops::tests::create_keeps_an_explicit_id_that_is_free ... ok
[INFO] [stdout] test ops::tests::create_rejects_an_explicit_id_that_is_taken ... ok
[INFO] [stdout] test ops::tests::create_sets_discovered_from_from_the_first_known_id_link ... ok
[INFO] [stdout] test ops::tests::fold_creates_issues_and_stamps_the_inbox_idempotently ... ok
[INFO] [stdout] test ops::tests::if_gen_refuses_when_the_corpus_moved ... ok
[INFO] [stdout] test ops::tests::listing_citations_does_not_touch_the_file ... ok
[INFO] [stdout] test ops::tests::deadlines_must_parse_as_org_dates ... ok
[INFO] [stdout] test ops::tests::normalize_rewrites_legacy_keys_and_keeps_edna ... ok
[INFO] [stdout] test ops::tests::note_rejects_empty_text_and_unknown_ids ... ok
[INFO] [stdout] test ops::tests::note_appends_to_the_logbook_and_leaves_state_alone ... ok
[INFO] [stdout] test ops::tests::org_safe_tags_go_on_the_heading_and_the_rest_stay_in_the_property ... ok
[INFO] [stdout] test ops::tests::one_file_named_two_ways_is_locked_once ... ok
[INFO] [stdout] test ops::tests::one_agent_one_ballot_and_a_recast_replaces_it ... ok
[INFO] [stdout] test ops::tests::create_puts_a_legal_type_on_the_heading ... ok
[INFO] [stdout] test ops::tests::refile_to_moves_across_two_layouts_and_leaves_no_shadow ... ok
[INFO] [stdout] test ops::tests::refile_moves_the_heading_between_projects ... ok
[INFO] [stdout] test ops::tests::reject_creates_the_successor_on_the_destination_layout ... ok
[INFO] [stdout] test ops::tests::reject_refuses_an_unknown_source_or_destination ... ok
[INFO] [stdout] test ops::tests::reject_to_an_existing_issue_cancels_and_wires_the_pair ... ok
[INFO] [stdout] test ops::tests::reject_creates_the_destination_in_another_project ... ok
[INFO] [stdout] test ops::tests::related_after_reject_names_the_successor_without_a_body_link ... ok
[INFO] [stdout] test ops::tests::reject_does_not_overwrite_a_nonempty_discovered_from ... ok
[INFO] [stdout] test ops::tests::concurrent_voters_all_land ... ok
[INFO] [stdout] test ops::tests::resolve_project_needs_a_name_from_somewhere ... ok
[INFO] [stdout] test ops::tests::the_logbook_reads_newest_first_however_an_entry_arrived ... ok
[INFO] [stdout] test ops::tests::release_holder_older_than_keeps_a_fresh_claim ... ok
[INFO] [stdout] test ops::tests::tags_are_added_and_removed_where_create_files_them ... ok
[INFO] [stdout] test ops::tests::the_written_file_appearing_in_its_own_reservation_is_not_a_deadlock ... ok
[INFO] [stdout] test ops::tests::removing_the_last_citation_removes_the_property ... ok
[INFO] [stdout] test ops::tests::release_holder_clears_a_stamp_left_on_a_closed_heading ... ok
[INFO] [stdout] test ops::tests::release_holder_drops_every_claim_and_leaves_state ... ok
[INFO] [stdout] test ops::tests::the_reservation_is_read_after_the_lock_is_held ... ok
[INFO] [stdout] test org::tests::a_headline_needs_stars_then_a_space_at_column_zero ... ok
[INFO] [stdout] test org::tests::a_file_local_keyword_is_an_issue ... ok
[INFO] [stdout] test org::tests::a_planning_line_keeps_a_range_and_rejects_prose ... ok
[INFO] [stdout] test org::tests::a_repeater_shifts_as_org_shifts_it ... ok
[INFO] [stdout] test org::tests::babel_results_hide_headlines_and_drawers ... ok
[INFO] [stdout] test org::tests::babel_results_table_and_fixed_width_and_drawer ... ok
[INFO] [stdout] test org::tests::comment_and_section_headlines_are_not_issues ... ok
[INFO] [stdout] test org::tests::edna_blocker_is_not_an_id_list ... ok
[INFO] [stdout] test org::tests::effort_accepts_org_durations ... ok
[INFO] [stdout] test org::tests::babel_call_and_affiliated_keywords ... ok
[INFO] [stdout] test org::tests::empty_statistics_cookies_are_cookies ... ok
[INFO] [stdout] test org::tests::file_local_todo_keywords_accumulate_and_keep_the_house_set ... ok
[INFO] [stdout] test org::tests::filetags_parse_the_in_buffer_keyword ... ok
[INFO] [stdout] test org::tests::gcal_event_ids_are_not_org_ids ... ok
[INFO] [stdout] test org::tests::greater_and_dynamic_blocks_hide_their_contents ... ok
[INFO] [stdout] test org::tests::noweb_and_inline_src_and_calls ... ok
[INFO] [stdout] test org::tests::org_links_include_brackets_angles_and_bare_ids ... ok
[INFO] [stdout] test org::tests::priorities_from_preamble_reads_highest_lowest_default ... ok
[INFO] [stdout] test org::tests::property_plus_appends ... ok
[INFO] [stdout] test org::tests::protocol_from_preamble_reads_the_vissue_keyword ... ok
[INFO] [stdout] test org::tests::results_keywords_match_what_babel_writes ... ok
[INFO] [stdout] test org::tests::ensure_org_preamble_inserts_category_and_filetags ... ok
[INFO] [stdout] test org::tests::settle_moves_legal_type_and_tags_onto_the_heading ... ok
[INFO] [stdout] test org::tests::setupfile_merges_local_inbuffer_settings ... ok
[INFO] [stdout] test org::tests::statistics_cookies_split_off_the_title ... ok
[INFO] [stdout] test org::tests::tag_settings_parse_groups_and_keys ... ok
[INFO] [stdout] test org::tests::the_todo_sequence_splits_at_the_bar_or_at_the_last_keyword ... ok
[INFO] [stdout] test org::tests::timestamps_include_ranges_repeaters_and_diary_sexps ... ok
[INFO] [stdout] test org::tests::src_begin_splits_lang_switches_and_headers ... ok
[INFO] [stdout] test ops::tests::two_agents_do_not_overwrite_each_other ... ok
[INFO] [stdout] test ops::tests::update_to_cancelled_emits_state_change_with_the_id ... ok
[INFO] [stdout] test props::tests::canonicalize_folds_typos_and_leaves_edna ... ok
[INFO] [stdout] test props::tests::get_reads_legacy_then_canonical ... ok
[INFO] [stdout] test related::tests::borda_gives_k_minus_position ... ok
[INFO] [stdout] test related::tests::borda_gives_tied_raw_scores_the_same_points ... ok
[INFO] [stdout] test report::tests::dot_labels_escape_untrusted_issue_text ... ok
[INFO] [stdout] test ops::tests::two_hand_written_lines_for_one_agent_collapse_to_the_last ... ok
[INFO] [stdout] test projection::tests::a_board_is_read_from_the_repository_config ... ok
[INFO] [stdout] test router::tests::a_layout_that_equals_default_is_not_scanned_twice ... ok
[INFO] [stdout] test router::tests::an_unknown_route_layout_is_a_load_error ... ok
[INFO] [stdout] test router::tests::an_alias_writes_an_existing_directory_without_renaming_ids ... ok
[INFO] [stdout] test router::tests::missing_config_is_a_noop ... ok
[INFO] [stdout] test router::tests::no_route_env_disables_the_table ... ok
[INFO] [stdout] test router::tests::extra_ids_union_the_twin_file ... ok
[INFO] [stdout] test router::tests::relative_roots_are_rejected ... ok
[INFO] [stdout] test router::tests::duplicate_id_on_two_distinct_layouts_is_an_error ... ok
[INFO] [stdout] test router::tests::a_named_route_wins_over_the_default_root ... ok
[INFO] [stdout] test router::tests::tilde_and_env_expand_in_roots ... ok
[INFO] [stdout] test satchel::tests::a_file_nobody_listed_is_a_finding ... ok
[INFO] [stdout] test satchel::tests::a_pack_can_put_what_the_seat_learned_in_too ... ok
[INFO] [stdout] test satchel::tests::an_empty_or_unknown_slice_is_refused ... ok
[INFO] [stdout] test satchel::tests::a_satchel_checks_out_until_something_moves ... ok
[INFO] [stdout] test ops::tests::votes_survive_a_rewrite_and_are_readable_in_the_file ... ok
[INFO] [stdout] test satchel::tests::checking_a_satchel_says_what_it_did_not_check ... ok
[INFO] [stdout] test satchel::tests::sealing_accounts_for_what_arrived_after_packing ... ok
[INFO] [stdout] test satchel::tests::an_enclosed_deed_is_not_a_checked_deed ... ok
[INFO] [stdout] test store::tests::a_babel_call_with_results_drawer_stays_in_the_body ... ok
[INFO] [stdout] test store::tests::a_comment_heading_is_not_an_issue ... ok
[INFO] [stdout] test store::tests::a_different_seed_mints_a_different_id ... ok
[INFO] [stdout] test store::tests::a_drawer_under_the_planning_line_defines_an_id ... ok
[INFO] [stdout] test store::tests::a_bare_id_line_in_a_body_defines_nothing ... ok
[INFO] [stdout] test store::tests::a_drawer_under_a_headline_defines_an_id ... ok
[INFO] [stdout] test store::tests::a_file_local_todo_keyword_is_an_issue ... ok
[INFO] [stdout] test store::tests::a_headline_needs_a_space_after_its_stars ... ok
[INFO] [stdout] test store::tests::a_legacy_date_property_is_promoted_to_a_planning_line ... ok
[INFO] [stdout] test store::tests::a_legacy_tags_property_moves_to_the_name_org_leaves_alone ... ok
[INFO] [stdout] test store::tests::a_line_that_only_looks_like_planning_is_left_as_body ... ok
[INFO] [stdout] test store::tests::a_logbook_before_properties_still_parses ... ok
[INFO] [stdout] test store::tests::a_file_level_drawer_defines_an_id ... ok
[INFO] [stdout] test store::tests::a_logbook_beside_the_properties_does_not_hide_it ... ok
[INFO] [stdout] test store::tests::a_multibyte_priority_cookie_parses_instead_of_panicking ... ok
[INFO] [stdout] test store::tests::a_nested_project_id_heading_is_an_issue ... ok
[INFO] [stdout] test store::tests::a_planning_keyword_needs_its_colon ... ok
[INFO] [stdout] test store::tests::a_gcal_event_heading_is_not_an_issue ... ok
[INFO] [stdout] test store::tests::a_full_suffix_space_is_an_error_and_not_a_panic ... ok
[INFO] [stdout] test store::tests::a_nested_tracker_is_listed_as_its_relative_path ... ok
[INFO] [stdout] test store::tests::a_property_plus_appends ... ok
[INFO] [stdout] test store::tests::a_repeater_and_warning_on_the_planning_line_parse ... ok
[INFO] [stdout] test store::tests::a_section_heading_round_trips ... ok
[INFO] [stdout] test store::tests::a_planning_line_round_trips_in_orgs_own_order ... ok
[INFO] [stdout] test store::tests::a_statistics_cookie_is_not_the_title ... ok
[INFO] [stdout] test store::tests::a_source_block_does_not_split_an_issue ... ok
[INFO] [stdout] test store::tests::a_timestamp_range_on_the_planning_line_parses ... ok
[INFO] [stdout] test satchel::tests::a_named_issue_brings_its_blockers_and_its_plan ... ok
[INFO] [stdout] test store::tests::an_org_planning_line_parses_instead_of_hiding_the_drawer ... ok
[INFO] [stdout] test store::tests::an_id_quoted_in_a_body_defines_nothing ... ok
[INFO] [stdout] test store::tests::every_headline_depth_opens_a_drawer_site ... ok
[INFO] [stdout] test store::tests::file_priorities_set_the_missing_cookie ... ok
[INFO] [stdout] test store::tests::generated_ids_are_unique_and_sized ... ok
[INFO] [stdout] test store::tests::babel_results_do_not_split_an_issue_or_define_an_id ... ok
[INFO] [stdout] test store::tests::bodies_end_at_the_next_heading ... ok
[INFO] [stdout] test store::tests::heading_without_a_priority_cookie_defaults_to_c ... ok
[INFO] [stdout] test store::tests::org_ids_ignore_a_drawer_inside_a_block ... ok
[INFO] [stdout] test store::tests::other_drawers_at_the_drawer_site_do_not_hide_the_id ... ok
[INFO] [stdout] test store::tests::an_empty_document_writes_the_house_preamble ... ok
[INFO] [stdout] test store::tests::logbook_survives_a_document_round_trip ... ok
[INFO] [stdout] test store::tests::prose_that_opens_like_a_planning_line_still_ends_the_drawer_site ... ok
[INFO] [stdout] test store::tests::render_then_parse_preserves_the_heading ... ok
[INFO] [stdout] test store::tests::project_case_resolves_to_the_directory_on_disk ... ok
[INFO] [stdout] test store::tests::a_title_opening_with_a_bracket_keeps_its_text ... ok
[INFO] [stdout] test store::tests::project_context_file_is_found_by_walking_up ... ok
[INFO] [stdout] test store::tests::the_same_project_subject_and_seed_mint_the_same_id ... ok
[INFO] [stdout] test store::tests::two_issues_with_one_subject_do_not_share_an_id ... ok
[INFO] [stdout] test surface::tests::a_missing_surface_carries_its_reason ... ok
[INFO] [stdout] test store::tests::setupfile_todo_keywords_make_an_issue ... ok
[INFO] [stdout] test surface::tests::a_note_the_schema_states_reaches_the_constant ... ok
[INFO] [stdout] test store::tests::write_preserves_the_existing_preamble_and_property_order ... ok
[INFO] [stdout] test store::tests::write_then_reread_finds_the_heading ... ok
[INFO] [stdout] test surface::tests::a_shorthand_points_at_a_verb_that_stands_on_its_own ... ok
[INFO] [stdout] test surface::tests::a_shorthand_takes_a_subset_of_what_it_shortens ... ok
[INFO] [stdout] test surface::tests::every_mutating_verb_reaches_the_socket ... ok
[INFO] [stdout] test surface::tests::the_names_are_distinct_and_present ... ok
[INFO] [stdout] test projection::tests::a_projection_folds_claims_and_mirrors_then_checks_fresh ... ok
[INFO] [stdout] test store::tests::projects_are_discovered_under_the_configured_prefix ... ok
[INFO] [stdout] test surface::tests::the_schema_constant_reads_back ... ok
[INFO] [stdout] test ops::tests::concurrent_creates_preserve_every_heading ... ok
[INFO] [stdout] test surface::tests::the_generated_constant_matches_the_schema_text ... FAILED
[INFO] [stdout] test digest::tests::the_corpus_digest_does_not_read_once_per_project ... ok
[INFO] [stdout] 
[INFO] [stdout] failures:
[INFO] [stdout] 
[INFO] [stdout] ---- surface::tests::the_generated_constant_matches_the_schema_text stdout ----
[INFO] [stdout] 
[INFO] [stdout] thread 'surface::tests::the_generated_constant_matches_the_schema_text' (1271) panicked at src/surface.rs:254:59:
[INFO] [stdout] read /opt/rustwide/workdir/../../schema/vissue.capnp: No such file or directory (os error 2)
[INFO] [stdout] stack backtrace:
[INFO] [stdout]    0:     0x55f214120ed1 - std[70759c8f55707aa4]::backtrace_rs::backtrace::libunwind::trace
[INFO] [stdout]                                at /rustc/dfb0accb7f508ae8be965d8629557221c889dd98/library/std/src/../../backtrace/src/backtrace/libunwind.rs:117:9
[INFO] [stdout]    1:     0x55f214120ed1 - std[70759c8f55707aa4]::backtrace_rs::backtrace::trace_unsynchronized::<std[70759c8f55707aa4]::sys::backtrace::_print_fmt::{closure#1}>
[INFO] [stdout]                                at /rustc/dfb0accb7f508ae8be965d8629557221c889dd98/library/std/src/../../backtrace/src/backtrace/mod.rs:66:14
[INFO] [stdout]    2:     0x55f214120ed1 - std[70759c8f55707aa4]::sys::backtrace::_print_fmt
[INFO] [stdout]                                at /rustc/dfb0accb7f508ae8be965d8629557221c889dd98/library/std/src/sys/backtrace.rs:74:9
[INFO] [stdout]    3:     0x55f214120ed1 - <<std[70759c8f55707aa4]::sys::backtrace::BacktraceLock>::print::DisplayBacktrace as core[df12db4294e9bfd3]::fmt::Display>::fmt
[INFO] [stdout]                                at /rustc/dfb0accb7f508ae8be965d8629557221c889dd98/library/std/src/sys/backtrace.rs:44:26
[INFO] [stdout]    4:     0x55f2141392aa - <core[df12db4294e9bfd3]::fmt::rt::Argument>::fmt
[INFO] [stdout]                                at /rustc/dfb0accb7f508ae8be965d8629557221c889dd98/library/core/src/fmt/rt.rs:152:76
[INFO] [stdout]    5:     0x55f2141392aa - core[df12db4294e9bfd3]::fmt::write
[INFO] [stdout]    6:     0x55f214125bcc - core[df12db4294e9bfd3]::io::write::default_write_fmt::<alloc[2182bb758b4b3781]::vec::Vec<u8>>
[INFO] [stdout]                                at /rustc/dfb0accb7f508ae8be965d8629557221c889dd98/library/core/src/io/write.rs:402:11
[INFO] [stdout]    7:     0x55f214125bcc - <alloc[2182bb758b4b3781]::vec::Vec<u8> as core[df12db4294e9bfd3]::io::write::Write>::write_fmt
[INFO] [stdout]                                at /rustc/dfb0accb7f508ae8be965d8629557221c889dd98/library/core/src/io/write.rs:335:13
[INFO] [stdout]    8:     0x55f2140f9536 - <std[70759c8f55707aa4]::sys::backtrace::BacktraceLock>::print
[INFO] [stdout]                                at /rustc/dfb0accb7f508ae8be965d8629557221c889dd98/library/std/src/sys/backtrace.rs:47:9
[INFO] [stdout]    9:     0x55f2140f9536 - std[70759c8f55707aa4]::panicking::default_hook::{closure#0}
[INFO] [stdout]                                at /rustc/dfb0accb7f508ae8be965d8629557221c889dd98/library/std/src/panicking.rs:292:27
[INFO] [stdout]   10:     0x55f214117b29 - std[70759c8f55707aa4]::panicking::default_hook
[INFO] [stdout]                                at /rustc/dfb0accb7f508ae8be965d8629557221c889dd98/library/std/src/panicking.rs:316:9
[INFO] [stdout]   11:     0x55f213fe5ca0 - <alloc[2182bb758b4b3781]::boxed::Box<dyn for<'a, 'b> core[df12db4294e9bfd3]::ops::function::Fn<(&'a std[70759c8f55707aa4]::panic::PanicHookInfo<'b>,), Output = ()> + core[df12db4294e9bfd3]::marker::Send + core[df12db4294e9bfd3]::marker::Sync> as core[df12db4294e9bfd3]::ops::function::Fn<(&std[70759c8f55707aa4]::panic::PanicHookInfo,)>>::call
[INFO] [stdout]                                at /rustc/dfb0accb7f508ae8be965d8629557221c889dd98/library/alloc/src/boxed.rs:2334:9
[INFO] [stdout]   12:     0x55f213fe5ca0 - test[9d35eded1c95d3be]::test_main_inner::<test[9d35eded1c95d3be]::test_main_static::{closure#0}>::{closure#0}
[INFO] [stdout]                                at /rustc/dfb0accb7f508ae8be965d8629557221c889dd98/library/test/src/lib.rs:155:21
[INFO] [stdout]   13:     0x55f214117e52 - <alloc[2182bb758b4b3781]::boxed::Box<dyn for<'a, 'b> core[df12db4294e9bfd3]::ops::function::Fn<(&'a std[70759c8f55707aa4]::panic::PanicHookInfo<'b>,), Output = ()> + core[df12db4294e9bfd3]::marker::Send + core[df12db4294e9bfd3]::marker::Sync> as core[df12db4294e9bfd3]::ops::function::Fn<(&std[70759c8f55707aa4]::panic::PanicHookInfo,)>>::call
[INFO] [stdout]                                at /rustc/dfb0accb7f508ae8be965d8629557221c889dd98/library/alloc/src/boxed.rs:2334:9
[INFO] [stdout]   14:     0x55f214117e52 - std[70759c8f55707aa4]::panicking::panic_with_hook
[INFO] [stdout]                                at /rustc/dfb0accb7f508ae8be965d8629557221c889dd98/library/std/src/panicking.rs:823:13
[INFO] [stdout]   15:     0x55f2140f95e2 - std[70759c8f55707aa4]::panicking::panic_handler::{closure#0}
[INFO] [stdout]                                at /rustc/dfb0accb7f508ae8be965d8629557221c889dd98/library/std/src/panicking.rs:688:13
[INFO] [stdout]   16:     0x55f2140f19c9 - std[70759c8f55707aa4]::sys::backtrace::__rust_end_short_backtrace::<std[70759c8f55707aa4]::panicking::panic_handler::{closure#0}, !>
[INFO] [stdout]                                at /rustc/dfb0accb7f508ae8be965d8629557221c889dd98/library/std/src/sys/backtrace.rs:182:18
[INFO] [stdout]   17:     0x55f2140fa4cd - __rustc[8fa7c3cbc660c2b3]::rust_begin_unwind
[INFO] [stdout]                                at /rustc/dfb0accb7f508ae8be965d8629557221c889dd98/library/std/src/panicking.rs:679:5
[INFO] [stdout]   18:     0x55f214139acc - core[df12db4294e9bfd3]::panicking::panic_fmt
[INFO] [stdout]                                at /rustc/dfb0accb7f508ae8be965d8629557221c889dd98/library/core/src/panicking.rs:80:14
[INFO] [stdout]   19:     0x55f213de7b08 - vissue_core[77f85f423fff552e]::surface::tests::schema_text::{closure#0}
[INFO] [stdout]                                at /opt/rustwide/workdir/src/surface.rs:254:59
[INFO] [stdout]   20:     0x55f213bc7211 - <core[df12db4294e9bfd3]::result::Result<alloc[2182bb758b4b3781]::string::String, core[df12db4294e9bfd3]::io::error::Error>>::unwrap_or_else::<vissue_core[77f85f423fff552e]::surface::tests::schema_text::{closure#0}>
[INFO] [stdout]                                at /rustc/dfb0accb7f508ae8be965d8629557221c889dd98/library/core/src/result.rs:1621:23
[INFO] [stdout]   21:     0x55f213dff818 - vissue_core[77f85f423fff552e]::surface::tests::schema_text
[INFO] [stdout]                                at /opt/rustwide/workdir/src/surface.rs:254:40
[INFO] [stdout]   22:     0x55f213e01326 - vissue_core[77f85f423fff552e]::surface::tests::the_generated_constant_matches_the_schema_text
[INFO] [stdout]                                at /opt/rustwide/workdir/src/surface.rs:260:44
[INFO] [stdout]   23:     0x55f213de7c57 - vissue_core[77f85f423fff552e]::surface::tests::the_generated_constant_matches_the_schema_text::{closure#0}
[INFO] [stdout]                                at /opt/rustwide/workdir/src/surface.rs:259:56
[INFO] [stdout]   24:     0x55f213d88246 - <vissue_core[77f85f423fff552e]::surface::tests::the_generated_constant_matches_the_schema_text::{closure#0} as core[df12db4294e9bfd3]::ops::function::FnOnce<()>>::call_once
[INFO] [stdout]                                at /rustc/dfb0accb7f508ae8be965d8629557221c889dd98/library/core/src/ops/function.rs:250:5
[INFO] [stdout]   25:     0x55f213fd8f8b - <fn() -> core[df12db4294e9bfd3]::result::Result<(), alloc[2182bb758b4b3781]::string::String> as core[df12db4294e9bfd3]::ops::function::FnOnce<()>>::call_once
[INFO] [stdout]                                at /rustc/dfb0accb7f508ae8be965d8629557221c889dd98/library/core/src/ops/function.rs:250:5
[INFO] [stdout]   26:     0x55f213fd8f8b - test[9d35eded1c95d3be]::__rust_begin_short_backtrace::<core[df12db4294e9bfd3]::result::Result<(), alloc[2182bb758b4b3781]::string::String>, fn() -> core[df12db4294e9bfd3]::result::Result<(), alloc[2182bb758b4b3781]::string::String>>
[INFO] [stdout]                                at /rustc/dfb0accb7f508ae8be965d8629557221c889dd98/library/test/src/lib.rs:733:18
[INFO] [stdout]   27:     0x55f213fe65f5 - test[9d35eded1c95d3be]::run_test_in_process::{closure#0}
[INFO] [stdout]                                at /rustc/dfb0accb7f508ae8be965d8629557221c889dd98/library/test/src/lib.rs:756:74
[INFO] [stdout]   28:     0x55f213fe65f5 - <core[df12db4294e9bfd3]::panic::unwind_safe::AssertUnwindSafe<test[9d35eded1c95d3be]::run_test_in_process::{closure#0}> as core[df12db4294e9bfd3]::ops::function::FnOnce<()>>::call_once
[INFO] [stdout]                                at /rustc/dfb0accb7f508ae8be965d8629557221c889dd98/library/core/src/panic/unwind_safe.rs:275:9
[INFO] [stdout]   29:     0x55f213fe65f5 - std[70759c8f55707aa4]::panicking::catch_unwind::do_call::<core[df12db4294e9bfd3]::panic::unwind_safe::AssertUnwindSafe<test[9d35eded1c95d3be]::run_test_in_process::{closure#0}>, core[df12db4294e9bfd3]::result::Result<(), alloc[2182bb758b4b3781]::string::String>>
[INFO] [stdout]                                at /rustc/dfb0accb7f508ae8be965d8629557221c889dd98/library/std/src/panicking.rs:576:43
[INFO] [stdout]   30:     0x55f213fe65f5 - std[70759c8f55707aa4]::panicking::catch_unwind::<core[df12db4294e9bfd3]::result::Result<(), alloc[2182bb758b4b3781]::string::String>, core[df12db4294e9bfd3]::panic::unwind_safe::AssertUnwindSafe<test[9d35eded1c95d3be]::run_test_in_process::{closure#0}>>
[INFO] [stdout]                                at /rustc/dfb0accb7f508ae8be965d8629557221c889dd98/library/std/src/panicking.rs:544:19
[INFO] [stdout]   31:     0x55f213fe65f5 - std[70759c8f55707aa4]::panic::catch_unwind::<core[df12db4294e9bfd3]::panic::unwind_safe::AssertUnwindSafe<test[9d35eded1c95d3be]::run_test_in_process::{closure#0}>, core[df12db4294e9bfd3]::result::Result<(), alloc[2182bb758b4b3781]::string::String>>
[INFO] [stdout]                                at /rustc/dfb0accb7f508ae8be965d8629557221c889dd98/library/std/src/panic.rs:359:14
[INFO] [stdout]   32:     0x55f213fe65f5 - test[9d35eded1c95d3be]::run_test_in_process
[INFO] [stdout]                                at /rustc/dfb0accb7f508ae8be965d8629557221c889dd98/library/test/src/lib.rs:756:27
[INFO] [stdout]   33:     0x55f213fe65f5 - test[9d35eded1c95d3be]::run_test::{closure#0}
[INFO] [stdout]                                at /rustc/dfb0accb7f508ae8be965d8629557221c889dd98/library/test/src/lib.rs:677:43
[INFO] [stdout]   34:     0x55f213fdfeb4 - test[9d35eded1c95d3be]::run_test::{closure#1}
[INFO] [stdout]                                at /rustc/dfb0accb7f508ae8be965d8629557221c889dd98/library/test/src/lib.rs:707:41
[INFO] [stdout]   35:     0x55f213fdfeb4 - std[70759c8f55707aa4]::sys::backtrace::__rust_begin_short_backtrace::<test[9d35eded1c95d3be]::run_test::{closure#1}, ()>
[INFO] [stdout]                                at /rustc/dfb0accb7f508ae8be965d8629557221c889dd98/library/std/src/sys/backtrace.rs:166:18
[INFO] [stdout]   36:     0x55f213fe9752 - std[70759c8f55707aa4]::thread::lifecycle::spawn_unchecked::<test[9d35eded1c95d3be]::run_test::{closure#1}, ()>::{closure#1}::{closure#0}
[INFO] [stdout]                                at /rustc/dfb0accb7f508ae8be965d8629557221c889dd98/library/std/src/thread/lifecycle.rs:70:13
[INFO] [stdout]   37:     0x55f213fe9752 - <core[df12db4294e9bfd3]::panic::unwind_safe::AssertUnwindSafe<std[70759c8f55707aa4]::thread::lifecycle::spawn_unchecked<test[9d35eded1c95d3be]::run_test::{closure#1}, ()>::{closure#1}::{closure#0}> as core[df12db4294e9bfd3]::ops::function::FnOnce<()>>::call_once
[INFO] [stdout]                                at /rustc/dfb0accb7f508ae8be965d8629557221c889dd98/library/core/src/panic/unwind_safe.rs:275:9
[INFO] [stdout]   38:     0x55f213fe9752 - std[70759c8f55707aa4]::panicking::catch_unwind::do_call::<core[df12db4294e9bfd3]::panic::unwind_safe::AssertUnwindSafe<std[70759c8f55707aa4]::thread::lifecycle::spawn_unchecked<test[9d35eded1c95d3be]::run_test::{closure#1}, ()>::{closure#1}::{closure#0}>, ()>
[INFO] [stdout]                                at /rustc/dfb0accb7f508ae8be965d8629557221c889dd98/library/std/src/panicking.rs:576:43
[INFO] [stdout]   39:     0x55f213fe9752 - std[70759c8f55707aa4]::panicking::catch_unwind::<(), core[df12db4294e9bfd3]::panic::unwind_safe::AssertUnwindSafe<std[70759c8f55707aa4]::thread::lifecycle::spawn_unchecked<test[9d35eded1c95d3be]::run_test::{closure#1}, ()>::{closure#1}::{closure#0}>>
[INFO] [stdout]                                at /rustc/dfb0accb7f508ae8be965d8629557221c889dd98/library/std/src/panicking.rs:544:19
[INFO] [stdout]   40:     0x55f213fe9752 - std[70759c8f55707aa4]::panic::catch_unwind::<core[df12db4294e9bfd3]::panic::unwind_safe::AssertUnwindSafe<std[70759c8f55707aa4]::thread::lifecycle::spawn_unchecked<test[9d35eded1c95d3be]::run_test::{closure#1}, ()>::{closure#1}::{closure#0}>, ()>
[INFO] [stdout]                                at /rustc/dfb0accb7f508ae8be965d8629557221c889dd98/library/std/src/panic.rs:359:14
[INFO] [stdout]   41:     0x55f213fe9752 - std[70759c8f55707aa4]::thread::lifecycle::spawn_unchecked::<test[9d35eded1c95d3be]::run_test::{closure#1}, ()>::{closure#1}
[INFO] [stdout]                                at /rustc/dfb0accb7f508ae8be965d8629557221c889dd98/library/std/src/thread/lifecycle.rs:68:26
[INFO] [stdout]   42:     0x55f213fe9752 - <std[70759c8f55707aa4]::thread::lifecycle::spawn_unchecked<test[9d35eded1c95d3be]::run_test::{closure#1}, ()>::{closure#1} as core[df12db4294e9bfd3]::ops::function::FnOnce<()>>::call_once::{shim:vtable#0}
[INFO] [stdout]                                at /rustc/dfb0accb7f508ae8be965d8629557221c889dd98/library/core/src/ops/function.rs:250:5
[INFO] [stdout]   43:     0x55f21411ff19 - <alloc[2182bb758b4b3781]::boxed::Box<dyn core[df12db4294e9bfd3]::ops::function::FnOnce<(), Output = ()> + core[df12db4294e9bfd3]::marker::Send> as core[df12db4294e9bfd3]::ops::function::FnOnce<()>>::call_once
[INFO] [stdout]                                at /rustc/dfb0accb7f508ae8be965d8629557221c889dd98/library/alloc/src/boxed.rs:2320:9
[INFO] [stdout]   44:     0x55f21411ff19 - <std[70759c8f55707aa4]::sys::thread::unix::Thread>::new::thread_start
[INFO] [stdout]                                at /rustc/dfb0accb7f508ae8be965d8629557221c889dd98/library/std/src/sys/thread/unix.rs:123:17
[INFO] [stdout]   45:     0x7b51cd802dfa - <unknown>
[INFO] [stdout]   46:     0x7b51cd8963d4 - clone
[INFO] [stdout]   47:                0x0 - <unknown>
[INFO] [stdout] 
[INFO] [stdout] 
[INFO] [stdout] failures:
[INFO] [stdout]     surface::tests::the_generated_constant_matches_the_schema_text
[INFO] [stdout] 
[INFO] [stdout] test result: FAILED. 318 passed; 1 failed; 0 ignored; 0 measured; 0 filtered out; finished in 4.44s
[INFO] [stdout] 
[INFO] [stderr] error: test failed, to rerun pass `--lib`
[INFO] running `Command { std: "docker" "inspect" "bfe8a0124e236943ec2ef590d12340dfcc2066f5cda9fbf63f3f0f5956ff24c4", kill_on_drop: false }`
[INFO] running `Command { std: "docker" "rm" "-f" "bfe8a0124e236943ec2ef590d12340dfcc2066f5cda9fbf63f3f0f5956ff24c4", kill_on_drop: false }`
[INFO] [stdout] bfe8a0124e236943ec2ef590d12340dfcc2066f5cda9fbf63f3f0f5956ff24c4
