[INFO] fetching crate vil_vwfd 0.3.0...
[INFO] testing vil_vwfd-0.3.0 against 1.100.0-beta.1 for beta-1.100-2
[INFO] extracting crate vil_vwfd 0.3.0 into /workspace/builds/worker-7-tc2/source
[INFO] started tweaking crates.io crate vil_vwfd 0.3.0
[INFO] removed 0 missing tests
[INFO] finished tweaking crates.io crate vil_vwfd 0.3.0
[INFO] tweaked toml for crates.io crate vil_vwfd 0.3.0 written to /workspace/builds/worker-7-tc2/source/Cargo.toml
[INFO] validating manifest of crates.io crate vil_vwfd 0.3.0 on toolchain 1.100.0-beta.1
[INFO] running `Command { std: CARGO_HOME="/workspace/cargo-home" RUSTUP_HOME="/workspace/rustup-home" "/workspace/cargo-home/bin/cargo" "+1.100.0-beta.1" "metadata" "--manifest-path" "Cargo.toml" "--no-deps", kill_on_drop: false }`
[INFO] crate crates.io crate vil_vwfd 0.3.0 already has a lockfile, it will not be regenerated
[INFO] running `Command { std: CARGO_HOME="/workspace/cargo-home" RUSTUP_HOME="/workspace/rustup-home" "/workspace/cargo-home/bin/cargo" "+1.100.0-beta.1" "fetch" "--manifest-path" "Cargo.toml", kill_on_drop: false }`
[INFO] running `Command { std: "docker" "create" "-v" "/var/lib/crater-agent-workspace/builds/worker-7-tc2/source:/opt/rustwide/workdir:ro,Z" "-v" "/var/lib/crater-agent-workspace/builds/worker-7-tc2/target:/opt/rustwide/target:rw,Z" "-v" "/var/lib/crater-agent-workspace/cargo-home:/opt/rustwide/cargo-home:ro,Z" "-v" "/var/lib/crater-agent-workspace/rustup-home:/opt/rustwide/rustup-home:ro,Z" "-m" "1610612736" "--network" "none" "ghcr.io/rust-lang/crates-build-env/linux@sha256:3111399a4047eeb3a02b7a90e478d715f38a8c6669b5c4b49d30a17385265909" "sleep" "infinity", kill_on_drop: false }`
[INFO] [stdout] cf25c04b81db9d3029ee2a9e4fc9bc2f2996eee07c7874f9632463fbc448fefe
[INFO] running `Command { std: "docker" "start" "cf25c04b81db9d3029ee2a9e4fc9bc2f2996eee07c7874f9632463fbc448fefe", kill_on_drop: false }`
[INFO] running `Command { std: "docker" "inspect" "cf25c04b81db9d3029ee2a9e4fc9bc2f2996eee07c7874f9632463fbc448fefe", kill_on_drop: false }`
[INFO] running `Command { std: "docker" "exec" "-e" "SOURCE_DIR=/opt/rustwide/workdir" "-e" "CARGO_HOME=/opt/rustwide/cargo-home" "-e" "RUSTUP_HOME=/opt/rustwide/rustup-home" "-e" "CARGO_TARGET_DIR=/opt/rustwide/target" "-w" "/opt/rustwide/workdir" "--user" "0:0" "cf25c04b81db9d3029ee2a9e4fc9bc2f2996eee07c7874f9632463fbc448fefe" "/opt/rustwide/cargo-home/bin/cargo" "+1.100.0-beta.1" "metadata" "--no-deps" "--format-version=1", kill_on_drop: false }`
[INFO] running `Command { std: "docker" "inspect" "cf25c04b81db9d3029ee2a9e4fc9bc2f2996eee07c7874f9632463fbc448fefe", kill_on_drop: false }`
[INFO] running `Command { std: "docker" "exec" "-e" "SOURCE_DIR=/opt/rustwide/workdir" "-e" "CARGO_HOME=/opt/rustwide/cargo-home" "-e" "RUSTUP_HOME=/opt/rustwide/rustup-home" "-e" "CARGO_TARGET_DIR=/opt/rustwide/target" "-e" "CARGO_INCREMENTAL=0" "-e" "RUST_BACKTRACE=full" "-e" "RUSTFLAGS=--cap-lints=warn" "-e" "RUSTDOCFLAGS=--cap-lints=warn" "-w" "/opt/rustwide/workdir" "--user" "0:0" "cf25c04b81db9d3029ee2a9e4fc9bc2f2996eee07c7874f9632463fbc448fefe" "/opt/rustwide/cargo-home/bin/cargo" "+1.100.0-beta.1" "build" "--frozen" "--message-format=json", kill_on_drop: false }`
[INFO] [stderr]    Compiling proc-macro2 v1.0.106
[INFO] [stderr]    Compiling quote v1.0.45
[INFO] [stderr]    Compiling unicode-ident v1.0.24
[INFO] [stderr]    Compiling libc v0.2.184
[INFO] [stderr]    Compiling bytes v1.11.1
[INFO] [stderr]    Compiling serde_core v1.0.228
[INFO] [stderr]    Compiling itoa v1.0.18
[INFO] [stderr]    Compiling futures-core v0.3.32
[INFO] [stderr]    Compiling memchr v2.8.0
[INFO] [stderr]    Compiling serde v1.0.228
[INFO] [stderr]    Compiling typenum v1.19.0
[INFO] [stderr]    Compiling generic-array v0.14.7
[INFO] [stderr]    Compiling futures-task v0.3.32
[INFO] [stderr]    Compiling futures-io v0.3.32
[INFO] [stderr]    Compiling zmij v1.0.21
[INFO] [stderr]    Compiling tracing-core v0.1.36
[INFO] [stderr]    Compiling serde_json v1.0.149
[INFO] [stderr]    Compiling futures-sink v0.3.32
[INFO] [stderr]    Compiling indexmap v2.13.1
[INFO] [stderr]    Compiling syn v2.0.117
[INFO] [stderr]    Compiling slab v0.4.12
[INFO] [stderr]    Compiling litemap v0.8.2
[INFO] [stderr]    Compiling writeable v0.6.3
[INFO] [stderr]    Compiling find-msvc-tools v0.1.9
[INFO] [stderr]    Compiling futures-channel v0.3.32
[INFO] [stderr]    Compiling icu_normalizer_data v2.2.0
[INFO] [stderr]    Compiling cc v1.2.58
[INFO] [stderr]    Compiling cpufeatures v0.2.17
[INFO] [stderr]    Compiling icu_properties_data v2.2.0
[INFO] [stderr]    Compiling ryu v1.0.23
[INFO] [stderr]    Compiling http v1.4.0
[INFO] [stderr]    Compiling num-traits v0.2.19
[INFO] [stderr]    Compiling crossbeam-utils v0.8.21
[INFO] [stderr]    Compiling zerocopy v0.8.48
[INFO] [stderr]    Compiling bitflags v2.11.0
[INFO] [stderr]    Compiling parking_lot_core v0.9.12
[INFO] [stderr]    Compiling errno v0.3.14
[INFO] [stderr]    Compiling signal-hook-registry v1.4.8
[INFO] [stderr]    Compiling socket2 v0.6.3
[INFO] [stderr]    Compiling parking_lot v0.12.5
[INFO] [stderr]    Compiling mio v1.2.0
[INFO] [stderr]    Compiling getrandom v0.2.17
[INFO] [stderr]    Compiling rand_core v0.6.4
[INFO] [stderr]    Compiling block-buffer v0.10.4
[INFO] [stderr]    Compiling crypto-common v0.1.7
[INFO] [stderr]    Compiling thiserror v2.0.18
[INFO] [stderr]    Compiling http-body v1.0.1
[INFO] [stderr]    Compiling digest v0.10.7
[INFO] [stderr]    Compiling crossbeam-queue v0.3.12
[INFO] [stderr]    Compiling openssl-sys v0.9.112
[INFO] [stderr]    Compiling smallvec v1.15.1
[INFO] [stderr]    Compiling regex-syntax v0.8.10
[INFO] [stderr]    Compiling hashbrown v0.14.5
[INFO] [stderr]    Compiling httpdate v1.0.3
[INFO] [stderr]    Compiling http-body-util v0.1.3
[INFO] [stderr]    Compiling sync_wrapper v1.0.2
[INFO] [stderr]    Compiling byteorder v1.5.0
[INFO] [stderr]    Compiling lazy_static v1.5.0
[INFO] [stderr]    Compiling openssl v0.10.76
[INFO] [stderr]    Compiling mime v0.3.17
[INFO] [stderr]    Compiling sharded-slab v0.1.7
[INFO] [stderr]    Compiling dashmap v5.5.3
[INFO] [stderr]    Compiling rmp v0.8.15
[INFO] [stderr]    Compiling concurrent-queue v2.5.0
[INFO] [stderr]    Compiling nix v0.27.1
[INFO] [stderr]    Compiling memmap2 v0.9.10
[INFO] [stderr]    Compiling regex-automata v0.4.14
[INFO] [stderr]    Compiling tracing-log v0.2.0
[INFO] [stderr]    Compiling thread_local v1.1.9
[INFO] [stderr]    Compiling rustversion v1.0.22
[INFO] [stderr]    Compiling ipnet v2.12.0
[INFO] [stderr]    Compiling parking v2.2.1
[INFO] [stderr]    Compiling nu-ansi-term v0.50.3
[INFO] [stderr]    Compiling iana-time-zone v0.1.65
[INFO] [stderr]    Compiling native-tls v0.2.18
[INFO] [stderr]    Compiling simd-adler32 v0.3.9
[INFO] [stderr]    Compiling crc-catalog v2.4.0
[INFO] [stderr]    Compiling crc v3.4.0
[INFO] [stderr]    Compiling miniz_oxide v0.8.9
[INFO] [stderr]    Compiling event-listener v5.4.1
[INFO] [stderr]    Compiling synstructure v0.13.2
[INFO] [stderr]    Compiling hashlink v0.10.0
[INFO] [stderr]    Compiling sha1 v0.10.6
[INFO] [stderr]    Compiling libsqlite3-sys v0.30.1
[INFO] [stderr]    Compiling spin v0.9.8
[INFO] [stderr]    Compiling rustc-hash v2.1.2
[INFO] [stderr]    Compiling data-encoding v2.10.0
[INFO] [stderr]    Compiling utf-8 v0.7.6
[INFO] [stderr]    Compiling ref-cast v1.0.25
[INFO] [stderr]    Compiling openssl-probe v0.2.1
[INFO] [stderr]    Compiling unicase v2.9.0
[INFO] [stderr]    Compiling futures-util v0.3.32
[INFO] [stderr]    Compiling mime_guess v2.0.5
[INFO] [stderr]    Compiling tokio v1.51.0
[INFO] [stderr]    Compiling flate2 v1.1.9
[INFO] [stderr]    Compiling matchers v0.2.0
[INFO] [stderr]    Compiling inout v0.1.4
[INFO] [stderr]    Compiling indexmap v1.9.3
[INFO] [stderr]    Compiling serde_derive v1.0.228
[INFO] [stderr]    Compiling zerofrom-derive v0.1.7
[INFO] [stderr]    Compiling yoke-derive v0.8.2
[INFO] [stderr]    Compiling tracing-attributes v0.1.31
[INFO] [stderr]    Compiling tokio-macros v2.7.0
[INFO] [stderr]    Compiling zerofrom v0.1.7
[INFO] [stderr]    Compiling yoke v0.8.2
[INFO] [stderr]    Compiling zerovec-derive v0.11.3
[INFO] [stderr]    Compiling displaydoc v0.2.5
[INFO] [stderr]    Compiling tracing v0.1.44
[INFO] [stderr]    Compiling zerotrie v0.2.4
[INFO] [stderr]    Compiling futures-macro v0.3.32
[INFO] [stderr]    Compiling zerocopy-derive v0.8.48
[INFO] [stderr]    Compiling thiserror-impl v2.0.18
[INFO] [stderr]    Compiling zerovec v0.11.6
[INFO] [stderr]    Compiling tinystr v0.8.3
[INFO] [stderr]    Compiling icu_locale_core v2.2.0
[INFO] [stderr]    Compiling potential_utf v0.1.5
[INFO] [stderr]    Compiling icu_collections v2.2.0
[INFO] [stderr]    Compiling icu_provider v2.2.0
[INFO] [stderr]    Compiling vil_types v0.3.0
[INFO] [stderr]    Compiling icu_properties v2.2.0
[INFO] [stderr]    Compiling serde_urlencoded v0.7.1
[INFO] [stderr]    Compiling icu_normalizer v2.2.0
[INFO] [stderr]    Compiling thiserror-impl v1.0.69
[INFO] [stderr]    Compiling async-trait v0.1.89
[INFO] [stderr]    Compiling thiserror v1.0.69
[INFO] [stderr]    Compiling idna_adapter v1.2.1
[INFO] [stderr]    Compiling tracing-serde v0.2.0
[INFO] [stderr]    Compiling idna v1.1.0
[INFO] [stderr]    Compiling openssl-macros v0.1.1
[INFO] [stderr]    Compiling tracing-subscriber v0.3.23
[INFO] [stderr]    Compiling either v1.15.0
[INFO] [stderr]    Compiling chrono v0.4.44
[INFO] [stderr]    Compiling url v2.5.8
[INFO] [stderr]    Compiling tokio-util v0.7.18
[INFO] [stderr]    Compiling h2 v0.4.13
[INFO] [stderr]    Compiling tower v0.5.3
[INFO] [stderr]    Compiling serde_yaml v0.9.34+deprecated
[INFO] [stderr]    Compiling rmp-serde v1.3.1
[INFO] [stderr]    Compiling ppv-lite86 v0.2.21
[INFO] [stderr]    Compiling vil_log v0.3.0
[INFO] [stderr]    Compiling rand_chacha v0.3.1
[INFO] [stderr]    Compiling vil_shm v0.3.0
[INFO] [stderr]    Compiling rand v0.8.5
[INFO] [stderr]    Compiling ref-cast-impl v1.0.25
[INFO] [stderr]    Compiling log v0.4.29
[INFO] [stderr]    Compiling simdutf8 v0.1.5
[INFO] [stderr]    Compiling compression-core v0.4.31
[INFO] [stderr]    Compiling universal-hash v0.5.1
[INFO] [stderr]    Compiling faststr v0.2.34
[INFO] [stderr]    Compiling compression-codecs v0.4.37
[INFO] [stderr]    Compiling tokio-native-tls v0.3.1
[INFO] [stderr]    Compiling tungstenite v0.24.0
[INFO] [stderr]    Compiling axum-core v0.4.5
[INFO] [stderr]    Compiling futures-executor v0.3.32
[INFO] [stderr]    Compiling vil_obs v0.3.0
[INFO] [stderr]    Compiling tokio-stream v0.1.18
[INFO] [stderr]    Compiling axum-macros v0.4.2
[INFO] [stderr]    Compiling pin-project-internal v1.1.11
[INFO] [stderr]    Compiling cipher v0.4.4
[INFO] [stderr]    Compiling tokio-tungstenite v0.24.0
[INFO] [stderr]    Compiling futures-intrusive v0.5.0
[INFO] [stderr]    Compiling sha2 v0.10.9
[INFO] [stderr]    Compiling serde_path_to_error v0.1.20
[INFO] [stderr]    Compiling socket2 v0.5.10
[INFO] [stderr]    Compiling sonic-simd v0.1.4
[INFO] [stderr]    Compiling sonic-number v0.1.2
[INFO] [stderr]    Compiling iri-string v0.7.12
[INFO] [stderr]    Compiling hyper v1.9.0
[INFO] [stderr]    Compiling bumpalo v3.20.2
[INFO] [stderr]    Compiling opaque-debug v0.3.1
[INFO] [stderr]    Compiling matchit v0.7.3
[INFO] [stderr]    Compiling base64 v0.22.1
[INFO] [stderr]    Compiling getrandom v0.4.2
[INFO] [stderr]    Compiling hashbrown v0.12.3
[INFO] [stderr]    Compiling rustls-pki-types v1.14.0
[INFO] [stderr]    Compiling sqlx-core v0.8.6
[INFO] [stderr]    Compiling atoi v2.0.0
[INFO] [stderr]    Compiling sonic-rs v0.3.17
[INFO] [stderr]    Compiling polyval v0.6.2
[INFO] [stderr]    Compiling vil_net v0.3.0
[INFO] [stderr]    Compiling pin-project v1.1.11
[INFO] [stderr]    Compiling vil_registry v0.3.0
[INFO] [stderr]    Compiling async-compression v0.4.41
[INFO] [stderr]    Compiling vil_ir v0.3.0
[INFO] [stderr]    Compiling vil_queue v0.3.0
[INFO] [stderr]    Compiling hyper-util v0.1.20
[INFO] [stderr]    Compiling tower-http v0.6.8
[INFO] [stderr]    Compiling flume v0.11.1
[INFO] [stderr]    Compiling hdrhistogram v7.5.4
[INFO] [stderr]    Compiling encoding_rs v0.8.35
[INFO] [stderr]    Compiling http-range-header v0.4.2
[INFO] [stderr]    Compiling vil_observer v0.3.0
[INFO] [stderr]    Compiling tower-http v0.5.2
[INFO] [stderr]    Compiling tower v0.4.13
[INFO] [stderr]    Compiling vil_json v0.3.0
[INFO] [stderr]    Compiling vil_rt v0.3.0
[INFO] [stderr]    Compiling hyper-tls v0.6.0
[INFO] [stderr]    Compiling axum v0.7.9
[INFO] [stderr]    Compiling reqwest v0.12.28
[INFO] [stderr]    Compiling sqlx-sqlite v0.8.6
[INFO] [stderr]    Compiling ghash v0.5.1
[INFO] [stderr]    Compiling ctr v0.9.2
[INFO] [stderr]    Compiling aes v0.8.4
[INFO] [stderr]    Compiling vil_connector_macros v0.3.0
[INFO] [stderr]    Compiling aead v0.5.2
[INFO] [stderr]    Compiling hex v0.4.3
[INFO] [stderr]    Compiling dotenvy v0.15.7
[INFO] [stderr]    Compiling aes-gcm v0.10.3
[INFO] [stderr]    Compiling uuid v1.23.0
[INFO] [stderr]    Compiling vil_capsule v0.3.0
[INFO] [stderr]    Compiling futures v0.3.32
[INFO] [stderr]    Compiling vil_sidecar v0.3.0
[INFO] [stderr]    Compiling async-stream-impl v0.3.6
[INFO] [stderr]    Compiling redb v2.6.3
[INFO] [stderr]    Compiling vil_expr v0.3.0
[INFO] [stderr]    Compiling vil_orm_derive v0.3.0
[INFO] [stderr]    Compiling async-stream v0.3.6
[INFO] [stderr]    Compiling vil_rules v0.3.0
[INFO] [stderr]    Compiling sqlx-macros-core v0.8.6
[INFO] [stderr]    Compiling bincode v1.3.3
[INFO] [stderr]    Compiling sqlx-macros v0.8.6
[INFO] [stderr]    Compiling vil_new_http v0.3.0
[INFO] [stderr]    Compiling vil_server_core v0.3.0
[INFO] [stderr]    Compiling sqlx v0.8.6
[INFO] [stderr]    Compiling vil_server_db v0.3.0
[INFO] [stderr]    Compiling vil_db_sqlx v0.3.0
[INFO] [stderr]    Compiling vil_orm v0.3.0
[INFO] [stderr]    Compiling vil_vwfd v0.3.0 (/opt/rustwide/workdir)
[INFO] [stdout] warning: unused variable: `parallel_idx`
[INFO] [stdout]    --> src/executor.rs:431:27
[INFO] [stdout]     |
[INFO] [stdout] 431 | fn find_join_for_parallel(parallel_idx: usize, graph: &VilwGraph) -> Option<usize> {
[INFO] [stdout]     |                           ^^^^^^^^^^^^ help: if this is intentional, prefix it with an underscore: `_parallel_idx`
[INFO] [stdout]     |
[INFO] [stdout]     = note: `#[warn(unused_variables)]` (part of `#[warn(unused)]`) on by default
[INFO] [stdout] 
[INFO] [stdout] 
[INFO] [stdout] warning: unused variable: `data`
[INFO] [stdout]    --> src/registry.rs:958:17
[INFO] [stdout]     |
[INFO] [stdout] 958 |             let data = input.get("data").cloned().unwrap_or(Value::Null);
[INFO] [stdout]     |                 ^^^^ help: if this is intentional, prefix it with an underscore: `_data`
[INFO] [stdout] 
[INFO] [stdout] 
[INFO] [stdout] warning: unused variable: `module_ref`
[INFO] [stdout]    --> src/app.rs:516:33
[INFO] [stdout]     |
[INFO] [stdout] 516 |                     if let Some(module_ref) = connector_ref.strip_prefix("vastar.wasm.") {
[INFO] [stdout]     |                                 ^^^^^^^^^^ help: if this is intentional, prefix it with an underscore: `_module_ref`
[INFO] [stdout] 
[INFO] [stdout] 
[INFO] [stdout] warning: unused variable: `wasm_reg`
[INFO] [stdout]    --> src/app.rs:501:21
[INFO] [stdout]     |
[INFO] [stdout] 501 |                 let wasm_reg = wasm_reg.clone();
[INFO] [stdout]     |                     ^^^^^^^^ help: if this is intentional, prefix it with an underscore: `_wasm_reg`
[INFO] [stdout] 
[INFO] [stdout] 
[INFO] [stderr] warning: unused dependency `bincode`
[INFO] [stderr]  --> Cargo.toml:5:15
[INFO] [stderr]   |
[INFO] [stderr] 5 | [dependencies.bincode]
[INFO] [stderr]   |               ^^^^^^^^
[INFO] [stderr]   |
[INFO] [stderr]   = note: `cargo::unused_dependencies` is set to `warn` by default
[INFO] [stderr] help: consider removing the dependency on `bincode`
[INFO] [stderr] warning: unused dependency `vil_orm`
[INFO] [stderr]    --> Cargo.toml:122:15
[INFO] [stderr]     |
[INFO] [stderr] 122 | [dependencies.vil_orm]
[INFO] [stderr]     |               ^^^^^^^^
[INFO] [stderr]     |
[INFO] [stderr] help: consider removing the dependency on `vil_orm`
[INFO] [stderr] warning: unused dependency `vil_rules`
[INFO] [stderr]    --> Cargo.toml:128:15
[INFO] [stderr]     |
[INFO] [stderr] 128 | [dependencies.vil_rules]
[INFO] [stderr]     |               ^^^^^^^^^^
[INFO] [stderr]     |
[INFO] [stderr] help: consider removing the dependency on `vil_rules`
[INFO] [stderr] warning: `vil_vwfd` (manifest) generated 3 warnings
[INFO] [stderr]     Finished `dev` profile [unoptimized + debuginfo] target(s) in 4m 13s
[INFO] running `Command { std: "docker" "inspect" "cf25c04b81db9d3029ee2a9e4fc9bc2f2996eee07c7874f9632463fbc448fefe", kill_on_drop: false }`
[INFO] running `Command { std: "docker" "exec" "-e" "SOURCE_DIR=/opt/rustwide/workdir" "-e" "CARGO_HOME=/opt/rustwide/cargo-home" "-e" "RUSTUP_HOME=/opt/rustwide/rustup-home" "-e" "CARGO_TARGET_DIR=/opt/rustwide/target" "-e" "CARGO_INCREMENTAL=0" "-e" "RUST_BACKTRACE=full" "-e" "RUSTFLAGS=--cap-lints=warn" "-e" "RUSTDOCFLAGS=--cap-lints=warn" "-w" "/opt/rustwide/workdir" "--user" "0:0" "cf25c04b81db9d3029ee2a9e4fc9bc2f2996eee07c7874f9632463fbc448fefe" "/opt/rustwide/cargo-home/bin/cargo" "+1.100.0-beta.1" "test" "--frozen" "--no-run" "--message-format=json", kill_on_drop: false }`
[INFO] [stdout] warning: unused variable: `parallel_idx`
[INFO] [stdout]    --> src/executor.rs:431:27
[INFO] [stdout]     |
[INFO] [stdout] 431 | fn find_join_for_parallel(parallel_idx: usize, graph: &VilwGraph) -> Option<usize> {
[INFO] [stdout]     |                           ^^^^^^^^^^^^ help: if this is intentional, prefix it with an underscore: `_parallel_idx`
[INFO] [stdout]     |
[INFO] [stdout]     = note: `#[warn(unused_variables)]` (part of `#[warn(unused)]`) on by default
[INFO] [stdout] 
[INFO] [stdout] 
[INFO] [stdout] warning: unused variable: `data`
[INFO] [stdout]    --> src/registry.rs:958:17
[INFO] [stdout]     |
[INFO] [stdout] 958 |             let data = input.get("data").cloned().unwrap_or(Value::Null);
[INFO] [stdout]     |                 ^^^^ help: if this is intentional, prefix it with an underscore: `_data`
[INFO] [stdout] 
[INFO] [stdout] 
[INFO] [stderr]    Compiling vil_vwfd v0.3.0 (/opt/rustwide/workdir)
[INFO] [stdout] warning: unused variable: `module_ref`
[INFO] [stdout]    --> src/app.rs:516:33
[INFO] [stdout]     |
[INFO] [stdout] 516 |                     if let Some(module_ref) = connector_ref.strip_prefix("vastar.wasm.") {
[INFO] [stdout]     |                                 ^^^^^^^^^^ help: if this is intentional, prefix it with an underscore: `_module_ref`
[INFO] [stdout] 
[INFO] [stdout] 
[INFO] [stdout] warning: unused variable: `wasm_reg`
[INFO] [stdout]    --> src/app.rs:501:21
[INFO] [stdout]     |
[INFO] [stdout] 501 |                 let wasm_reg = wasm_reg.clone();
[INFO] [stdout]     |                     ^^^^^^^^ help: if this is intentional, prefix it with an underscore: `_wasm_reg`
[INFO] [stdout] 
[INFO] [stdout] 
[INFO] [stdout] warning: unused variable: `parallel_idx`
[INFO] [stdout]    --> src/executor.rs:431:27
[INFO] [stdout]     |
[INFO] [stdout] 431 | fn find_join_for_parallel(parallel_idx: usize, graph: &VilwGraph) -> Option<usize> {
[INFO] [stdout]     |                           ^^^^^^^^^^^^ help: if this is intentional, prefix it with an underscore: `_parallel_idx`
[INFO] [stdout]     |
[INFO] [stdout]     = note: `#[warn(unused_variables)]` (part of `#[warn(unused)]`) on by default
[INFO] [stdout] 
[INFO] [stdout] 
[INFO] [stdout] warning: unused variable: `data`
[INFO] [stdout]    --> src/registry.rs:958:17
[INFO] [stdout]     |
[INFO] [stdout] 958 |             let data = input.get("data").cloned().unwrap_or(Value::Null);
[INFO] [stdout]     |                 ^^^^ help: if this is intentional, prefix it with an underscore: `_data`
[INFO] [stdout] 
[INFO] [stdout] 
[INFO] [stdout] warning: unused variable: `module_ref`
[INFO] [stdout]    --> src/app.rs:516:33
[INFO] [stdout]     |
[INFO] [stdout] 516 |                     if let Some(module_ref) = connector_ref.strip_prefix("vastar.wasm.") {
[INFO] [stdout]     |                                 ^^^^^^^^^^ help: if this is intentional, prefix it with an underscore: `_module_ref`
[INFO] [stdout] 
[INFO] [stdout] 
[INFO] [stdout] warning: unused variable: `wasm_reg`
[INFO] [stdout]    --> src/app.rs:501:21
[INFO] [stdout]     |
[INFO] [stdout] 501 |                 let wasm_reg = wasm_reg.clone();
[INFO] [stdout]     |                     ^^^^^^^^ help: if this is intentional, prefix it with an underscore: `_wasm_reg`
[INFO] [stdout] 
[INFO] [stdout] 
[INFO] [stderr] warning: unused dependency `bincode`
[INFO] [stderr]  --> Cargo.toml:5:15
[INFO] [stderr]   |
[INFO] [stderr] 5 | [dependencies.bincode]
[INFO] [stderr]   |               ^^^^^^^^
[INFO] [stderr]   |
[INFO] [stderr]   = note: `cargo::unused_dependencies` is set to `warn` by default
[INFO] [stderr] help: consider removing the dependency on `bincode`
[INFO] [stderr] warning: unused dependency `vil_orm`
[INFO] [stderr]    --> Cargo.toml:122:15
[INFO] [stderr]     |
[INFO] [stderr] 122 | [dependencies.vil_orm]
[INFO] [stderr]     |               ^^^^^^^^
[INFO] [stderr]     |
[INFO] [stderr] help: consider removing the dependency on `vil_orm`
[INFO] [stderr] warning: unused dependency `vil_rules`
[INFO] [stderr]    --> Cargo.toml:128:15
[INFO] [stderr]     |
[INFO] [stderr] 128 | [dependencies.vil_rules]
[INFO] [stderr]     |               ^^^^^^^^^^
[INFO] [stderr]     |
[INFO] [stderr] help: consider removing the dependency on `vil_rules`
[INFO] [stderr] warning: `vil_vwfd` (manifest) generated 3 warnings
[INFO] [stderr]     Finished `test` profile [unoptimized + debuginfo] target(s) in 14.89s
[INFO] running `Command { std: "docker" "inspect" "cf25c04b81db9d3029ee2a9e4fc9bc2f2996eee07c7874f9632463fbc448fefe", kill_on_drop: false }`
[INFO] running `Command { std: "docker" "exec" "-e" "SOURCE_DIR=/opt/rustwide/workdir" "-e" "CARGO_HOME=/opt/rustwide/cargo-home" "-e" "RUSTUP_HOME=/opt/rustwide/rustup-home" "-e" "CARGO_TARGET_DIR=/opt/rustwide/target" "-e" "CARGO_INCREMENTAL=0" "-e" "RUST_BACKTRACE=full" "-e" "RUSTFLAGS=--cap-lints=warn" "-e" "RUSTDOCFLAGS=--cap-lints=warn" "-w" "/opt/rustwide/workdir" "--user" "0:0" "cf25c04b81db9d3029ee2a9e4fc9bc2f2996eee07c7874f9632463fbc448fefe" "/opt/rustwide/cargo-home/bin/cargo" "+1.100.0-beta.1" "test" "--frozen", kill_on_drop: false }`
[INFO] [stderr] warning: unused variable: `parallel_idx`
[INFO] [stderr]    --> src/executor.rs:431:27
[INFO] [stderr]     |
[INFO] [stderr] 431 | fn find_join_for_parallel(parallel_idx: usize, graph: &VilwGraph) -> Option<usize> {
[INFO] [stderr]     |                           ^^^^^^^^^^^^ help: if this is intentional, prefix it with an underscore: `_parallel_idx`
[INFO] [stderr]     |
[INFO] [stderr]     = note: `#[warn(unused_variables)]` (part of `#[warn(unused)]`) on by default
[INFO] [stderr] 
[INFO] [stderr] warning: unused variable: `data`
[INFO] [stderr]    --> src/registry.rs:958:17
[INFO] [stderr]     |
[INFO] [stderr] 958 |             let data = input.get("data").cloned().unwrap_or(Value::Null);
[INFO] [stderr]     |                 ^^^^ help: if this is intentional, prefix it with an underscore: `_data`
[INFO] [stderr] 
[INFO] [stderr] warning: unused variable: `module_ref`
[INFO] [stderr]    --> src/app.rs:516:33
[INFO] [stderr]     |
[INFO] [stderr] 516 |                     if let Some(module_ref) = connector_ref.strip_prefix("vastar.wasm.") {
[INFO] [stderr]     |                                 ^^^^^^^^^^ help: if this is intentional, prefix it with an underscore: `_module_ref`
[INFO] [stderr] 
[INFO] [stderr] warning: unused variable: `wasm_reg`
[INFO] [stderr]    --> src/app.rs:501:21
[INFO] [stderr]     |
[INFO] [stderr] 501 |                 let wasm_reg = wasm_reg.clone();
[INFO] [stderr]     |                     ^^^^^^^^ help: if this is intentional, prefix it with an underscore: `_wasm_reg`
[INFO] [stderr] 
[INFO] [stderr] warning: `vil_vwfd` (lib) generated 4 warnings (run `cargo fix --lib -p vil_vwfd` to apply 4 suggestions)
[INFO] [stderr] warning: `vil_vwfd` (lib test) generated 4 warnings (4 duplicates)
[INFO] [stderr] warning: unused dependency `bincode`
[INFO] [stderr]  --> Cargo.toml:5:15
[INFO] [stderr]   |
[INFO] [stderr] 5 | [dependencies.bincode]
[INFO] [stderr]   |               ^^^^^^^^
[INFO] [stderr]   |
[INFO] [stderr]   = note: `cargo::unused_dependencies` is set to `warn` by default
[INFO] [stderr] help: consider removing the dependency on `bincode`
[INFO] [stderr] warning: unused dependency `vil_orm`
[INFO] [stderr]    --> Cargo.toml:122:15
[INFO] [stderr]     |
[INFO] [stderr] 122 | [dependencies.vil_orm]
[INFO] [stderr]     |               ^^^^^^^^
[INFO] [stderr]     |
[INFO] [stderr] help: consider removing the dependency on `vil_orm`
[INFO] [stderr] warning: unused dependency `vil_rules`
[INFO] [stderr]    --> Cargo.toml:128:15
[INFO] [stderr]     |
[INFO] [stderr] 128 | [dependencies.vil_rules]
[INFO] [stderr]     |               ^^^^^^^^^^
[INFO] [stderr]     |
[INFO] [stderr] help: consider removing the dependency on `vil_rules`
[INFO] [stderr] warning: `vil_vwfd` (manifest) generated 3 warnings
[INFO] [stderr]     Finished `test` profile [unoptimized + debuginfo] target(s) in 0.87s
[INFO] [stderr]      Running unittests src/lib.rs (/opt/rustwide/target/debug/build/vil_vwfd/f3913fd6408adc9b/out/vil_vwfd-f3913fd6408adc9b)
[INFO] [stdout] 
[INFO] [stdout] running 66 tests
[INFO] [stdout] test app::tests::test_builder_chain ... ok
[INFO] [stdout] test app::tests::test_native_registry_dispatch ... ok
[INFO] [stdout] test cli::tests::test_lint_missing_timeout ... ok
[INFO] [stdout] test cli::tests::test_lint_missing_retry ... ok
[INFO] [stdout] test app::tests::test_native_registry_not_found ... ok
[INFO] [stdout] test compiler::tests::test_compile_mappings ... ok
[INFO] [stdout] test cli::tests::test_lint_mutating_no_compensation ... ok
[INFO] [stdout] test cli::tests::test_lint_bad_connector_ref ... ok
[INFO] [stdout] test cli::tests::test_lint_no_durability ... ok
[INFO] [stdout] test compiler::tests::test_compile_variables ... ok
[INFO] [stdout] test compiler::tests::test_compile_vil_query ... ok
[INFO] [stdout] test cli::tests::test_lint_dangling_edge ... ok
[INFO] [stdout] test compiler::tests::test_compile_simple ... ok
[INFO] [stdout] test cli::tests::test_lint_valid ... ok
[INFO] [stdout] test compiler::tests::test_graph_serialization ... ok
[INFO] [stdout] test compiler::tests::test_reject_unsupported_vcel ... ok
[INFO] [stdout] test durability::tests::test_fail_and_compensate ... ok
[INFO] [stdout] test durability::tests::test_purge ... ok
[INFO] [stdout] test eval_bridge::tests::test_literal ... ok
[INFO] [stdout] test durability::tests::test_lifecycle ... ok
[INFO] [stdout] test durability::tests::test_list_incomplete ... ok
[INFO] [stdout] test eval_bridge::tests::test_vil_query ... ok
[INFO] [stdout] test eval_bridge::tests::test_spv1 ... ok
[INFO] [stdout] test eval_bridge::tests::test_vcel ... ok
[INFO] [stdout] test executor::tests::test_execute_simple_stub ... ok
[INFO] [stdout] test executor::tests::test_guard_high ... ok
[INFO] [stdout] test executor::tests::test_execute_with_connector_fn ... ok
[INFO] [stdout] test handler::tests::test_handle_request ... ok
[INFO] [stdout] test handler::tests::test_handle_request_not_found ... ok
[INFO] [stdout] test loader::tests::test_load_dir_nonexistent ... ok
[INFO] [stdout] test mcp::protocol::tests::test_initialize ... ok
[INFO] [stdout] test mcp::protocol::tests::test_resources_list ... ok
[INFO] [stdout] test executor::tests::test_guard_low ... ok
[INFO] [stdout] test mcp::protocol::tests::test_tools_list ... ok
[INFO] [stdout] test mcp::protocol::tests::test_unknown_method ... ok
[INFO] [stdout] test mcp::resources::tests::test_read_config_no_file ... ok
[INFO] [stdout] test mcp::tools::tests::test_tool_scaffold ... ok
[INFO] [stdout] test mcp::tools::tests::test_tool_unknown ... ok
[INFO] [stdout] test mcp::resources::tests::test_read_unknown ... ok
[INFO] [stdout] test mcp::tools::tests::test_tool_explain ... ok
[INFO] [stdout] test process::tests::test_process_spec ... ok
[INFO] [stdout] test registry::tests::test_dispatch_unknown ... ok
[INFO] [stdout] test saga::tests::test_collect_compensations ... ok
[INFO] [stdout] test saga::tests::test_no_compensation ... ok
[INFO] [stdout] test loader::tests::test_load_dir_with_files ... ok
[INFO] [stdout] test saga::tests::test_run_compensation_reverse ... ok
[INFO] [stdout] test loader::tests::test_load_yaml ... ok
[INFO] [stdout] test registry::tests::test_registry_connector_fn ... ok
[INFO] [stdout] test spv1::tests::test_bracket_key ... ok
[INFO] [stdout] test spv1::tests::test_dot_nested ... ok
[INFO] [stdout] test handler::tests::test_router_register_and_lookup ... ok
[INFO] [stdout] test registry::tests::test_pools_default ... ok
[INFO] [stdout] test spv1::tests::test_filter_eq ... ok
[INFO] [stdout] test spv1::tests::test_array_index ... ok
[INFO] [stdout] test spv1::tests::test_dot_field ... ok
[INFO] [stdout] test spv1::tests::test_slice ... ok
[INFO] [stdout] test spv1::tests::test_negative_index ... ok
[INFO] [stdout] test spv1::tests::test_filter_gt ... ok
[INFO] [stdout] test spv1::tests::test_wildcard_array ... ok
[INFO] [stdout] test spv1::tests::test_union_keys ... ok
[INFO] [stdout] test spv1::tests::test_slice_step ... ok
[INFO] [stdout] test spv1::tests::test_template ... ok
[INFO] [stdout] test triggers::tests::test_parse_interval ... ok
[INFO] [stdout] test spv1::tests::test_template_json ... ok
[INFO] [stdout] test spv1::tests::test_union_indices ... ok
[INFO] [stdout] test durability::tests::test_redb_persistent ... ok
[INFO] [stdout] 
[INFO] [stdout] test result: ok. 66 passed; 0 failed; 0 ignored; 0 measured; 0 filtered out; finished in 0.49s
[INFO] [stdout] 
[INFO] [stderr]      Running tests/integration.rs (/opt/rustwide/target/debug/build/vil_vwfd/c7342a979865fa5c/out/integration-c7342a979865fa5c)
[INFO] [stdout] 
[INFO] [stdout] running 20 tests
[INFO] [stdout] test test_e2e_guard_a ... ok
[INFO] [stdout] test test_e2e_connector_mappings ... ok
[INFO] [stdout] test test_e2e_echo ... ok
[INFO] [stdout] test test_e2e_guard_b ... ok
[INFO] [stdout] test test_e2e_loop_multi_node_body ... ok
[INFO] [stdout] test test_e2e_vilquery_compile_time ... ok
[INFO] [stdout] test test_handler_registry_e2e ... ok
[INFO] [stdout] test test_e2e_pipeline_data_flow ... ok
[INFO] [stdout] test test_e2e_vcel_compatible_expressions ... ok
[INFO] [stdout] test test_lint_catches_issues ... ok
[INFO] [stdout] test test_lint_clean_workflow ... ok
[INFO] [stdout] test test_loader_e2e ... ok
[INFO] [stdout] test test_e2e_guard_c ... ok
[INFO] [stdout] test test_roundtrip_serialize ... ok
[INFO] [stdout] test test_new_activity_types ... ok
[INFO] [stdout] test test_macro_yaml_compiles ... ok
[INFO] [stdout] test test_reject_map_filter ... ok
[INFO] [stdout] test test_sub_workflow_compile ... ok
[INFO] [stdout] test test_e2e_router_with_connector_fn ... ok
[INFO] [stdout] test test_benchmark_latency ... ok
[INFO] [stdout] 
[INFO] [stdout] test result: ok. 20 passed; 0 failed; 0 ignored; 0 measured; 0 filtered out; finished in 0.98s
[INFO] [stdout] 
[INFO] [stderr]    Doc-tests vil_vwfd
[INFO] [stdout] 
[INFO] [stdout] running 4 tests
[INFO] [stdout] test src/mcp/mod.rs - mcp (line 18) ... ignored
[INFO] [stdout] test src/app.rs - app (line 3) - compile ... FAILED
[INFO] [stdout] test src/app.rs - app::app (line 710) - compile ... FAILED
[INFO] [stdout] test src/app.rs - app::VwfdApp::native (line 315) - compile ... FAILED
[INFO] [stdout] 
[INFO] [stdout] failures:
[INFO] [stdout] 
[INFO] [stdout] ---- src/app.rs - app (line 3) stdout ----
[INFO] [stdout] error[E0432]: unresolved import `vil_vwfd::prelude`
[INFO] [stdout]  --> src/app.rs:5:15
[INFO] [stdout]   |
[INFO] [stdout] 5 | use vil_vwfd::prelude::*;
[INFO] [stdout]   |               ^^^^^^^ could not find `prelude` in `vil_vwfd`
[INFO] [stdout] 
[INFO] [stdout] error: cannot find macro `json` in this scope
[INFO] [stdout]   --> src/app.rs:12:16
[INFO] [stdout]    |
[INFO] [stdout] 12 |             Ok(json!({"valid": !items.is_empty()}))
[INFO] [stdout]    |                ^^^^
[INFO] [stdout] 
[INFO] [stdout] error: aborting due to 2 previous errors
[INFO] [stdout] 
[INFO] [stdout] For more information about this error, try `rustc --explain E0432`.
[INFO] [stdout] Couldn't compile the test.
[INFO] [stdout] ---- src/app.rs - app::app (line 710) stdout ----
[INFO] [stdout] error: cannot find macro `json` in this scope
[INFO] [stdout]    --> src/app.rs:713:40
[INFO] [stdout]     |
[INFO] [stdout] 713 |     .native("handler_name", |input| Ok(json!({"ok": true})))
[INFO] [stdout]     |                                        ^^^^
[INFO] [stdout] 
[INFO] [stdout] error[E0728]: `await` is only allowed inside `async` functions and blocks
[INFO] [stdout]    --> src/app.rs:715:6
[INFO] [stdout]     |
[INFO] [stdout] 711 | fn main() { #[allow(non_snake_case)] fn _doctest_main_src_app_rs_710_0() {
[INFO] [stdout]     |                                      ----------------------------------- this is not `async`
[INFO] [stdout] ...
[INFO] [stdout] 715 |     .await;
[INFO] [stdout]     |      ^^^^^ only allowed inside `async` functions and blocks
[INFO] [stdout] 
[INFO] [stdout] error: aborting due to 2 previous errors
[INFO] [stdout] 
[INFO] [stdout] For more information about this error, try `rustc --explain E0728`.
[INFO] [stdout] Couldn't compile the test.
[INFO] [stdout] ---- src/app.rs - app::VwfdApp::native (line 315) stdout ----
[INFO] [stdout] error[E0425]: cannot find value `app` in this scope
[INFO] [stdout]    --> src/app.rs:316:1
[INFO] [stdout]     |
[INFO] [stdout] 316 | app.native("validate", |input| {
[INFO] [stdout]     | ^^^ not found in this scope
[INFO] [stdout] 
[INFO] [stdout] error: aborting due to 1 previous error
[INFO] [stdout] 
[INFO] [stdout] For more information about this error, try `rustc --explain E0425`.
[INFO] [stdout] Couldn't compile the test.
[INFO] [stdout] 
[INFO] [stdout] failures:
[INFO] [stdout]     src/app.rs - app (line 3)
[INFO] [stdout]     src/app.rs - app::VwfdApp::native (line 315)
[INFO] [stdout]     src/app.rs - app::app (line 710)
[INFO] [stdout] 
[INFO] [stdout] test result: FAILED. 0 passed; 3 failed; 1 ignored; 0 measured; 0 filtered out; finished in 0.34s
[INFO] [stdout] 
[INFO] [stderr] error: doctest failed, to rerun pass `--doc`
[INFO] running `Command { std: "docker" "inspect" "cf25c04b81db9d3029ee2a9e4fc9bc2f2996eee07c7874f9632463fbc448fefe", kill_on_drop: false }`
[INFO] running `Command { std: "docker" "rm" "-f" "cf25c04b81db9d3029ee2a9e4fc9bc2f2996eee07c7874f9632463fbc448fefe", kill_on_drop: false }`
[INFO] [stdout] cf25c04b81db9d3029ee2a9e4fc9bc2f2996eee07c7874f9632463fbc448fefe
