[INFO] fetching crate vexide-macro 0.4.0...
[INFO] testing vexide-macro-0.4.0 against 1.100.0-beta.1 for beta-1.100-2
[INFO] extracting crate vexide-macro 0.4.0 into /workspace/builds/worker-5-tc2/source
[INFO] started tweaking crates.io crate vexide-macro 0.4.0
[INFO] finished tweaking crates.io crate vexide-macro 0.4.0
[INFO] tweaked toml for crates.io crate vexide-macro 0.4.0 written to /workspace/builds/worker-5-tc2/source/Cargo.toml
[INFO] validating manifest of crates.io crate vexide-macro 0.4.0 on toolchain 1.100.0-beta.1
[INFO] running `Command { std: CARGO_HOME="/workspace/cargo-home" RUSTUP_HOME="/workspace/rustup-home" "/workspace/cargo-home/bin/cargo" "+1.100.0-beta.1" "metadata" "--manifest-path" "Cargo.toml" "--no-deps", kill_on_drop: false }`
[INFO] crate crates.io crate vexide-macro 0.4.0 already has a lockfile, it will not be regenerated
[INFO] running `Command { std: CARGO_HOME="/workspace/cargo-home" RUSTUP_HOME="/workspace/rustup-home" "/workspace/cargo-home/bin/cargo" "+1.100.0-beta.1" "fetch" "--manifest-path" "Cargo.toml", kill_on_drop: false }`
[INFO] running `Command { std: "docker" "create" "-v" "/var/lib/crater-agent-workspace/builds/worker-5-tc2/source:/opt/rustwide/workdir:ro,Z" "-v" "/var/lib/crater-agent-workspace/builds/worker-5-tc2/target:/opt/rustwide/target:rw,Z" "-v" "/var/lib/crater-agent-workspace/cargo-home:/opt/rustwide/cargo-home:ro,Z" "-v" "/var/lib/crater-agent-workspace/rustup-home:/opt/rustwide/rustup-home:ro,Z" "-m" "1610612736" "--network" "none" "ghcr.io/rust-lang/crates-build-env/linux@sha256:3111399a4047eeb3a02b7a90e478d715f38a8c6669b5c4b49d30a17385265909" "sleep" "infinity", kill_on_drop: false }`
[INFO] [stdout] 7a1abcf09cfb584118950a4e9841e31cdb931ab39a07d5360afcb043f2ff69a5
[INFO] running `Command { std: "docker" "start" "7a1abcf09cfb584118950a4e9841e31cdb931ab39a07d5360afcb043f2ff69a5", kill_on_drop: false }`
[INFO] running `Command { std: "docker" "inspect" "7a1abcf09cfb584118950a4e9841e31cdb931ab39a07d5360afcb043f2ff69a5", kill_on_drop: false }`
[INFO] running `Command { std: "docker" "exec" "-e" "SOURCE_DIR=/opt/rustwide/workdir" "-e" "CARGO_HOME=/opt/rustwide/cargo-home" "-e" "RUSTUP_HOME=/opt/rustwide/rustup-home" "-e" "CARGO_TARGET_DIR=/opt/rustwide/target" "-w" "/opt/rustwide/workdir" "--user" "0:0" "7a1abcf09cfb584118950a4e9841e31cdb931ab39a07d5360afcb043f2ff69a5" "/opt/rustwide/cargo-home/bin/cargo" "+1.100.0-beta.1" "metadata" "--no-deps" "--format-version=1", kill_on_drop: false }`
[INFO] running `Command { std: "docker" "inspect" "7a1abcf09cfb584118950a4e9841e31cdb931ab39a07d5360afcb043f2ff69a5", kill_on_drop: false }`
[INFO] running `Command { std: "docker" "exec" "-e" "SOURCE_DIR=/opt/rustwide/workdir" "-e" "CARGO_HOME=/opt/rustwide/cargo-home" "-e" "RUSTUP_HOME=/opt/rustwide/rustup-home" "-e" "CARGO_TARGET_DIR=/opt/rustwide/target" "-e" "CARGO_INCREMENTAL=0" "-e" "RUST_BACKTRACE=full" "-e" "RUSTFLAGS=--cap-lints=warn" "-e" "RUSTDOCFLAGS=--cap-lints=warn" "-w" "/opt/rustwide/workdir" "--user" "0:0" "7a1abcf09cfb584118950a4e9841e31cdb931ab39a07d5360afcb043f2ff69a5" "/opt/rustwide/cargo-home/bin/cargo" "+1.100.0-beta.1" "build" "--frozen" "--message-format=json", kill_on_drop: false }`
[INFO] [stderr]    Compiling proc-macro2 v1.0.95
[INFO] [stderr]    Compiling unicode-ident v1.0.18
[INFO] [stderr]    Compiling quote v1.0.40
[INFO] [stderr]    Compiling syn v2.0.104
[INFO] [stderr]    Compiling vexide-macro v0.4.0 (/opt/rustwide/workdir)
[INFO] [stderr]     Finished `dev` profile [unoptimized + debuginfo] target(s) in 6.11s
[INFO] running `Command { std: "docker" "inspect" "7a1abcf09cfb584118950a4e9841e31cdb931ab39a07d5360afcb043f2ff69a5", kill_on_drop: false }`
[INFO] running `Command { std: "docker" "exec" "-e" "SOURCE_DIR=/opt/rustwide/workdir" "-e" "CARGO_HOME=/opt/rustwide/cargo-home" "-e" "RUSTUP_HOME=/opt/rustwide/rustup-home" "-e" "CARGO_TARGET_DIR=/opt/rustwide/target" "-e" "CARGO_INCREMENTAL=0" "-e" "RUST_BACKTRACE=full" "-e" "RUSTFLAGS=--cap-lints=warn" "-e" "RUSTDOCFLAGS=--cap-lints=warn" "-w" "/opt/rustwide/workdir" "--user" "0:0" "7a1abcf09cfb584118950a4e9841e31cdb931ab39a07d5360afcb043f2ff69a5" "/opt/rustwide/cargo-home/bin/cargo" "+1.100.0-beta.1" "test" "--frozen" "--no-run" "--message-format=json", kill_on_drop: false }`
[INFO] [stderr]    Compiling vexide-macro v0.4.0 (/opt/rustwide/workdir)
[INFO] [stderr]     Finished `test` profile [unoptimized + debuginfo] target(s) in 1.16s
[INFO] running `Command { std: "docker" "inspect" "7a1abcf09cfb584118950a4e9841e31cdb931ab39a07d5360afcb043f2ff69a5", kill_on_drop: false }`
[INFO] running `Command { std: "docker" "exec" "-e" "SOURCE_DIR=/opt/rustwide/workdir" "-e" "CARGO_HOME=/opt/rustwide/cargo-home" "-e" "RUSTUP_HOME=/opt/rustwide/rustup-home" "-e" "CARGO_TARGET_DIR=/opt/rustwide/target" "-e" "CARGO_INCREMENTAL=0" "-e" "RUST_BACKTRACE=full" "-e" "RUSTFLAGS=--cap-lints=warn" "-e" "RUSTDOCFLAGS=--cap-lints=warn" "-w" "/opt/rustwide/workdir" "--user" "0:0" "7a1abcf09cfb584118950a4e9841e31cdb931ab39a07d5360afcb043f2ff69a5" "/opt/rustwide/cargo-home/bin/cargo" "+1.100.0-beta.1" "test" "--frozen", kill_on_drop: false }`
[INFO] [stderr]     Finished `test` profile [unoptimized + debuginfo] target(s) in 0.05s
[INFO] [stderr]      Running unittests src/lib.rs (/opt/rustwide/target/debug/build/vexide-macro/2e3a3af5f0deff8a/out/vexide_macro-2e3a3af5f0deff8a)
[INFO] [stdout] 
[INFO] [stdout] running 11 tests
[INFO] [stdout] test parse::test::parses_attrs_into_macro_opts ... ok
[INFO] [stdout] test parse::test::macro_opts_defaults_when_n_opts_missing ... ok
[INFO] [stdout] test parse::test::parses_code_sig_attribute ... ok
[INFO] [stdout] test parse::test::parses_banner_attribute ... ok
[INFO] [stdout] test test::disallows_0_args ... ok
[INFO] [stdout] test test::requires_async ... ok
[INFO] [stdout] test test::disallows_2_args ... ok
[INFO] [stdout] test test::requires_safe ... ok
[INFO] [stdout] test test::toggles_banner_using_parsed_opts ... ok
[INFO] [stdout] test test::wraps_main_fn ... ok
[INFO] [stderr]    Doc-tests vexide_macro
[INFO] [stdout] test test::uses_custom_code_sig_from_parsed_opts ... ok
[INFO] [stdout] 
[INFO] [stdout] test result: ok. 11 passed; 0 failed; 0 ignored; 0 measured; 0 filtered out; finished in 0.01s
[INFO] [stdout] 
[INFO] [stdout] 
[INFO] [stdout] running 4 tests
[INFO] [stdout] test src/lib.rs - main (line 144) ... FAILED
[INFO] [stdout] test src/lib.rs - main (line 128) ... FAILED
[INFO] [stdout] test src/lib.rs - main (line 153) ... FAILED
[INFO] [stdout] test src/lib.rs - main (line 164) ... FAILED
[INFO] [stdout] 
[INFO] [stdout] failures:
[INFO] [stdout] 
[INFO] [stdout] ---- src/lib.rs - main (line 144) stdout ----
[INFO] [stdout] error[E0433]: cannot find module or crate `vexide` in this scope
[INFO] [stdout]    --> src/lib.rs:145:5
[INFO] [stdout]     |
[INFO] [stdout] 145 | use vexide::prelude::*;
[INFO] [stdout]     |     ^^^^^^ use of unresolved module or unlinked crate `vexide`
[INFO] [stdout]     |
[INFO] [stdout]     = help: if you wanted to use a crate named `vexide`, use `cargo add vexide` to add it to your `Cargo.toml`
[INFO] [stdout] 
[INFO] [stdout] error[E0433]: cannot find module or crate `vexide` in this scope
[INFO] [stdout]    --> src/lib.rs:147:3
[INFO] [stdout]     |
[INFO] [stdout] 147 | #[vexide::main(banner(enabled = false))]
[INFO] [stdout]     |   ^^^^^^ use of unresolved module or unlinked crate `vexide`
[INFO] [stdout] 
[INFO] [stdout] error[E0425]: cannot find type `Peripherals` in this scope
[INFO] [stdout]    --> src/lib.rs:148:19
[INFO] [stdout]     |
[INFO] [stdout] 148 | async fn main(_p: Peripherals) {
[INFO] [stdout]     |                   ^^^^^^^^^^^ not found in this scope
[INFO] [stdout] 
[INFO] [stdout] error[E0752]: `main` function is not allowed to be `async`
[INFO] [stdout]    --> src/lib.rs:148:1
[INFO] [stdout]     |
[INFO] [stdout] 148 | async fn main(_p: Peripherals) {
[INFO] [stdout]     | ^^^^^^^^^^^^^^^^^^^^^^^^^^^^^^ `main` function is not allowed to be `async`
[INFO] [stdout] 
[INFO] [stdout] error: aborting due to 4 previous errors
[INFO] [stdout] 
[INFO] [stdout] Some errors have detailed explanations: E0425, E0433, E0752.
[INFO] [stdout] For more information about an error, try `rustc --explain E0425`.
[INFO] [stdout] Couldn't compile the test.
[INFO] [stdout] ---- src/lib.rs - main (line 128) stdout ----
[INFO] [stdout] error[E0433]: cannot find module or crate `vexide` in this scope
[INFO] [stdout]    --> src/lib.rs:131:5
[INFO] [stdout]     |
[INFO] [stdout] 131 | use vexide::prelude::*;
[INFO] [stdout]     |     ^^^^^^ use of unresolved module or unlinked crate `vexide`
[INFO] [stdout]     |
[INFO] [stdout]     = help: if you wanted to use a crate named `vexide`, use `cargo add vexide` to add it to your `Cargo.toml`
[INFO] [stdout] 
[INFO] [stdout] error[E0433]: cannot find module or crate `vexide` in this scope
[INFO] [stdout]    --> src/lib.rs:133:3
[INFO] [stdout]     |
[INFO] [stdout] 133 | #[vexide::main]
[INFO] [stdout]     |   ^^^^^^ use of unresolved module or unlinked crate `vexide`
[INFO] [stdout] 
[INFO] [stdout] error[E0425]: cannot find type `Peripherals` in this scope
[INFO] [stdout]    --> src/lib.rs:134:32
[INFO] [stdout]     |
[INFO] [stdout] 134 | async fn main(mut peripherals: Peripherals) {
[INFO] [stdout]     |                                ^^^^^^^^^^^ not found in this scope
[INFO] [stdout] 
[INFO] [stdout] error[E0752]: `main` function is not allowed to be `async`
[INFO] [stdout]    --> src/lib.rs:134:1
[INFO] [stdout]     |
[INFO] [stdout] 134 | async fn main(mut peripherals: Peripherals) {
[INFO] [stdout]     | ^^^^^^^^^^^^^^^^^^^^^^^^^^^^^^^^^^^^^^^^^^^ `main` function is not allowed to be `async`
[INFO] [stdout] 
[INFO] [stdout] error: aborting due to 4 previous errors
[INFO] [stdout] 
[INFO] [stdout] Some errors have detailed explanations: E0425, E0433, E0752.
[INFO] [stdout] For more information about an error, try `rustc --explain E0425`.
[INFO] [stdout] Couldn't compile the test.
[INFO] [stdout] ---- src/lib.rs - main (line 153) stdout ----
[INFO] [stdout] error[E0433]: cannot find module or crate `vexide` in this scope
[INFO] [stdout]    --> src/lib.rs:154:5
[INFO] [stdout]     |
[INFO] [stdout] 154 | use vexide::{prelude::*, startup::banner::themes::THEME_SYNTHWAVE};
[INFO] [stdout]     |     ^^^^^^ use of unresolved module or unlinked crate `vexide`
[INFO] [stdout]     |
[INFO] [stdout]     = help: if you wanted to use a crate named `vexide`, use `cargo add vexide` to add it to your `Cargo.toml`
[INFO] [stdout] 
[INFO] [stdout] error[E0432]: unresolved import `vexide::startup::banner::themes::THEME_SYNTHWAVE`
[INFO] [stdout]    --> src/lib.rs:154:26
[INFO] [stdout]     |
[INFO] [stdout] 154 | use vexide::{prelude::*, startup::banner::themes::THEME_SYNTHWAVE};
[INFO] [stdout]     |                          ^^^^^^^^^^^^^^^^^^^^^^^^^^^^^^^^^^^^^^^^
[INFO] [stdout] 
[INFO] [stdout] error[E0433]: cannot find module or crate `vexide` in this scope
[INFO] [stdout]    --> src/lib.rs:156:3
[INFO] [stdout]     |
[INFO] [stdout] 156 | #[vexide::main(banner(theme = THEME_SYNTHWAVE))]
[INFO] [stdout]     |   ^^^^^^ use of unresolved module or unlinked crate `vexide`
[INFO] [stdout] 
[INFO] [stdout] error[E0425]: cannot find type `Peripherals` in this scope
[INFO] [stdout]    --> src/lib.rs:157:19
[INFO] [stdout]     |
[INFO] [stdout] 157 | async fn main(_p: Peripherals) {
[INFO] [stdout]     |                   ^^^^^^^^^^^ not found in this scope
[INFO] [stdout] 
[INFO] [stdout] error[E0752]: `main` function is not allowed to be `async`
[INFO] [stdout]    --> src/lib.rs:157:1
[INFO] [stdout]     |
[INFO] [stdout] 157 | async fn main(_p: Peripherals) {
[INFO] [stdout]     | ^^^^^^^^^^^^^^^^^^^^^^^^^^^^^^ `main` function is not allowed to be `async`
[INFO] [stdout] 
[INFO] [stdout] error: aborting due to 5 previous errors
[INFO] [stdout] 
[INFO] [stdout] Some errors have detailed explanations: E0425, E0432, E0433, E0752.
[INFO] [stdout] For more information about an error, try `rustc --explain E0425`.
[INFO] [stdout] Couldn't compile the test.
[INFO] [stdout] ---- src/lib.rs - main (line 164) stdout ----
[INFO] [stdout] error[E0433]: cannot find module or crate `vexide` in this scope
[INFO] [stdout]    --> src/lib.rs:165:5
[INFO] [stdout]     |
[INFO] [stdout] 165 | use vexide::{
[INFO] [stdout]     |     ^^^^^^ use of unresolved module or unlinked crate `vexide`
[INFO] [stdout]     |
[INFO] [stdout]     = help: if you wanted to use a crate named `vexide`, use `cargo add vexide` to add it to your `Cargo.toml`
[INFO] [stdout] 
[INFO] [stdout] error[E0432]: unresolved imports `vexide::program::CodeSignature`, `vexide::program::ProgramOptions`, `vexide::program::ProgramOwner`, `vexide::program::ProgramType`
[INFO] [stdout]    --> src/lib.rs:167:15
[INFO] [stdout]     |
[INFO] [stdout] 167 |     program::{CodeSignature, ProgramOptions, ProgramOwner, ProgramType},
[INFO] [stdout]     |               ^^^^^^^^^^^^^  ^^^^^^^^^^^^^^  ^^^^^^^^^^^^  ^^^^^^^^^^^
[INFO] [stdout] 
[INFO] [stdout] error[E0433]: cannot find module or crate `vexide` in this scope
[INFO] [stdout]    --> src/lib.rs:176:3
[INFO] [stdout]     |
[INFO] [stdout] 176 | #[vexide::main(code_sig = CODE_SIG)]
[INFO] [stdout]     |   ^^^^^^ use of unresolved module or unlinked crate `vexide`
[INFO] [stdout] 
[INFO] [stdout] error[E0425]: cannot find type `Peripherals` in this scope
[INFO] [stdout]    --> src/lib.rs:177:19
[INFO] [stdout]     |
[INFO] [stdout] 177 | async fn main(_p: Peripherals) {
[INFO] [stdout]     |                   ^^^^^^^^^^^ not found in this scope
[INFO] [stdout] 
[INFO] [stdout] error[E0752]: `main` function is not allowed to be `async`
[INFO] [stdout]    --> src/lib.rs:177:1
[INFO] [stdout]     |
[INFO] [stdout] 177 | async fn main(_p: Peripherals) {
[INFO] [stdout]     | ^^^^^^^^^^^^^^^^^^^^^^^^^^^^^^ `main` function is not allowed to be `async`
[INFO] [stdout] 
[INFO] [stdout] error: aborting due to 5 previous errors
[INFO] [stdout] 
[INFO] [stdout] Some errors have detailed explanations: E0425, E0432, E0433, E0752.
[INFO] [stdout] For more information about an error, try `rustc --explain E0425`.
[INFO] [stdout] Couldn't compile the test.
[INFO] [stdout] 
[INFO] [stdout] failures:
[INFO] [stdout]     src/lib.rs - main (line 128)
[INFO] [stdout]     src/lib.rs - main (line 144)
[INFO] [stdout]     src/lib.rs - main (line 153)
[INFO] [stdout]     src/lib.rs - main (line 164)
[INFO] [stdout] 
[INFO] [stdout] test result: FAILED. 0 passed; 4 failed; 0 ignored; 0 measured; 0 filtered out; finished in 0.22s
[INFO] [stdout] 
[INFO] [stdout] all doctests ran in 0.36s; merged doctests compilation took 0.14s
[INFO] [stderr] error: doctest failed, to rerun pass `--doc`
[INFO] running `Command { std: "docker" "inspect" "7a1abcf09cfb584118950a4e9841e31cdb931ab39a07d5360afcb043f2ff69a5", kill_on_drop: false }`
[INFO] running `Command { std: "docker" "rm" "-f" "7a1abcf09cfb584118950a4e9841e31cdb931ab39a07d5360afcb043f2ff69a5", kill_on_drop: false }`
[INFO] [stdout] 7a1abcf09cfb584118950a4e9841e31cdb931ab39a07d5360afcb043f2ff69a5
