[INFO] fetching crate vesper-player-plugin-loader 0.8.0...
[INFO] testing vesper-player-plugin-loader-0.8.0 against 1.99.0-beta.8 for beta-1.100-2
[INFO] extracting crate vesper-player-plugin-loader 0.8.0 into /workspace/builds/worker-7-tc1/source
[INFO] started tweaking crates.io crate vesper-player-plugin-loader 0.8.0
[INFO] removed 0 missing tests
[INFO] finished tweaking crates.io crate vesper-player-plugin-loader 0.8.0
[INFO] tweaked toml for crates.io crate vesper-player-plugin-loader 0.8.0 written to /workspace/builds/worker-7-tc1/source/Cargo.toml
[INFO] validating manifest of crates.io crate vesper-player-plugin-loader 0.8.0 on toolchain 1.99.0-beta.8
[INFO] running `Command { std: CARGO_HOME="/workspace/cargo-home" RUSTUP_HOME="/workspace/rustup-home" "/workspace/cargo-home/bin/cargo" "+1.99.0-beta.8" "metadata" "--manifest-path" "Cargo.toml" "--no-deps", kill_on_drop: false }`
[INFO] crate crates.io crate vesper-player-plugin-loader 0.8.0 already has a lockfile, it will not be regenerated
[INFO] running `Command { std: CARGO_HOME="/workspace/cargo-home" RUSTUP_HOME="/workspace/rustup-home" "/workspace/cargo-home/bin/cargo" "+1.99.0-beta.8" "fetch" "--manifest-path" "Cargo.toml", kill_on_drop: false }`
[INFO] [stderr]     Updating crates.io index
[INFO] [stderr]  Downloading crates ...
[INFO] [stderr]   Downloaded wasm-metadata v0.259.0
[INFO] [stderr]   Downloaded vesper-player-plugin-wasm-host v0.8.0
[INFO] [stderr]   Downloaded wasmtime-internal-versioned-export-macros v48.0.2
[INFO] [stderr]   Downloaded cranelift-bitset v0.135.2
[INFO] [stderr]   Downloaded wasmtime-internal-jit-icache-coherence v48.0.2
[INFO] [stderr]   Downloaded wasmtime-internal-component-util v48.0.2
[INFO] [stderr]   Downloaded pulley-macros v48.0.2
[INFO] [stderr]   Downloaded vesper-player-plugin-macros v0.8.0
[INFO] [stderr]   Downloaded cranelift-control v0.135.2
[INFO] [stderr]   Downloaded cranelift-codegen-shared v0.135.2
[INFO] [stderr]   Downloaded cranelift-srcgen v0.135.2
[INFO] [stderr]   Downloaded wasmtime-internal-jit-debug v48.0.2
[INFO] [stderr]   Downloaded cranelift-native v0.135.2
[INFO] [stderr]   Downloaded vesper-player-plugin-abi v0.8.0
[INFO] [stderr]   Downloaded cranelift-entity v0.135.2
[INFO] [stderr]   Downloaded wasm-metadata v0.254.0
[INFO] [stderr]   Downloaded cranelift-assembler-x64 v0.135.2
[INFO] [stderr]   Downloaded wasmtime-internal-wit-bindgen v48.0.2
[INFO] [stderr]   Downloaded addr2line v0.26.1
[INFO] [stderr]   Downloaded cranelift-bforest v0.135.2
[INFO] [stderr]   Downloaded wasmtime-internal-fiber v48.0.2
[INFO] [stderr]   Downloaded wasmtime-internal-unwinder v48.0.2
[INFO] [stderr]   Downloaded wasmprinter v0.254.0
[INFO] [stderr]   Downloaded cranelift-frontend v0.135.2
[INFO] [stderr]   Downloaded wasmtime-internal-core v48.0.2
[INFO] [stderr]   Downloaded cranelift-assembler-x64-meta v0.135.2
[INFO] [stderr]   Downloaded vesper-player-plugin-package v0.8.0
[INFO] [stderr]   Downloaded wit-parser v0.259.0
[INFO] [stderr]   Downloaded pulley-interpreter v48.0.2
[INFO] [stderr]   Downloaded wasm-encoder v0.254.0
[INFO] [stderr]   Downloaded cranelift-isle v0.135.2
[INFO] [stderr]   Downloaded vesper-player-plugin v0.8.0
[INFO] [stderr]   Downloaded cranelift-codegen-meta v0.135.2
[INFO] [stderr]   Downloaded wit-parser v0.254.0
[INFO] [stderr]   Downloaded wasmtime-internal-component-macro v48.0.2
[INFO] [stderr]   Downloaded wasmparser v0.254.0
[INFO] [stderr]   Downloaded wit-component v0.254.0
[INFO] [stderr]   Downloaded wit-component v0.259.0
[INFO] [stderr]   Downloaded wasmtime-internal-cranelift v48.0.2
[INFO] [stderr]   Downloaded wasmtime-environ v48.0.2
[INFO] [stderr]   Downloaded wasmtime v48.0.2
[INFO] [stderr]   Downloaded cranelift-codegen v0.135.2
[INFO] running `Command { std: "docker" "create" "-v" "/var/lib/crater-agent-workspace/builds/worker-7-tc1/source:/opt/rustwide/workdir:ro,Z" "-v" "/var/lib/crater-agent-workspace/builds/worker-7-tc1/target:/opt/rustwide/target:rw,Z" "-v" "/var/lib/crater-agent-workspace/cargo-home:/opt/rustwide/cargo-home:ro,Z" "-v" "/var/lib/crater-agent-workspace/rustup-home:/opt/rustwide/rustup-home:ro,Z" "-m" "1610612736" "--network" "none" "ghcr.io/rust-lang/crates-build-env/linux@sha256:3111399a4047eeb3a02b7a90e478d715f38a8c6669b5c4b49d30a17385265909" "sleep" "infinity", kill_on_drop: false }`
[INFO] [stdout] c09ceb304836c5ca0322f013f93e67494a853371763c36f6bd25c4c11ff5b7cc
[INFO] running `Command { std: "docker" "start" "c09ceb304836c5ca0322f013f93e67494a853371763c36f6bd25c4c11ff5b7cc", kill_on_drop: false }`
[INFO] running `Command { std: "docker" "inspect" "c09ceb304836c5ca0322f013f93e67494a853371763c36f6bd25c4c11ff5b7cc", kill_on_drop: false }`
[INFO] running `Command { std: "docker" "exec" "-e" "SOURCE_DIR=/opt/rustwide/workdir" "-e" "CARGO_HOME=/opt/rustwide/cargo-home" "-e" "RUSTUP_HOME=/opt/rustwide/rustup-home" "-e" "CARGO_TARGET_DIR=/opt/rustwide/target" "-w" "/opt/rustwide/workdir" "--user" "0:0" "c09ceb304836c5ca0322f013f93e67494a853371763c36f6bd25c4c11ff5b7cc" "/opt/rustwide/cargo-home/bin/cargo" "+1.99.0-beta.8" "metadata" "--no-deps" "--format-version=1", kill_on_drop: false }`
[INFO] running `Command { std: "docker" "inspect" "c09ceb304836c5ca0322f013f93e67494a853371763c36f6bd25c4c11ff5b7cc", kill_on_drop: false }`
[INFO] running `Command { std: "docker" "exec" "-e" "SOURCE_DIR=/opt/rustwide/workdir" "-e" "CARGO_HOME=/opt/rustwide/cargo-home" "-e" "RUSTUP_HOME=/opt/rustwide/rustup-home" "-e" "CARGO_TARGET_DIR=/opt/rustwide/target" "-e" "CARGO_INCREMENTAL=0" "-e" "RUST_BACKTRACE=full" "-e" "RUSTFLAGS=--cap-lints=warn" "-e" "RUSTDOCFLAGS=--cap-lints=warn" "-w" "/opt/rustwide/workdir" "--user" "0:0" "c09ceb304836c5ca0322f013f93e67494a853371763c36f6bd25c4c11ff5b7cc" "/opt/rustwide/cargo-home/bin/cargo" "+1.99.0-beta.8" "build" "--frozen" "--message-format=json", kill_on_drop: false }`
[INFO] [stderr]    Compiling syn v3.0.5
[INFO] [stderr]    Compiling smallvec v1.16.1
[INFO] [stderr]    Compiling hybrid-array v0.4.15
[INFO] [stderr]    Compiling crc32fast v1.5.2
[INFO] [stderr]    Compiling uuid v1.26.1
[INFO] [stderr]    Compiling vesper-player-plugin-abi v0.8.0
[INFO] [stderr]    Compiling typed-path v0.12.3
[INFO] [stderr]    Compiling libloading v0.9.0
[INFO] [stderr]    Compiling crypto-common v0.2.2
[INFO] [stderr]    Compiling block-buffer v0.12.1
[INFO] [stderr]    Compiling digest v0.11.3
[INFO] [stderr]    Compiling sha2 v0.11.0
[INFO] [stderr]    Compiling zip v8.6.0
[INFO] [stderr]    Compiling zerovec-derive v0.11.6
[INFO] [stderr]    Compiling displaydoc v0.2.7
[INFO] [stderr]    Compiling serde_derive v1.0.229
[INFO] [stderr]    Compiling thiserror-impl v2.0.20
[INFO] [stderr]    Compiling vesper-player-plugin-macros v0.8.0
[INFO] [stderr]    Compiling zerotrie v0.2.5
[INFO] [stderr]    Compiling zerovec v0.11.8
[INFO] [stderr]    Compiling thiserror v2.0.20
[INFO] [stderr]    Compiling tinystr v0.8.4
[INFO] [stderr]    Compiling potential_utf v0.1.6
[INFO] [stderr]    Compiling icu_collections v2.3.0
[INFO] [stderr]    Compiling icu_locale_core v2.3.0
[INFO] [stderr]    Compiling serde v1.0.229
[INFO] [stderr]    Compiling icu_provider v2.3.1
[INFO] [stderr]    Compiling icu_properties v2.3.0
[INFO] [stderr]    Compiling icu_normalizer v2.3.0
[INFO] [stderr]    Compiling idna_adapter v1.2.2
[INFO] [stderr]    Compiling idna v1.1.0
[INFO] [stderr]    Compiling url v2.5.8
[INFO] [stderr]    Compiling vesper-player-plugin v0.8.0
[INFO] [stderr]    Compiling vesper-player-plugin-loader v0.8.0 (/opt/rustwide/workdir)
[INFO] [stdout] warning: use of deprecated method `std::sync::atomic::Atomic::<u64>::fetch_update`: renamed to `try_update` for consistency
[INFO] [stdout]    --> src/native_abi/frame_processor.rs:196:73
[INFO] [stdout]     |
[INFO] [stdout] 196 |                 let session_token = match self.inner.next_session_token.fetch_update(
[INFO] [stdout]     |                                                                         ^^^^^^^^^^^^
[INFO] [stdout]     |
[INFO] [stdout]     = note: `#[warn(deprecated)]` on by default
[INFO] [stdout] help: replace the use of the deprecated method
[INFO] [stdout]     |
[INFO] [stdout] 196 -                 let session_token = match self.inner.next_session_token.fetch_update(
[INFO] [stdout] 196 +                 let session_token = match self.inner.next_session_token.try_update(
[INFO] [stdout]     |
[INFO] [stdout] 
[INFO] [stdout] 
[INFO] [stdout] warning: use of deprecated method `std::sync::atomic::Atomic::<u64>::fetch_update`: renamed to `try_update` for consistency
[INFO] [stdout]    --> src/native_abi/session.rs:150:14
[INFO] [stdout]     |
[INFO] [stdout] 150 |             .fetch_update(Ordering::Relaxed, Ordering::Relaxed, |current| {
[INFO] [stdout]     |              ^^^^^^^^^^^^
[INFO] [stdout]     |
[INFO] [stdout] help: replace the use of the deprecated method
[INFO] [stdout]     |
[INFO] [stdout] 150 -             .fetch_update(Ordering::Relaxed, Ordering::Relaxed, |current| {
[INFO] [stdout] 150 +             .try_update(Ordering::Relaxed, Ordering::Relaxed, |current| {
[INFO] [stdout]     |
[INFO] [stdout] 
[INFO] [stdout] 
[INFO] [stdout] warning: use of deprecated method `std::sync::atomic::Atomic::<u64>::fetch_update`: renamed to `try_update` for consistency
[INFO] [stdout]     --> src/native_abi/source_normalizer.rs:1113:10
[INFO] [stdout]      |
[INFO] [stdout] 1113 |         .fetch_update(Ordering::Relaxed, Ordering::Relaxed, |current| {
[INFO] [stdout]      |          ^^^^^^^^^^^^
[INFO] [stdout]      |
[INFO] [stdout] help: replace the use of the deprecated method
[INFO] [stdout]      |
[INFO] [stdout] 1113 -         .fetch_update(Ordering::Relaxed, Ordering::Relaxed, |current| {
[INFO] [stdout] 1113 +         .try_update(Ordering::Relaxed, Ordering::Relaxed, |current| {
[INFO] [stdout]      |
[INFO] [stdout] 
[INFO] [stdout] 
[INFO] [stderr]     Finished `dev` profile [unoptimized + debuginfo] target(s) in 29.88s
[INFO] running `Command { std: "docker" "inspect" "c09ceb304836c5ca0322f013f93e67494a853371763c36f6bd25c4c11ff5b7cc", kill_on_drop: false }`
[INFO] running `Command { std: "docker" "exec" "-e" "SOURCE_DIR=/opt/rustwide/workdir" "-e" "CARGO_HOME=/opt/rustwide/cargo-home" "-e" "RUSTUP_HOME=/opt/rustwide/rustup-home" "-e" "CARGO_TARGET_DIR=/opt/rustwide/target" "-e" "CARGO_INCREMENTAL=0" "-e" "RUST_BACKTRACE=full" "-e" "RUSTFLAGS=--cap-lints=warn" "-e" "RUSTDOCFLAGS=--cap-lints=warn" "-w" "/opt/rustwide/workdir" "--user" "0:0" "c09ceb304836c5ca0322f013f93e67494a853371763c36f6bd25c4c11ff5b7cc" "/opt/rustwide/cargo-home/bin/cargo" "+1.99.0-beta.8" "test" "--frozen" "--no-run" "--message-format=json", kill_on_drop: false }`
[INFO] [stderr]    Compiling syn v3.0.5
[INFO] [stderr]    Compiling hashbrown v0.17.1
[INFO] [stderr]    Compiling anyhow v1.0.104
[INFO] [stderr]    Compiling libc v0.2.189
[INFO] [stderr]    Compiling uuid v1.26.1
[INFO] [stderr]    Compiling bumpalo v3.20.3
[INFO] [stderr]    Compiling tracing v0.1.44
[INFO] [stderr]    Compiling rustix v1.1.4
[INFO] [stderr]    Compiling indexmap v2.14.2
[INFO] [stderr]    Compiling wasmparser v0.259.0
[INFO] [stderr]    Compiling zip v8.6.0
[INFO] [stderr]    Compiling getrandom v0.4.3
[INFO] [stderr]    Compiling tempfile v3.27.0
[INFO] [stderr]    Compiling zerovec-derive v0.11.6
[INFO] [stderr]    Compiling displaydoc v0.2.7
[INFO] [stderr]    Compiling serde_derive v1.0.229
[INFO] [stderr]    Compiling thiserror-impl v2.0.20
[INFO] [stderr]    Compiling vesper-player-plugin-macros v0.8.0
[INFO] [stderr]    Compiling zerotrie v0.2.5
[INFO] [stderr]    Compiling thiserror v2.0.20
[INFO] [stderr]    Compiling zerovec v0.11.8
[INFO] [stderr]    Compiling tinystr v0.8.4
[INFO] [stderr]    Compiling potential_utf v0.1.6
[INFO] [stderr]    Compiling icu_collections v2.3.0
[INFO] [stderr]    Compiling icu_locale_core v2.3.0
[INFO] [stderr]    Compiling serde v1.0.229
[INFO] [stderr]    Compiling icu_provider v2.3.1
[INFO] [stderr]    Compiling icu_normalizer v2.3.0
[INFO] [stderr]    Compiling icu_properties v2.3.0
[INFO] [stderr]    Compiling idna_adapter v1.2.2
[INFO] [stderr]    Compiling idna v1.1.0
[INFO] [stderr]    Compiling url v2.5.8
[INFO] [stderr]    Compiling vesper-player-plugin v0.8.0
[INFO] [stderr]    Compiling wasm-encoder v0.259.0
[INFO] [stderr]    Compiling wit-parser v0.259.0
[INFO] [stderr]    Compiling wasm-metadata v0.259.0
[INFO] [stderr]    Compiling wast v259.0.0
[INFO] [stderr]    Compiling wit-component v0.259.0
[INFO] [stderr]    Compiling vesper-player-plugin-loader v0.8.0 (/opt/rustwide/workdir)
[INFO] [stdout] warning: use of deprecated method `std::sync::atomic::Atomic::<u64>::fetch_update`: renamed to `try_update` for consistency
[INFO] [stdout]    --> src/native_abi/frame_processor.rs:196:73
[INFO] [stdout]     |
[INFO] [stdout] 196 |                 let session_token = match self.inner.next_session_token.fetch_update(
[INFO] [stdout]     |                                                                         ^^^^^^^^^^^^
[INFO] [stdout]     |
[INFO] [stdout]     = note: `#[warn(deprecated)]` on by default
[INFO] [stdout] help: replace the use of the deprecated method
[INFO] [stdout]     |
[INFO] [stdout] 196 -                 let session_token = match self.inner.next_session_token.fetch_update(
[INFO] [stdout] 196 +                 let session_token = match self.inner.next_session_token.try_update(
[INFO] [stdout]     |
[INFO] [stdout] 
[INFO] [stdout] 
[INFO] [stdout] warning: use of deprecated method `std::sync::atomic::Atomic::<u64>::fetch_update`: renamed to `try_update` for consistency
[INFO] [stdout]    --> src/native_abi/session.rs:150:14
[INFO] [stdout]     |
[INFO] [stdout] 150 |             .fetch_update(Ordering::Relaxed, Ordering::Relaxed, |current| {
[INFO] [stdout]     |              ^^^^^^^^^^^^
[INFO] [stdout]     |
[INFO] [stdout] help: replace the use of the deprecated method
[INFO] [stdout]     |
[INFO] [stdout] 150 -             .fetch_update(Ordering::Relaxed, Ordering::Relaxed, |current| {
[INFO] [stdout] 150 +             .try_update(Ordering::Relaxed, Ordering::Relaxed, |current| {
[INFO] [stdout]     |
[INFO] [stdout] 
[INFO] [stdout] 
[INFO] [stdout] warning: use of deprecated method `std::sync::atomic::Atomic::<u64>::fetch_update`: renamed to `try_update` for consistency
[INFO] [stdout]     --> src/native_abi/source_normalizer.rs:1113:10
[INFO] [stdout]      |
[INFO] [stdout] 1113 |         .fetch_update(Ordering::Relaxed, Ordering::Relaxed, |current| {
[INFO] [stdout]      |          ^^^^^^^^^^^^
[INFO] [stdout]      |
[INFO] [stdout] help: replace the use of the deprecated method
[INFO] [stdout]      |
[INFO] [stdout] 1113 -         .fetch_update(Ordering::Relaxed, Ordering::Relaxed, |current| {
[INFO] [stdout] 1113 +         .try_update(Ordering::Relaxed, Ordering::Relaxed, |current| {
[INFO] [stdout]      |
[INFO] [stdout] 
[INFO] [stdout] 
[INFO] [stderr]    Compiling wat v1.259.0
[INFO] [stdout] warning: use of deprecated method `std::sync::atomic::Atomic::<u64>::fetch_update`: renamed to `try_update` for consistency
[INFO] [stdout]    --> src/native_abi/frame_processor.rs:196:73
[INFO] [stdout]     |
[INFO] [stdout] 196 |                 let session_token = match self.inner.next_session_token.fetch_update(
[INFO] [stdout]     |                                                                         ^^^^^^^^^^^^
[INFO] [stdout]     |
[INFO] [stdout]     = note: `#[warn(deprecated)]` on by default
[INFO] [stdout] help: replace the use of the deprecated method
[INFO] [stdout]     |
[INFO] [stdout] 196 -                 let session_token = match self.inner.next_session_token.fetch_update(
[INFO] [stdout] 196 +                 let session_token = match self.inner.next_session_token.try_update(
[INFO] [stdout]     |
[INFO] [stdout] 
[INFO] [stdout] 
[INFO] [stdout] warning: use of deprecated method `std::sync::atomic::Atomic::<u64>::fetch_update`: renamed to `try_update` for consistency
[INFO] [stdout]    --> src/native_abi/session.rs:150:14
[INFO] [stdout]     |
[INFO] [stdout] 150 |             .fetch_update(Ordering::Relaxed, Ordering::Relaxed, |current| {
[INFO] [stdout]     |              ^^^^^^^^^^^^
[INFO] [stdout]     |
[INFO] [stdout] help: replace the use of the deprecated method
[INFO] [stdout]     |
[INFO] [stdout] 150 -             .fetch_update(Ordering::Relaxed, Ordering::Relaxed, |current| {
[INFO] [stdout] 150 +             .try_update(Ordering::Relaxed, Ordering::Relaxed, |current| {
[INFO] [stdout]     |
[INFO] [stdout] 
[INFO] [stdout] 
[INFO] [stdout] warning: use of deprecated method `std::sync::atomic::Atomic::<u64>::fetch_update`: renamed to `try_update` for consistency
[INFO] [stdout]     --> src/native_abi/source_normalizer.rs:1113:10
[INFO] [stdout]      |
[INFO] [stdout] 1113 |         .fetch_update(Ordering::Relaxed, Ordering::Relaxed, |current| {
[INFO] [stdout]      |          ^^^^^^^^^^^^
[INFO] [stdout]      |
[INFO] [stdout] help: replace the use of the deprecated method
[INFO] [stdout]      |
[INFO] [stdout] 1113 -         .fetch_update(Ordering::Relaxed, Ordering::Relaxed, |current| {
[INFO] [stdout] 1113 +         .try_update(Ordering::Relaxed, Ordering::Relaxed, |current| {
[INFO] [stdout]      |
[INFO] [stdout] 
[INFO] [stdout] 
[INFO] [stderr]     Finished `test` profile [unoptimized + debuginfo] target(s) in 1m 00s
[INFO] running `Command { std: "docker" "inspect" "c09ceb304836c5ca0322f013f93e67494a853371763c36f6bd25c4c11ff5b7cc", kill_on_drop: false }`
[INFO] running `Command { std: "docker" "exec" "-e" "SOURCE_DIR=/opt/rustwide/workdir" "-e" "CARGO_HOME=/opt/rustwide/cargo-home" "-e" "RUSTUP_HOME=/opt/rustwide/rustup-home" "-e" "CARGO_TARGET_DIR=/opt/rustwide/target" "-e" "CARGO_INCREMENTAL=0" "-e" "RUST_BACKTRACE=full" "-e" "RUSTFLAGS=--cap-lints=warn" "-e" "RUSTDOCFLAGS=--cap-lints=warn" "-w" "/opt/rustwide/workdir" "--user" "0:0" "c09ceb304836c5ca0322f013f93e67494a853371763c36f6bd25c4c11ff5b7cc" "/opt/rustwide/cargo-home/bin/cargo" "+1.99.0-beta.8" "test" "--frozen", kill_on_drop: false }`
[INFO] [stderr] warning: use of deprecated method `std::sync::atomic::Atomic::<u64>::fetch_update`: renamed to `try_update` for consistency
[INFO] [stderr]    --> src/native_abi/frame_processor.rs:196:73
[INFO] [stderr]     |
[INFO] [stderr] 196 |                 let session_token = match self.inner.next_session_token.fetch_update(
[INFO] [stderr]     |                                                                         ^^^^^^^^^^^^
[INFO] [stderr]     |
[INFO] [stderr]     = note: `#[warn(deprecated)]` on by default
[INFO] [stderr] help: replace the use of the deprecated method
[INFO] [stderr]     |
[INFO] [stderr] 196 -                 let session_token = match self.inner.next_session_token.fetch_update(
[INFO] [stderr] 196 +                 let session_token = match self.inner.next_session_token.try_update(
[INFO] [stderr]     |
[INFO] [stderr] 
[INFO] [stderr] warning: use of deprecated method `std::sync::atomic::Atomic::<u64>::fetch_update`: renamed to `try_update` for consistency
[INFO] [stderr]    --> src/native_abi/session.rs:150:14
[INFO] [stderr]     |
[INFO] [stderr] 150 |             .fetch_update(Ordering::Relaxed, Ordering::Relaxed, |current| {
[INFO] [stderr]     |              ^^^^^^^^^^^^
[INFO] [stderr]     |
[INFO] [stderr] help: replace the use of the deprecated method
[INFO] [stderr]     |
[INFO] [stderr] 150 -             .fetch_update(Ordering::Relaxed, Ordering::Relaxed, |current| {
[INFO] [stderr] 150 +             .try_update(Ordering::Relaxed, Ordering::Relaxed, |current| {
[INFO] [stderr]     |
[INFO] [stderr] 
[INFO] [stderr] warning: use of deprecated method `std::sync::atomic::Atomic::<u64>::fetch_update`: renamed to `try_update` for consistency
[INFO] [stderr]     --> src/native_abi/source_normalizer.rs:1113:10
[INFO] [stderr]      |
[INFO] [stderr] 1113 |         .fetch_update(Ordering::Relaxed, Ordering::Relaxed, |current| {
[INFO] [stderr]      |          ^^^^^^^^^^^^
[INFO] [stderr]      |
[INFO] [stderr] help: replace the use of the deprecated method
[INFO] [stderr]      |
[INFO] [stderr] 1113 -         .fetch_update(Ordering::Relaxed, Ordering::Relaxed, |current| {
[INFO] [stderr] 1113 +         .try_update(Ordering::Relaxed, Ordering::Relaxed, |current| {
[INFO] [stderr]      |
[INFO] [stderr] 
[INFO] [stderr] warning: `vesper-player-plugin-loader` (lib) generated 3 warnings (run `cargo fix --lib -p vesper-player-plugin-loader` to apply 3 suggestions)
[INFO] [stderr] warning: `vesper-player-plugin-loader` (lib test) generated 3 warnings (3 duplicates)
[INFO] [stderr]     Finished `test` profile [unoptimized + debuginfo] target(s) in 0.16s
[INFO] [stderr]      Running unittests src/lib.rs (/opt/rustwide/target/debug/deps/player_plugin_loader-5e47784582c51de4)
[INFO] [stdout] 
[INFO] [stdout] running 107 tests
[INFO] [stdout] test embedded_registry::tests::apple_registry_requires_host_code_signature_verification ... ok
[INFO] [stdout] test embedded_registry::tests::empty_fragments_do_not_define_combined_minimum_os ... ok
[INFO] [stdout] test catalog::tests::failed_duplicate_import_keeps_the_previous_index ... ok
[INFO] [stdout] test embedded_registry::tests::android_artifact_limits_and_duplicate_entries_apply_to_every_storage_form ... ok
[INFO] [stdout] test catalog::tests::json_import_rebuilds_an_immutable_index ... ok
[INFO] [stdout] test embedded_registry::tests::android_apk_locator_hashes_the_exact_uncompressed_library_entry ... ok
[INFO] [stdout] test embedded_registry::tests::empty_registry_fragment_set_is_a_valid_no_plugin_baseline ... ok
[INFO] [stdout] test embedded_registry::tests::empty_selection_does_not_resolve_or_load_packaged_artifacts ... ok
[INFO] [stdout] test embedded_registry::tests::metadata_selection_is_explicit_deduplicated_and_does_not_resolve_paths ... ok
[INFO] [stdout] test embedded_registry::tests::registry_fragments_merge_without_implicit_identity_changes ... ok
[INFO] [stdout] test embedded_registry::tests::registry_rejects_target_architecture_and_locator_mismatch ... ok
[INFO] [stdout] test embedded_registry::tests::registry_rejects_duplicate_capability_and_lossy_identity_forms ... ok
[INFO] [stdout] test embedded_registry::tests::registry_requires_minimum_os_only_when_artifacts_are_present ... ok
[INFO] [stdout] test embedded_registry::tests::selected_loading_rejects_unlisted_and_mobile_wasm_references_before_resolution ... ok
[INFO] [stdout] test catalog::tests::verified_artifact_import_commits_only_after_digest_match ... ok
[INFO] [stdout] test embedded_registry::tests::runtime_parser_rejects_fields_forbidden_by_the_schema ... ok
[INFO] [stdout] test embedded_registry::tests::registry_rejects_unknown_mobile_transport_without_fallback ... ok
[INFO] [stdout] test embedded_registry::tests::registry_rejects_target_incompatible_integrity ... ok
[INFO] [stdout] test embedded_registry::tests::registry_parse_preserves_valid_identity_and_target ... ok
[INFO] [stdout] test embedded_registry::tests::registry_fragments_reject_cross_package_duplicates_and_metadata_drift ... ok
[INFO] [stdout] test native_abi::audio_processor::tests::host_owned_timing_mutation_poisons_processing_but_close_still_runs ... ok
[INFO] [stdout] test native_abi::audio_processor::tests::malformed_open_payload_closes_created_session ... ok
[INFO] [stdout] test native_abi::audio_processor::tests::unknown_status_poisons_processing_but_close_still_runs ... ok
[INFO] [stdout] test native_abi::audio_processor::tests::malformed_pcm_output_poisons_processing_but_close_still_runs ... ok
[INFO] [stdout] test native_abi::audio_processor::tests::valid_checked_wrapper_round_trips_pcm_and_cleanup ... ok
[INFO] [stdout] test native_abi::frame_processor::tests::orphan_open_cleanup_retries_a_failed_close_once ... ok
[INFO] [stdout] test native_abi::runtime::tests::rewrite_w4_reported_panic_reclaims_bytes_and_keeps_typed_identity ... ok
[INFO] [stdout] test native_abi::frame_processor::tests::exhausted_host_session_token_closes_created_session ... ok
[INFO] [stdout] test native_abi::runtime::tests::rewrite_w4_unknown_status_preserves_the_raw_value_and_poisoning ... ok
[INFO] [stdout] test native_abi::runtime::tests::truncated_output_reclaims_payload_before_poisoning ... ok
[INFO] [stdout] test native_abi::session::tests::decoder_cleanup_remains_callable_after_interface_poison ... ok
[INFO] [stdout] test native_abi::frame_processor::tests::malformed_open_session_info_closes_created_session ... ok
[INFO] [stdout] test native_abi::runtime::tests::active_session_registry_rejects_duplicates_and_enforces_capacity ... ok
[INFO] [stdout] test embedded_registry::tests::public_registry_schema_requires_minimum_os_for_artifacts ... ok
[INFO] [stdout] test native_abi::session::tests::duplicate_active_lease_flushes_without_ambiguous_direct_release ... ok
[INFO] [stdout] test native_abi::session::tests::duplicate_active_raw_session_id_is_rejected_without_ambiguous_close ... ok
[INFO] [stdout] test native_abi::session::tests::malformed_native_frame_metadata_releases_returned_lease ... ok
[INFO] [stdout] test native_abi::session::tests::decoder_lease_tokens_reject_wrong_session_interface_and_reuse ... ok
[INFO] [stdout] test native_abi::session::tests::identical_native_handles_have_distinct_lease_tokens ... ok
[INFO] [stdout] test native_abi::session::tests::pcm_metadata_and_data_are_reclaimed_exactly_once ... ok
[INFO] [stdout] test native_abi::session::tests::reused_raw_session_and_lease_ids_receive_new_host_tokens ... ok
[INFO] [stdout] test native_abi::stable::tests::generated_stable_interfaces_round_trip_after_root_value_drops ... ok
[INFO] [stdout] test native_abi::stable::tests::host_owned_author_error_poisons_the_native_interface ... ok
[INFO] [stdout] test native_abi::stable::tests::invalid_pipeline_event_is_rejected_without_poisoning_the_interface ... ok
[INFO] [stdout] test native_abi::stable::tests::last_wrapper_reference_destroys_the_root_owner_once ... ok
[INFO] [stdout] test native_abi::stable::tests::typed_failures_do_not_poison_stable_interfaces ... ok
[INFO] [stdout] test native_abi::source_normalizer::tests::generated_packet_and_resource_wrappers_round_trip_with_bounded_identity ... ok
[INFO] [stdout] test native_abi::tests::audio_processor_table_rejects_missing_required_process_callback ... ok
[INFO] [stdout] test native_abi::tests::failed_wrapper_still_requires_explicit_instance_and_preserves_index ... ok
[INFO] [stdout] test native_abi::tests::future_root_minor_is_rejected_as_a_compatibility_error ... ok
[INFO] [stdout] test native_abi::tests::entry_signature_matches_root_pointer_contract ... ok
[INFO] [stdout] test native_abi::tests::audio_processor_table_rejects_truncated_required_prefix ... ok
[INFO] [stdout] test native_abi::tests::loaded_plugin_rejects_transport_and_plugin_id_mismatch ... ok
[INFO] [stdout] test native_abi::tests::checked_root_enumerates_and_queries_typed_interface ... ok
[INFO] [stdout] test native_abi::tests::invalid_interface_does_not_block_valid_sibling ... ok
[INFO] [stdout] test native_abi::tests::loaded_plugin_requires_instance_for_multiple_hook_implementations ... ok
[INFO] [stdout] test native_abi::tests::missing_free_bytes_destroys_pending_owner_once ... ok
[INFO] [stdout] test native_abi::tests::truncated_interface_is_isolated_before_callback_read ... ok
[INFO] [stdout] test native_abi::tests::unknown_future_interface_is_retained_without_querying_it ... ok
[INFO] [stdout] test native_abi::tests::loaded_plugin_resolves_explicit_and_only_hook_instance ... ok
[INFO] [stdout] test native_abi::tests::maximum_length_plugin_name_is_accepted ... ok
[INFO] [stdout] test native_abi::tests::unknown_root_callback_status_is_preserved_in_diagnostics ... ok
[INFO] [stdout] test native_abi::tests::validation_failure_after_owner_creation_destroys_once ... ok
[INFO] [stdout] test native_abi::tests::zero_interface_root_is_rejected_and_destroyed ... ok
[INFO] [stdout] test tests::native_dynamic_tests::embedded_registry_verifies_checksum_identity_and_root_capabilities ... ignored, requires a built player-plugin-fixture shared library artifact
[INFO] [stdout] test tests::native_dynamic_tests::native_artifact_inspection_reports_catalog_and_root_identity_mismatch ... ignored, requires a built player-plugin-fixture shared library artifact
[INFO] [stdout] test tests::native_dynamic_tests::native_dynamic_loader_opens_d3d11_decoder ... ignored, requires a built player-decoder-d3d11 shared library artifact
[INFO] [stdout] test tests::native_dynamic_tests::native_dynamic_loader_opens_decoder_fixture ... ignored, requires a built player-decoder-fixture shared library artifact
[INFO] [stdout] test tests::native_dynamic_tests::native_dynamic_loader_opens_ffmpeg_packet_and_resource_interfaces ... ignored, requires a built player-source-normalizer-ffmpeg shared library artifact
[INFO] [stdout] test tests::native_dynamic_tests::native_dynamic_loader_opens_ffmpeg_post_download_processor ... ignored, requires a built player-remux-ffmpeg shared library artifact
[INFO] [stdout] test tests::native_dynamic_tests::native_dynamic_loader_opens_safe_rust_fixture_and_calls_hook ... ignored, requires a built player-plugin-fixture shared library artifact
[INFO] [stdout] test tests::native_dynamic_tests::native_dynamic_loader_opens_videotoolbox_decoder ... ignored, requires a built player-decoder-videotoolbox shared library artifact
[INFO] [stdout] test tests::native_dynamic_tests::native_inspection_keeps_the_loaded_root_without_legacy_symbol_fallback ... ignored, requires a built player-plugin-fixture shared library artifact
[INFO] [stdout] test tests::native_dynamic_tests::native_inspection_resolves_experimental_capabilities_from_canonical_records ... ignored, requires built decoder, frame processor, and source normalizer artifacts
[INFO] [stdout] test tests::native_dynamic_tests::native_plugin_artifact_preserves_and_validates_the_declared_identity ... ok
[INFO] [stdout] test native_abi::session::tests::decoder_lease_limit_and_flush_drain_all_frames ... ok
[INFO] [stdout] test tests::native_dynamic_tests::native_registry_rejects_catalog_and_root_identity_mismatch ... ignored, requires a built player-plugin-fixture shared library artifact
[INFO] [stdout] test tests::native_dynamic_tests::native_registry_rejects_duplicate_root_identity_and_transport_fallback ... ignored, requires a built player-plugin-fixture shared library artifact
[INFO] [stdout] test tests::native_dynamic_tests::native_registry_retains_root_and_returns_canonical_selection ... ignored, requires a built player-plugin-fixture shared library artifact
[INFO] [stdout] test tests::native_dynamic_tests::registered_native_artifact_retains_verified_library_without_reopening_path ... ignored, requires a built player-plugin-fixture shared library artifact
[INFO] [stdout] test tests::native_dynamic_tests::rewrite_red_native_dynamic_loader_opens_audio_processor_diagnostic ... ignored, requires the built audio-processor-diagnostic shared library artifact
[INFO] [stdout] test tests::participation_projection_tests::inspection_status_projects_only_capability_availability ... ok
[INFO] [stdout] test tests::resolver_tests::plugin_registry_rejects_wasm_realtime_workloads_before_artifact_lookup ... ok
[INFO] [stdout] test tests::resolver_tests::plugin_runtime_active_replacement_cancels_obsolete_next_prewarm ... ok
[INFO] [stdout] test tests::resolver_tests::plugin_runtime_drop_settles_the_root_scope ... ok
[INFO] [stdout] test tests::resolver_tests::plugin_runtime_rejects_an_attachment_from_an_identical_peer_runtime ... ok
[INFO] [stdout] test tests::resolver_tests::plugin_runtime_fences_correlated_active_and_next_prewarm_attachments ... ok
[INFO] [stdout] test tests::resolver_tests::plugin_runtime_scope_tree_has_one_active_and_one_next_prewarm_slot ... ok
[INFO] [stdout] test tests::resolver_tests::plugin_runtime_shutdown_quarantines_an_in_progress_root_close ... ok
[INFO] [stdout] test tests::resolver_tests::plugin_scope_child_and_depth_capacity_failures_are_typed ... ok
[INFO] [stdout] test tests::resolver_tests::plugin_scope_expired_deadline_retains_the_quarantined_owner ... ok
[INFO] [stdout] test tests::resolver_tests::plugin_scope_parent_close_can_retry_after_concurrent_child_close ... ok
[INFO] [stdout] test tests::resolver_tests::plugin_scope_lifecycle_is_hierarchical_cancelable_and_reverse_disposable ... ok
[INFO] [stdout] test tests::resolver_tests::resolver_applies_semver_then_explicit_priority ... ok
[INFO] [stdout] test tests::resolver_tests::plugin_scope_constructor_failure_settles_children_and_disposers_once ... ok
[INFO] [stdout] test tests::resolver_tests::resolver_backtracks_from_a_higher_version_with_unsatisfied_dependencies ... ok
[INFO] [stdout] test tests::resolver_tests::resolver_is_deterministic_across_catalog_order_and_stable_identity_ties ... ok
[INFO] [stdout] test tests::resolver_tests::resolver_policy_validation_and_compatibility_filter_are_typed ... ok
[INFO] [stdout] test tests::resolver_tests::resolver_returns_dependency_first_order_and_rejects_cycles ... ok
[INFO] [stdout] test tests::resolver_tests::plugin_scope_runtime_registration_limits_are_lifetime_bounded ... ok
[INFO] [stdout] test tests::resolver_tests::resolver_reports_missing_and_version_conflict_as_distinct_typed_failures ... ok
[INFO] [stdout] test tests::resolver_tests::resolver_rejects_transitive_version_and_plugin_identity_conflicts ... ok
[INFO] [stdout] test tests::resolver_tests::plugin_plan_is_canonical_round_trippable_and_rejects_noncanonical_order ... ok
[INFO] [stdout] test tests::resolver_tests::plugin_scope_owner_tokens_are_unique_and_capacity_bounded ... ok
[INFO] [stdout] test native_abi::runtime::tests::callback_panic_reclaims_payload_and_poison_blocks_reentry ... ok
[INFO] [stdout] test tests::resolver_tests::plugin_scope_deadline_quarantines_panic_and_timeout_without_blocking_sibling ... FAILED
[INFO] [stdout] test tests::resolver_tests::plugin_plan_provider_bound_matches_the_resolution_constraint_domain ... ok
[INFO] [stdout] 
[INFO] [stdout] failures:
[INFO] [stdout] 
[INFO] [stdout] ---- tests::resolver_tests::plugin_scope_deadline_quarantines_panic_and_timeout_without_blocking_sibling stdout ----
[INFO] [stdout] 
[INFO] [stdout] thread 'vesper-plugin-dispose-3' (1372) panicked at src/tests/resolver_tests.rs:1202:32:
[INFO] [stdout] synthetic disposer panic
[INFO] [stdout] stack backtrace:
[INFO] [stdout]    0:     0x60a4a6100601 - std[70759c8f55707aa4]::backtrace_rs::backtrace::libunwind::trace
[INFO] [stdout]                                at /rustc/dfb0accb7f508ae8be965d8629557221c889dd98/library/std/src/../../backtrace/src/backtrace/libunwind.rs:117:9
[INFO] [stdout]    1:     0x60a4a6100601 - std[70759c8f55707aa4]::backtrace_rs::backtrace::trace_unsynchronized::<std[70759c8f55707aa4]::sys::backtrace::_print_fmt::{closure#1}>
[INFO] [stdout]                                at /rustc/dfb0accb7f508ae8be965d8629557221c889dd98/library/std/src/../../backtrace/src/backtrace/mod.rs:66:14
[INFO] [stdout]    2:     0x60a4a6100601 - std[70759c8f55707aa4]::sys::backtrace::_print_fmt
[INFO] [stdout]                                at /rustc/dfb0accb7f508ae8be965d8629557221c889dd98/library/std/src/sys/backtrace.rs:74:9
[INFO] [stdout]    3:     0x60a4a6100601 - <<std[70759c8f55707aa4]::sys::backtrace::BacktraceLock>::print::DisplayBacktrace as core[df12db4294e9bfd3]::fmt::Display>::fmt
[INFO] [stdout]                                at /rustc/dfb0accb7f508ae8be965d8629557221c889dd98/library/std/src/sys/backtrace.rs:44:26
[INFO] [stdout]    4:     0x60a4a6116f3a - <core[df12db4294e9bfd3]::fmt::rt::Argument>::fmt
[INFO] [stdout]                                at /rustc/dfb0accb7f508ae8be965d8629557221c889dd98/library/core/src/fmt/rt.rs:152:76
[INFO] [stdout]    5:     0x60a4a6116f3a - core[df12db4294e9bfd3]::fmt::write
[INFO] [stdout]    6:     0x60a4a6104ecc - core[df12db4294e9bfd3]::io::write::default_write_fmt::<alloc[2182bb758b4b3781]::vec::Vec<u8>>
[INFO] [stdout]                                at /rustc/dfb0accb7f508ae8be965d8629557221c889dd98/library/core/src/io/write.rs:402:11
[INFO] [stdout]    7:     0x60a4a6104ecc - <alloc[2182bb758b4b3781]::vec::Vec<u8> as core[df12db4294e9bfd3]::io::write::Write>::write_fmt
[INFO] [stdout]                                at /rustc/dfb0accb7f508ae8be965d8629557221c889dd98/library/core/src/io/write.rs:335:13
[INFO] [stdout]    8:     0x60a4a60d9ad6 - <std[70759c8f55707aa4]::sys::backtrace::BacktraceLock>::print
[INFO] [stdout]                                at /rustc/dfb0accb7f508ae8be965d8629557221c889dd98/library/std/src/sys/backtrace.rs:47:9
[INFO] [stdout]    9:     0x60a4a60d9ad6 - std[70759c8f55707aa4]::panicking::default_hook::{closure#0}
[INFO] [stdout]                                at /rustc/dfb0accb7f508ae8be965d8629557221c889dd98/library/std/src/panicking.rs:292:27
[INFO] [stdout]   10:     0x60a4a60f7009 - std[70759c8f55707aa4]::panicking::default_hook
[INFO] [stdout]                                at /rustc/dfb0accb7f508ae8be965d8629557221c889dd98/library/std/src/panicking.rs:316:9
[INFO] [stdout]   11:     0x60a4a5e0f6d0 - <alloc[2182bb758b4b3781]::boxed::Box<dyn for<'a, 'b> core[df12db4294e9bfd3]::ops::function::Fn<(&'a std[70759c8f55707aa4]::panic::PanicHookInfo<'b>,), Output = ()> + core[df12db4294e9bfd3]::marker::Send + core[df12db4294e9bfd3]::marker::Sync> as core[df12db4294e9bfd3]::ops::function::Fn<(&std[70759c8f55707aa4]::panic::PanicHookInfo,)>>::call
[INFO] [stdout]                                at /rustc/dfb0accb7f508ae8be965d8629557221c889dd98/library/alloc/src/boxed.rs:2334:9
[INFO] [stdout]   12:     0x60a4a5e0f6d0 - test[9d35eded1c95d3be]::test_main_inner::<test[9d35eded1c95d3be]::test_main_static::{closure#0}>::{closure#0}
[INFO] [stdout]                                at /rustc/dfb0accb7f508ae8be965d8629557221c889dd98/library/test/src/lib.rs:155:21
[INFO] [stdout]   13:     0x60a4a60f7332 - <alloc[2182bb758b4b3781]::boxed::Box<dyn for<'a, 'b> core[df12db4294e9bfd3]::ops::function::Fn<(&'a std[70759c8f55707aa4]::panic::PanicHookInfo<'b>,), Output = ()> + core[df12db4294e9bfd3]::marker::Send + core[df12db4294e9bfd3]::marker::Sync> as core[df12db4294e9bfd3]::ops::function::Fn<(&std[70759c8f55707aa4]::panic::PanicHookInfo,)>>::call
[INFO] [stdout]                                at /rustc/dfb0accb7f508ae8be965d8629557221c889dd98/library/alloc/src/boxed.rs:2334:9
[INFO] [stdout]   14:     0x60a4a60f7332 - std[70759c8f55707aa4]::panicking::panic_with_hook
[INFO] [stdout]                                at /rustc/dfb0accb7f508ae8be965d8629557221c889dd98/library/std/src/panicking.rs:823:13
[INFO] [stdout]   15:     0x60a4a60d9bb4 - std[70759c8f55707aa4]::panicking::panic_handler::{closure#0}
[INFO] [stdout]                                at /rustc/dfb0accb7f508ae8be965d8629557221c889dd98/library/std/src/panicking.rs:681:13
[INFO] [stdout]   16:     0x60a4a60d2659 - std[70759c8f55707aa4]::sys::backtrace::__rust_end_short_backtrace::<std[70759c8f55707aa4]::panicking::panic_handler::{closure#0}, !>
[INFO] [stdout]                                at /rustc/dfb0accb7f508ae8be965d8629557221c889dd98/library/std/src/sys/backtrace.rs:182:18
[INFO] [stdout]   17:     0x60a4a60da77d - __rustc[8fa7c3cbc660c2b3]::rust_begin_unwind
[INFO] [stdout]                                at /rustc/dfb0accb7f508ae8be965d8629557221c889dd98/library/std/src/panicking.rs:679:5
[INFO] [stdout]   18:     0x60a4a611775c - core[df12db4294e9bfd3]::panicking::panic_fmt
[INFO] [stdout]                                at /rustc/dfb0accb7f508ae8be965d8629557221c889dd98/library/core/src/panicking.rs:80:14
[INFO] [stdout]   19:     0x60a4a5af76a5 - player_plugin_loader[d6eb4e489e707a9]::tests::resolver_tests::plugin_scope_deadline_quarantines_panic_and_timeout_without_blocking_sibling::{closure#2}
[INFO] [stdout]                                at /opt/rustwide/workdir/src/tests/resolver_tests.rs:1202:32
[INFO] [stdout]   20:     0x60a4a5c23346 - <player_plugin[63108b23d3957c6]::scope::PluginScope>::add_owner_disposer::<player_plugin_loader[d6eb4e489e707a9]::tests::resolver_tests::plugin_scope_deadline_quarantines_panic_and_timeout_without_blocking_sibling::{closure#2}>::{closure#0}
[INFO] [stdout]                                at /opt/rustwide/cargo-home/registry/src/index.crates.io-1949cf8c6b5b557f/vesper-player-plugin-0.8.0/src/scope.rs:377:13
[INFO] [stdout]   21:     0x60a4a5c6083e - <<player_plugin[63108b23d3957c6]::scope::PluginScope>::add_owner_disposer<player_plugin_loader[d6eb4e489e707a9]::tests::resolver_tests::plugin_scope_deadline_quarantines_panic_and_timeout_without_blocking_sibling::{closure#2}>::{closure#0} as core[df12db4294e9bfd3]::ops::function::FnOnce<()>>::call_once::{shim:vtable#0}
[INFO] [stdout]                                at /rustc/dfb0accb7f508ae8be965d8629557221c889dd98/library/core/src/ops/function.rs:250:5
[INFO] [stdout]   22:     0x60a4a5f3c138 - <alloc[2182bb758b4b3781]::boxed::Box<dyn core[df12db4294e9bfd3]::ops::function::FnOnce<(), Output = core[df12db4294e9bfd3]::result::Result<(), player_plugin[63108b23d3957c6]::scope::PluginOwnerDisposalError>> + core[df12db4294e9bfd3]::marker::Send> as core[df12db4294e9bfd3]::ops::function::FnOnce<()>>::call_once
[INFO] [stdout]                                at /rustc/dfb0accb7f508ae8be965d8629557221c889dd98/library/alloc/src/boxed.rs:2320:9
[INFO] [stdout]   23:     0x60a4a5fd50e4 - <core[df12db4294e9bfd3]::panic::unwind_safe::AssertUnwindSafe<alloc[2182bb758b4b3781]::boxed::Box<dyn core[df12db4294e9bfd3]::ops::function::FnOnce<(), Output = core[df12db4294e9bfd3]::result::Result<(), player_plugin[63108b23d3957c6]::scope::PluginOwnerDisposalError>> + core[df12db4294e9bfd3]::marker::Send>> as core[df12db4294e9bfd3]::ops::function::FnOnce<()>>::call_once
[INFO] [stdout]                                at /rustc/dfb0accb7f508ae8be965d8629557221c889dd98/library/core/src/panic/unwind_safe.rs:275:9
[INFO] [stdout]   24:     0x60a4a5fc1b67 - std[70759c8f55707aa4]::panicking::catch_unwind::do_call::<core[df12db4294e9bfd3]::panic::unwind_safe::AssertUnwindSafe<alloc[2182bb758b4b3781]::boxed::Box<dyn core[df12db4294e9bfd3]::ops::function::FnOnce<(), Output = core[df12db4294e9bfd3]::result::Result<(), player_plugin[63108b23d3957c6]::scope::PluginOwnerDisposalError>> + core[df12db4294e9bfd3]::marker::Send>>, core[df12db4294e9bfd3]::result::Result<(), player_plugin[63108b23d3957c6]::scope::PluginOwnerDisposalError>>
[INFO] [stdout]                                at /rustc/dfb0accb7f508ae8be965d8629557221c889dd98/library/std/src/panicking.rs:576:43
[INFO] [stdout]   25:     0x60a4a5fd5bdb - __rust_try
[INFO] [stdout]   26:     0x60a4a5fc0cc9 - std[70759c8f55707aa4]::panicking::catch_unwind::<core[df12db4294e9bfd3]::result::Result<(), player_plugin[63108b23d3957c6]::scope::PluginOwnerDisposalError>, core[df12db4294e9bfd3]::panic::unwind_safe::AssertUnwindSafe<alloc[2182bb758b4b3781]::boxed::Box<dyn core[df12db4294e9bfd3]::ops::function::FnOnce<(), Output = core[df12db4294e9bfd3]::result::Result<(), player_plugin[63108b23d3957c6]::scope::PluginOwnerDisposalError>> + core[df12db4294e9bfd3]::marker::Send>>>
[INFO] [stdout]                                at /rustc/dfb0accb7f508ae8be965d8629557221c889dd98/library/std/src/panicking.rs:544:19
[INFO] [stdout]   27:     0x60a4a5fc0cc9 - std[70759c8f55707aa4]::panic::catch_unwind::<core[df12db4294e9bfd3]::panic::unwind_safe::AssertUnwindSafe<alloc[2182bb758b4b3781]::boxed::Box<dyn core[df12db4294e9bfd3]::ops::function::FnOnce<(), Output = core[df12db4294e9bfd3]::result::Result<(), player_plugin[63108b23d3957c6]::scope::PluginOwnerDisposalError>> + core[df12db4294e9bfd3]::marker::Send>>, core[df12db4294e9bfd3]::result::Result<(), player_plugin[63108b23d3957c6]::scope::PluginOwnerDisposalError>>
[INFO] [stdout]                                at /rustc/dfb0accb7f508ae8be965d8629557221c889dd98/library/std/src/panic.rs:359:14
[INFO] [stdout]   28:     0x60a4a5f3fe7f - <player_plugin[63108b23d3957c6]::scope::PluginScopeCloseReport>::run_owner::{closure#0}
[INFO] [stdout]                                at /opt/rustwide/cargo-home/registry/src/index.crates.io-1949cf8c6b5b557f/vesper-player-plugin-0.8.0/src/scope.rs:841:42
[INFO] [stdout]   29:     0x60a4a5f6daf6 - std[70759c8f55707aa4]::sys::backtrace::__rust_begin_short_backtrace::<<player_plugin[63108b23d3957c6]::scope::PluginScopeCloseReport>::run_owner::{closure#0}, ()>
[INFO] [stdout]                                at /rustc/dfb0accb7f508ae8be965d8629557221c889dd98/library/std/src/sys/backtrace.rs:166:18
[INFO] [stdout]   30:     0x60a4a5fc45f2 - std[70759c8f55707aa4]::thread::lifecycle::spawn_unchecked::<<player_plugin[63108b23d3957c6]::scope::PluginScopeCloseReport>::run_owner::{closure#0}, ()>::{closure#1}::{closure#0}
[INFO] [stdout]                                at /rustc/dfb0accb7f508ae8be965d8629557221c889dd98/library/std/src/thread/lifecycle.rs:70:13
[INFO] [stdout]   31:     0x60a4a5fd5111 - <core[df12db4294e9bfd3]::panic::unwind_safe::AssertUnwindSafe<std[70759c8f55707aa4]::thread::lifecycle::spawn_unchecked<<player_plugin[63108b23d3957c6]::scope::PluginScopeCloseReport>::run_owner::{closure#0}, ()>::{closure#1}::{closure#0}> as core[df12db4294e9bfd3]::ops::function::FnOnce<()>>::call_once
[INFO] [stdout]                                at /rustc/dfb0accb7f508ae8be965d8629557221c889dd98/library/core/src/panic/unwind_safe.rs:275:9
[INFO] [stdout]   32:     0x60a4a5fc1ba2 - std[70759c8f55707aa4]::panicking::catch_unwind::do_call::<core[df12db4294e9bfd3]::panic::unwind_safe::AssertUnwindSafe<std[70759c8f55707aa4]::thread::lifecycle::spawn_unchecked<<player_plugin[63108b23d3957c6]::scope::PluginScopeCloseReport>::run_owner::{closure#0}, ()>::{closure#1}::{closure#0}>, ()>
[INFO] [stdout]                                at /rustc/dfb0accb7f508ae8be965d8629557221c889dd98/library/std/src/panicking.rs:576:43
[INFO] [stdout]   33:     0x60a4a5fd5bdb - __rust_try
[INFO] [stdout]   34:     0x60a4a5fc39b5 - std[70759c8f55707aa4]::panicking::catch_unwind::<(), core[df12db4294e9bfd3]::panic::unwind_safe::AssertUnwindSafe<std[70759c8f55707aa4]::thread::lifecycle::spawn_unchecked<<player_plugin[63108b23d3957c6]::scope::PluginScopeCloseReport>::run_owner::{closure#0}, ()>::{closure#1}::{closure#0}>>
[INFO] [stdout]                                at /rustc/dfb0accb7f508ae8be965d8629557221c889dd98/library/std/src/panicking.rs:544:19
[INFO] [stdout]   35:     0x60a4a5fc39b5 - std[70759c8f55707aa4]::panic::catch_unwind::<core[df12db4294e9bfd3]::panic::unwind_safe::AssertUnwindSafe<std[70759c8f55707aa4]::thread::lifecycle::spawn_unchecked<<player_plugin[63108b23d3957c6]::scope::PluginScopeCloseReport>::run_owner::{closure#0}, ()>::{closure#1}::{closure#0}>, ()>
[INFO] [stdout]                                at /rustc/dfb0accb7f508ae8be965d8629557221c889dd98/library/std/src/panic.rs:359:14
[INFO] [stdout]   36:     0x60a4a5fc39b5 - std[70759c8f55707aa4]::thread::lifecycle::spawn_unchecked::<<player_plugin[63108b23d3957c6]::scope::PluginScopeCloseReport>::run_owner::{closure#0}, ()>::{closure#1}
[INFO] [stdout]                                at /rustc/dfb0accb7f508ae8be965d8629557221c889dd98/library/std/src/thread/lifecycle.rs:68:26
[INFO] [stdout]   37:     0x60a4a5f70acf - <std[70759c8f55707aa4]::thread::lifecycle::spawn_unchecked<<player_plugin[63108b23d3957c6]::scope::PluginScopeCloseReport>::run_owner::{closure#0}, ()>::{closure#1} as core[df12db4294e9bfd3]::ops::function::FnOnce<()>>::call_once::{shim:vtable#0}
[INFO] [stdout]                                at /rustc/dfb0accb7f508ae8be965d8629557221c889dd98/library/core/src/ops/function.rs:250:5
[INFO] [stdout]   38:     0x60a4a60ff8c9 - <alloc[2182bb758b4b3781]::boxed::Box<dyn core[df12db4294e9bfd3]::ops::function::FnOnce<(), Output = ()> + core[df12db4294e9bfd3]::marker::Send> as core[df12db4294e9bfd3]::ops::function::FnOnce<()>>::call_once
[INFO] [stdout]                                at /rustc/dfb0accb7f508ae8be965d8629557221c889dd98/library/alloc/src/boxed.rs:2320:9
[INFO] [stdout]   39:     0x60a4a60ff8c9 - <std[70759c8f55707aa4]::sys::thread::unix::Thread>::new::thread_start
[INFO] [stdout]                                at /rustc/dfb0accb7f508ae8be965d8629557221c889dd98/library/std/src/sys/thread/unix.rs:123:17
[INFO] [stdout]   40:     0x7d9db29f2dfa - <unknown>
[INFO] [stdout]   41:     0x7d9db2a863d4 - clone
[INFO] [stdout]   42:                0x0 - <unknown>
[INFO] [stdout] 
[INFO] [stdout] thread 'tests::resolver_tests::plugin_scope_deadline_quarantines_panic_and_timeout_without_blocking_sibling' (1355) panicked at src/tests/resolver_tests.rs:1215:5:
[INFO] [stdout] assertion `left == right` failed
[INFO] [stdout]   left: 0
[INFO] [stdout]  right: 1
[INFO] [stdout] stack backtrace:
[INFO] [stdout]    0:     0x60a4a6100601 - std[70759c8f55707aa4]::backtrace_rs::backtrace::libunwind::trace
[INFO] [stdout]                                at /rustc/dfb0accb7f508ae8be965d8629557221c889dd98/library/std/src/../../backtrace/src/backtrace/libunwind.rs:117:9
[INFO] [stdout]    1:     0x60a4a6100601 - std[70759c8f55707aa4]::backtrace_rs::backtrace::trace_unsynchronized::<std[70759c8f55707aa4]::sys::backtrace::_print_fmt::{closure#1}>
[INFO] [stdout]                                at /rustc/dfb0accb7f508ae8be965d8629557221c889dd98/library/std/src/../../backtrace/src/backtrace/mod.rs:66:14
[INFO] [stdout]    2:     0x60a4a6100601 - std[70759c8f55707aa4]::sys::backtrace::_print_fmt
[INFO] [stdout]                                at /rustc/dfb0accb7f508ae8be965d8629557221c889dd98/library/std/src/sys/backtrace.rs:74:9
[INFO] [stdout]    3:     0x60a4a6100601 - <<std[70759c8f55707aa4]::sys::backtrace::BacktraceLock>::print::DisplayBacktrace as core[df12db4294e9bfd3]::fmt::Display>::fmt
[INFO] [stdout]                                at /rustc/dfb0accb7f508ae8be965d8629557221c889dd98/library/std/src/sys/backtrace.rs:44:26
[INFO] [stdout]    4:     0x60a4a6116f3a - <core[df12db4294e9bfd3]::fmt::rt::Argument>::fmt
[INFO] [stdout]                                at /rustc/dfb0accb7f508ae8be965d8629557221c889dd98/library/core/src/fmt/rt.rs:152:76
[INFO] [stdout]    5:     0x60a4a6116f3a - core[df12db4294e9bfd3]::fmt::write
[INFO] [stdout]    6:     0x60a4a6104ecc - core[df12db4294e9bfd3]::io::write::default_write_fmt::<alloc[2182bb758b4b3781]::vec::Vec<u8>>
[INFO] [stdout]                                at /rustc/dfb0accb7f508ae8be965d8629557221c889dd98/library/core/src/io/write.rs:402:11
[INFO] [stdout]    7:     0x60a4a6104ecc - <alloc[2182bb758b4b3781]::vec::Vec<u8> as core[df12db4294e9bfd3]::io::write::Write>::write_fmt
[INFO] [stdout]                                at /rustc/dfb0accb7f508ae8be965d8629557221c889dd98/library/core/src/io/write.rs:335:13
[INFO] [stdout]    8:     0x60a4a60d9ad6 - <std[70759c8f55707aa4]::sys::backtrace::BacktraceLock>::print
[INFO] [stdout]                                at /rustc/dfb0accb7f508ae8be965d8629557221c889dd98/library/std/src/sys/backtrace.rs:47:9
[INFO] [stdout]    9:     0x60a4a60d9ad6 - std[70759c8f55707aa4]::panicking::default_hook::{closure#0}
[INFO] [stdout]                                at /rustc/dfb0accb7f508ae8be965d8629557221c889dd98/library/std/src/panicking.rs:292:27
[INFO] [stdout]   10:     0x60a4a60f7009 - std[70759c8f55707aa4]::panicking::default_hook
[INFO] [stdout]                                at /rustc/dfb0accb7f508ae8be965d8629557221c889dd98/library/std/src/panicking.rs:316:9
[INFO] [stdout]   11:     0x60a4a5e0f6d0 - <alloc[2182bb758b4b3781]::boxed::Box<dyn for<'a, 'b> core[df12db4294e9bfd3]::ops::function::Fn<(&'a std[70759c8f55707aa4]::panic::PanicHookInfo<'b>,), Output = ()> + core[df12db4294e9bfd3]::marker::Send + core[df12db4294e9bfd3]::marker::Sync> as core[df12db4294e9bfd3]::ops::function::Fn<(&std[70759c8f55707aa4]::panic::PanicHookInfo,)>>::call
[INFO] [stdout]                                at /rustc/dfb0accb7f508ae8be965d8629557221c889dd98/library/alloc/src/boxed.rs:2334:9
[INFO] [stdout]   12:     0x60a4a5e0f6d0 - test[9d35eded1c95d3be]::test_main_inner::<test[9d35eded1c95d3be]::test_main_static::{closure#0}>::{closure#0}
[INFO] [stdout]                                at /rustc/dfb0accb7f508ae8be965d8629557221c889dd98/library/test/src/lib.rs:155:21
[INFO] [stdout]   13:     0x60a4a60f7332 - <alloc[2182bb758b4b3781]::boxed::Box<dyn for<'a, 'b> core[df12db4294e9bfd3]::ops::function::Fn<(&'a std[70759c8f55707aa4]::panic::PanicHookInfo<'b>,), Output = ()> + core[df12db4294e9bfd3]::marker::Send + core[df12db4294e9bfd3]::marker::Sync> as core[df12db4294e9bfd3]::ops::function::Fn<(&std[70759c8f55707aa4]::panic::PanicHookInfo,)>>::call
[INFO] [stdout]                                at /rustc/dfb0accb7f508ae8be965d8629557221c889dd98/library/alloc/src/boxed.rs:2334:9
[INFO] [stdout]   14:     0x60a4a60f7332 - std[70759c8f55707aa4]::panicking::panic_with_hook
[INFO] [stdout]                                at /rustc/dfb0accb7f508ae8be965d8629557221c889dd98/library/std/src/panicking.rs:823:13
[INFO] [stdout]   15:     0x60a4a60d9b82 - std[70759c8f55707aa4]::panicking::panic_handler::{closure#0}
[INFO] [stdout]                                at /rustc/dfb0accb7f508ae8be965d8629557221c889dd98/library/std/src/panicking.rs:688:13
[INFO] [stdout]   16:     0x60a4a60d2659 - std[70759c8f55707aa4]::sys::backtrace::__rust_end_short_backtrace::<std[70759c8f55707aa4]::panicking::panic_handler::{closure#0}, !>
[INFO] [stdout]                                at /rustc/dfb0accb7f508ae8be965d8629557221c889dd98/library/std/src/sys/backtrace.rs:182:18
[INFO] [stdout]   17:     0x60a4a60da77d - __rustc[8fa7c3cbc660c2b3]::rust_begin_unwind
[INFO] [stdout]                                at /rustc/dfb0accb7f508ae8be965d8629557221c889dd98/library/std/src/panicking.rs:679:5
[INFO] [stdout]   18:     0x60a4a611775c - core[df12db4294e9bfd3]::panicking::panic_fmt
[INFO] [stdout]                                at /rustc/dfb0accb7f508ae8be965d8629557221c889dd98/library/core/src/panicking.rs:80:14
[INFO] [stdout]   19:     0x60a4a61175f3 - core[df12db4294e9bfd3]::panicking::assert_failed_inner
[INFO] [stdout]                                at /rustc/dfb0accb7f508ae8be965d8629557221c889dd98/library/core/src/panicking.rs:452:17
[INFO] [stdout]   20:     0x60a4a61125ad - core[df12db4294e9bfd3]::panicking::assert_failed::<usize, usize>
[INFO] [stdout]                                at /rustc/dfb0accb7f508ae8be965d8629557221c889dd98/library/core/src/panicking.rs:407:5
[INFO] [stdout]   21:     0x60a4a5b15231 - player_plugin_loader[d6eb4e489e707a9]::tests::resolver_tests::plugin_scope_deadline_quarantines_panic_and_timeout_without_blocking_sibling
[INFO] [stdout]                                at /opt/rustwide/workdir/src/tests/resolver_tests.rs:1215:5
[INFO] [stdout]   22:     0x60a4a5af6a87 - player_plugin_loader[d6eb4e489e707a9]::tests::resolver_tests::plugin_scope_deadline_quarantines_panic_and_timeout_without_blocking_sibling::{closure#0}
[INFO] [stdout]                                at /opt/rustwide/workdir/src/tests/resolver_tests.rs:1159:82
[INFO] [stdout]   23:     0x60a4a5c68726 - <player_plugin_loader[d6eb4e489e707a9]::tests::resolver_tests::plugin_scope_deadline_quarantines_panic_and_timeout_without_blocking_sibling::{closure#0} as core[df12db4294e9bfd3]::ops::function::FnOnce<()>>::call_once
[INFO] [stdout]                                at /rustc/dfb0accb7f508ae8be965d8629557221c889dd98/library/core/src/ops/function.rs:250:5
[INFO] [stdout]   24:     0x60a4a5e029bb - <fn() -> core[df12db4294e9bfd3]::result::Result<(), alloc[2182bb758b4b3781]::string::String> as core[df12db4294e9bfd3]::ops::function::FnOnce<()>>::call_once
[INFO] [stdout]                                at /rustc/dfb0accb7f508ae8be965d8629557221c889dd98/library/core/src/ops/function.rs:250:5
[INFO] [stdout]   25:     0x60a4a5e029bb - test[9d35eded1c95d3be]::__rust_begin_short_backtrace::<core[df12db4294e9bfd3]::result::Result<(), alloc[2182bb758b4b3781]::string::String>, fn() -> core[df12db4294e9bfd3]::result::Result<(), alloc[2182bb758b4b3781]::string::String>>
[INFO] [stdout]                                at /rustc/dfb0accb7f508ae8be965d8629557221c889dd98/library/test/src/lib.rs:733:18
[INFO] [stdout]   26:     0x60a4a5e10025 - test[9d35eded1c95d3be]::run_test_in_process::{closure#0}
[INFO] [stdout]                                at /rustc/dfb0accb7f508ae8be965d8629557221c889dd98/library/test/src/lib.rs:756:74
[INFO] [stdout]   27:     0x60a4a5e10025 - <core[df12db4294e9bfd3]::panic::unwind_safe::AssertUnwindSafe<test[9d35eded1c95d3be]::run_test_in_process::{closure#0}> as core[df12db4294e9bfd3]::ops::function::FnOnce<()>>::call_once
[INFO] [stdout]                                at /rustc/dfb0accb7f508ae8be965d8629557221c889dd98/library/core/src/panic/unwind_safe.rs:275:9
[INFO] [stdout]   28:     0x60a4a5e10025 - std[70759c8f55707aa4]::panicking::catch_unwind::do_call::<core[df12db4294e9bfd3]::panic::unwind_safe::AssertUnwindSafe<test[9d35eded1c95d3be]::run_test_in_process::{closure#0}>, core[df12db4294e9bfd3]::result::Result<(), alloc[2182bb758b4b3781]::string::String>>
[INFO] [stdout]                                at /rustc/dfb0accb7f508ae8be965d8629557221c889dd98/library/std/src/panicking.rs:576:43
[INFO] [stdout]   29:     0x60a4a5e10025 - std[70759c8f55707aa4]::panicking::catch_unwind::<core[df12db4294e9bfd3]::result::Result<(), alloc[2182bb758b4b3781]::string::String>, core[df12db4294e9bfd3]::panic::unwind_safe::AssertUnwindSafe<test[9d35eded1c95d3be]::run_test_in_process::{closure#0}>>
[INFO] [stdout]                                at /rustc/dfb0accb7f508ae8be965d8629557221c889dd98/library/std/src/panicking.rs:544:19
[INFO] [stdout]   30:     0x60a4a5e10025 - std[70759c8f55707aa4]::panic::catch_unwind::<core[df12db4294e9bfd3]::panic::unwind_safe::AssertUnwindSafe<test[9d35eded1c95d3be]::run_test_in_process::{closure#0}>, core[df12db4294e9bfd3]::result::Result<(), alloc[2182bb758b4b3781]::string::String>>
[INFO] [stdout]                                at /rustc/dfb0accb7f508ae8be965d8629557221c889dd98/library/std/src/panic.rs:359:14
[INFO] [stdout]   31:     0x60a4a5e10025 - test[9d35eded1c95d3be]::run_test_in_process
[INFO] [stdout]                                at /rustc/dfb0accb7f508ae8be965d8629557221c889dd98/library/test/src/lib.rs:756:27
[INFO] [stdout]   32:     0x60a4a5e10025 - test[9d35eded1c95d3be]::run_test::{closure#0}
[INFO] [stdout]                                at /rustc/dfb0accb7f508ae8be965d8629557221c889dd98/library/test/src/lib.rs:677:43
[INFO] [stdout]   33:     0x60a4a5e098e4 - test[9d35eded1c95d3be]::run_test::{closure#1}
[INFO] [stdout]                                at /rustc/dfb0accb7f508ae8be965d8629557221c889dd98/library/test/src/lib.rs:707:41
[INFO] [stdout]   34:     0x60a4a5e098e4 - std[70759c8f55707aa4]::sys::backtrace::__rust_begin_short_backtrace::<test[9d35eded1c95d3be]::run_test::{closure#1}, ()>
[INFO] [stdout]                                at /rustc/dfb0accb7f508ae8be965d8629557221c889dd98/library/std/src/sys/backtrace.rs:166:18
[INFO] [stdout]   35:     0x60a4a5e13182 - std[70759c8f55707aa4]::thread::lifecycle::spawn_unchecked::<test[9d35eded1c95d3be]::run_test::{closure#1}, ()>::{closure#1}::{closure#0}
[INFO] [stdout]                                at /rustc/dfb0accb7f508ae8be965d8629557221c889dd98/library/std/src/thread/lifecycle.rs:70:13
[INFO] [stdout]   36:     0x60a4a5e13182 - <core[df12db4294e9bfd3]::panic::unwind_safe::AssertUnwindSafe<std[70759c8f55707aa4]::thread::lifecycle::spawn_unchecked<test[9d35eded1c95d3be]::run_test::{closure#1}, ()>::{closure#1}::{closure#0}> as core[df12db4294e9bfd3]::ops::function::FnOnce<()>>::call_once
[INFO] [stdout]                                at /rustc/dfb0accb7f508ae8be965d8629557221c889dd98/library/core/src/panic/unwind_safe.rs:275:9
[INFO] [stdout]   37:     0x60a4a5e13182 - std[70759c8f55707aa4]::panicking::catch_unwind::do_call::<core[df12db4294e9bfd3]::panic::unwind_safe::AssertUnwindSafe<std[70759c8f55707aa4]::thread::lifecycle::spawn_unchecked<test[9d35eded1c95d3be]::run_test::{closure#1}, ()>::{closure#1}::{closure#0}>, ()>
[INFO] [stdout]                                at /rustc/dfb0accb7f508ae8be965d8629557221c889dd98/library/std/src/panicking.rs:576:43
[INFO] [stdout]   38:     0x60a4a5e13182 - std[70759c8f55707aa4]::panicking::catch_unwind::<(), core[df12db4294e9bfd3]::panic::unwind_safe::AssertUnwindSafe<std[70759c8f55707aa4]::thread::lifecycle::spawn_unchecked<test[9d35eded1c95d3be]::run_test::{closure#1}, ()>::{closure#1}::{closure#0}>>
[INFO] [stdout]                                at /rustc/dfb0accb7f508ae8be965d8629557221c889dd98/library/std/src/panicking.rs:544:19
[INFO] [stdout]   39:     0x60a4a5e13182 - std[70759c8f55707aa4]::panic::catch_unwind::<core[df12db4294e9bfd3]::panic::unwind_safe::AssertUnwindSafe<std[70759c8f55707aa4]::thread::lifecycle::spawn_unchecked<test[9d35eded1c95d3be]::run_test::{closure#1}, ()>::{closure#1}::{closure#0}>, ()>
[INFO] [stdout]                                at /rustc/dfb0accb7f508ae8be965d8629557221c889dd98/library/std/src/panic.rs:359:14
[INFO] [stdout]   40:     0x60a4a5e13182 - std[70759c8f55707aa4]::thread::lifecycle::spawn_unchecked::<test[9d35eded1c95d3be]::run_test::{closure#1}, ()>::{closure#1}
[INFO] [stdout]                                at /rustc/dfb0accb7f508ae8be965d8629557221c889dd98/library/std/src/thread/lifecycle.rs:68:26
[INFO] [stdout]   41:     0x60a4a5e13182 - <std[70759c8f55707aa4]::thread::lifecycle::spawn_unchecked<test[9d35eded1c95d3be]::run_test::{closure#1}, ()>::{closure#1} as core[df12db4294e9bfd3]::ops::function::FnOnce<()>>::call_once::{shim:vtable#0}
[INFO] [stdout]                                at /rustc/dfb0accb7f508ae8be965d8629557221c889dd98/library/core/src/ops/function.rs:250:5
[INFO] [stdout]   42:     0x60a4a60ff8c9 - <alloc[2182bb758b4b3781]::boxed::Box<dyn core[df12db4294e9bfd3]::ops::function::FnOnce<(), Output = ()> + core[df12db4294e9bfd3]::marker::Send> as core[df12db4294e9bfd3]::ops::function::FnOnce<()>>::call_once
[INFO] [stdout]                                at /rustc/dfb0accb7f508ae8be965d8629557221c889dd98/library/alloc/src/boxed.rs:2320:9
[INFO] [stdout]   43:     0x60a4a60ff8c9 - <std[70759c8f55707aa4]::sys::thread::unix::Thread>::new::thread_start
[INFO] [stdout]                                at /rustc/dfb0accb7f508ae8be965d8629557221c889dd98/library/std/src/sys/thread/unix.rs:123:17
[INFO] [stdout]   44:     0x7d9db29f2dfa - <unknown>
[INFO] [stdout]   45:     0x7d9db2a863d4 - clone
[INFO] [stdout]   46:                0x0 - <unknown>
[INFO] [stdout] 
[INFO] [stdout] 
[INFO] [stdout] failures:
[INFO] [stdout]     tests::resolver_tests::plugin_scope_deadline_quarantines_panic_and_timeout_without_blocking_sibling
[INFO] [stdout] 
[INFO] [stdout] test result: FAILED. 91 passed; 1 failed; 15 ignored; 0 measured; 0 filtered out; finished in 0.16s
[INFO] [stdout] 
[INFO] [stderr] error: test failed, to rerun pass `--lib`
[INFO] running `Command { std: "docker" "inspect" "c09ceb304836c5ca0322f013f93e67494a853371763c36f6bd25c4c11ff5b7cc", kill_on_drop: false }`
[INFO] running `Command { std: "docker" "rm" "-f" "c09ceb304836c5ca0322f013f93e67494a853371763c36f6bd25c4c11ff5b7cc", kill_on_drop: false }`
[INFO] [stdout] c09ceb304836c5ca0322f013f93e67494a853371763c36f6bd25c4c11ff5b7cc
