[INFO] fetching crate ves-stark-batch 0.3.3...
[INFO] testing ves-stark-batch-0.3.3 against 1.100.0-beta.1 for beta-1.100-2
[INFO] extracting crate ves-stark-batch 0.3.3 into /workspace/builds/worker-0-tc2/source
[INFO] started tweaking crates.io crate ves-stark-batch 0.3.3
[INFO] finished tweaking crates.io crate ves-stark-batch 0.3.3
[INFO] tweaked toml for crates.io crate ves-stark-batch 0.3.3 written to /workspace/builds/worker-0-tc2/source/Cargo.toml
[INFO] validating manifest of crates.io crate ves-stark-batch 0.3.3 on toolchain 1.100.0-beta.1
[INFO] running `Command { std: CARGO_HOME="/workspace/cargo-home" RUSTUP_HOME="/workspace/rustup-home" "/workspace/cargo-home/bin/cargo" "+1.100.0-beta.1" "metadata" "--manifest-path" "Cargo.toml" "--no-deps", kill_on_drop: false }`
[INFO] crate crates.io crate ves-stark-batch 0.3.3 already has a lockfile, it will not be regenerated
[INFO] running `Command { std: CARGO_HOME="/workspace/cargo-home" RUSTUP_HOME="/workspace/rustup-home" "/workspace/cargo-home/bin/cargo" "+1.100.0-beta.1" "fetch" "--manifest-path" "Cargo.toml", kill_on_drop: false }`
[INFO] running `Command { std: "docker" "create" "-v" "/var/lib/crater-agent-workspace/builds/worker-0-tc2/source:/opt/rustwide/workdir:ro,Z" "-v" "/var/lib/crater-agent-workspace/builds/worker-0-tc2/target:/opt/rustwide/target:rw,Z" "-v" "/var/lib/crater-agent-workspace/cargo-home:/opt/rustwide/cargo-home:ro,Z" "-v" "/var/lib/crater-agent-workspace/rustup-home:/opt/rustwide/rustup-home:ro,Z" "-m" "1610612736" "--network" "none" "ghcr.io/rust-lang/crates-build-env/linux@sha256:3111399a4047eeb3a02b7a90e478d715f38a8c6669b5c4b49d30a17385265909" "sleep" "infinity", kill_on_drop: false }`
[INFO] [stdout] b537384c2f2e3e4404a530a7ded26faab4d3a6de905a4eb6adde988013a0deb7
[INFO] running `Command { std: "docker" "start" "b537384c2f2e3e4404a530a7ded26faab4d3a6de905a4eb6adde988013a0deb7", kill_on_drop: false }`
[INFO] running `Command { std: "docker" "inspect" "b537384c2f2e3e4404a530a7ded26faab4d3a6de905a4eb6adde988013a0deb7", kill_on_drop: false }`
[INFO] running `Command { std: "docker" "exec" "-e" "SOURCE_DIR=/opt/rustwide/workdir" "-e" "CARGO_HOME=/opt/rustwide/cargo-home" "-e" "RUSTUP_HOME=/opt/rustwide/rustup-home" "-e" "CARGO_TARGET_DIR=/opt/rustwide/target" "-w" "/opt/rustwide/workdir" "--user" "0:0" "b537384c2f2e3e4404a530a7ded26faab4d3a6de905a4eb6adde988013a0deb7" "/opt/rustwide/cargo-home/bin/cargo" "+1.100.0-beta.1" "metadata" "--no-deps" "--format-version=1", kill_on_drop: false }`
[INFO] running `Command { std: "docker" "inspect" "b537384c2f2e3e4404a530a7ded26faab4d3a6de905a4eb6adde988013a0deb7", kill_on_drop: false }`
[INFO] running `Command { std: "docker" "exec" "-e" "SOURCE_DIR=/opt/rustwide/workdir" "-e" "CARGO_HOME=/opt/rustwide/cargo-home" "-e" "RUSTUP_HOME=/opt/rustwide/rustup-home" "-e" "CARGO_TARGET_DIR=/opt/rustwide/target" "-e" "CARGO_INCREMENTAL=0" "-e" "RUST_BACKTRACE=full" "-e" "RUSTFLAGS=--cap-lints=warn" "-e" "RUSTDOCFLAGS=--cap-lints=warn" "-w" "/opt/rustwide/workdir" "--user" "0:0" "b537384c2f2e3e4404a530a7ded26faab4d3a6de905a4eb6adde988013a0deb7" "/opt/rustwide/cargo-home/bin/cargo" "+1.100.0-beta.1" "build" "--frozen" "--message-format=json", kill_on_drop: false }`
[INFO] [stderr]    Compiling constant_time_eq v0.4.2
[INFO] [stderr]    Compiling keccak v0.1.6
[INFO] [stderr]    Compiling arrayvec v0.7.6
[INFO] [stderr]    Compiling winter-utils v0.10.2
[INFO] [stderr]    Compiling arrayref v0.3.9
[INFO] [stderr]    Compiling typenum v1.19.0
[INFO] [stderr]    Compiling cc v1.2.57
[INFO] [stderr]    Compiling libc v0.2.183
[INFO] [stderr]    Compiling serde_json v1.0.149
[INFO] [stderr]    Compiling ryu-js v0.2.2
[INFO] [stderr]    Compiling syn v2.0.117
[INFO] [stderr]    Compiling tracing-core v0.1.36
[INFO] [stderr]    Compiling serde_bytes v0.11.19
[INFO] [stderr]    Compiling either v1.15.0
[INFO] [stderr]    Compiling winter-math v0.10.2
[INFO] [stderr]    Compiling rayon v1.11.0
[INFO] [stderr]    Compiling generic-array v0.14.7
[INFO] [stderr]    Compiling blake3 v1.8.3
[INFO] [stderr]    Compiling getrandom v0.4.2
[INFO] [stderr]    Compiling crypto-common v0.1.7
[INFO] [stderr]    Compiling block-buffer v0.10.4
[INFO] [stderr]    Compiling uuid v1.22.0
[INFO] [stderr]    Compiling digest v0.10.7
[INFO] [stderr]    Compiling sha3 v0.10.8
[INFO] [stderr]    Compiling sha2 v0.10.9
[INFO] [stderr]    Compiling winter-crypto v0.10.2
[INFO] [stderr]    Compiling winter-fri v0.10.2
[INFO] [stderr]    Compiling winter-air v0.10.3
[INFO] [stderr]    Compiling winter-verifier v0.10.3
[INFO] [stderr]    Compiling serde_derive v1.0.228
[INFO] [stderr]    Compiling thiserror-impl v2.0.18
[INFO] [stderr]    Compiling tracing-attributes v0.1.31
[INFO] [stderr]    Compiling winter-maybe-async v0.10.1
[INFO] [stderr]    Compiling tracing v0.1.44
[INFO] [stderr]    Compiling winter-prover v0.10.3
[INFO] [stderr]    Compiling thiserror v2.0.18
[INFO] [stderr]    Compiling serde v1.0.228
[INFO] [stderr]    Compiling serde_jcs v0.1.0
[INFO] [stderr]    Compiling ves-stark-primitives v0.3.3
[INFO] [stderr]    Compiling ves-stark-air v0.3.3
[INFO] [stderr]    Compiling ves-stark-prover v0.3.3
[INFO] [stderr]    Compiling ves-stark-verifier v0.3.3
[INFO] [stderr]    Compiling ves-stark-batch v0.3.3 (/opt/rustwide/workdir)
[INFO] [stderr] warning: unused dependency `ves-stark-prover`
[INFO] [stderr]   --> Cargo.toml:30:15
[INFO] [stderr]    |
[INFO] [stderr] 30 | [dependencies.ves-stark-prover]
[INFO] [stderr]    |               ^^^^^^^^^^^^^^^^^
[INFO] [stderr]    |
[INFO] [stderr]    = note: `cargo::unused_dependencies` is set to `warn` by default
[INFO] [stderr] help: consider removing the dependency on `ves-stark-prover`
[INFO] [stderr] warning: unused dependency `ves-stark-verifier`
[INFO] [stderr]   --> Cargo.toml:33:15
[INFO] [stderr]    |
[INFO] [stderr] 33 | [dependencies.ves-stark-verifier]
[INFO] [stderr]    |               ^^^^^^^^^^^^^^^^^^^
[INFO] [stderr]    |
[INFO] [stderr] help: consider removing the dependency on `ves-stark-verifier`
[INFO] [stderr] warning: `ves-stark-batch` (manifest) generated 2 warnings
[INFO] [stderr]     Finished `dev` profile [unoptimized + debuginfo] target(s) in 24.31s
[INFO] running `Command { std: "docker" "inspect" "b537384c2f2e3e4404a530a7ded26faab4d3a6de905a4eb6adde988013a0deb7", kill_on_drop: false }`
[INFO] running `Command { std: "docker" "exec" "-e" "SOURCE_DIR=/opt/rustwide/workdir" "-e" "CARGO_HOME=/opt/rustwide/cargo-home" "-e" "RUSTUP_HOME=/opt/rustwide/rustup-home" "-e" "CARGO_TARGET_DIR=/opt/rustwide/target" "-e" "CARGO_INCREMENTAL=0" "-e" "RUST_BACKTRACE=full" "-e" "RUSTFLAGS=--cap-lints=warn" "-e" "RUSTDOCFLAGS=--cap-lints=warn" "-w" "/opt/rustwide/workdir" "--user" "0:0" "b537384c2f2e3e4404a530a7ded26faab4d3a6de905a4eb6adde988013a0deb7" "/opt/rustwide/cargo-home/bin/cargo" "+1.100.0-beta.1" "test" "--frozen" "--no-run" "--message-format=json", kill_on_drop: false }`
[INFO] [stderr]    Compiling libc v0.2.183
[INFO] [stderr]    Compiling zerocopy v0.8.47
[INFO] [stderr]    Compiling serde v1.0.228
[INFO] [stderr]    Compiling zerocopy-derive v0.8.47
[INFO] [stderr]    Compiling serde_json v1.0.149
[INFO] [stderr]    Compiling clap_builder v4.6.0
[INFO] [stderr]    Compiling regex-automata v0.4.14
[INFO] [stderr]    Compiling serde_bytes v0.11.19
[INFO] [stderr]    Compiling getrandom v0.4.2
[INFO] [stderr]    Compiling is-terminal v0.4.17
[INFO] [stderr]    Compiling uuid v1.22.0
[INFO] [stderr]    Compiling serde_jcs v0.1.0
[INFO] [stderr]    Compiling tinytemplate v1.2.1
[INFO] [stderr]    Compiling ves-stark-primitives v0.3.3
[INFO] [stderr]    Compiling regex v1.12.3
[INFO] [stderr]    Compiling clap v4.6.0
[INFO] [stderr]    Compiling ves-stark-air v0.3.3
[INFO] [stderr]    Compiling ves-stark-verifier v0.3.3
[INFO] [stderr]    Compiling ves-stark-prover v0.3.3
[INFO] [stderr]    Compiling ves-stark-batch v0.3.3 (/opt/rustwide/workdir)
[INFO] [stderr]    Compiling half v2.7.1
[INFO] [stderr]    Compiling ciborium-ll v0.2.2
[INFO] [stderr]    Compiling ciborium v0.2.2
[INFO] [stderr]    Compiling criterion v0.5.1
[INFO] [stderr] warning: unused dependency `ves-stark-prover`
[INFO] [stderr]   --> Cargo.toml:30:15
[INFO] [stderr]    |
[INFO] [stderr] 30 | [dependencies.ves-stark-prover]
[INFO] [stderr]    |               ^^^^^^^^^^^^^^^^^
[INFO] [stderr]    |
[INFO] [stderr]    = note: `cargo::unused_dependencies` is set to `warn` by default
[INFO] [stderr] help: consider removing the dependency on `ves-stark-prover`
[INFO] [stderr] warning: unused dependency `ves-stark-verifier`
[INFO] [stderr]   --> Cargo.toml:33:15
[INFO] [stderr]    |
[INFO] [stderr] 33 | [dependencies.ves-stark-verifier]
[INFO] [stderr]    |               ^^^^^^^^^^^^^^^^^^^
[INFO] [stderr]    |
[INFO] [stderr] help: consider removing the dependency on `ves-stark-verifier`
[INFO] [stderr] warning: `ves-stark-batch` (manifest) generated 2 warnings
[INFO] [stderr]     Finished `test` profile [unoptimized + debuginfo] target(s) in 28.62s
[INFO] running `Command { std: "docker" "inspect" "b537384c2f2e3e4404a530a7ded26faab4d3a6de905a4eb6adde988013a0deb7", kill_on_drop: false }`
[INFO] running `Command { std: "docker" "exec" "-e" "SOURCE_DIR=/opt/rustwide/workdir" "-e" "CARGO_HOME=/opt/rustwide/cargo-home" "-e" "RUSTUP_HOME=/opt/rustwide/rustup-home" "-e" "CARGO_TARGET_DIR=/opt/rustwide/target" "-e" "CARGO_INCREMENTAL=0" "-e" "RUST_BACKTRACE=full" "-e" "RUSTFLAGS=--cap-lints=warn" "-e" "RUSTDOCFLAGS=--cap-lints=warn" "-w" "/opt/rustwide/workdir" "--user" "0:0" "b537384c2f2e3e4404a530a7ded26faab4d3a6de905a4eb6adde988013a0deb7" "/opt/rustwide/cargo-home/bin/cargo" "+1.100.0-beta.1" "test" "--frozen", kill_on_drop: false }`
[INFO] [stderr] warning: unused dependency `ves-stark-prover`
[INFO] [stderr]   --> Cargo.toml:30:15
[INFO] [stderr]    |
[INFO] [stderr] 30 | [dependencies.ves-stark-prover]
[INFO] [stderr]    |               ^^^^^^^^^^^^^^^^^
[INFO] [stderr]    |
[INFO] [stderr]    = note: `cargo::unused_dependencies` is set to `warn` by default
[INFO] [stderr] help: consider removing the dependency on `ves-stark-prover`
[INFO] [stderr] warning: unused dependency `ves-stark-verifier`
[INFO] [stderr]   --> Cargo.toml:33:15
[INFO] [stderr]    |
[INFO] [stderr] 33 | [dependencies.ves-stark-verifier]
[INFO] [stderr]    |               ^^^^^^^^^^^^^^^^^^^
[INFO] [stderr]    |
[INFO] [stderr] help: consider removing the dependency on `ves-stark-verifier`
[INFO] [stderr] warning: `ves-stark-batch` (manifest) generated 2 warnings
[INFO] [stderr]     Finished `test` profile [unoptimized + debuginfo] target(s) in 0.31s
[INFO] [stderr]      Running unittests src/lib.rs (/opt/rustwide/target/debug/build/ves-stark-batch/18d6078d4179637a/out/ves_stark_batch-18d6078d4179637a)
[INFO] [stdout] 
[INFO] [stdout] running 104 tests
[INFO] [stdout] test air::batch_air::tests::test_air_creation ... ok
[INFO] [stdout] test air::constraints::compliance_binding::tests::test_constraint_count ... ok
[INFO] [stdout] test air::constraints::leaf_hash::tests::test_constraint_count ... ok
[INFO] [stdout] test air::constraints::event::tests::test_constraint_count ... ok
[INFO] [stdout] test air::trace_layout::tests::test_batch_phase_conversion ... ok
[INFO] [stdout] test air::trace_layout::tests::test_column_indices_non_overlapping ... ok
[INFO] [stdout] test air::trace_layout::tests::test_trace_width ... ok
[INFO] [stdout] test air::constraints::accumulator::tests::test_constraint_count ... ok
[INFO] [stdout] test air::constraints::merkle::tests::test_constraint_count ... ok
[INFO] [stdout] test air::batch_air::tests::test_assertions_with_invalid_policy_kind_do_not_panic ... ok
[INFO] [stdout] test air::constraints::leaf_binding::tests::test_constraint_count ... ok
[INFO] [stdout] test air::trace_layout::tests::test_calculate_trace_length ... ok
[INFO] [stdout] test air::batch_air::tests::test_assertions_count ... ok
[INFO] [stdout] test air::constraints::state_transition::tests::test_constraint_count ... ok
[INFO] [stdout] test prover::batch_prover::tests::test_prover_config ... ok
[INFO] [stdout] test prover::batch_prover::tests::test_prover_creation ... ok
[INFO] [stdout] test prover::witness::tests::test_batch_event_witness ... ok
[INFO] [stdout] test prover::witness::tests::test_batch_event_witness_non_compliant ... ok
[INFO] [stdout] test prover::witness::tests::test_batch_event_witness_order_total_cap_boundary ... ok
[INFO] [stdout] test prover::batch_trace::tests::test_batch_trace_state_roots ... ok
[INFO] [stdout] test prover::witness::tests::test_batch_witness_builder_infers_policy_fields ... ok
[INFO] [stdout] test prover::witness::tests::test_batch_witness_builder ... ok
[INFO] [stdout] test prover::witness::tests::test_batch_witness_builder_rejects_explicit_policy_mismatch ... ok
[INFO] [stdout] test prover::batch_trace::tests::test_single_event_finalize_output_matches_new_state_root ... ok
[INFO] [stdout] test prover::witness::tests::test_batch_witness_missing_amount_binding_hash ... ok
[INFO] [stdout] test prover::witness::tests::test_batch_witness_missing_witness_commitment ... ok
[INFO] [stdout] test prover::witness::tests::test_batch_witness_policy_mismatch ... ok
[INFO] [stdout] test prover::batch_trace::tests::test_batch_trace_builder_order_total_cap_boundary ... ok
[INFO] [stdout] test prover::batch_trace::tests::test_batch_trace_builder_aml_threshold_boundary_rejects ... ok
[INFO] [stdout] test prover::witness::tests::test_batch_witness_tenant_store_mismatch ... ok
[INFO] [stdout] test prover::witness::tests::test_batch_witness_validation_empty ... ok
[INFO] [stdout] test prover::witness::tests::test_batch_witness_rejects_duplicate_event_ids ... ok
[INFO] [stdout] test public_inputs::tests::test_compute_public_inputs_accumulator ... ok
[INFO] [stdout] test public_inputs::tests::test_default_public_inputs ... ok
[INFO] [stdout] test public_inputs::tests::test_genesis_inputs ... ok
[INFO] [stdout] test prover::witness::tests::test_batch_witness_witness_commitment_binding ... ok
[INFO] [stdout] test public_inputs::tests::test_genesis_inputs_zero_events ... ok
[INFO] [stdout] test public_inputs::tests::test_policy_hash_derivation ... ok
[INFO] [stdout] test public_inputs::tests::test_policy_hash_or_zero_for_invalid_policy_kind ... ok
[INFO] [stdout] test public_inputs::tests::test_to_elements ... ok
[INFO] [stdout] test public_inputs::tests::test_validate_rejects_batch_larger_than_maximum ... ok
[INFO] [stdout] test public_inputs::tests::test_validate_rejects_invalid_policy_kind ... ok
[INFO] [stdout] test serialization::tests::test_binary_deserialization_accepts_legacy_v3_payload ... ok
[INFO] [stdout] test serialization::tests::test_binary_deserialization_rejects_invalid_all_compliant_flag ... ok
[INFO] [stdout] test serialization::tests::test_binary_deserialization_rejects_invalid_batch_id_limb ... ok
[INFO] [stdout] test serialization::tests::test_binary_deserialization_rejects_short_payload ... ok
[INFO] [stdout] test prover::witness::tests::test_batch_witness_compute_state_root ... ok
[INFO] [stdout] test serialization::tests::test_binary_deserialization_rejects_trailing_bytes ... ok
[INFO] [stdout] test serialization::tests::test_binary_round_trip ... ok
[INFO] [stdout] test air::batch_air::tests::test_single_event_finalize_output_transition_constraints_zero ... ok
[INFO] [stdout] test serialization::tests::test_binary_round_trip_preserves_batch_id_as_uuid ... ok
[INFO] [stdout] test serialization::tests::test_binary_serialization_rejects_tampered_state_root ... ok
[INFO] [stdout] test serialization::tests::test_json_deserialization_rejects_invalid_policy_kind ... ok
[INFO] [stdout] test serialization::tests::test_binary_round_trip_recomputes_proof_hash ... ok
[INFO] [stdout] test serialization::tests::test_json_deserialization_rejects_mismatched_proof_hash ... ok
[INFO] [stdout] test serialization::tests::test_json_serialization ... ok
[INFO] [stdout] test serialization::tests::test_json_serialization_rejects_tampered_proof_hash ... ok
[INFO] [stdout] test serialization::tests::test_json_serialization_stringifies_u64_fields ... ok
[INFO] [stdout] test serialization::tests::test_public_inputs_conversion ... ok
[INFO] [stdout] test serialization::tests::test_serializable_proof_new_rejects_inconsistent_proof_metadata ... ok
[INFO] [stdout] test serialization::tests::test_serializable_proof_new_rejects_invalid_public_inputs ... ok
[INFO] [stdout] test serialization::tests::test_public_inputs_conversion_rejects_mismatched_policy_hash ... ok
[INFO] [stdout] test public_inputs::tests::test_metadata_hash_depends_on_prev_state_root ... ok
[INFO] [stdout] test state::merkle::tests::test_leaf_hash_deterministic ... ok
[INFO] [stdout] test state::merkle::tests::test_merkle_proof_invalid_leaf ... ok
[INFO] [stdout] test state::merkle::tests::test_different_leaves_different_hashes ... ok
[INFO] [stdout] test state::merkle::tests::test_merkle_tree_single_leaf ... ok
[INFO] [stdout] test state::merkle::tests::test_rescue_hash_pair ... ok
[INFO] [stdout] test state::merkle::tests::test_merkle_proof_verification ... ok
[INFO] [stdout] test state::metadata::tests::test_chained_metadata_hash_depends_on_prev_state_root ... ok
[INFO] [stdout] test state::metadata::tests::test_metadata_creation ... ok
[INFO] [stdout] test state::metadata::tests::test_metadata_hash_deterministic ... ok
[INFO] [stdout] test state::metadata::tests::test_num_events_invalid_range_returns_zero ... ok
[INFO] [stdout] test state::metadata::tests::test_uuid_to_felts ... ok
[INFO] [stdout] test state::merkle::tests::test_merkle_tree_non_power_of_two ... ok
[INFO] [stdout] test state::merkle::tests::test_root_changes_with_different_leaves ... ok
[INFO] [stdout] test state::root::tests::test_genesis_state_root ... ok
[INFO] [stdout] test state::root::tests::test_hex_roundtrip ... ok
[INFO] [stdout] test air::batch_air::tests::test_single_event_trace_satisfies_all_transition_constraints ... ok
[INFO] [stdout] test state::root::tests::test_state_root_computation ... ok
[INFO] [stdout] test prover::batch_trace::tests::test_batch_trace_compliance_accumulator ... ok
[INFO] [stdout] test state::root::tests::test_different_prev_roots_different_state_roots ... ok
[INFO] [stdout] test verifier::batch_verifier::tests::test_proof_hash_verification ... ok
[INFO] [stdout] test verifier::batch_verifier::tests::test_sequence_continuity_check ... ok
[INFO] [stdout] test verifier::batch_verifier::tests::test_sequence_continuity_check_with_gap ... ok
[INFO] [stdout] test verifier::batch_verifier::tests::test_verification_result_conversion ... ok
[INFO] [stdout] test verifier::batch_verifier::tests::test_verifier_creation ... ok
[INFO] [stdout] test verifier::batch_verifier::tests::test_verify_batch_proof_rejects_invalid_policy_kind_before_deserializing_proof ... ok
[INFO] [stdout] test verifier::batch_verifier::tests::test_verify_batch_proof_rejects_oversized_batch_before_deserializing_proof ... ok
[INFO] [stdout] test prover::witness::tests::test_batch_witness_builder_rejects_overflow_on_add_event ... ok
[INFO] [stdout] test prover::batch_trace::tests::test_batch_trace_builder_order_total_cap ... ok
[INFO] [stdout] test state::root::tests::test_different_events_different_roots ... ok
[INFO] [stdout] test state::root::tests::test_state_root_deterministic ... ok
[INFO] [stdout] test state::merkle::tests::test_merkle_tree_power_of_two ... ok
[INFO] [stdout] test prover::witness::tests::test_batch_witness_public_inputs_accumulator ... FAILED
[INFO] [stdout] test prover::batch_trace::tests::test_batch_trace_builder_small ... ok
[INFO] [stdout] test prover::batch_prover::tests::test_batch_prove_and_verify_not_all_compliant ... ok
[INFO] [stdout] test verifier::batch_verifier::tests::test_batch_verifier_with_custom_options_accepts_fast_proof ... ok
[INFO] [stdout] test prover::batch_prover::tests::test_batch_verifier_rejects_tampered_public_inputs ... ok
[INFO] [stdout] test prover::batch_prover::tests::test_batch_prove_and_verify_single_event ... ok
[INFO] [stdout] test prover::batch_prover::tests::test_batch_prove_and_verify_all_compliant ... ok
[INFO] [stdout] test prover::batch_prover::tests::test_batch_prove_and_verify_single_event_high_limb_amount ... ok
[INFO] [stdout] test verifier::batch_verifier::tests::test_default_batch_verifier_rejects_fast_proof ... ok
[INFO] [stdout] test prover::batch_prover::tests::test_batch_prove_and_verify_non_power_of_two_batch ... ok
[INFO] [stdout] 
[INFO] [stdout] failures:
[INFO] [stdout] 
[INFO] [stdout] ---- prover::witness::tests::test_batch_witness_public_inputs_accumulator stdout ----
[INFO] [stdout] 
[INFO] [stdout] thread 'prover::witness::tests::test_batch_witness_public_inputs_accumulator' (1200) panicked at src/prover/witness.rs:926:9:
[INFO] [stdout] assertion `left == right` failed
[INFO] [stdout]   left: [12425786134, 43716121617, 5696338092, 19210053067, 29381518721, 33208480677, 15403596908, 14205963239]
[INFO] [stdout]  right: [38826255883, 4343767136, 4129796347, 18153470422, 2658632585, 47204338179, 36406200583, 4402487438]
[INFO] [stdout] stack backtrace:
[INFO] [stdout]    0:     0x607b38396ca1 - std[617be2ca0a6fd877]::backtrace_rs::backtrace::libunwind::trace
[INFO] [stdout]                                at /rustc/e3feeb59cd1bdd011a2bfcc0747b55125d9b8527/library/std/src/../../backtrace/src/backtrace/libunwind.rs:117:9
[INFO] [stdout]    1:     0x607b38396ca1 - std[617be2ca0a6fd877]::backtrace_rs::backtrace::trace_unsynchronized::<std[617be2ca0a6fd877]::sys::backtrace::_print_fmt::{closure#1}>
[INFO] [stdout]                                at /rustc/e3feeb59cd1bdd011a2bfcc0747b55125d9b8527/library/std/src/../../backtrace/src/backtrace/mod.rs:66:14
[INFO] [stdout]    2:     0x607b38396ca1 - std[617be2ca0a6fd877]::sys::backtrace::_print_fmt
[INFO] [stdout]                                at /rustc/e3feeb59cd1bdd011a2bfcc0747b55125d9b8527/library/std/src/sys/backtrace.rs:74:9
[INFO] [stdout]    3:     0x607b38396ca1 - <<std[617be2ca0a6fd877]::sys::backtrace::BacktraceLock>::print::DisplayBacktrace as core[a373ad73a504971]::fmt::Display>::fmt
[INFO] [stdout]                                at /rustc/e3feeb59cd1bdd011a2bfcc0747b55125d9b8527/library/std/src/sys/backtrace.rs:44:26
[INFO] [stdout]    4:     0x607b383abeba - <core[a373ad73a504971]::fmt::rt::Argument>::fmt
[INFO] [stdout]                                at /rustc/e3feeb59cd1bdd011a2bfcc0747b55125d9b8527/library/core/src/fmt/rt.rs:152:76
[INFO] [stdout]    5:     0x607b383abeba - core[a373ad73a504971]::fmt::write
[INFO] [stdout]    6:     0x607b3839af0c - core[a373ad73a504971]::io::write::default_write_fmt::<alloc[2e1b2a31b91974c5]::vec::Vec<u8>>
[INFO] [stdout]                                at /rustc/e3feeb59cd1bdd011a2bfcc0747b55125d9b8527/library/core/src/io/write.rs:402:11
[INFO] [stdout]    7:     0x607b3839af0c - <alloc[2e1b2a31b91974c5]::vec::Vec<u8> as core[a373ad73a504971]::io::write::Write>::write_fmt
[INFO] [stdout]                                at /rustc/e3feeb59cd1bdd011a2bfcc0747b55125d9b8527/library/core/src/io/write.rs:335:13
[INFO] [stdout]    8:     0x607b38372e56 - <std[617be2ca0a6fd877]::sys::backtrace::BacktraceLock>::print
[INFO] [stdout]                                at /rustc/e3feeb59cd1bdd011a2bfcc0747b55125d9b8527/library/std/src/sys/backtrace.rs:47:9
[INFO] [stdout]    9:     0x607b38372e56 - std[617be2ca0a6fd877]::panicking::default_hook::{closure#0}
[INFO] [stdout]                                at /rustc/e3feeb59cd1bdd011a2bfcc0747b55125d9b8527/library/std/src/panicking.rs:289:27
[INFO] [stdout]   10:     0x607b3838f1b9 - std[617be2ca0a6fd877]::panicking::default_hook
[INFO] [stdout]                                at /rustc/e3feeb59cd1bdd011a2bfcc0747b55125d9b8527/library/std/src/panicking.rs:313:9
[INFO] [stdout]   11:     0x607b3823b5f0 - <alloc[2e1b2a31b91974c5]::boxed::Box<dyn for<'a, 'b> core[a373ad73a504971]::ops::function::Fn<(&'a std[617be2ca0a6fd877]::panic::PanicHookInfo<'b>,), Output = ()> + core[a373ad73a504971]::marker::Sync + core[a373ad73a504971]::marker::Send> as core[a373ad73a504971]::ops::function::Fn<(&std[617be2ca0a6fd877]::panic::PanicHookInfo,)>>::call
[INFO] [stdout]                                at /rustc/e3feeb59cd1bdd011a2bfcc0747b55125d9b8527/library/alloc/src/boxed.rs:2328:9
[INFO] [stdout]   12:     0x607b3823b5f0 - test[aada8e7e76ba119b]::test_main_inner::{closure#0}
[INFO] [stdout]                                at /rustc/e3feeb59cd1bdd011a2bfcc0747b55125d9b8527/library/test/src/lib.rs:137:21
[INFO] [stdout]   13:     0x607b3838f4e2 - <alloc[2e1b2a31b91974c5]::boxed::Box<dyn for<'a, 'b> core[a373ad73a504971]::ops::function::Fn<(&'a std[617be2ca0a6fd877]::panic::PanicHookInfo<'b>,), Output = ()> + core[a373ad73a504971]::marker::Sync + core[a373ad73a504971]::marker::Send> as core[a373ad73a504971]::ops::function::Fn<(&std[617be2ca0a6fd877]::panic::PanicHookInfo,)>>::call
[INFO] [stdout]                                at /rustc/e3feeb59cd1bdd011a2bfcc0747b55125d9b8527/library/alloc/src/boxed.rs:2328:9
[INFO] [stdout]   14:     0x607b3838f4e2 - std[617be2ca0a6fd877]::panicking::panic_with_hook
[INFO] [stdout]                                at /rustc/e3feeb59cd1bdd011a2bfcc0747b55125d9b8527/library/std/src/panicking.rs:819:13
[INFO] [stdout]   15:     0x607b38372f02 - std[617be2ca0a6fd877]::panicking::panic_handler::{closure#0}
[INFO] [stdout]                                at /rustc/e3feeb59cd1bdd011a2bfcc0747b55125d9b8527/library/std/src/panicking.rs:685:13
[INFO] [stdout]   16:     0x607b3836bc19 - std[617be2ca0a6fd877]::sys::backtrace::__rust_end_short_backtrace::<std[617be2ca0a6fd877]::panicking::panic_handler::{closure#0}, !>
[INFO] [stdout]                                at /rustc/e3feeb59cd1bdd011a2bfcc0747b55125d9b8527/library/std/src/sys/backtrace.rs:182:18
[INFO] [stdout]   17:     0x607b38373b0d - __rustc[ea4f61d10b84890b]::rust_begin_unwind
[INFO] [stdout]                                at /rustc/e3feeb59cd1bdd011a2bfcc0747b55125d9b8527/library/std/src/panicking.rs:676:5
[INFO] [stdout]   18:     0x607b383ac6ac - core[a373ad73a504971]::panicking::panic_fmt
[INFO] [stdout]                                at /rustc/e3feeb59cd1bdd011a2bfcc0747b55125d9b8527/library/core/src/panicking.rs:80:14
[INFO] [stdout]   19:     0x607b383ac543 - core[a373ad73a504971]::panicking::assert_failed_inner
[INFO] [stdout]                                at /rustc/e3feeb59cd1bdd011a2bfcc0747b55125d9b8527/library/core/src/panicking.rs:452:17
[INFO] [stdout]   20:     0x607b3817dd43 - core[a373ad73a504971]::panicking::assert_failed::<[winter_math[9be6effc6c0057b8]::field::f64::BaseElement; 8usize], [winter_math[9be6effc6c0057b8]::field::f64::BaseElement; 8usize]>
[INFO] [stdout]                                at /rustc/e3feeb59cd1bdd011a2bfcc0747b55125d9b8527/library/core/src/panicking.rs:407:5
[INFO] [stdout]   21:     0x607b381bfcb1 - ves_stark_batch[4263e9594e916456]::prover::witness::tests::test_batch_witness_public_inputs_accumulator
[INFO] [stdout]                                at /opt/rustwide/workdir/src/prover/witness.rs:926:9
[INFO] [stdout]   22:     0x607b381a7ad7 - ves_stark_batch[4263e9594e916456]::prover::witness::tests::test_batch_witness_public_inputs_accumulator::{closure#0}
[INFO] [stdout]                                at /opt/rustwide/workdir/src/prover/witness.rs:896:54
[INFO] [stdout]   23:     0x607b381937a6 - <ves_stark_batch[4263e9594e916456]::prover::witness::tests::test_batch_witness_public_inputs_accumulator::{closure#0} as core[a373ad73a504971]::ops::function::FnOnce<()>>::call_once
[INFO] [stdout]                                at /rustc/e3feeb59cd1bdd011a2bfcc0747b55125d9b8527/library/core/src/ops/function.rs:250:5
[INFO] [stdout]   24:     0x607b3822ea3b - <fn() -> core[a373ad73a504971]::result::Result<(), alloc[2e1b2a31b91974c5]::string::String> as core[a373ad73a504971]::ops::function::FnOnce<()>>::call_once
[INFO] [stdout]                                at /rustc/e3feeb59cd1bdd011a2bfcc0747b55125d9b8527/library/core/src/ops/function.rs:250:5
[INFO] [stdout]   25:     0x607b3822ea3b - test[aada8e7e76ba119b]::__rust_begin_short_backtrace::<core[a373ad73a504971]::result::Result<(), alloc[2e1b2a31b91974c5]::string::String>, fn() -> core[a373ad73a504971]::result::Result<(), alloc[2e1b2a31b91974c5]::string::String>>
[INFO] [stdout]                                at /rustc/e3feeb59cd1bdd011a2bfcc0747b55125d9b8527/library/test/src/lib.rs:701:18
[INFO] [stdout]   26:     0x607b3823bc15 - test[aada8e7e76ba119b]::run_test_in_process::{closure#0}
[INFO] [stdout]                                at /rustc/e3feeb59cd1bdd011a2bfcc0747b55125d9b8527/library/test/src/lib.rs:724:74
[INFO] [stdout]   27:     0x607b3823bc15 - <core[a373ad73a504971]::panic::unwind_safe::AssertUnwindSafe<test[aada8e7e76ba119b]::run_test_in_process::{closure#0}> as core[a373ad73a504971]::ops::function::FnOnce<()>>::call_once
[INFO] [stdout]                                at /rustc/e3feeb59cd1bdd011a2bfcc0747b55125d9b8527/library/core/src/panic/unwind_safe.rs:275:9
[INFO] [stdout]   28:     0x607b3823bc15 - std[617be2ca0a6fd877]::panicking::catch_unwind::do_call::<core[a373ad73a504971]::panic::unwind_safe::AssertUnwindSafe<test[aada8e7e76ba119b]::run_test_in_process::{closure#0}>, core[a373ad73a504971]::result::Result<(), alloc[2e1b2a31b91974c5]::string::String>>
[INFO] [stdout]                                at /rustc/e3feeb59cd1bdd011a2bfcc0747b55125d9b8527/library/std/src/panicking.rs:573:43
[INFO] [stdout]   29:     0x607b3823bc15 - std[617be2ca0a6fd877]::panicking::catch_unwind::<core[a373ad73a504971]::result::Result<(), alloc[2e1b2a31b91974c5]::string::String>, core[a373ad73a504971]::panic::unwind_safe::AssertUnwindSafe<test[aada8e7e76ba119b]::run_test_in_process::{closure#0}>>
[INFO] [stdout]                                at /rustc/e3feeb59cd1bdd011a2bfcc0747b55125d9b8527/library/std/src/panicking.rs:541:19
[INFO] [stdout]   30:     0x607b3823bc15 - std[617be2ca0a6fd877]::panic::catch_unwind::<core[a373ad73a504971]::panic::unwind_safe::AssertUnwindSafe<test[aada8e7e76ba119b]::run_test_in_process::{closure#0}>, core[a373ad73a504971]::result::Result<(), alloc[2e1b2a31b91974c5]::string::String>>
[INFO] [stdout]                                at /rustc/e3feeb59cd1bdd011a2bfcc0747b55125d9b8527/library/std/src/panic.rs:359:14
[INFO] [stdout]   31:     0x607b3823bc15 - test[aada8e7e76ba119b]::run_test_in_process
[INFO] [stdout]                                at /rustc/e3feeb59cd1bdd011a2bfcc0747b55125d9b8527/library/test/src/lib.rs:724:27
[INFO] [stdout]   32:     0x607b3823bc15 - test[aada8e7e76ba119b]::run_test::{closure#0}
[INFO] [stdout]                                at /rustc/e3feeb59cd1bdd011a2bfcc0747b55125d9b8527/library/test/src/lib.rs:645:43
[INFO] [stdout]   33:     0x607b38235504 - test[aada8e7e76ba119b]::run_test::{closure#1}
[INFO] [stdout]                                at /rustc/e3feeb59cd1bdd011a2bfcc0747b55125d9b8527/library/test/src/lib.rs:675:41
[INFO] [stdout]   34:     0x607b38235504 - std[617be2ca0a6fd877]::sys::backtrace::__rust_begin_short_backtrace::<test[aada8e7e76ba119b]::run_test::{closure#1}, ()>
[INFO] [stdout]                                at /rustc/e3feeb59cd1bdd011a2bfcc0747b55125d9b8527/library/std/src/sys/backtrace.rs:166:18
[INFO] [stdout]   35:     0x607b3823eca2 - std[617be2ca0a6fd877]::thread::lifecycle::spawn_unchecked::<test[aada8e7e76ba119b]::run_test::{closure#1}, ()>::{closure#1}::{closure#0}
[INFO] [stdout]                                at /rustc/e3feeb59cd1bdd011a2bfcc0747b55125d9b8527/library/std/src/thread/lifecycle.rs:70:13
[INFO] [stdout]   36:     0x607b3823eca2 - <core[a373ad73a504971]::panic::unwind_safe::AssertUnwindSafe<std[617be2ca0a6fd877]::thread::lifecycle::spawn_unchecked<test[aada8e7e76ba119b]::run_test::{closure#1}, ()>::{closure#1}::{closure#0}> as core[a373ad73a504971]::ops::function::FnOnce<()>>::call_once
[INFO] [stdout]                                at /rustc/e3feeb59cd1bdd011a2bfcc0747b55125d9b8527/library/core/src/panic/unwind_safe.rs:275:9
[INFO] [stdout]   37:     0x607b3823eca2 - std[617be2ca0a6fd877]::panicking::catch_unwind::do_call::<core[a373ad73a504971]::panic::unwind_safe::AssertUnwindSafe<std[617be2ca0a6fd877]::thread::lifecycle::spawn_unchecked<test[aada8e7e76ba119b]::run_test::{closure#1}, ()>::{closure#1}::{closure#0}>, ()>
[INFO] [stdout]                                at /rustc/e3feeb59cd1bdd011a2bfcc0747b55125d9b8527/library/std/src/panicking.rs:573:43
[INFO] [stdout]   38:     0x607b3823eca2 - std[617be2ca0a6fd877]::panicking::catch_unwind::<(), core[a373ad73a504971]::panic::unwind_safe::AssertUnwindSafe<std[617be2ca0a6fd877]::thread::lifecycle::spawn_unchecked<test[aada8e7e76ba119b]::run_test::{closure#1}, ()>::{closure#1}::{closure#0}>>
[INFO] [stdout]                                at /rustc/e3feeb59cd1bdd011a2bfcc0747b55125d9b8527/library/std/src/panicking.rs:541:19
[INFO] [stdout]   39:     0x607b3823eca2 - std[617be2ca0a6fd877]::panic::catch_unwind::<core[a373ad73a504971]::panic::unwind_safe::AssertUnwindSafe<std[617be2ca0a6fd877]::thread::lifecycle::spawn_unchecked<test[aada8e7e76ba119b]::run_test::{closure#1}, ()>::{closure#1}::{closure#0}>, ()>
[INFO] [stdout]                                at /rustc/e3feeb59cd1bdd011a2bfcc0747b55125d9b8527/library/std/src/panic.rs:359:14
[INFO] [stdout]   40:     0x607b3823eca2 - std[617be2ca0a6fd877]::thread::lifecycle::spawn_unchecked::<test[aada8e7e76ba119b]::run_test::{closure#1}, ()>::{closure#1}
[INFO] [stdout]                                at /rustc/e3feeb59cd1bdd011a2bfcc0747b55125d9b8527/library/std/src/thread/lifecycle.rs:68:26
[INFO] [stdout]   41:     0x607b3823eca2 - <std[617be2ca0a6fd877]::thread::lifecycle::spawn_unchecked<test[aada8e7e76ba119b]::run_test::{closure#1}, ()>::{closure#1} as core[a373ad73a504971]::ops::function::FnOnce<()>>::call_once::{shim:vtable#0}
[INFO] [stdout]                                at /rustc/e3feeb59cd1bdd011a2bfcc0747b55125d9b8527/library/core/src/ops/function.rs:250:5
[INFO] [stdout]   42:     0x607b383964ef - <alloc[2e1b2a31b91974c5]::boxed::Box<dyn core[a373ad73a504971]::ops::function::FnOnce<(), Output = ()> + core[a373ad73a504971]::marker::Send> as core[a373ad73a504971]::ops::function::FnOnce<()>>::call_once
[INFO] [stdout]                                at /rustc/e3feeb59cd1bdd011a2bfcc0747b55125d9b8527/library/alloc/src/boxed.rs:2314:9
[INFO] [stdout]   43:     0x607b383964ef - <std[617be2ca0a6fd877]::sys::thread::unix::Thread>::new::thread_start
[INFO] [stdout]                                at /rustc/e3feeb59cd1bdd011a2bfcc0747b55125d9b8527/library/std/src/sys/thread/unix.rs:127:17
[INFO] [stdout]   44:     0x7eaa7df06dfa - <unknown>
[INFO] [stdout]   45:     0x7eaa7df9a3d4 - clone
[INFO] [stdout]   46:                0x0 - <unknown>
[INFO] [stdout] 
[INFO] [stdout] 
[INFO] [stdout] failures:
[INFO] [stdout]     prover::witness::tests::test_batch_witness_public_inputs_accumulator
[INFO] [stdout] 
[INFO] [stdout] test result: FAILED. 103 passed; 1 failed; 0 ignored; 0 measured; 0 filtered out; finished in 21.00s
[INFO] [stdout] 
[INFO] [stderr] error: test failed, to rerun pass `--lib`
[INFO] running `Command { std: "docker" "inspect" "b537384c2f2e3e4404a530a7ded26faab4d3a6de905a4eb6adde988013a0deb7", kill_on_drop: false }`
[INFO] running `Command { std: "docker" "rm" "-f" "b537384c2f2e3e4404a530a7ded26faab4d3a6de905a4eb6adde988013a0deb7", kill_on_drop: false }`
[INFO] [stdout] b537384c2f2e3e4404a530a7ded26faab4d3a6de905a4eb6adde988013a0deb7
