[INFO] fetching crate vector3_g 0.1.0...
[INFO] testing vector3_g-0.1.0 against 1.100.0-beta.1 for beta-1.100-2
[INFO] extracting crate vector3_g 0.1.0 into /workspace/builds/worker-3-tc2/source
[INFO] started tweaking crates.io crate vector3_g 0.1.0
[INFO] finished tweaking crates.io crate vector3_g 0.1.0
[INFO] tweaked toml for crates.io crate vector3_g 0.1.0 written to /workspace/builds/worker-3-tc2/source/Cargo.toml
[INFO] validating manifest of crates.io crate vector3_g 0.1.0 on toolchain 1.100.0-beta.1
[INFO] running `Command { std: CARGO_HOME="/workspace/cargo-home" RUSTUP_HOME="/workspace/rustup-home" "/workspace/cargo-home/bin/cargo" "+1.100.0-beta.1" "metadata" "--manifest-path" "Cargo.toml" "--no-deps", kill_on_drop: false }`
[INFO] crate crates.io crate vector3_g 0.1.0 already has a lockfile, it will not be regenerated
[INFO] running `Command { std: CARGO_HOME="/workspace/cargo-home" RUSTUP_HOME="/workspace/rustup-home" "/workspace/cargo-home/bin/cargo" "+1.100.0-beta.1" "fetch" "--manifest-path" "Cargo.toml", kill_on_drop: false }`
[INFO] running `Command { std: "docker" "create" "-v" "/var/lib/crater-agent-workspace/builds/worker-3-tc2/source:/opt/rustwide/workdir:ro,Z" "-v" "/var/lib/crater-agent-workspace/builds/worker-3-tc2/target:/opt/rustwide/target:rw,Z" "-v" "/var/lib/crater-agent-workspace/cargo-home:/opt/rustwide/cargo-home:ro,Z" "-v" "/var/lib/crater-agent-workspace/rustup-home:/opt/rustwide/rustup-home:ro,Z" "-m" "1610612736" "--network" "none" "ghcr.io/rust-lang/crates-build-env/linux@sha256:3111399a4047eeb3a02b7a90e478d715f38a8c6669b5c4b49d30a17385265909" "sleep" "infinity", kill_on_drop: false }`
[INFO] [stdout] f3ffe426c0b4d83a937a8088b0fb47f88ce5fa40e2be77d82362b9fd43e07aee
[INFO] running `Command { std: "docker" "start" "f3ffe426c0b4d83a937a8088b0fb47f88ce5fa40e2be77d82362b9fd43e07aee", kill_on_drop: false }`
[INFO] running `Command { std: "docker" "inspect" "f3ffe426c0b4d83a937a8088b0fb47f88ce5fa40e2be77d82362b9fd43e07aee", kill_on_drop: false }`
[INFO] running `Command { std: "docker" "exec" "-e" "SOURCE_DIR=/opt/rustwide/workdir" "-e" "CARGO_HOME=/opt/rustwide/cargo-home" "-e" "RUSTUP_HOME=/opt/rustwide/rustup-home" "-e" "CARGO_TARGET_DIR=/opt/rustwide/target" "-w" "/opt/rustwide/workdir" "--user" "0:0" "f3ffe426c0b4d83a937a8088b0fb47f88ce5fa40e2be77d82362b9fd43e07aee" "/opt/rustwide/cargo-home/bin/cargo" "+1.100.0-beta.1" "metadata" "--no-deps" "--format-version=1", kill_on_drop: false }`
[INFO] running `Command { std: "docker" "inspect" "f3ffe426c0b4d83a937a8088b0fb47f88ce5fa40e2be77d82362b9fd43e07aee", kill_on_drop: false }`
[INFO] running `Command { std: "docker" "exec" "-e" "SOURCE_DIR=/opt/rustwide/workdir" "-e" "CARGO_HOME=/opt/rustwide/cargo-home" "-e" "RUSTUP_HOME=/opt/rustwide/rustup-home" "-e" "CARGO_TARGET_DIR=/opt/rustwide/target" "-e" "CARGO_INCREMENTAL=0" "-e" "RUST_BACKTRACE=full" "-e" "RUSTFLAGS=--cap-lints=warn" "-e" "RUSTDOCFLAGS=--cap-lints=warn" "-w" "/opt/rustwide/workdir" "--user" "0:0" "f3ffe426c0b4d83a937a8088b0fb47f88ce5fa40e2be77d82362b9fd43e07aee" "/opt/rustwide/cargo-home/bin/cargo" "+1.100.0-beta.1" "build" "--frozen" "--message-format=json", kill_on_drop: false }`
[INFO] [stderr]    Compiling vector3_g v0.1.0 (/opt/rustwide/workdir)
[INFO] [stderr]     Finished `dev` profile [unoptimized + debuginfo] target(s) in 0.21s
[INFO] running `Command { std: "docker" "inspect" "f3ffe426c0b4d83a937a8088b0fb47f88ce5fa40e2be77d82362b9fd43e07aee", kill_on_drop: false }`
[INFO] running `Command { std: "docker" "exec" "-e" "SOURCE_DIR=/opt/rustwide/workdir" "-e" "CARGO_HOME=/opt/rustwide/cargo-home" "-e" "RUSTUP_HOME=/opt/rustwide/rustup-home" "-e" "CARGO_TARGET_DIR=/opt/rustwide/target" "-e" "CARGO_INCREMENTAL=0" "-e" "RUST_BACKTRACE=full" "-e" "RUSTFLAGS=--cap-lints=warn" "-e" "RUSTDOCFLAGS=--cap-lints=warn" "-w" "/opt/rustwide/workdir" "--user" "0:0" "f3ffe426c0b4d83a937a8088b0fb47f88ce5fa40e2be77d82362b9fd43e07aee" "/opt/rustwide/cargo-home/bin/cargo" "+1.100.0-beta.1" "test" "--frozen" "--no-run" "--message-format=json", kill_on_drop: false }`
[INFO] [stderr]    Compiling vector3_g v0.1.0 (/opt/rustwide/workdir)
[INFO] [stderr]     Finished `test` profile [unoptimized + debuginfo] target(s) in 0.40s
[INFO] running `Command { std: "docker" "inspect" "f3ffe426c0b4d83a937a8088b0fb47f88ce5fa40e2be77d82362b9fd43e07aee", kill_on_drop: false }`
[INFO] running `Command { std: "docker" "exec" "-e" "SOURCE_DIR=/opt/rustwide/workdir" "-e" "CARGO_HOME=/opt/rustwide/cargo-home" "-e" "RUSTUP_HOME=/opt/rustwide/rustup-home" "-e" "CARGO_TARGET_DIR=/opt/rustwide/target" "-e" "CARGO_INCREMENTAL=0" "-e" "RUST_BACKTRACE=full" "-e" "RUSTFLAGS=--cap-lints=warn" "-e" "RUSTDOCFLAGS=--cap-lints=warn" "-w" "/opt/rustwide/workdir" "--user" "0:0" "f3ffe426c0b4d83a937a8088b0fb47f88ce5fa40e2be77d82362b9fd43e07aee" "/opt/rustwide/cargo-home/bin/cargo" "+1.100.0-beta.1" "test" "--frozen", kill_on_drop: false }`
[INFO] [stderr]     Finished `test` profile [unoptimized + debuginfo] target(s) in 0.03s
[INFO] [stderr]      Running unittests src/lib.rs (/opt/rustwide/target/debug/build/vector3_g/2029bef22f6960bc/out/vector3_g-2029bef22f6960bc)
[INFO] [stdout] 
[INFO] [stdout] running 9 tests
[INFO] [stdout] test tests::test_magnitude ... ok
[INFO] [stdout] test tests::test_dot_product ... ok
[INFO] [stdout] test tests::test_div_scalar ... ok
[INFO] [stdout] test tests::test_mul_scalar ... ok
[INFO] [stdout] test tests::test_normalize ... ok
[INFO] [stdout] test tests::test_normalize_zero ... ok
[INFO] [stdout] test tests::test_new ... ok
[INFO] [stdout] test tests::test_add ... ok
[INFO] [stdout] test tests::test_sub ... ok
[INFO] [stdout] 
[INFO] [stdout] test result: ok. 9 passed; 0 failed; 0 ignored; 0 measured; 0 filtered out; finished in 0.00s
[INFO] [stdout] 
[INFO] [stderr]    Doc-tests vector3_g
[INFO] [stdout] 
[INFO] [stdout] running 8 tests
[INFO] [stdout] test src/lib.rs - Vector3<T> (line 58) ... FAILED
[INFO] [stdout] test src/lib.rs - Vector3<T> (line 108) ... FAILED
[INFO] [stdout] test src/lib.rs - Vector3<T> (line 92) ... FAILED
[INFO] [stdout] test src/lib.rs - Vector3<T>::new (line 42) ... FAILED
[INFO] [stdout] test src/lib.rs - Vector3<f64>::normalize (line 154) ... FAILED
[INFO] [stdout] test src/lib.rs - Vector3<T> (line 75) ... FAILED
[INFO] [stdout] test src/lib.rs - Vector3<f64>::dot (line 125) ... FAILED
[INFO] [stdout] test src/lib.rs - Vector3<f64>::magnitude (line 139) ... FAILED
[INFO] [stdout] 
[INFO] [stdout] failures:
[INFO] [stdout] 
[INFO] [stdout] ---- src/lib.rs - Vector3<T> (line 58) stdout ----
[INFO] [stdout] error[E0432]: unresolved import `vector3`
[INFO] [stdout]   --> src/lib.rs:59:5
[INFO] [stdout]    |
[INFO] [stdout] 59 | use vector3::Vector3;
[INFO] [stdout]    |     ^^^^^^^ use of unresolved module or unlinked crate `vector3`
[INFO] [stdout]    |
[INFO] [stdout] help: there is a crate or module with a similar name
[INFO] [stdout]    |
[INFO] [stdout] 59 | use vector3_g::Vector3;
[INFO] [stdout]    |            ++
[INFO] [stdout] 
[INFO] [stdout] error: aborting due to 1 previous error
[INFO] [stdout] 
[INFO] [stdout] For more information about this error, try `rustc --explain E0432`.
[INFO] [stdout] Couldn't compile the test.
[INFO] [stdout] ---- src/lib.rs - Vector3<T> (line 108) stdout ----
[INFO] [stdout] error[E0432]: unresolved import `vector3`
[INFO] [stdout]    --> src/lib.rs:109:5
[INFO] [stdout]     |
[INFO] [stdout] 109 | use vector3::Vector3;
[INFO] [stdout]     |     ^^^^^^^ use of unresolved module or unlinked crate `vector3`
[INFO] [stdout]     |
[INFO] [stdout] help: there is a crate or module with a similar name
[INFO] [stdout]     |
[INFO] [stdout] 109 | use vector3_g::Vector3;
[INFO] [stdout]     |            ++
[INFO] [stdout] 
[INFO] [stdout] error: aborting due to 1 previous error
[INFO] [stdout] 
[INFO] [stdout] For more information about this error, try `rustc --explain E0432`.
[INFO] [stdout] Couldn't compile the test.
[INFO] [stdout] ---- src/lib.rs - Vector3<T> (line 92) stdout ----
[INFO] [stdout] error[E0432]: unresolved import `vector3`
[INFO] [stdout]   --> src/lib.rs:93:5
[INFO] [stdout]    |
[INFO] [stdout] 93 | use vector3::Vector3;
[INFO] [stdout]    |     ^^^^^^^ use of unresolved module or unlinked crate `vector3`
[INFO] [stdout]    |
[INFO] [stdout] help: there is a crate or module with a similar name
[INFO] [stdout]    |
[INFO] [stdout] 93 | use vector3_g::Vector3;
[INFO] [stdout]    |            ++
[INFO] [stdout] 
[INFO] [stdout] error: aborting due to 1 previous error
[INFO] [stdout] 
[INFO] [stdout] For more information about this error, try `rustc --explain E0432`.
[INFO] [stdout] Couldn't compile the test.
[INFO] [stdout] ---- src/lib.rs - Vector3<T>::new (line 42) stdout ----
[INFO] [stdout] error[E0432]: unresolved import `vector3`
[INFO] [stdout]   --> src/lib.rs:43:5
[INFO] [stdout]    |
[INFO] [stdout] 43 | use vector3::Vector3;
[INFO] [stdout]    |     ^^^^^^^ use of unresolved module or unlinked crate `vector3`
[INFO] [stdout]    |
[INFO] [stdout] help: there is a crate or module with a similar name
[INFO] [stdout]    |
[INFO] [stdout] 43 | use vector3_g::Vector3;
[INFO] [stdout]    |            ++
[INFO] [stdout] 
[INFO] [stdout] error: aborting due to 1 previous error
[INFO] [stdout] 
[INFO] [stdout] For more information about this error, try `rustc --explain E0432`.
[INFO] [stdout] Couldn't compile the test.
[INFO] [stdout] ---- src/lib.rs - Vector3<f64>::normalize (line 154) stdout ----
[INFO] [stdout] error[E0432]: unresolved import `vector3`
[INFO] [stdout]    --> src/lib.rs:155:5
[INFO] [stdout]     |
[INFO] [stdout] 155 | use vector3::Vector3;
[INFO] [stdout]     |     ^^^^^^^ use of unresolved module or unlinked crate `vector3`
[INFO] [stdout]     |
[INFO] [stdout] help: there is a crate or module with a similar name
[INFO] [stdout]     |
[INFO] [stdout] 155 | use vector3_g::Vector3;
[INFO] [stdout]     |            ++
[INFO] [stdout] 
[INFO] [stdout] error: aborting due to 1 previous error
[INFO] [stdout] 
[INFO] [stdout] For more information about this error, try `rustc --explain E0432`.
[INFO] [stdout] Couldn't compile the test.
[INFO] [stdout] ---- src/lib.rs - Vector3<T> (line 75) stdout ----
[INFO] [stdout] error[E0432]: unresolved import `vector3`
[INFO] [stdout]   --> src/lib.rs:76:5
[INFO] [stdout]    |
[INFO] [stdout] 76 | use vector3::Vector3;
[INFO] [stdout]    |     ^^^^^^^ use of unresolved module or unlinked crate `vector3`
[INFO] [stdout]    |
[INFO] [stdout] help: there is a crate or module with a similar name
[INFO] [stdout]    |
[INFO] [stdout] 76 | use vector3_g::Vector3;
[INFO] [stdout]    |            ++
[INFO] [stdout] 
[INFO] [stdout] error: aborting due to 1 previous error
[INFO] [stdout] 
[INFO] [stdout] For more information about this error, try `rustc --explain E0432`.
[INFO] [stdout] Couldn't compile the test.
[INFO] [stdout] ---- src/lib.rs - Vector3<f64>::dot (line 125) stdout ----
[INFO] [stdout] error[E0432]: unresolved import `vector3`
[INFO] [stdout]    --> src/lib.rs:126:5
[INFO] [stdout]     |
[INFO] [stdout] 126 | use vector3::Vector3;
[INFO] [stdout]     |     ^^^^^^^ use of unresolved module or unlinked crate `vector3`
[INFO] [stdout]     |
[INFO] [stdout] help: there is a crate or module with a similar name
[INFO] [stdout]     |
[INFO] [stdout] 126 | use vector3_g::Vector3;
[INFO] [stdout]     |            ++
[INFO] [stdout] 
[INFO] [stdout] error: aborting due to 1 previous error
[INFO] [stdout] 
[INFO] [stdout] For more information about this error, try `rustc --explain E0432`.
[INFO] [stdout] Couldn't compile the test.
[INFO] [stdout] ---- src/lib.rs - Vector3<f64>::magnitude (line 139) stdout ----
[INFO] [stdout] error[E0432]: unresolved import `vector3`
[INFO] [stdout]    --> src/lib.rs:140:5
[INFO] [stdout]     |
[INFO] [stdout] 140 | use vector3::Vector3;
[INFO] [stdout]     |     ^^^^^^^ use of unresolved module or unlinked crate `vector3`
[INFO] [stdout]     |
[INFO] [stdout] help: there is a crate or module with a similar name
[INFO] [stdout]     |
[INFO] [stdout] 140 | use vector3_g::Vector3;
[INFO] [stdout]     |            ++
[INFO] [stdout] 
[INFO] [stdout] error: aborting due to 1 previous error
[INFO] [stdout] 
[INFO] [stdout] For more information about this error, try `rustc --explain E0432`.
[INFO] [stdout] Couldn't compile the test.
[INFO] [stdout] 
[INFO] [stdout] failures:
[INFO] [stdout]     src/lib.rs - Vector3<T> (line 108)
[INFO] [stdout]     src/lib.rs - Vector3<T> (line 58)
[INFO] [stdout]     src/lib.rs - Vector3<T> (line 75)
[INFO] [stdout]     src/lib.rs - Vector3<T> (line 92)
[INFO] [stdout]     src/lib.rs - Vector3<T>::new (line 42)
[INFO] [stdout]     src/lib.rs - Vector3<f64>::dot (line 125)
[INFO] [stdout]     src/lib.rs - Vector3<f64>::magnitude (line 139)
[INFO] [stdout]     src/lib.rs - Vector3<f64>::normalize (line 154)
[INFO] [stdout] 
[INFO] [stdout] test result: FAILED. 0 passed; 8 failed; 0 ignored; 0 measured; 0 filtered out; finished in 0.36s
[INFO] [stdout] 
[INFO] [stdout] all doctests ran in 0.42s; merged doctests compilation took 0.07s
[INFO] [stderr] error: doctest failed, to rerun pass `--doc`
[INFO] running `Command { std: "docker" "inspect" "f3ffe426c0b4d83a937a8088b0fb47f88ce5fa40e2be77d82362b9fd43e07aee", kill_on_drop: false }`
[INFO] running `Command { std: "docker" "rm" "-f" "f3ffe426c0b4d83a937a8088b0fb47f88ce5fa40e2be77d82362b9fd43e07aee", kill_on_drop: false }`
[INFO] [stdout] f3ffe426c0b4d83a937a8088b0fb47f88ce5fa40e2be77d82362b9fd43e07aee
