[INFO] fetching crate vde-worktree 0.1.3...
[INFO] testing vde-worktree-0.1.3 against 1.99.0-beta.8 for beta-1.100-2
[INFO] extracting crate vde-worktree 0.1.3 into /workspace/builds/worker-5-tc1/source
[INFO] started tweaking crates.io crate vde-worktree 0.1.3
[INFO] removed 0 missing tests
[INFO] finished tweaking crates.io crate vde-worktree 0.1.3
[INFO] tweaked toml for crates.io crate vde-worktree 0.1.3 written to /workspace/builds/worker-5-tc1/source/Cargo.toml
[INFO] validating manifest of crates.io crate vde-worktree 0.1.3 on toolchain 1.99.0-beta.8
[INFO] running `Command { std: CARGO_HOME="/workspace/cargo-home" RUSTUP_HOME="/workspace/rustup-home" "/workspace/cargo-home/bin/cargo" "+1.99.0-beta.8" "metadata" "--manifest-path" "Cargo.toml" "--no-deps", kill_on_drop: false }`
[INFO] crate crates.io crate vde-worktree 0.1.3 already has a lockfile, it will not be regenerated
[INFO] running `Command { std: CARGO_HOME="/workspace/cargo-home" RUSTUP_HOME="/workspace/rustup-home" "/workspace/cargo-home/bin/cargo" "+1.99.0-beta.8" "fetch" "--manifest-path" "Cargo.toml", kill_on_drop: false }`
[INFO] [stderr]     Updating crates.io index
[INFO] [stderr]  Downloading crates ...
[INFO] [stderr]   Downloaded difflib v0.4.0
[INFO] [stderr]   Downloaded encoding_rs_io v0.1.7
[INFO] [stderr]   Downloaded time-macros v0.2.31
[INFO] [stderr]   Downloaded assert_cmd v2.2.2
[INFO] [stderr]   Downloaded granit-parser v1.0.0-rc.1
[INFO] [stderr]   Downloaded syn v3.0.0
[INFO] [stderr]   Downloaded serde-saphyr v1.0.0-rc.1
[INFO] running `Command { std: "docker" "create" "-v" "/var/lib/crater-agent-workspace/builds/worker-5-tc1/source:/opt/rustwide/workdir:ro,Z" "-v" "/var/lib/crater-agent-workspace/builds/worker-5-tc1/target:/opt/rustwide/target:rw,Z" "-v" "/var/lib/crater-agent-workspace/cargo-home:/opt/rustwide/cargo-home:ro,Z" "-v" "/var/lib/crater-agent-workspace/rustup-home:/opt/rustwide/rustup-home:ro,Z" "-m" "1610612736" "--network" "none" "ghcr.io/rust-lang/crates-build-env/linux@sha256:3111399a4047eeb3a02b7a90e478d715f38a8c6669b5c4b49d30a17385265909" "sleep" "infinity", kill_on_drop: false }`
[INFO] [stdout] 48ec8aaec9994188ef9818ec68ba2eb698c2d812b1df21280399b8220ea13226
[INFO] running `Command { std: "docker" "start" "48ec8aaec9994188ef9818ec68ba2eb698c2d812b1df21280399b8220ea13226", kill_on_drop: false }`
[INFO] running `Command { std: "docker" "inspect" "48ec8aaec9994188ef9818ec68ba2eb698c2d812b1df21280399b8220ea13226", kill_on_drop: false }`
[INFO] running `Command { std: "docker" "exec" "-e" "SOURCE_DIR=/opt/rustwide/workdir" "-e" "CARGO_HOME=/opt/rustwide/cargo-home" "-e" "RUSTUP_HOME=/opt/rustwide/rustup-home" "-e" "CARGO_TARGET_DIR=/opt/rustwide/target" "-w" "/opt/rustwide/workdir" "--user" "0:0" "48ec8aaec9994188ef9818ec68ba2eb698c2d812b1df21280399b8220ea13226" "/opt/rustwide/cargo-home/bin/cargo" "+1.99.0-beta.8" "metadata" "--no-deps" "--format-version=1", kill_on_drop: false }`
[INFO] running `Command { std: "docker" "inspect" "48ec8aaec9994188ef9818ec68ba2eb698c2d812b1df21280399b8220ea13226", kill_on_drop: false }`
[INFO] running `Command { std: "docker" "exec" "-e" "SOURCE_DIR=/opt/rustwide/workdir" "-e" "CARGO_HOME=/opt/rustwide/cargo-home" "-e" "RUSTUP_HOME=/opt/rustwide/rustup-home" "-e" "CARGO_TARGET_DIR=/opt/rustwide/target" "-e" "CARGO_INCREMENTAL=0" "-e" "RUST_BACKTRACE=full" "-e" "RUSTFLAGS=--cap-lints=warn" "-e" "RUSTDOCFLAGS=--cap-lints=warn" "-w" "/opt/rustwide/workdir" "--user" "0:0" "48ec8aaec9994188ef9818ec68ba2eb698c2d812b1df21280399b8220ea13226" "/opt/rustwide/cargo-home/bin/cargo" "+1.99.0-beta.8" "build" "--frozen" "--message-format=json", kill_on_drop: false }`
[INFO] [stderr]    Compiling rustix v1.1.4
[INFO] [stderr]    Compiling serde_core v1.0.229
[INFO] [stderr]    Compiling colorchoice v1.0.5
[INFO] [stderr]    Compiling hybrid-array v0.4.13
[INFO] [stderr]    Compiling num-traits v0.2.19
[INFO] [stderr]    Compiling cfg_aliases v0.2.2
[INFO] [stderr]    Compiling clap_lex v1.1.0
[INFO] [stderr]    Compiling encoding_rs v0.8.35
[INFO] [stderr]    Compiling thiserror v2.0.19
[INFO] [stderr]    Compiling smallvec v1.15.2
[INFO] [stderr]    Compiling syn v3.0.0
[INFO] [stderr]    Compiling syn v2.0.119
[INFO] [stderr]    Compiling arraydeque v0.5.1
[INFO] [stderr]    Compiling time-macros v0.2.31
[INFO] [stderr]    Compiling getrandom v0.4.3
[INFO] [stderr]    Compiling annotate-snippets v0.12.16
[INFO] [stderr]    Compiling nix v0.30.1
[INFO] [stderr]    Compiling anstream v1.0.0
[INFO] [stderr]    Compiling wait-timeout v0.2.1
[INFO] [stderr]    Compiling granit-parser v1.0.0-rc.1
[INFO] [stderr]    Compiling crypto-common v0.2.2
[INFO] [stderr]    Compiling block-buffer v0.12.1
[INFO] [stderr]    Compiling time v0.3.53
[INFO] [stderr]    Compiling encoding_rs_io v0.1.7
[INFO] [stderr]    Compiling digest v0.11.3
[INFO] [stderr]    Compiling sha2 v0.11.0
[INFO] [stderr]    Compiling serde_derive v1.0.229
[INFO] [stderr]    Compiling thiserror-impl v2.0.19
[INFO] [stderr]    Compiling clap_derive v4.6.1
[INFO] [stderr]    Compiling serde-saphyr v1.0.0-rc.1
[INFO] [stderr]    Compiling serde_json v1.0.150
[INFO] [stderr]    Compiling terminal_size v0.4.4
[INFO] [stderr]    Compiling tempfile v3.27.0
[INFO] [stderr]    Compiling clap_builder v4.6.2
[INFO] [stderr]    Compiling serde v1.0.229
[INFO] [stderr]    Compiling clap v4.6.2
[INFO] [stderr]    Compiling clap_complete v4.6.7
[INFO] [stderr]    Compiling vde-worktree v0.1.3 (/opt/rustwide/workdir)
[INFO] [stderr]     Finished `dev` profile [unoptimized + debuginfo] target(s) in 36.39s
[INFO] running `Command { std: "docker" "inspect" "48ec8aaec9994188ef9818ec68ba2eb698c2d812b1df21280399b8220ea13226", kill_on_drop: false }`
[INFO] running `Command { std: "docker" "exec" "-e" "SOURCE_DIR=/opt/rustwide/workdir" "-e" "CARGO_HOME=/opt/rustwide/cargo-home" "-e" "RUSTUP_HOME=/opt/rustwide/rustup-home" "-e" "CARGO_TARGET_DIR=/opt/rustwide/target" "-e" "CARGO_INCREMENTAL=0" "-e" "RUST_BACKTRACE=full" "-e" "RUSTFLAGS=--cap-lints=warn" "-e" "RUSTDOCFLAGS=--cap-lints=warn" "-w" "/opt/rustwide/workdir" "--user" "0:0" "48ec8aaec9994188ef9818ec68ba2eb698c2d812b1df21280399b8220ea13226" "/opt/rustwide/cargo-home/bin/cargo" "+1.99.0-beta.8" "test" "--frozen" "--no-run" "--message-format=json", kill_on_drop: false }`
[INFO] [stderr]    Compiling aho-corasick v1.1.4
[INFO] [stderr]    Compiling getrandom v0.3.4
[INFO] [stderr]    Compiling zerocopy v0.8.54
[INFO] [stderr]    Compiling predicates-core v1.0.10
[INFO] [stderr]    Compiling float-cmp v0.10.0
[INFO] [stderr]    Compiling normalize-line-endings v0.3.0
[INFO] [stderr]    Compiling termtree v0.5.1
[INFO] [stderr]    Compiling assert_cmd v2.2.2
[INFO] [stderr]    Compiling difflib v0.4.0
[INFO] [stderr]    Compiling rusty-fork v0.3.1
[INFO] [stderr]    Compiling rand_core v0.9.5
[INFO] [stderr]    Compiling predicates-tree v1.0.13
[INFO] [stderr]    Compiling rand_xorshift v0.4.0
[INFO] [stderr]    Compiling rand v0.9.5
[INFO] [stderr]    Compiling regex-automata v0.4.16
[INFO] [stderr]    Compiling regex v1.13.1
[INFO] [stderr]    Compiling bstr v1.13.0
[INFO] [stderr]    Compiling ppv-lite86 v0.2.21
[INFO] [stderr]    Compiling predicates v3.1.4
[INFO] [stderr]    Compiling rand_chacha v0.9.0
[INFO] [stderr]    Compiling proptest v1.11.0
[INFO] [stderr]    Compiling vde-worktree v0.1.3 (/opt/rustwide/workdir)
[INFO] [stderr]     Finished `test` profile [unoptimized + debuginfo] target(s) in 28.61s
[INFO] running `Command { std: "docker" "inspect" "48ec8aaec9994188ef9818ec68ba2eb698c2d812b1df21280399b8220ea13226", kill_on_drop: false }`
[INFO] running `Command { std: "docker" "exec" "-e" "SOURCE_DIR=/opt/rustwide/workdir" "-e" "CARGO_HOME=/opt/rustwide/cargo-home" "-e" "RUSTUP_HOME=/opt/rustwide/rustup-home" "-e" "CARGO_TARGET_DIR=/opt/rustwide/target" "-e" "CARGO_INCREMENTAL=0" "-e" "RUST_BACKTRACE=full" "-e" "RUSTFLAGS=--cap-lints=warn" "-e" "RUSTDOCFLAGS=--cap-lints=warn" "-w" "/opt/rustwide/workdir" "--user" "0:0" "48ec8aaec9994188ef9818ec68ba2eb698c2d812b1df21280399b8220ea13226" "/opt/rustwide/cargo-home/bin/cargo" "+1.99.0-beta.8" "test" "--frozen", kill_on_drop: false }`
[INFO] [stderr]     Finished `test` profile [unoptimized + debuginfo] target(s) in 0.19s
[INFO] [stderr]      Running unittests src/lib.rs (/opt/rustwide/target/debug/deps/vde_worktree-a7e0544d6c53b93c)
[INFO] [stdout] 
[INFO] [stdout] running 242 tests
[INFO] [stdout] test adapters::fzf::tests::stdout_may_be_piped_but_stderr_must_be_a_terminal ... ok
[INFO] [stdout] test adapters::fzf::tests::empty_candidates_fail_before_dependency_checks ... ok
[INFO] [stdout] test adapters::fzf::tests::auto_uses_native_tmux_only_when_capability_is_present ... ok
[INFO] [stdout] test adapters::fzf::tests::truncated_selection_is_rejected_even_if_its_prefix_matches_a_candidate ... ok
[INFO] [stdout] test adapters::fzf::tests::uses_shell_free_argv_inherited_stderr_and_captured_stdout ... ok
[INFO] [stdout] test adapters::fzf::tests::no_color_candidate_keeps_leading_alignment_spaces ... ok
[INFO] [stdout] test adapters::fzf::tests::explicit_popup_outside_tmux_is_typed_without_attempting_inline_or_capability_fallback ... ok
[INFO] [stdout] test adapters::gh_cli::tests::a_type_invalid_record_makes_the_whole_batch_unknown ... ok
[INFO] [stdout] test adapters::gh_cli::tests::batches_queries_and_merges_success_and_failure_as_unknown ... ok
[INFO] [stdout] test adapters::gh_cli::tests::truncated_response_is_unknown_even_if_its_prefix_is_valid_json ... ok
[INFO] [stdout] test adapters::gh_cli::tests::disabled_lookup_returns_unknown_without_starting_gh ... ok
[INFO] [stdout] test adapters::fzf::tests::reports_cancel_130_and_rejects_unknown_selection ... ok
[INFO] [stdout] test adapters::gh_cli::tests::unknown_states_preserve_authentication_timeout_and_failure_evidence ... ok
[INFO] [stdout] test adapters::gh_cli::tests::maps_all_pr_states_and_prefers_the_latest_record ... ok
[INFO] [stdout] test adapters::fzf::tests::auto_uses_inline_when_the_tmux_capability_check_fails ... ok
[INFO] [stdout] test adapters::gh_cli::tests::invalid_json_and_unavailable_process_are_unknown ... ok
[INFO] [stdout] test adapters::gh_cli::tests::missing_required_fields_or_invalid_timestamps_make_the_batch_unknown ... ok
[INFO] [stdout] test adapters::fzf::tests::explicit_popup_without_capability_is_typed_and_never_falls_back ... ok
[INFO] [stdout] test adapters::fzf::tests::popup_runtime_failure_is_returned_without_inline_retry ... ok
[INFO] [stdout] test adapters::gh_cli::tests::command_contract_uses_bounded_search_and_expected_process_policy ... ok
[INFO] [stdout] test adapters::git_cli::tests::truncated_success_is_an_error_before_any_git_output_parser_runs ... ok
[INFO] [stdout] test adapters::process::tests::direct_child_kill_bounds_reaping_when_group_is_already_absent ... ok
[INFO] [stdout] test app::completion::tests::absent_completion_created_after_validation_is_never_clobbered ... ok
[INFO] [stdout] test adapters::process::tests::child_closing_stdin_early_does_not_replace_its_successful_exit ... ok
[INFO] [stdout] test app::completion::tests::completion_initialization_cleanup_never_deletes_a_replacement_entry ... ok
[INFO] [stdout] test adapters::process::tests::supports_inherited_streams ... ok
[INFO] [stdout] test app::completion::tests::completion_created_after_verified_backup_preserves_all_values_for_recovery ... ok
[INFO] [stdout] test adapters::process::tests::reports_signal_termination_without_fabricating_an_exit_code ... ok
[INFO] [stdout] test app::completion::tests::default_paths_follow_shell_conventions ... ok
[INFO] [stdout] test adapters::process::tests::passes_argv_environment_cwd_and_stdin_without_shell_interpolation ... ok
[INFO] [stdout] test app::completion::tests::completion_parent_swap_rolls_back_through_held_fd_without_touching_replacement ... ok
[INFO] [stdout] test app::completion::tests::completion_transaction_name_swap_preserves_replacement_and_reports_resolved_path ... ok
[INFO] [stdout] test app::completion::tests::every_completion_initialization_failure_removes_the_hidden_transaction ... ok
[INFO] [stdout] test app::completion::tests::directory_sync_failure_restores_previous_completion_before_returning_error ... ok
[INFO] [stdout] test app::completion::tests::completion_swapped_before_backup_is_detected_without_clobber ... ok
[INFO] [stdout] test app::completion::tests::atomic_install_replaces_existing_content_and_leaves_no_temporary_file ... ok
[INFO] [stdout] test adapters::git_cli::tests::executes_arbitrary_git_arguments ... ok
[INFO] [stdout] test adapters::git_cli::tests::reports_not_git_repository_with_a_stable_code ... ok
[INFO] [stdout] test app::completion::tests::post_commit_cleanup_sync_failure_is_an_explicit_partial_error ... ok
[INFO] [stdout] test app::completion::tests::rollback_failure_keeps_previous_completion_in_a_recovery_transaction ... ok
[INFO] [stdout] test app::completion::tests::replacing_a_completion_symlink_never_mutates_its_outside_target ... ok
[INFO] [stdout] test app::dispatch::tests::explicit_hooks_flag_overrides_disabled_configuration ... ok
[INFO] [stdout] test app::dispatch::tests::fake_git_adapter_failure_reaches_dispatch_exit_and_json_details ... ok
[INFO] [stdout] test app::dispatch::tests::lock_timeout_is_rendered_before_hooks_or_command_execution ... ok
[INFO] [stdout] test adapters::process::tests::bounds_each_captured_stream_and_keeps_draining_until_the_child_finishes ... ok
[INFO] [stdout] test app::dispatch::tests::mutation_pipeline_fixes_target_context_before_hooks_and_runs_in_order ... ok
[INFO] [stdout] test app::dispatch::tests::partial_result_survives_a_strict_post_hook_failure ... ok
[INFO] [stdout] test app::dispatch::tests::pre_hook_error_remains_primary_when_stage_rollback_also_fails ... ok
[INFO] [stdout] test app::dispatch::tests::partial_json_result_preserves_non_strict_post_hook_warning_on_stderr ... ok
[INFO] [stdout] test app::completion::tests::dynamic_bindings_survive_argument_help_with_punctuation ... ok
[INFO] [stdout] test app::error_mapper::tests::maps_a_fake_adapter_failure_through_cli_error_to_json ... ok
[INFO] [stdout] test app::error_mapper::tests::maps_unsupported_repository_layout_to_safety_exit ... ok
[INFO] [stdout] test adapters::process::tests::kills_and_reaps_a_timed_out_child ... ok
[INFO] [stdout] test app::error_mapper::tests::snapshot_git_failure_preserves_argv_and_stderr ... ok
[INFO] [stdout] test app::misc_commands::tests::absent_destination_created_after_validation_is_never_clobbered ... ok
[INFO] [stdout] test app::dispatch::tests::resolved_config_controls_hooks_and_timeouts_with_cli_timeout_precedence ... ok
[INFO] [stdout] test app::misc_commands::tests::batch_staging_failure_keeps_every_destination_unchanged ... ok
[INFO] [stdout] test app::dispatch::tests::pre_hook_failure_stops_execution_and_strict_post_failure_changes_success_to_error ... ok
[INFO] [stdout] test app::misc_commands::tests::candidate_sanitization_preserves_single_tsv_record ... ok
[INFO] [stdout] test app::dispatch::tests::non_strict_post_hook_warning_reaches_human_and_json_stderr ... ok
[INFO] [stdout] test app::dispatch::tests::mutation_failures_never_run_a_later_pipeline_stage ... ok
[INFO] [stdout] test app::misc_commands::tests::copy_preserves_a_symlink_whose_target_stays_inside_the_repository ... ok
[INFO] [stdout] test app::misc_commands::tests::commit_failure_rolls_back_all_earlier_destinations ... ok
[INFO] [stdout] test app::misc_commands::tests::copy_replaces_files_and_copies_directories ... ok
[INFO] [stdout] test app::completion::tests::generated_scripts_wire_worktree_and_use_branch_candidate_kinds_separately ... ok
[INFO] [stdout] test app::misc_commands::tests::destination_parent_swap_after_validation_never_mutates_outside ... ok
[INFO] [stdout] test app::completion::tests::fish_keeps_multiline_enum_candidates_for_both_binary_names ... ok
[INFO] [stdout] test app::misc_commands::tests::destination_created_after_verified_backup_preserves_all_values_for_recovery ... ok
[INFO] [stdout] test app::misc_commands::tests::exec_nonzero_is_a_partial_child_process_failure ... ok
[INFO] [stdout] test app::misc_commands::tests::existing_destination_swapped_before_backup_is_detected_and_restored_without_clobber ... ok
[INFO] [stdout] test app::misc_commands::tests::placement_initialization_cleanup_never_deletes_a_replacement_entry ... ok
[INFO] [stdout] test app::misc_commands::tests::rejects_absolute_and_traversing_paths ... ok
[INFO] [stdout] test app::misc_commands::tests::failed_staging_and_failed_install_preserve_existing_destination ... ok
[INFO] [stdout] test app::dispatch::tests::system_backend_classifies_a_real_non_strict_post_hook_failure_as_warning ... ok
[INFO] [stdout] test app::misc_commands::tests::regular_source_swapped_only_across_open_never_stages_raced_content ... ok
[INFO] [stdout] test app::misc_commands::tests::exec_rejects_non_utf8_target_before_starting_the_child ... ok
[INFO] [stdout] test app::misc_commands::tests::source_and_destination_symlink_escapes_are_rejected ... ok
[INFO] [stdout] test app::misc_commands::tests::source_equal_to_destination_is_rejected_without_mutation ... ok
[INFO] [stdout] test app::misc_commands::tests::source_swap_after_validation_never_commits_outside_content ... ok
[INFO] [stdout] test app::misc_commands::tests::every_placement_initialization_failure_removes_the_hidden_transaction ... ok
[INFO] [stdout] test app::misc_commands::tests::source_symlink_swap_after_validation_never_stages_the_raced_raw_target ... ok
[INFO] [stdout] test app::misc_commands::tests::transaction_name_swap_preserves_replacement_and_reports_identity_resolved_path ... ok
[INFO] [stdout] test app::misc_commands::tests::target_root_swap_never_stages_or_cleans_up_through_the_replacement_path ... ok
[INFO] [stdout] test app::misc_commands::tests::rollback_failure_keeps_transaction_backup_and_staged_value_for_recovery ... ok
[INFO] [stdout] test app::misc_commands::tests::link_is_relative_and_points_at_the_validated_source ... ok
[INFO] [stdout] test app::misc_commands::tests::exec_uses_shell_free_argv_and_captures_json_streams ... ok
[INFO] [stdout] test app::mutations_change::tests::extract_stash_apply_failure_is_typed_and_preserves_stash_for_recovery ... ok
[INFO] [stdout] test app::misc_commands::tests::shared_missing_destination_parent_is_created_once_for_the_batch ... ok
[INFO] [stdout] test app::mutations_change::tests::mv_rejects_primary_and_handles_same_name_without_git_or_hooks ... ok
[INFO] [stdout] test adapters::git_cli::tests::resolves_primary_and_linked_worktree_context ... ok
[INFO] [stdout] test app::completion::tests::generated_scripts_are_node_free_and_include_both_binary_names ... ok
[INFO] [stdout] test adapters::git_cli::tests::rejects_a_separate_git_directory_without_core_worktree ... ok
[INFO] [stdout] test app::error_mapper::tests::preserves_public_exit_contract_for_representative_state_errors ... ok
[INFO] [stdout] test app::mutations_change::tests::extract_target_rejects_mismatched_absolute_and_symlink_escape ... ok
[INFO] [stdout] test adapters::git_cli::tests::resolves_the_same_repo_root_with_a_separate_git_directory ... ok
[INFO] [stdout] test app::mutations_change::tests::lock_requires_target_and_force_unlock_removes_only_typed_invalid_path ... ok
[INFO] [stdout] test app::mutations_create::tests::adopt_defaults_to_dry_run_and_apply_reports_target_created_after_preflight ... ok
[INFO] [stdout] test app::mutations_create::tests::init_uses_common_git_directory_and_is_idempotent ... ok
[INFO] [stdout] test app::dispatch::tests::all_thirteen_non_init_write_commands_reject_uninitialized_repositories_first ... ok
[INFO] [stdout] test app::mutations_create::tests::remote_branch_parser_splits_only_the_remote_prefix ... ok
[INFO] [stdout] test app::mutations_change::tests::use_enforces_non_tty_dirty_and_shared_guards_before_apply ... ok
[INFO] [stdout] test app::mutations_create::tests::failed_add_never_deletes_a_raw_git_branch_that_won_the_race ... ok
[INFO] [stdout] test app::mutations_change::tests::mv_preflight_rejects_detached_branch_ref_and_path_collisions ... ok
[INFO] [stdout] test app::mutations_change::tests::mv_target_rejects_traversal_and_symlink_escape ... ok
[INFO] [stdout] test app::mutations_delete::tests::del_faults_report_exact_completed_phase ... ok
[INFO] [stdout] test app::mutations_delete::tests::del_rejects_ambiguous_branch_and_gone_excludes_shared_branch ... ok
[INFO] [stdout] test app::mutations_delete::tests::del_rejects_each_safety_guard_and_unknown_states ... ok
[INFO] [stdout] test app::mutations_delete::tests::del_rejects_primary_detached_unmanaged_and_non_tty_force ... ok
[INFO] [stdout] test app::mutations_delete::tests::each_delete_force_option_bypasses_only_its_matching_guard ... ok
[INFO] [stdout] test app::mutations_change::tests::extract_stage_restores_changes_when_stash_oid_resolution_fails ... ok
[INFO] [stdout] test app::mutations_delete::tests::force_locked_uses_git_double_force_without_bypassing_dirty_preflight ... ok
[INFO] [stdout] test app::mutations_delete::tests::gone_collects_git_failure_and_continues ... ok
[INFO] [stdout] test app::mutations_delete::tests::gone_exposes_git_to_state_boundary_and_reports_state_failure_phase ... ok
[INFO] [stdout] test app::mutations_change::tests::extract_moves_primary_branch_and_applies_stash_by_oid ... ok
[INFO] [stdout] test app::mutations_delete::tests::gone_revalidates_each_candidate_and_continues_after_failure ... ok
[INFO] [stdout] test app::mutations_create::tests::new_preflight_rejects_attached_existing_and_non_empty_target_without_mutation ... ok
[INFO] [stdout] test app::mutations_delete::tests::gone_is_stably_sorted_excludes_unsafe_and_dry_run_has_no_hooks ... ok
[INFO] [stdout] test app::mutations_delete::tests::invalid_lifecycle_is_rejected_before_git_even_with_force ... ok
[INFO] [stdout] test app::mutations_delete::tests::gone_revalidation_rejects_branch_that_becomes_ambiguous ... ok
[INFO] [stdout] test app::mutations_delete::tests::gone_failure_schema_covers_every_git_and_state_phase ... ok
[INFO] [stdout] test app::mutations_delete::tests::metadata_change_during_hook_window_is_a_lock_conflict ... ok
[INFO] [stdout] test app::read_commands::tests::control_characters_are_rejected_before_path_or_cd_can_break_the_one_line_contract ... ok
[INFO] [stdout] test app::read_commands::tests::non_utf8_worktree_paths_are_typed_instead_of_panicking_during_json_building ... ok
[INFO] [stdout] test app::result::tests::terminal_policy_uses_stdout_for_color_and_stderr_for_picker ... ok
[INFO] [stdout] test app::snapshot::tests::merge_truth_table_exhaustively_covers_all_twenty_seven_combinations ... ok
[INFO] [stdout] test app::mutations_change::tests::extract_stash_can_be_restored_after_pre_hook_failure ... ok
[INFO] [stdout] test app::snapshot::tests::monitor_profile_does_not_write_lifecycle_observations_when_state_exists ... ok
[INFO] [stdout] Initialized empty Git repository in /tmp/.tmpva34nw/repo/.git/
[INFO] [stdout] test app::snapshot::tests::parses_attached_detached_locked_prunable_bare_and_newline_paths ... ok
[INFO] [stdout] test app::snapshot::tests::monitor_profile_skips_exactly_two_upstream_probes_per_worktree ... ok
[INFO] [stdout] test app::snapshot::tests::parallel_snapshot_propagates_the_indexed_worker_error ... ok
[INFO] [stdout] test app::mutations_create::tests::invalid_worktree_include_rolls_back_the_created_worktree_and_branch ... ok
[INFO] [stdout] test app::snapshot::tests::rejects_all_structurally_malformed_porcelain_forms ... ok
[INFO] [stdout] [main (root-commit) 715eddd] base
[INFO] [stdout]  1 file changed, 1 insertion(+)
[INFO] [stdout]  create mode 100644 README
[INFO] [stderr] Preparing worktree (new branch 'topic')
[INFO] [stdout] test app::snapshot::tests::snapshot_probes_use_four_workers_and_preserve_worktree_order ... ok
[INFO] [stdout] test app::snapshot::tests::vanished_branch_is_not_recreated_from_a_stale_snapshot ... ok
[INFO] [stdout] HEAD is now at 715eddd base
[INFO] [stdout] test app::mutations_create::tests::new_git_phase_does_not_persist_lifecycle_before_state_finalize ... ok
[INFO] [stdout] test app::mutations_create::tests::switch_attaches_a_local_branch_then_reuses_the_same_worktree ... ok
[INFO] [stdout] test app::mutations_delete::tests::real_git_del_removes_worktree_branch_and_metadata ... ok
[INFO] [stdout] test app::mutations_create::tests::state_failure_compensation_preserves_a_branch_changed_after_git_apply ... ok
[INFO] [stdout] test app::mutations_change::tests::mv_renames_real_branch_path_and_metadata ... ok
[INFO] [stdout] test app::mutations_create::tests::successful_worktree_rollback_removes_stale_copy_recovery_details ... ok
[INFO] [stdout] test app::snapshot::tests::resolves_remote_head_then_local_main_or_master ... ok
[INFO] [stdout] test app::mutations_create::tests::worktree_include_copies_only_matching_ignored_regular_files_on_switch_create ... ok
[INFO] [stdout] test app::snapshot::tests::real_git_native_and_application_locks_are_merged_conservatively ... ok
[INFO] [stdout] test cli::contract::tests::describe_exports_real_clap_constraints_and_child_argv_boundary ... ok
[INFO] [stdout] test app::mutations_create::tests::worktree_include_skips_a_path_when_the_destination_parent_is_a_file ... ok
[INFO] [stdout] test adapters::process::tests::dropping_an_unfinished_child_terminates_its_process_group ... FAILED
[INFO] [stdout] test adapters::process::tests::timeout_kills_group_before_reaping_an_exited_leader ... FAILED
[INFO] [stdout] test app::snapshot::tests::collection_persists_divergence_when_state_directory_exists ... ok
[INFO] [stdout] test cli::tests::internal_completion_provider_parses_but_is_hidden_from_help ... ok
[INFO] [stdout] test cli::tests::accepts_global_options_before_and_after_the_command ... ok
[INFO] [stdout] test app::transfer::tests::stash_push_failure_preserves_source_and_does_not_create_a_stash ... ok
[INFO] [stdout] test app::transfer::tests::prepare_absorb_enforces_authorization_dirty_selection_and_ambiguity ... ok
[INFO] [stdout] test app::snapshot::tests::real_git_fixture_collects_dirty_and_preserves_invalid_lifecycle ... ok
[INFO] [stdout] test app::transfer::tests::prepare_unabsorb_enforces_branch_primary_target_and_selection_safety ... ok
[INFO] [stdout] test cli::tests::help_and_version_are_successful_display_outcomes ... ok
[INFO] [stdout] test cli::tests::check_preserves_options_and_rejects_nested_or_non_lifecycle_commands ... ok
[INFO] [stdout] test cli::tests::parser_failures_are_typed_invalid_arguments ... ok
[INFO] [stdout] test cli::tests::monitor_mode_requires_its_machine_only_option_contract ... ok
[INFO] [stdout] test cli::tests::preserves_argv_after_double_dash_for_exec_and_invoke ... ok
[INFO] [stdout] test cli::tests::preserves_repeated_fzf_arguments ... ok
[INFO] [stdout] test cli::tests::toggle_like_option_values_are_not_reinterpreted_as_global_flags ... ok
[INFO] [stdout] test app::transfer::tests::oid_resolution_failure_restores_source_and_removes_only_transfer_stash ... ok
[INFO] [stdout] test domain::error::tests::error_codes_map_to_the_public_exit_contract ... ok
[INFO] [stdout] test domain::fzf::tests::accepts_non_reserved_options_and_option_like_values ... ok
[INFO] [stdout] test domain::fzf::tests::rejects_reserved_options_in_both_flag_forms ... ok
[INFO] [stdout] test domain::hook::tests::accepts_typescript_compatible_hook_names ... ok
[INFO] [stdout] test domain::hook::tests::rejects_names_that_can_escape_or_do_not_match_the_contract ... ok
[INFO] [stdout] test domain::path::tests::rejects_absolute_traversal_and_managed_root_paths ... ok
[INFO] [stdout] test domain::path::tests::rejects_existing_and_nonexistent_targets_through_escaping_symlink ... ok
[INFO] [stdout] test domain::path::tests::resolves_nonexistent_target_from_longest_existing_ancestor ... ok
[INFO] [stdout] test domain::path::tests::revalidation_rejects_a_symlink_swapped_after_pre_hook_validation ... ok
[INFO] [stdout] test domain::path::tests::revalidation_rejects_the_managed_root_itself_being_swapped ... ok
[INFO] [stdout] test domain::safety::tests::disabling_hooks_requires_explicit_unsafe_consent ... ok
[INFO] [stdout] test domain::worktree::tests::snapshot_json_uses_null_pr_status_and_keeps_diagnostics_off_stdout_contract ... ok
[INFO] [stdout] test cli::tests::parses_explicit_boolean_forms ... ok
[INFO] [stdout] test presentation::json::tests::serializes_success_error_partial_and_cancel_envelopes ... ok
[INFO] [stdout] test presentation::picker::tests::json_and_no_color_picker_models_have_no_ansi ... ok
[INFO] [stdout] test presentation::picker::tests::preview_snapshot_contains_status_and_lock_metadata ... ok
[INFO] [stdout] test presentation::picker::tests::rows_have_aligned_unicode_branch_and_state_columns ... ok
[INFO] [stdout] test presentation::picker::tests::user_controlled_fields_cannot_inject_ansi ... ok
[INFO] [stdout] test presentation::table::tests::color_policy_keeps_plain_and_machine_safe_snapshots_escape_free ... ok
[INFO] [stdout] test presentation::table::tests::filesystem_text_cannot_inject_terminal_control_sequences ... ok
[INFO] [stdout] test presentation::table::tests::full_path_and_never_disable_truncation ... ok
[INFO] [stdout] test presentation::table::tests::semantic_styles_survive_column_reduction_and_reordering ... ok
[INFO] [stdout] test presentation::table::tests::truncates_only_path_by_unicode_width ... ok
[INFO] [stdout] test presentation::theme::tests::emits_exact_catppuccin_mocha_truecolor ... ok
[INFO] [stdout] test presentation::theme::tests::never_emits_ansi_for_non_tty_json_or_no_color ... ok
[INFO] [stdout] test state::config::tests::distinguishes_absent_and_explicitly_null_base_branch ... ok
[INFO] [stdout] test presentation::json::tests::every_public_command_uses_the_complete_version_two_success_envelope ... ok
[INFO] [stdout] test state::config::tests::merges_global_repo_and_near_cwd_with_array_replacement ... ok
[INFO] [stdout] test state::config::tests::rejects_reserved_fzf_options_from_config ... ok
[INFO] [stdout] test state::config::tests::rejects_duplicate_merge_unknown_range_and_empty_values ... ok
[INFO] [stdout] test state::config::tests::search_stops_at_git_boundary_and_worktree_root_rejects_files ... ok
[INFO] [stdout] test cli::tests::invoke_rejects_hook_names_outside_the_validated_namespace ... ok
[INFO] [stdout] test state::hooks::tests::hook_engine_rejects_invalid_action_names_before_path_resolution ... ok
[INFO] [stdout] test cli::tests::unknown_subcommands_have_their_own_error_code ... ok
[INFO] [stdout] test cli::tests::wires_every_non_display_root_option_through_the_public_parser ... ok
[INFO] [stdout] test state::hooks::tests::maps_timeout_and_applies_phase_policy_separately ... ok
[INFO] [stdout] test state::hooks::tests::mutation_context_exposes_the_future_target_but_uses_phase_specific_cwds ... ok
[INFO] [stdout] test cli::contract::tests::every_public_command_and_argument_has_documentation ... ok
[INFO] [stdout] test app::transfer::tests::unabsorb_rejects_when_pre_hook_switches_target_branch ... ok
[INFO] [stdout] test state::json_store::tests::distinguishes_missing_valid_and_invalid_records ... ok
[INFO] [stdout] test cli::tests::rejects_unsafe_hook_disable_and_reserved_fzf_options ... ok
[INFO] [stdout] test state::lifecycle::tests::invalid_lifecycle_is_never_automatically_replaced ... ok
[INFO] [stdout] test cli::tests::reserves_short_v_for_version_and_keeps_verbose_long_only ... ok
[INFO] [stdout] test state::json_store::tests::exclusive_atomic_write_never_replaces_a_target ... ok
[INFO] [stdout] test state::lifecycle::tests::reads_a_typescript_v0_0_22_lifecycle_fixture ... ok
[INFO] [stdout] test state::lifecycle::tests::rejects_lifecycle_lookup_identity_mismatches ... ok
[INFO] [stdout] test state::lifecycle::tests::observation_merge_preserves_divergence_and_created_at ... ok
[INFO] [stdout] test state::lifecycle::tests::stale_observation_lock_file_does_not_block_a_new_process ... ok
[INFO] [stdout] test state::hooks::tests::every_pre_failure_is_fatal_and_optional_missing_is_successful ... ok
[INFO] [stdout] test app::transfer::tests::rollback_apply_and_drop_failures_preserve_at_least_one_copy ... ok
[INFO] [stdout] test state::metadata_transaction::tests::missing_lock_is_noop_and_missing_lifecycle_creates_a_new_record ... ok
[INFO] [stdout] test app::transfer::tests::hook_created_stash_never_changes_unabsorb_target_oid ... ok
[INFO] [stdout] test app::transfer::tests::hook_created_stash_never_changes_the_absorb_oid_or_drop_target ... ok
[INFO] [stdout] test state::metadata_transaction::tests::orphaned_staging_directory_is_removed_without_touching_sources ... ok
[INFO] [stdout] test state::repo_lock::tests::explicit_release_and_drop_unlock_the_file ... ok
[INFO] [stdout] test app::mutations_create::tests::get_validates_remote_inputs_creates_tracking_branch_and_reuses_attachment ... ok
[INFO] [stdout] test state::worktree_lock::tests::only_forced_unlock_removes_invalid_metadata_and_missing_is_idempotent ... ok
[INFO] [stdout] test state::worktree_lock::tests::reads_a_typescript_v0_0_22_lock_fixture ... ok
[INFO] [stdout] test state::metadata_transaction::tests::observation_after_mv_staging_is_merged_into_the_renamed_lifecycle ... ok
[INFO] [stdout] test state::worktree_lock::tests::worktree_id_matches_all_migration_vectors ... ok
[INFO] [stdout] test state::worktree_lock::tests::invalid_record_is_not_overwritten_and_move_preserves_metadata ... ok
[INFO] [stdout] test state::worktree_lock::tests::rejects_unknown_fields_and_lookup_identity_mismatches ... ok
[INFO] [stdout] test tests::entrypoint_applies_common_safety_policy_to_human_and_json_requests ... ok
[INFO] [stdout] test state::repo_lock::tests::contention_times_out_without_truncating_owner_metadata ... ok
[INFO] [stdout] test state::metadata_transaction::tests::invalid_sources_and_any_existing_target_are_rejected_during_preflight ... ok
[INFO] [stdout] test cli::tests::parses_all_public_command_variants ... ok
[INFO] [stdout] test state::metadata_transaction::tests::forward_recovery_preserves_a_source_record_changed_after_preflight ... ok
[INFO] [stdout] test state::metadata_transaction::tests::valid_existing_target_is_rejected_without_replacement ... ok
[INFO] [stdout] test tests::entrypoint_returns_parsed_requests_for_dispatch ... ok
[INFO] [stdout] test state::metadata_transaction::tests::forward_recovery_merges_a_concurrent_target_observation ... ok
[INFO] [stdout] test tests::entrypoint_renders_help_and_version_to_stdout_with_exit_zero ... ok
[INFO] [stdout] test tests::entrypoint_renders_invalid_arguments_as_human_or_json_errors ... ok
[INFO] [stdout] test state::metadata_transaction::tests::staged_journal_can_be_rolled_back_before_git_without_touching_sources ... ok
[INFO] [stdout] test app::transfer::tests::checkout_target_apply_and_drop_failures_preserve_transfer_changes ... ok
[INFO] [stdout] test state::metadata_transaction::tests::staged_journal_precedes_git_and_commit_follows_durable_git_subphases ... ok
[INFO] [stdout] test state::metadata_transaction::tests::failed_git_observation_preserves_journals_instead_of_guessing_rollback ... ok
[INFO] [stdout] test state::metadata_transaction::tests::recovery_detects_git_rename_completed_before_git_applied_marker ... ok
[INFO] [stdout] test tests::invalid_request_json_routing_skips_values_and_child_arguments ... ok
[INFO] [stdout] test cli::tests::validates_global_relations_independently_of_argument_position ... ok
[INFO] [stdout] test state::metadata_transaction::tests::every_durable_fault_point_recovers_to_an_integral_old_or_new_pair ... ok
[INFO] [stdout] 
[INFO] [stdout] failures:
[INFO] [stdout] 
[INFO] [stdout] ---- adapters::process::tests::dropping_an_unfinished_child_terminates_its_process_group stdout ----
[INFO] [stdout] 
[INFO] [stdout] thread 'adapters::process::tests::dropping_an_unfinished_child_terminates_its_process_group' (1417) panicked at src/adapters/process.rs:646:9:
[INFO] [stdout] process 1439 is still running
[INFO] [stdout] stack backtrace:
[INFO] [stdout]    0:     0x6372a7f9fd71 - std[70759c8f55707aa4]::backtrace_rs::backtrace::libunwind::trace
[INFO] [stdout]                                at /rustc/dfb0accb7f508ae8be965d8629557221c889dd98/library/std/src/../../backtrace/src/backtrace/libunwind.rs:117:9
[INFO] [stdout]    1:     0x6372a7f9fd71 - std[70759c8f55707aa4]::backtrace_rs::backtrace::trace_unsynchronized::<std[70759c8f55707aa4]::sys::backtrace::_print_fmt::{closure#1}>
[INFO] [stdout]                                at /rustc/dfb0accb7f508ae8be965d8629557221c889dd98/library/std/src/../../backtrace/src/backtrace/mod.rs:66:14
[INFO] [stdout]    2:     0x6372a7f9fd71 - std[70759c8f55707aa4]::sys::backtrace::_print_fmt
[INFO] [stdout]                                at /rustc/dfb0accb7f508ae8be965d8629557221c889dd98/library/std/src/sys/backtrace.rs:74:9
[INFO] [stdout]    3:     0x6372a7f9fd71 - <<std[70759c8f55707aa4]::sys::backtrace::BacktraceLock>::print::DisplayBacktrace as core[df12db4294e9bfd3]::fmt::Display>::fmt
[INFO] [stdout]                                at /rustc/dfb0accb7f508ae8be965d8629557221c889dd98/library/std/src/sys/backtrace.rs:44:26
[INFO] [stdout]    4:     0x6372a7fb696a - <core[df12db4294e9bfd3]::fmt::rt::Argument>::fmt
[INFO] [stdout]                                at /rustc/dfb0accb7f508ae8be965d8629557221c889dd98/library/core/src/fmt/rt.rs:152:76
[INFO] [stdout]    5:     0x6372a7fb696a - core[df12db4294e9bfd3]::fmt::write
[INFO] [stdout]    6:     0x6372a7fa48cc - core[df12db4294e9bfd3]::io::write::default_write_fmt::<alloc[2182bb758b4b3781]::vec::Vec<u8>>
[INFO] [stdout]                                at /rustc/dfb0accb7f508ae8be965d8629557221c889dd98/library/core/src/io/write.rs:402:11
[INFO] [stdout]    7:     0x6372a7fa48cc - <alloc[2182bb758b4b3781]::vec::Vec<u8> as core[df12db4294e9bfd3]::io::write::Write>::write_fmt
[INFO] [stdout]                                at /rustc/dfb0accb7f508ae8be965d8629557221c889dd98/library/core/src/io/write.rs:335:13
[INFO] [stdout]    8:     0x6372a7f76426 - <std[70759c8f55707aa4]::sys::backtrace::BacktraceLock>::print
[INFO] [stdout]                                at /rustc/dfb0accb7f508ae8be965d8629557221c889dd98/library/std/src/sys/backtrace.rs:47:9
[INFO] [stdout]    9:     0x6372a7f76426 - std[70759c8f55707aa4]::panicking::default_hook::{closure#0}
[INFO] [stdout]                                at /rustc/dfb0accb7f508ae8be965d8629557221c889dd98/library/std/src/panicking.rs:292:27
[INFO] [stdout]   10:     0x6372a7f958d9 - std[70759c8f55707aa4]::panicking::default_hook
[INFO] [stdout]                                at /rustc/dfb0accb7f508ae8be965d8629557221c889dd98/library/std/src/panicking.rs:316:9
[INFO] [stdout]   11:     0x6372a7c2a9f0 - <alloc[2182bb758b4b3781]::boxed::Box<dyn for<'a, 'b> core[df12db4294e9bfd3]::ops::function::Fn<(&'a std[70759c8f55707aa4]::panic::PanicHookInfo<'b>,), Output = ()> + core[df12db4294e9bfd3]::marker::Send + core[df12db4294e9bfd3]::marker::Sync> as core[df12db4294e9bfd3]::ops::function::Fn<(&std[70759c8f55707aa4]::panic::PanicHookInfo,)>>::call
[INFO] [stdout]                                at /rustc/dfb0accb7f508ae8be965d8629557221c889dd98/library/alloc/src/boxed.rs:2334:9
[INFO] [stdout]   12:     0x6372a7c2a9f0 - test[9d35eded1c95d3be]::test_main_inner::<test[9d35eded1c95d3be]::test_main_static::{closure#0}>::{closure#0}
[INFO] [stdout]                                at /rustc/dfb0accb7f508ae8be965d8629557221c889dd98/library/test/src/lib.rs:155:21
[INFO] [stdout]   13:     0x6372a7f95c02 - <alloc[2182bb758b4b3781]::boxed::Box<dyn for<'a, 'b> core[df12db4294e9bfd3]::ops::function::Fn<(&'a std[70759c8f55707aa4]::panic::PanicHookInfo<'b>,), Output = ()> + core[df12db4294e9bfd3]::marker::Send + core[df12db4294e9bfd3]::marker::Sync> as core[df12db4294e9bfd3]::ops::function::Fn<(&std[70759c8f55707aa4]::panic::PanicHookInfo,)>>::call
[INFO] [stdout]                                at /rustc/dfb0accb7f508ae8be965d8629557221c889dd98/library/alloc/src/boxed.rs:2334:9
[INFO] [stdout]   14:     0x6372a7f95c02 - std[70759c8f55707aa4]::panicking::panic_with_hook
[INFO] [stdout]                                at /rustc/dfb0accb7f508ae8be965d8629557221c889dd98/library/std/src/panicking.rs:823:13
[INFO] [stdout]   15:     0x6372a7f764d2 - std[70759c8f55707aa4]::panicking::panic_handler::{closure#0}
[INFO] [stdout]                                at /rustc/dfb0accb7f508ae8be965d8629557221c889dd98/library/std/src/panicking.rs:688:13
[INFO] [stdout]   16:     0x6372a7f6ebe9 - std[70759c8f55707aa4]::sys::backtrace::__rust_end_short_backtrace::<std[70759c8f55707aa4]::panicking::panic_handler::{closure#0}, !>
[INFO] [stdout]                                at /rustc/dfb0accb7f508ae8be965d8629557221c889dd98/library/std/src/sys/backtrace.rs:182:18
[INFO] [stdout]   17:     0x6372a7f774dd - __rustc[8fa7c3cbc660c2b3]::rust_begin_unwind
[INFO] [stdout]                                at /rustc/dfb0accb7f508ae8be965d8629557221c889dd98/library/std/src/panicking.rs:679:5
[INFO] [stdout]   18:     0x6372a7fb718c - core[df12db4294e9bfd3]::panicking::panic_fmt
[INFO] [stdout]                                at /rustc/dfb0accb7f508ae8be965d8629557221c889dd98/library/core/src/panicking.rs:80:14
[INFO] [stdout]   19:     0x6372a796500d - vde_worktree[b42e917a37b013c]::adapters::process::tests::assert_process_exits
[INFO] [stdout]                                at /opt/rustwide/workdir/src/adapters/process.rs:646:9
[INFO] [stdout]   20:     0x6372a7966585 - vde_worktree[b42e917a37b013c]::adapters::process::tests::dropping_an_unfinished_child_terminates_its_process_group
[INFO] [stdout]                                at /opt/rustwide/workdir/src/adapters/process.rs:629:13
[INFO] [stdout]   21:     0x6372a79350b7 - vde_worktree[b42e917a37b013c]::adapters::process::tests::dropping_an_unfinished_child_terminates_its_process_group::{closure#0}
[INFO] [stdout]                                at /opt/rustwide/workdir/src/adapters/process.rs:616:67
[INFO] [stdout]   22:     0x6372a77742b6 - <vde_worktree[b42e917a37b013c]::adapters::process::tests::dropping_an_unfinished_child_terminates_its_process_group::{closure#0} as core[df12db4294e9bfd3]::ops::function::FnOnce<()>>::call_once
[INFO] [stdout]                                at /rustc/dfb0accb7f508ae8be965d8629557221c889dd98/library/core/src/ops/function.rs:250:5
[INFO] [stdout]   23:     0x6372a7c1dcdb - <fn() -> core[df12db4294e9bfd3]::result::Result<(), alloc[2182bb758b4b3781]::string::String> as core[df12db4294e9bfd3]::ops::function::FnOnce<()>>::call_once
[INFO] [stdout]                                at /rustc/dfb0accb7f508ae8be965d8629557221c889dd98/library/core/src/ops/function.rs:250:5
[INFO] [stdout]   24:     0x6372a7c1dcdb - test[9d35eded1c95d3be]::__rust_begin_short_backtrace::<core[df12db4294e9bfd3]::result::Result<(), alloc[2182bb758b4b3781]::string::String>, fn() -> core[df12db4294e9bfd3]::result::Result<(), alloc[2182bb758b4b3781]::string::String>>
[INFO] [stdout]                                at /rustc/dfb0accb7f508ae8be965d8629557221c889dd98/library/test/src/lib.rs:733:18
[INFO] [stdout]   25:     0x6372a7c2b345 - test[9d35eded1c95d3be]::run_test_in_process::{closure#0}
[INFO] [stdout]                                at /rustc/dfb0accb7f508ae8be965d8629557221c889dd98/library/test/src/lib.rs:756:74
[INFO] [stdout]   26:     0x6372a7c2b345 - <core[df12db4294e9bfd3]::panic::unwind_safe::AssertUnwindSafe<test[9d35eded1c95d3be]::run_test_in_process::{closure#0}> as core[df12db4294e9bfd3]::ops::function::FnOnce<()>>::call_once
[INFO] [stdout]                                at /rustc/dfb0accb7f508ae8be965d8629557221c889dd98/library/core/src/panic/unwind_safe.rs:275:9
[INFO] [stdout]   27:     0x6372a7c2b345 - std[70759c8f55707aa4]::panicking::catch_unwind::do_call::<core[df12db4294e9bfd3]::panic::unwind_safe::AssertUnwindSafe<test[9d35eded1c95d3be]::run_test_in_process::{closure#0}>, core[df12db4294e9bfd3]::result::Result<(), alloc[2182bb758b4b3781]::string::String>>
[INFO] [stdout]                                at /rustc/dfb0accb7f508ae8be965d8629557221c889dd98/library/std/src/panicking.rs:576:43
[INFO] [stdout]   28:     0x6372a7c2b345 - std[70759c8f55707aa4]::panicking::catch_unwind::<core[df12db4294e9bfd3]::result::Result<(), alloc[2182bb758b4b3781]::string::String>, core[df12db4294e9bfd3]::panic::unwind_safe::AssertUnwindSafe<test[9d35eded1c95d3be]::run_test_in_process::{closure#0}>>
[INFO] [stdout]                                at /rustc/dfb0accb7f508ae8be965d8629557221c889dd98/library/std/src/panicking.rs:544:19
[INFO] [stdout]   29:     0x6372a7c2b345 - std[70759c8f55707aa4]::panic::catch_unwind::<core[df12db4294e9bfd3]::panic::unwind_safe::AssertUnwindSafe<test[9d35eded1c95d3be]::run_test_in_process::{closure#0}>, core[df12db4294e9bfd3]::result::Result<(), alloc[2182bb758b4b3781]::string::String>>
[INFO] [stdout]                                at /rustc/dfb0accb7f508ae8be965d8629557221c889dd98/library/std/src/panic.rs:359:14
[INFO] [stdout]   30:     0x6372a7c2b345 - test[9d35eded1c95d3be]::run_test_in_process
[INFO] [stdout]                                at /rustc/dfb0accb7f508ae8be965d8629557221c889dd98/library/test/src/lib.rs:756:27
[INFO] [stdout]   31:     0x6372a7c2b345 - test[9d35eded1c95d3be]::run_test::{closure#0}
[INFO] [stdout]                                at /rustc/dfb0accb7f508ae8be965d8629557221c889dd98/library/test/src/lib.rs:677:43
[INFO] [stdout]   32:     0x6372a7c24c04 - test[9d35eded1c95d3be]::run_test::{closure#1}
[INFO] [stdout]                                at /rustc/dfb0accb7f508ae8be965d8629557221c889dd98/library/test/src/lib.rs:707:41
[INFO] [stdout]   33:     0x6372a7c24c04 - std[70759c8f55707aa4]::sys::backtrace::__rust_begin_short_backtrace::<test[9d35eded1c95d3be]::run_test::{closure#1}, ()>
[INFO] [stdout]                                at /rustc/dfb0accb7f508ae8be965d8629557221c889dd98/library/std/src/sys/backtrace.rs:166:18
[INFO] [stdout]   34:     0x6372a7c2e4a2 - std[70759c8f55707aa4]::thread::lifecycle::spawn_unchecked::<test[9d35eded1c95d3be]::run_test::{closure#1}, ()>::{closure#1}::{closure#0}
[INFO] [stdout]                                at /rustc/dfb0accb7f508ae8be965d8629557221c889dd98/library/std/src/thread/lifecycle.rs:70:13
[INFO] [stdout]   35:     0x6372a7c2e4a2 - <core[df12db4294e9bfd3]::panic::unwind_safe::AssertUnwindSafe<std[70759c8f55707aa4]::thread::lifecycle::spawn_unchecked<test[9d35eded1c95d3be]::run_test::{closure#1}, ()>::{closure#1}::{closure#0}> as core[df12db4294e9bfd3]::ops::function::FnOnce<()>>::call_once
[INFO] [stdout]                                at /rustc/dfb0accb7f508ae8be965d8629557221c889dd98/library/core/src/panic/unwind_safe.rs:275:9
[INFO] [stdout]   36:     0x6372a7c2e4a2 - std[70759c8f55707aa4]::panicking::catch_unwind::do_call::<core[df12db4294e9bfd3]::panic::unwind_safe::AssertUnwindSafe<std[70759c8f55707aa4]::thread::lifecycle::spawn_unchecked<test[9d35eded1c95d3be]::run_test::{closure#1}, ()>::{closure#1}::{closure#0}>, ()>
[INFO] [stdout]                                at /rustc/dfb0accb7f508ae8be965d8629557221c889dd98/library/std/src/panicking.rs:576:43
[INFO] [stdout]   37:     0x6372a7c2e4a2 - std[70759c8f55707aa4]::panicking::catch_unwind::<(), core[df12db4294e9bfd3]::panic::unwind_safe::AssertUnwindSafe<std[70759c8f55707aa4]::thread::lifecycle::spawn_unchecked<test[9d35eded1c95d3be]::run_test::{closure#1}, ()>::{closure#1}::{closure#0}>>
[INFO] [stdout]                                at /rustc/dfb0accb7f508ae8be965d8629557221c889dd98/library/std/src/panicking.rs:544:19
[INFO] [stdout]   38:     0x6372a7c2e4a2 - std[70759c8f55707aa4]::panic::catch_unwind::<core[df12db4294e9bfd3]::panic::unwind_safe::AssertUnwindSafe<std[70759c8f55707aa4]::thread::lifecycle::spawn_unchecked<test[9d35eded1c95d3be]::run_test::{closure#1}, ()>::{closure#1}::{closure#0}>, ()>
[INFO] [stdout]                                at /rustc/dfb0accb7f508ae8be965d8629557221c889dd98/library/std/src/panic.rs:359:14
[INFO] [stdout]   39:     0x6372a7c2e4a2 - std[70759c8f55707aa4]::thread::lifecycle::spawn_unchecked::<test[9d35eded1c95d3be]::run_test::{closure#1}, ()>::{closure#1}
[INFO] [stdout]                                at /rustc/dfb0accb7f508ae8be965d8629557221c889dd98/library/std/src/thread/lifecycle.rs:68:26
[INFO] [stdout]   40:     0x6372a7c2e4a2 - <std[70759c8f55707aa4]::thread::lifecycle::spawn_unchecked<test[9d35eded1c95d3be]::run_test::{closure#1}, ()>::{closure#1} as core[df12db4294e9bfd3]::ops::function::FnOnce<()>>::call_once::{shim:vtable#0}
[INFO] [stdout]                                at /rustc/dfb0accb7f508ae8be965d8629557221c889dd98/library/core/src/ops/function.rs:250:5
[INFO] [stdout]   41:     0x6372a7f9ecf9 - <alloc[2182bb758b4b3781]::boxed::Box<dyn core[df12db4294e9bfd3]::ops::function::FnOnce<(), Output = ()> + core[df12db4294e9bfd3]::marker::Send> as core[df12db4294e9bfd3]::ops::function::FnOnce<()>>::call_once
[INFO] [stdout]                                at /rustc/dfb0accb7f508ae8be965d8629557221c889dd98/library/alloc/src/boxed.rs:2320:9
[INFO] [stdout]   42:     0x6372a7f9ecf9 - <std[70759c8f55707aa4]::sys::thread::unix::Thread>::new::thread_start
[INFO] [stdout]                                at /rustc/dfb0accb7f508ae8be965d8629557221c889dd98/library/std/src/sys/thread/unix.rs:123:17
[INFO] [stdout]   43:     0x7f5f4562cdfa - <unknown>
[INFO] [stdout]   44:     0x7f5f456c03d4 - clone
[INFO] [stdout]   45:                0x0 - <unknown>
[INFO] [stdout] 
[INFO] [stdout] ---- adapters::process::tests::timeout_kills_group_before_reaping_an_exited_leader stdout ----
[INFO] [stdout] 
[INFO] [stdout] thread 'adapters::process::tests::timeout_kills_group_before_reaping_an_exited_leader' (1424) panicked at src/adapters/process.rs:646:9:
[INFO] [stdout] process 1442 is still running
[INFO] [stdout] stack backtrace:
[INFO] [stdout]    0:     0x6372a7f9fd71 - std[70759c8f55707aa4]::backtrace_rs::backtrace::libunwind::trace
[INFO] [stdout]                                at /rustc/dfb0accb7f508ae8be965d8629557221c889dd98/library/std/src/../../backtrace/src/backtrace/libunwind.rs:117:9
[INFO] [stdout]    1:     0x6372a7f9fd71 - std[70759c8f55707aa4]::backtrace_rs::backtrace::trace_unsynchronized::<std[70759c8f55707aa4]::sys::backtrace::_print_fmt::{closure#1}>
[INFO] [stdout]                                at /rustc/dfb0accb7f508ae8be965d8629557221c889dd98/library/std/src/../../backtrace/src/backtrace/mod.rs:66:14
[INFO] [stdout]    2:     0x6372a7f9fd71 - std[70759c8f55707aa4]::sys::backtrace::_print_fmt
[INFO] [stdout]                                at /rustc/dfb0accb7f508ae8be965d8629557221c889dd98/library/std/src/sys/backtrace.rs:74:9
[INFO] [stdout]    3:     0x6372a7f9fd71 - <<std[70759c8f55707aa4]::sys::backtrace::BacktraceLock>::print::DisplayBacktrace as core[df12db4294e9bfd3]::fmt::Display>::fmt
[INFO] [stdout]                                at /rustc/dfb0accb7f508ae8be965d8629557221c889dd98/library/std/src/sys/backtrace.rs:44:26
[INFO] [stdout]    4:     0x6372a7fb696a - <core[df12db4294e9bfd3]::fmt::rt::Argument>::fmt
[INFO] [stdout]                                at /rustc/dfb0accb7f508ae8be965d8629557221c889dd98/library/core/src/fmt/rt.rs:152:76
[INFO] [stdout]    5:     0x6372a7fb696a - core[df12db4294e9bfd3]::fmt::write
[INFO] [stdout]    6:     0x6372a7fa48cc - core[df12db4294e9bfd3]::io::write::default_write_fmt::<alloc[2182bb758b4b3781]::vec::Vec<u8>>
[INFO] [stdout]                                at /rustc/dfb0accb7f508ae8be965d8629557221c889dd98/library/core/src/io/write.rs:402:11
[INFO] [stdout]    7:     0x6372a7fa48cc - <alloc[2182bb758b4b3781]::vec::Vec<u8> as core[df12db4294e9bfd3]::io::write::Write>::write_fmt
[INFO] [stdout]                                at /rustc/dfb0accb7f508ae8be965d8629557221c889dd98/library/core/src/io/write.rs:335:13
[INFO] [stdout]    8:     0x6372a7f76426 - <std[70759c8f55707aa4]::sys::backtrace::BacktraceLock>::print
[INFO] [stdout]                                at /rustc/dfb0accb7f508ae8be965d8629557221c889dd98/library/std/src/sys/backtrace.rs:47:9
[INFO] [stdout]    9:     0x6372a7f76426 - std[70759c8f55707aa4]::panicking::default_hook::{closure#0}
[INFO] [stdout]                                at /rustc/dfb0accb7f508ae8be965d8629557221c889dd98/library/std/src/panicking.rs:292:27
[INFO] [stdout]   10:     0x6372a7f958d9 - std[70759c8f55707aa4]::panicking::default_hook
[INFO] [stdout]                                at /rustc/dfb0accb7f508ae8be965d8629557221c889dd98/library/std/src/panicking.rs:316:9
[INFO] [stdout]   11:     0x6372a7c2a9f0 - <alloc[2182bb758b4b3781]::boxed::Box<dyn for<'a, 'b> core[df12db4294e9bfd3]::ops::function::Fn<(&'a std[70759c8f55707aa4]::panic::PanicHookInfo<'b>,), Output = ()> + core[df12db4294e9bfd3]::marker::Send + core[df12db4294e9bfd3]::marker::Sync> as core[df12db4294e9bfd3]::ops::function::Fn<(&std[70759c8f55707aa4]::panic::PanicHookInfo,)>>::call
[INFO] [stdout]                                at /rustc/dfb0accb7f508ae8be965d8629557221c889dd98/library/alloc/src/boxed.rs:2334:9
[INFO] [stdout]   12:     0x6372a7c2a9f0 - test[9d35eded1c95d3be]::test_main_inner::<test[9d35eded1c95d3be]::test_main_static::{closure#0}>::{closure#0}
[INFO] [stdout]                                at /rustc/dfb0accb7f508ae8be965d8629557221c889dd98/library/test/src/lib.rs:155:21
[INFO] [stdout]   13:     0x6372a7f95c02 - <alloc[2182bb758b4b3781]::boxed::Box<dyn for<'a, 'b> core[df12db4294e9bfd3]::ops::function::Fn<(&'a std[70759c8f55707aa4]::panic::PanicHookInfo<'b>,), Output = ()> + core[df12db4294e9bfd3]::marker::Send + core[df12db4294e9bfd3]::marker::Sync> as core[df12db4294e9bfd3]::ops::function::Fn<(&std[70759c8f55707aa4]::panic::PanicHookInfo,)>>::call
[INFO] [stdout]                                at /rustc/dfb0accb7f508ae8be965d8629557221c889dd98/library/alloc/src/boxed.rs:2334:9
[INFO] [stdout]   14:     0x6372a7f95c02 - std[70759c8f55707aa4]::panicking::panic_with_hook
[INFO] [stdout]                                at /rustc/dfb0accb7f508ae8be965d8629557221c889dd98/library/std/src/panicking.rs:823:13
[INFO] [stdout]   15:     0x6372a7f764d2 - std[70759c8f55707aa4]::panicking::panic_handler::{closure#0}
[INFO] [stdout]                                at /rustc/dfb0accb7f508ae8be965d8629557221c889dd98/library/std/src/panicking.rs:688:13
[INFO] [stdout]   16:     0x6372a7f6ebe9 - std[70759c8f55707aa4]::sys::backtrace::__rust_end_short_backtrace::<std[70759c8f55707aa4]::panicking::panic_handler::{closure#0}, !>
[INFO] [stdout]                                at /rustc/dfb0accb7f508ae8be965d8629557221c889dd98/library/std/src/sys/backtrace.rs:182:18
[INFO] [stdout]   17:     0x6372a7f774dd - __rustc[8fa7c3cbc660c2b3]::rust_begin_unwind
[INFO] [stdout]                                at /rustc/dfb0accb7f508ae8be965d8629557221c889dd98/library/std/src/panicking.rs:679:5
[INFO] [stdout]   18:     0x6372a7fb718c - core[df12db4294e9bfd3]::panicking::panic_fmt
[INFO] [stdout]                                at /rustc/dfb0accb7f508ae8be965d8629557221c889dd98/library/core/src/panicking.rs:80:14
[INFO] [stdout]   19:     0x6372a796500d - vde_worktree[b42e917a37b013c]::adapters::process::tests::assert_process_exits
[INFO] [stdout]                                at /opt/rustwide/workdir/src/adapters/process.rs:646:9
[INFO] [stdout]   20:     0x6372a7965f8f - vde_worktree[b42e917a37b013c]::adapters::process::tests::timeout_kills_group_before_reaping_an_exited_leader
[INFO] [stdout]                                at /opt/rustwide/workdir/src/adapters/process.rs:536:9
[INFO] [stdout]   21:     0x6372a7935087 - vde_worktree[b42e917a37b013c]::adapters::process::tests::timeout_kills_group_before_reaping_an_exited_leader::{closure#0}
[INFO] [stdout]                                at /opt/rustwide/workdir/src/adapters/process.rs:519:61
[INFO] [stdout]   22:     0x6372a7774296 - <vde_worktree[b42e917a37b013c]::adapters::process::tests::timeout_kills_group_before_reaping_an_exited_leader::{closure#0} as core[df12db4294e9bfd3]::ops::function::FnOnce<()>>::call_once
[INFO] [stdout]                                at /rustc/dfb0accb7f508ae8be965d8629557221c889dd98/library/core/src/ops/function.rs:250:5
[INFO] [stdout]   23:     0x6372a7c1dcdb - <fn() -> core[df12db4294e9bfd3]::result::Result<(), alloc[2182bb758b4b3781]::string::String> as core[df12db4294e9bfd3]::ops::function::FnOnce<()>>::call_once
[INFO] [stdout]                                at /rustc/dfb0accb7f508ae8be965d8629557221c889dd98/library/core/src/ops/function.rs:250:5
[INFO] [stdout]   24:     0x6372a7c1dcdb - test[9d35eded1c95d3be]::__rust_begin_short_backtrace::<core[df12db4294e9bfd3]::result::Result<(), alloc[2182bb758b4b3781]::string::String>, fn() -> core[df12db4294e9bfd3]::result::Result<(), alloc[2182bb758b4b3781]::string::String>>
[INFO] [stdout]                                at /rustc/dfb0accb7f508ae8be965d8629557221c889dd98/library/test/src/lib.rs:733:18
[INFO] [stdout]   25:     0x6372a7c2b345 - test[9d35eded1c95d3be]::run_test_in_process::{closure#0}
[INFO] [stdout]                                at /rustc/dfb0accb7f508ae8be965d8629557221c889dd98/library/test/src/lib.rs:756:74
[INFO] [stdout]   26:     0x6372a7c2b345 - <core[df12db4294e9bfd3]::panic::unwind_safe::AssertUnwindSafe<test[9d35eded1c95d3be]::run_test_in_process::{closure#0}> as core[df12db4294e9bfd3]::ops::function::FnOnce<()>>::call_once
[INFO] [stdout]                                at /rustc/dfb0accb7f508ae8be965d8629557221c889dd98/library/core/src/panic/unwind_safe.rs:275:9
[INFO] [stdout]   27:     0x6372a7c2b345 - std[70759c8f55707aa4]::panicking::catch_unwind::do_call::<core[df12db4294e9bfd3]::panic::unwind_safe::AssertUnwindSafe<test[9d35eded1c95d3be]::run_test_in_process::{closure#0}>, core[df12db4294e9bfd3]::result::Result<(), alloc[2182bb758b4b3781]::string::String>>
[INFO] [stdout]                                at /rustc/dfb0accb7f508ae8be965d8629557221c889dd98/library/std/src/panicking.rs:576:43
[INFO] [stdout]   28:     0x6372a7c2b345 - std[70759c8f55707aa4]::panicking::catch_unwind::<core[df12db4294e9bfd3]::result::Result<(), alloc[2182bb758b4b3781]::string::String>, core[df12db4294e9bfd3]::panic::unwind_safe::AssertUnwindSafe<test[9d35eded1c95d3be]::run_test_in_process::{closure#0}>>
[INFO] [stdout]                                at /rustc/dfb0accb7f508ae8be965d8629557221c889dd98/library/std/src/panicking.rs:544:19
[INFO] [stdout]   29:     0x6372a7c2b345 - std[70759c8f55707aa4]::panic::catch_unwind::<core[df12db4294e9bfd3]::panic::unwind_safe::AssertUnwindSafe<test[9d35eded1c95d3be]::run_test_in_process::{closure#0}>, core[df12db4294e9bfd3]::result::Result<(), alloc[2182bb758b4b3781]::string::String>>
[INFO] [stdout]                                at /rustc/dfb0accb7f508ae8be965d8629557221c889dd98/library/std/src/panic.rs:359:14
[INFO] [stdout]   30:     0x6372a7c2b345 - test[9d35eded1c95d3be]::run_test_in_process
[INFO] [stdout]                                at /rustc/dfb0accb7f508ae8be965d8629557221c889dd98/library/test/src/lib.rs:756:27
[INFO] [stdout]   31:     0x6372a7c2b345 - test[9d35eded1c95d3be]::run_test::{closure#0}
[INFO] [stdout]                                at /rustc/dfb0accb7f508ae8be965d8629557221c889dd98/library/test/src/lib.rs:677:43
[INFO] [stdout]   32:     0x6372a7c24c04 - test[9d35eded1c95d3be]::run_test::{closure#1}
[INFO] [stdout]                                at /rustc/dfb0accb7f508ae8be965d8629557221c889dd98/library/test/src/lib.rs:707:41
[INFO] [stdout]   33:     0x6372a7c24c04 - std[70759c8f55707aa4]::sys::backtrace::__rust_begin_short_backtrace::<test[9d35eded1c95d3be]::run_test::{closure#1}, ()>
[INFO] [stdout]                                at /rustc/dfb0accb7f508ae8be965d8629557221c889dd98/library/std/src/sys/backtrace.rs:166:18
[INFO] [stdout]   34:     0x6372a7c2e4a2 - std[70759c8f55707aa4]::thread::lifecycle::spawn_unchecked::<test[9d35eded1c95d3be]::run_test::{closure#1}, ()>::{closure#1}::{closure#0}
[INFO] [stdout]                                at /rustc/dfb0accb7f508ae8be965d8629557221c889dd98/library/std/src/thread/lifecycle.rs:70:13
[INFO] [stdout]   35:     0x6372a7c2e4a2 - <core[df12db4294e9bfd3]::panic::unwind_safe::AssertUnwindSafe<std[70759c8f55707aa4]::thread::lifecycle::spawn_unchecked<test[9d35eded1c95d3be]::run_test::{closure#1}, ()>::{closure#1}::{closure#0}> as core[df12db4294e9bfd3]::ops::function::FnOnce<()>>::call_once
[INFO] [stdout]                                at /rustc/dfb0accb7f508ae8be965d8629557221c889dd98/library/core/src/panic/unwind_safe.rs:275:9
[INFO] [stdout]   36:     0x6372a7c2e4a2 - std[70759c8f55707aa4]::panicking::catch_unwind::do_call::<core[df12db4294e9bfd3]::panic::unwind_safe::AssertUnwindSafe<std[70759c8f55707aa4]::thread::lifecycle::spawn_unchecked<test[9d35eded1c95d3be]::run_test::{closure#1}, ()>::{closure#1}::{closure#0}>, ()>
[INFO] [stdout]                                at /rustc/dfb0accb7f508ae8be965d8629557221c889dd98/library/std/src/panicking.rs:576:43
[INFO] [stdout]   37:     0x6372a7c2e4a2 - std[70759c8f55707aa4]::panicking::catch_unwind::<(), core[df12db4294e9bfd3]::panic::unwind_safe::AssertUnwindSafe<std[70759c8f55707aa4]::thread::lifecycle::spawn_unchecked<test[9d35eded1c95d3be]::run_test::{closure#1}, ()>::{closure#1}::{closure#0}>>
[INFO] [stdout]                                at /rustc/dfb0accb7f508ae8be965d8629557221c889dd98/library/std/src/panicking.rs:544:19
[INFO] [stdout]   38:     0x6372a7c2e4a2 - std[70759c8f55707aa4]::panic::catch_unwind::<core[df12db4294e9bfd3]::panic::unwind_safe::AssertUnwindSafe<std[70759c8f55707aa4]::thread::lifecycle::spawn_unchecked<test[9d35eded1c95d3be]::run_test::{closure#1}, ()>::{closure#1}::{closure#0}>, ()>
[INFO] [stdout]                                at /rustc/dfb0accb7f508ae8be965d8629557221c889dd98/library/std/src/panic.rs:359:14
[INFO] [stdout]   39:     0x6372a7c2e4a2 - std[70759c8f55707aa4]::thread::lifecycle::spawn_unchecked::<test[9d35eded1c95d3be]::run_test::{closure#1}, ()>::{closure#1}
[INFO] [stdout]                                at /rustc/dfb0accb7f508ae8be965d8629557221c889dd98/library/std/src/thread/lifecycle.rs:68:26
[INFO] [stdout]   40:     0x6372a7c2e4a2 - <std[70759c8f55707aa4]::thread::lifecycle::spawn_unchecked<test[9d35eded1c95d3be]::run_test::{closure#1}, ()>::{closure#1} as core[df12db4294e9bfd3]::ops::function::FnOnce<()>>::call_once::{shim:vtable#0}
[INFO] [stdout]                                at /rustc/dfb0accb7f508ae8be965d8629557221c889dd98/library/core/src/ops/function.rs:250:5
[INFO] [stdout]   41:     0x6372a7f9ecf9 - <alloc[2182bb758b4b3781]::boxed::Box<dyn core[df12db4294e9bfd3]::ops::function::FnOnce<(), Output = ()> + core[df12db4294e9bfd3]::marker::Send> as core[df12db4294e9bfd3]::ops::function::FnOnce<()>>::call_once
[INFO] [stdout]                                at /rustc/dfb0accb7f508ae8be965d8629557221c889dd98/library/alloc/src/boxed.rs:2320:9
[INFO] [stdout]   42:     0x6372a7f9ecf9 - <std[70759c8f55707aa4]::sys::thread::unix::Thread>::new::thread_start
[INFO] [stdout]                                at /rustc/dfb0accb7f508ae8be965d8629557221c889dd98/library/std/src/sys/thread/unix.rs:123:17
[INFO] [stdout]   43:     0x7f5f4562cdfa - <unknown>
[INFO] [stdout]   44:     0x7f5f456c03d4 - clone
[INFO] [stdout]   45:                0x0 - <unknown>
[INFO] [stdout] 
[INFO] [stdout] 
[INFO] [stdout] failures:
[INFO] [stdout]     adapters::process::tests::dropping_an_unfinished_child_terminates_its_process_group
[INFO] [stdout]     adapters::process::tests::timeout_kills_group_before_reaping_an_exited_leader
[INFO] [stdout] 
[INFO] [stdout] test result: FAILED. 240 passed; 2 failed; 0 ignored; 0 measured; 0 filtered out; finished in 2.99s
[INFO] [stdout] 
[INFO] [stderr] error: test failed, to rerun pass `--lib`
[INFO] running `Command { std: "docker" "inspect" "48ec8aaec9994188ef9818ec68ba2eb698c2d812b1df21280399b8220ea13226", kill_on_drop: false }`
[INFO] running `Command { std: "docker" "rm" "-f" "48ec8aaec9994188ef9818ec68ba2eb698c2d812b1df21280399b8220ea13226", kill_on_drop: false }`
[INFO] [stdout] 48ec8aaec9994188ef9818ec68ba2eb698c2d812b1df21280399b8220ea13226
