[INFO] fetching crate vcs-starship 0.0.2...
[INFO] testing vcs-starship-0.0.2 against 1.99.0-beta.8 for beta-1.100-2
[INFO] extracting crate vcs-starship 0.0.2 into /workspace/builds/worker-2-tc1/source
[INFO] started tweaking crates.io crate vcs-starship 0.0.2
[INFO] finished tweaking crates.io crate vcs-starship 0.0.2
[INFO] tweaked toml for crates.io crate vcs-starship 0.0.2 written to /workspace/builds/worker-2-tc1/source/Cargo.toml
[INFO] validating manifest of crates.io crate vcs-starship 0.0.2 on toolchain 1.99.0-beta.8
[INFO] running `Command { std: CARGO_HOME="/workspace/cargo-home" RUSTUP_HOME="/workspace/rustup-home" "/workspace/cargo-home/bin/cargo" "+1.99.0-beta.8" "metadata" "--manifest-path" "Cargo.toml" "--no-deps", kill_on_drop: false }`
[INFO] crate crates.io crate vcs-starship 0.0.2 already has a lockfile, it will not be regenerated
[INFO] running `Command { std: CARGO_HOME="/workspace/cargo-home" RUSTUP_HOME="/workspace/rustup-home" "/workspace/cargo-home/bin/cargo" "+1.99.0-beta.8" "fetch" "--manifest-path" "Cargo.toml", kill_on_drop: false }`
[INFO] [stderr]     Updating crates.io index
[INFO] [stderr]     Blocking waiting for file lock on package cache
[INFO] [stderr]  Downloading crates ...
[INFO] [stderr]   Downloaded gix-validate v0.10.1
[INFO] [stderr]   Downloaded gix-date v0.12.1
[INFO] [stderr]   Downloaded gix-revision v0.39.0
[INFO] [stderr]   Downloaded gix-transport v0.52.1
[INFO] [stderr]   Downloaded pest_generator v2.8.5
[INFO] [stderr]   Downloaded gix-shallow v0.7.0
[INFO] [stderr]   Downloaded prost v0.14.1
[INFO] [stderr]   Downloaded gix-hash v0.21.2
[INFO] [stderr]   Downloaded gix-config v0.50.0
[INFO] [stderr]   Downloaded gix-worktree v0.46.0
[INFO] [stderr]   Downloaded gix-config-value v0.16.0
[INFO] [stderr]   Downloaded pest v2.8.5
[INFO] [stderr]   Downloaded gix-actor v0.37.1
[INFO] [stderr]   Downloaded gix-object v0.54.1
[INFO] [stderr]   Downloaded gix-traverse v0.51.1
[INFO] [stderr]   Downloaded filetime v0.2.26
[INFO] [stderr]   Downloaded clru v0.6.2
[INFO] [stderr]   Downloaded pest_meta v2.8.5
[INFO] [stderr]   Downloaded gix-command v0.6.5
[INFO] [stderr]   Downloaded prost-derive v0.14.1
[INFO] [stderr]   Downloaded gix-utils v0.3.1
[INFO] [stderr]   Downloaded gix-features v0.45.2
[INFO] [stderr]   Downloaded jiff-tzdb v0.1.5
[INFO] [stderr]   Downloaded gix-tempfile v20.0.1
[INFO] [stderr]   Downloaded gix-ref v0.57.0
[INFO] [stderr]   Downloaded gix-discover v0.45.0
[INFO] [stderr]   Downloaded imara-diff v0.1.8
[INFO] [stderr]   Downloaded libgit2-sys v0.17.0+1.8.1
[INFO] [stderr]   Downloaded gix-path v0.10.22
[INFO] [stderr]   Downloaded gix-hashtable v0.11.0
[INFO] [stderr]   Downloaded gix-bitmap v0.2.15
[INFO] [stderr]   Downloaded kstring v2.0.2
[INFO] [stderr]   Downloaded gix-url v0.34.0
[INFO] [stderr]   Downloaded gix-submodule v0.24.0
[INFO] [stderr]   Downloaded maybe-async v0.2.10
[INFO] [stderr]   Downloaded uluru v3.1.0
[INFO] [stderr]   Downloaded jj-lib v0.37.0
[INFO] [stderr]   Downloaded cc v1.2.50
[INFO] [stderr]   Downloaded jiff-static v0.2.18
[INFO] [stderr]   Downloaded gix-refspec v0.35.0
[INFO] [stderr]   Downloaded gix-quote v0.6.1
[INFO] [stderr]   Downloaded interim v0.2.1
[INFO] [stderr]   Downloaded gix-index v0.45.1
[INFO] [stderr]   Downloaded gix-fs v0.18.2
[INFO] [stderr]   Downloaded gix-ignore v0.18.0
[INFO] [stderr]   Downloaded gix-pack v0.64.1
[INFO] [stderr]   Downloaded gix-diff v0.57.1
[INFO] [stderr]   Downloaded gix-protocol v0.55.0
[INFO] [stderr]   Downloaded prodash v30.0.1
[INFO] [stderr]   Downloaded gix-chunk v0.4.12
[INFO] [stderr]   Downloaded jj-lib-proc-macros v0.37.0
[INFO] [stderr]   Downloaded gix-revwalk v0.25.0
[INFO] [stderr]   Downloaded redox_syscall v0.6.0
[INFO] [stderr]   Downloaded gix-sec v0.12.2
[INFO] [stderr]   Downloaded git2 v0.19.0
[INFO] [stderr]   Downloaded gix v0.77.0
[INFO] [stderr]   Downloaded libz-sys v1.1.23
[INFO] [stderr]   Downloaded gix-odb v0.74.0
[INFO] [stderr]   Downloaded gix-attributes v0.29.0
[INFO] [stderr]   Downloaded jiff v0.2.18
[INFO] [stderr]   Downloaded gix-commitgraph v0.31.0
[INFO] [stderr]   Downloaded gix-pathspec v0.14.0
[INFO] [stderr]   Downloaded gix-packetline v0.20.0
[INFO] [stderr]   Downloaded gix-filter v0.24.1
[INFO] [stderr]   Downloaded gix-lock v20.0.1
[INFO] [stderr]   Downloaded gix-glob v0.23.0
[INFO] [stderr]   Downloaded pest_derive v2.8.5
[INFO] [stderr]   Downloaded gix-trace v0.1.17
[INFO] running `Command { std: "docker" "create" "-v" "/var/lib/crater-agent-workspace/builds/worker-2-tc1/source:/opt/rustwide/workdir:ro,Z" "-v" "/var/lib/crater-agent-workspace/builds/worker-2-tc1/target:/opt/rustwide/target:rw,Z" "-v" "/var/lib/crater-agent-workspace/cargo-home:/opt/rustwide/cargo-home:ro,Z" "-v" "/var/lib/crater-agent-workspace/rustup-home:/opt/rustwide/rustup-home:ro,Z" "-m" "1610612736" "--network" "none" "ghcr.io/rust-lang/crates-build-env/linux@sha256:3111399a4047eeb3a02b7a90e478d715f38a8c6669b5c4b49d30a17385265909" "sleep" "infinity", kill_on_drop: false }`
[INFO] [stdout] 04b538ae6fcce7934b809f880c5b882bf9008868b93a4d685036d9becd64ab7f
[INFO] running `Command { std: "docker" "start" "04b538ae6fcce7934b809f880c5b882bf9008868b93a4d685036d9becd64ab7f", kill_on_drop: false }`
[INFO] running `Command { std: "docker" "inspect" "04b538ae6fcce7934b809f880c5b882bf9008868b93a4d685036d9becd64ab7f", kill_on_drop: false }`
[INFO] running `Command { std: "docker" "exec" "-e" "SOURCE_DIR=/opt/rustwide/workdir" "-e" "CARGO_HOME=/opt/rustwide/cargo-home" "-e" "RUSTUP_HOME=/opt/rustwide/rustup-home" "-e" "CARGO_TARGET_DIR=/opt/rustwide/target" "-w" "/opt/rustwide/workdir" "--user" "0:0" "04b538ae6fcce7934b809f880c5b882bf9008868b93a4d685036d9becd64ab7f" "/opt/rustwide/cargo-home/bin/cargo" "+1.99.0-beta.8" "metadata" "--no-deps" "--format-version=1", kill_on_drop: false }`
[INFO] running `Command { std: "docker" "inspect" "04b538ae6fcce7934b809f880c5b882bf9008868b93a4d685036d9becd64ab7f", kill_on_drop: false }`
[INFO] running `Command { std: "docker" "exec" "-e" "SOURCE_DIR=/opt/rustwide/workdir" "-e" "CARGO_HOME=/opt/rustwide/cargo-home" "-e" "RUSTUP_HOME=/opt/rustwide/rustup-home" "-e" "CARGO_TARGET_DIR=/opt/rustwide/target" "-e" "CARGO_INCREMENTAL=0" "-e" "RUST_BACKTRACE=full" "-e" "RUSTFLAGS=--cap-lints=warn" "-e" "RUSTDOCFLAGS=--cap-lints=warn" "-w" "/opt/rustwide/workdir" "--user" "0:0" "04b538ae6fcce7934b809f880c5b882bf9008868b93a4d685036d9becd64ab7f" "/opt/rustwide/cargo-home/bin/cargo" "+1.99.0-beta.8" "build" "--frozen" "--message-format=json", kill_on_drop: false }`
[INFO] [stderr]    Compiling proc-macro2 v1.0.105
[INFO] [stderr]    Compiling quote v1.0.42
[INFO] [stderr]    Compiling libc v0.2.178
[INFO] [stderr]    Compiling serde_core v1.0.228
[INFO] [stderr]    Compiling regex-syntax v0.8.8
[INFO] [stderr]    Compiling thiserror v2.0.17
[INFO] [stderr]    Compiling gix-trace v0.1.17
[INFO] [stderr]    Compiling serde v1.0.228
[INFO] [stderr]    Compiling aho-corasick v1.1.4
[INFO] [stderr]    Compiling unicode-normalization v0.1.25
[INFO] [stderr]    Compiling zlib-rs v0.5.5
[INFO] [stderr]    Compiling crossbeam-channel v0.5.15
[INFO] [stderr]    Compiling heapless v0.8.0
[INFO] [stderr]    Compiling byteorder v1.5.0
[INFO] [stderr]    Compiling digest v0.10.7
[INFO] [stderr]    Compiling winnow v0.7.14
[INFO] [stderr]    Compiling jiff v0.2.18
[INFO] [stderr]    Compiling rustix v1.1.3
[INFO] [stderr]    Compiling hash32 v0.3.1
[INFO] [stderr]    Compiling unicode-bom v2.0.3
[INFO] [stderr]    Compiling sha1 v0.10.6
[INFO] [stderr]    Compiling kstring v2.0.2
[INFO] [stderr]    Compiling find-msvc-tools v0.1.5
[INFO] [stderr]    Compiling shell-words v1.1.1
[INFO] [stderr]    Compiling sha1-checked v0.10.0
[INFO] [stderr]    Compiling logos-codegen v0.15.1
[INFO] [stderr]    Compiling zerocopy v0.8.31
[INFO] [stderr]    Compiling beef v0.5.2
[INFO] [stderr]    Compiling gix-utils v0.3.1
[INFO] [stderr]    Compiling futures-sink v0.3.31
[INFO] [stderr]    Compiling lazy_static v1.5.0
[INFO] [stderr]    Compiling ucd-trie v0.1.7
[INFO] [stderr]    Compiling arrayvec v0.7.6
[INFO] [stderr]    Compiling futures-core v0.3.31
[INFO] [stderr]    Compiling syn v2.0.111
[INFO] [stderr]    Compiling anyhow v1.0.100
[INFO] [stderr]    Compiling uluru v3.1.0
[INFO] [stderr]    Compiling pest v2.8.5
[INFO] [stderr]    Compiling futures-channel v0.3.31
[INFO] [stderr]    Compiling hashbrown v0.15.5
[INFO] [stderr]    Compiling clru v0.6.2
[INFO] [stderr]    Compiling either v1.15.0
[INFO] [stderr]    Compiling anstyle-parse v0.2.7
[INFO] [stderr]    Compiling faster-hex v0.10.0
[INFO] [stderr]    Compiling itertools v0.14.0
[INFO] [stderr]    Compiling arc-swap v1.7.1
[INFO] [stderr]    Compiling ref-cast v1.0.25
[INFO] [stderr]    Compiling iana-time-zone v0.1.64
[INFO] [stderr]    Compiling imara-diff v0.1.8
[INFO] [stderr]    Compiling anstream v0.6.21
[INFO] [stderr]    Compiling toml_parser v1.0.6+spec-1.1.0
[INFO] [stderr]    Compiling toml_writer v1.0.6+spec-1.1.0
[INFO] [stderr]    Compiling rayon v1.11.0
[INFO] [stderr]    Compiling clap_builder v4.5.53
[INFO] [stderr]    Compiling getrandom v0.3.4
[INFO] [stderr]    Compiling memmap2 v0.9.9
[INFO] [stderr]    Compiling tempfile v3.24.0
[INFO] [stderr]    Compiling jobserver v0.1.34
[INFO] [stderr]    Compiling cc v1.2.50
[INFO] [stderr]    Compiling gix-sec v0.12.2
[INFO] [stderr]    Compiling filetime v0.2.26
[INFO] [stderr]    Compiling rand_core v0.9.3
[INFO] [stderr]    Compiling tokio v1.49.0
[INFO] [stderr]    Compiling ppv-lite86 v0.2.21
[INFO] [stderr]    Compiling blake2 v0.10.6
[INFO] [stderr]    Compiling dunce v1.0.5
[INFO] [stderr]    Compiling pollster v0.4.0
[INFO] [stderr]    Compiling vcs-starship v0.0.2 (/opt/rustwide/workdir)
[INFO] [stderr]    Compiling rand_chacha v0.9.0
[INFO] [stderr]    Compiling regex-automata v0.4.13
[INFO] [stderr]    Compiling serde_spanned v1.0.4
[INFO] [stderr]    Compiling toml_datetime v0.7.5+spec-1.1.0
[INFO] [stderr]    Compiling indexmap v2.12.1
[INFO] [stderr]    Compiling rand v0.9.2
[INFO] [stderr]    Compiling pest_meta v2.8.5
[INFO] [stderr]    Compiling toml_edit v0.23.10+spec-1.0.0
[INFO] [stderr]    Compiling libz-sys v1.1.23
[INFO] [stderr]    Compiling libgit2-sys v0.17.0+1.8.1
[INFO] [stderr]    Compiling synstructure v0.13.2
[INFO] [stderr]    Compiling pest_generator v2.8.5
[INFO] [stderr]    Compiling bstr v1.12.1
[INFO] [stderr]    Compiling regex v1.12.2
[INFO] [stderr]    Compiling serde_derive v1.0.228
[INFO] [stderr]    Compiling thiserror-impl v2.0.17
[INFO] [stderr]    Compiling zerofrom-derive v0.1.6
[INFO] [stderr]    Compiling yoke-derive v0.8.1
[INFO] [stderr]    Compiling zerovec-derive v0.11.2
[INFO] [stderr]    Compiling displaydoc v0.2.5
[INFO] [stderr]    Compiling futures-macro v0.3.31
[INFO] [stderr]    Compiling logos-derive v0.15.1
[INFO] [stderr]    Compiling maybe-async v0.2.10
[INFO] [stderr]    Compiling globset v0.4.18
[INFO] [stderr]    Compiling logos v0.15.1
[INFO] [stderr]    Compiling ref-cast-impl v1.0.25
[INFO] [stderr]    Compiling tracing-attributes v0.1.31
[INFO] [stderr]    Compiling prost-derive v0.14.1
[INFO] [stderr]    Compiling pest_derive v2.8.5
[INFO] [stderr]    Compiling jj-lib-proc-macros v0.37.0
[INFO] [stderr]    Compiling async-trait v0.1.89
[INFO] [stderr]    Compiling ignore v0.4.25
[INFO] [stderr]    Compiling clap_derive v4.5.49
[INFO] [stderr]    Compiling zerofrom v0.1.6
[INFO] [stderr]    Compiling futures-util v0.3.31
[INFO] [stderr]    Compiling yoke v0.8.1
[INFO] [stderr]    Compiling zerotrie v0.2.3
[INFO] [stderr]    Compiling zerovec v0.11.5
[INFO] [stderr]    Compiling gix-validate v0.10.1
[INFO] [stderr]    Compiling gix-chunk v0.4.12
[INFO] [stderr]    Compiling gix-quote v0.6.1
[INFO] [stderr]    Compiling gix-path v0.10.22
[INFO] [stderr]    Compiling gix-packetline v0.20.0
[INFO] [stderr]    Compiling gix-bitmap v0.2.15
[INFO] [stderr]    Compiling tracing v0.1.44
[INFO] [stderr]    Compiling tinystr v0.8.2
[INFO] [stderr]    Compiling potential_utf v0.1.4
[INFO] [stderr]    Compiling gix-command v0.6.5
[INFO] [stderr]    Compiling gix-config-value v0.16.0
[INFO] [stderr]    Compiling icu_collections v2.1.1
[INFO] [stderr]    Compiling prost v0.14.1
[INFO] [stderr]    Compiling icu_locale_core v2.1.1
[INFO] [stderr]    Compiling clap v4.5.53
[INFO] [stderr]    Compiling icu_provider v2.1.1
[INFO] [stderr]    Compiling icu_properties v2.1.2
[INFO] [stderr]    Compiling smallvec v1.15.1
[INFO] [stderr]    Compiling chrono v0.4.42
[INFO] [stderr]    Compiling parking_lot_core v0.9.12
[INFO] [stderr]    Compiling gix-date v0.12.1
[INFO] [stderr]    Compiling icu_normalizer v2.1.1
[INFO] [stderr]    Compiling futures-executor v0.3.31
[INFO] [stderr]    Compiling parking_lot v0.12.5
[INFO] [stderr]    Compiling dashmap v6.1.0
[INFO] [stderr]    Compiling futures v0.3.31
[INFO] [stderr]    Compiling gix-actor v0.37.1
[INFO] [stderr]    Compiling prodash v30.0.1
[INFO] [stderr]    Compiling idna_adapter v1.2.1
[INFO] [stderr]    Compiling idna v1.1.0
[INFO] [stderr]    Compiling gix-features v0.45.2
[INFO] [stderr]    Compiling url v2.5.7
[INFO] [stderr]    Compiling gix-hash v0.21.2
[INFO] [stderr]    Compiling gix-fs v0.18.2
[INFO] [stderr]    Compiling gix-glob v0.23.0
[INFO] [stderr]    Compiling gix-url v0.34.0
[INFO] [stderr]    Compiling gix-transport v0.52.1
[INFO] [stderr]    Compiling interim v0.2.1
[INFO] [stderr]    Compiling gix-tempfile v20.0.1
[INFO] [stderr]    Compiling gix-hashtable v0.11.0
[INFO] [stderr]    Compiling gix-commitgraph v0.31.0
[INFO] [stderr]    Compiling gix-object v0.54.1
[INFO] [stderr]    Compiling gix-lock v20.0.1
[INFO] [stderr]    Compiling gix-attributes v0.29.0
[INFO] [stderr]    Compiling gix-ignore v0.18.0
[INFO] [stderr]    Compiling gix-shallow v0.7.0
[INFO] [stderr]    Compiling git2 v0.19.0
[INFO] [stderr]    Compiling gix-pathspec v0.14.0
[INFO] [stderr]    Compiling gix-revwalk v0.25.0
[INFO] [stderr]    Compiling gix-ref v0.57.0
[INFO] [stderr]    Compiling gix-pack v0.64.1
[INFO] [stderr]    Compiling gix-filter v0.24.1
[INFO] [stderr]    Compiling gix-traverse v0.51.1
[INFO] [stderr]    Compiling gix-revision v0.39.0
[INFO] [stderr]    Compiling gix-refspec v0.35.0
[INFO] [stderr]    Compiling gix-index v0.45.1
[INFO] [stderr]    Compiling gix-config v0.50.0
[INFO] [stderr]    Compiling gix-protocol v0.55.0
[INFO] [stderr]    Compiling gix-discover v0.45.0
[INFO] [stderr]    Compiling gix-odb v0.74.0
[INFO] [stderr]    Compiling gix-worktree v0.46.0
[INFO] [stderr]    Compiling gix-diff v0.57.1
[INFO] [stderr]    Compiling gix-submodule v0.24.0
[INFO] [stderr]    Compiling gix v0.77.0
[INFO] [stderr]    Compiling jj-lib v0.37.0
[INFO] [stderr]     Finished `dev` profile [unoptimized + debuginfo] target(s) in 2m 55s
[INFO] running `Command { std: "docker" "inspect" "04b538ae6fcce7934b809f880c5b882bf9008868b93a4d685036d9becd64ab7f", kill_on_drop: false }`
[INFO] running `Command { std: "docker" "exec" "-e" "SOURCE_DIR=/opt/rustwide/workdir" "-e" "CARGO_HOME=/opt/rustwide/cargo-home" "-e" "RUSTUP_HOME=/opt/rustwide/rustup-home" "-e" "CARGO_TARGET_DIR=/opt/rustwide/target" "-e" "CARGO_INCREMENTAL=0" "-e" "RUST_BACKTRACE=full" "-e" "RUSTFLAGS=--cap-lints=warn" "-e" "RUSTDOCFLAGS=--cap-lints=warn" "-w" "/opt/rustwide/workdir" "--user" "0:0" "04b538ae6fcce7934b809f880c5b882bf9008868b93a4d685036d9becd64ab7f" "/opt/rustwide/cargo-home/bin/cargo" "+1.99.0-beta.8" "test" "--frozen" "--no-run" "--message-format=json", kill_on_drop: false }`
[INFO] [stderr]    Compiling vcs-starship v0.0.2 (/opt/rustwide/workdir)
[INFO] [stderr]     Finished `test` profile [unoptimized + debuginfo] target(s) in 5.14s
[INFO] running `Command { std: "docker" "inspect" "04b538ae6fcce7934b809f880c5b882bf9008868b93a4d685036d9becd64ab7f", kill_on_drop: false }`
[INFO] running `Command { std: "docker" "exec" "-e" "SOURCE_DIR=/opt/rustwide/workdir" "-e" "CARGO_HOME=/opt/rustwide/cargo-home" "-e" "RUSTUP_HOME=/opt/rustwide/rustup-home" "-e" "CARGO_TARGET_DIR=/opt/rustwide/target" "-e" "CARGO_INCREMENTAL=0" "-e" "RUST_BACKTRACE=full" "-e" "RUSTFLAGS=--cap-lints=warn" "-e" "RUSTDOCFLAGS=--cap-lints=warn" "-w" "/opt/rustwide/workdir" "--user" "0:0" "04b538ae6fcce7934b809f880c5b882bf9008868b93a4d685036d9becd64ab7f" "/opt/rustwide/cargo-home/bin/cargo" "+1.99.0-beta.8" "test" "--frozen", kill_on_drop: false }`
[INFO] [stderr]    Compiling vcs-starship v0.0.2 (/opt/rustwide/workdir)
[INFO] [stderr]     Finished `test` profile [unoptimized + debuginfo] target(s) in 5.78s
[INFO] [stderr]      Running unittests src/main.rs (/opt/rustwide/target/debug/deps/vcs_starship-db067cab5c76383d)
[INFO] [stdout] 
[INFO] [stdout] running 38 tests
[INFO] [stdout] test output::tests::git_detached_head_fallback_uses_hash ... ok
[INFO] [stdout] test git::tests::reads_rebase_progress_from_rebase_merge_dir ... ok
[INFO] [stdout] test output::tests::git_branch_remote_and_status_format ... ok
[INFO] [stdout] test output::tests::git_diverged_uses_combined_token ... ok
[INFO] [stdout] test output::tests::git_rebase_progress_is_rendered ... ok
[INFO] [stdout] test output::tests::jj_format_unchanged_shape ... ok
[INFO] [stdout] test git::tests::state_kind_labels_match_expected_strings ... ok
[INFO] [stdout] test tests::bookmarks_display_limit_arg ... ok
[INFO] [stdout] test output::tests::jj_shortest_id_has_no_dimmed_suffix ... ok
[INFO] [stdout] test tests::default_command_is_prompt ... ok
[INFO] [stdout] test tests::git_args::no_git_prefix_flag ... ok
[INFO] [stdout] test tests::detect_subcommand ... ok
[INFO] [stdout] test tests::git_args::no_git_status_flag ... ok
[INFO] [stdout] test tests::ancestor_bookmark_depth_arg ... ok
[INFO] [stdout] test tests::explicit_prompt_subcommand ... ok
[INFO] [stdout] test tests::git_args::git_symbol_arg ... ok
[INFO] [stdout] test tests::git_args::no_git_id_flag ... ok
[INFO] [stdout] test tests::cwd_arg ... ok
[INFO] [stdout] test tests::multiple_global_args ... ok
[INFO] [stdout] test tests::no_jj_name_flag ... ok
[INFO] [stdout] test tests::jj_symbol_arg ... ok
[INFO] [stdout] test tests::id_length_arg ... ok
[INFO] [stdout] test tests::no_jj_status_flag ... ok
[INFO] [stdout] test tests::global_args_work_with_subcommand ... ok
[INFO] [stdout] test tests::no_prefix_color_flag ... ok
[INFO] [stdout] test tests::no_symbol_takes_precedence_over_jj_symbol ... ok
[INFO] [stdout] test tests::no_color_flag ... ok
[INFO] [stdout] test tests::lines_modes ... ok
[INFO] [stdout] test tests::git_args::no_git_name_flag ... ok
[INFO] [stdout] test tests::strip_bookmark_prefix_arg ... ok
[INFO] [stdout] test tests::truncate_name_arg ... ok
[INFO] [stdout] test tests::no_jj_id_flag ... ok
[INFO] [stdout] test tests::version_subcommand ... ok
[INFO] [stdout] test git::tests::detects_rebase_state_and_progress ... ok
[INFO] [stdout] test git::tests::collect_counts_renamed_files ... ok
[INFO] [stdout] test git::tests::line_modes_count_staged_unstaged_and_untracked ... ok
[INFO] [stdout] test git::tests::collect_counts_stashes ... ok
[INFO] [stdout] test jj::tests::collect_matches_jj_shortest_change_id ... FAILED
[INFO] [stdout] 
[INFO] [stdout] failures:
[INFO] [stdout] 
[INFO] [stdout] ---- jj::tests::collect_matches_jj_shortest_change_id stdout ----
[INFO] [stdout] 
[INFO] [stdout] thread 'jj::tests::collect_matches_jj_shortest_change_id' (3318) panicked at src/jj.rs:325:14:
[INFO] [stdout] failed to initialize jj repo: Os { code: 2, kind: NotFound, message: "No such file or directory" }
[INFO] [stdout] stack backtrace:
[INFO] [stdout]    0:     0x5ca34dc1d581 - std[70759c8f55707aa4]::backtrace_rs::backtrace::libunwind::trace
[INFO] [stdout]                                at /rustc/dfb0accb7f508ae8be965d8629557221c889dd98/library/std/src/../../backtrace/src/backtrace/libunwind.rs:117:9
[INFO] [stdout]    1:     0x5ca34dc1d581 - std[70759c8f55707aa4]::backtrace_rs::backtrace::trace_unsynchronized::<std[70759c8f55707aa4]::sys::backtrace::_print_fmt::{closure#1}>
[INFO] [stdout]                                at /rustc/dfb0accb7f508ae8be965d8629557221c889dd98/library/std/src/../../backtrace/src/backtrace/mod.rs:66:14
[INFO] [stdout]    2:     0x5ca34dc1d581 - std[70759c8f55707aa4]::sys::backtrace::_print_fmt
[INFO] [stdout]                                at /rustc/dfb0accb7f508ae8be965d8629557221c889dd98/library/std/src/sys/backtrace.rs:74:9
[INFO] [stdout]    3:     0x5ca34dc1d581 - <<std[70759c8f55707aa4]::sys::backtrace::BacktraceLock>::print::DisplayBacktrace as core[df12db4294e9bfd3]::fmt::Display>::fmt
[INFO] [stdout]                                at /rustc/dfb0accb7f508ae8be965d8629557221c889dd98/library/std/src/sys/backtrace.rs:44:26
[INFO] [stdout]    4:     0x5ca34dc369ba - <core[df12db4294e9bfd3]::fmt::rt::Argument>::fmt
[INFO] [stdout]                                at /rustc/dfb0accb7f508ae8be965d8629557221c889dd98/library/core/src/fmt/rt.rs:152:76
[INFO] [stdout]    5:     0x5ca34dc369ba - core[df12db4294e9bfd3]::fmt::write
[INFO] [stdout]    6:     0x5ca34dc2368c - core[df12db4294e9bfd3]::io::write::default_write_fmt::<alloc[2182bb758b4b3781]::vec::Vec<u8>>
[INFO] [stdout]                                at /rustc/dfb0accb7f508ae8be965d8629557221c889dd98/library/core/src/io/write.rs:402:11
[INFO] [stdout]    7:     0x5ca34dc2368c - <alloc[2182bb758b4b3781]::vec::Vec<u8> as core[df12db4294e9bfd3]::io::write::Write>::write_fmt
[INFO] [stdout]                                at /rustc/dfb0accb7f508ae8be965d8629557221c889dd98/library/core/src/io/write.rs:335:13
[INFO] [stdout]    8:     0x5ca34dbf4a26 - <std[70759c8f55707aa4]::sys::backtrace::BacktraceLock>::print
[INFO] [stdout]                                at /rustc/dfb0accb7f508ae8be965d8629557221c889dd98/library/std/src/sys/backtrace.rs:47:9
[INFO] [stdout]    9:     0x5ca34dbf4a26 - std[70759c8f55707aa4]::panicking::default_hook::{closure#0}
[INFO] [stdout]                                at /rustc/dfb0accb7f508ae8be965d8629557221c889dd98/library/std/src/panicking.rs:292:27
[INFO] [stdout]   10:     0x5ca34dc13cc9 - std[70759c8f55707aa4]::panicking::default_hook
[INFO] [stdout]                                at /rustc/dfb0accb7f508ae8be965d8629557221c889dd98/library/std/src/panicking.rs:316:9
[INFO] [stdout]   11:     0x5ca34c779950 - <alloc[2182bb758b4b3781]::boxed::Box<dyn for<'a, 'b> core[df12db4294e9bfd3]::ops::function::Fn<(&'a std[70759c8f55707aa4]::panic::PanicHookInfo<'b>,), Output = ()> + core[df12db4294e9bfd3]::marker::Send + core[df12db4294e9bfd3]::marker::Sync> as core[df12db4294e9bfd3]::ops::function::Fn<(&std[70759c8f55707aa4]::panic::PanicHookInfo,)>>::call
[INFO] [stdout]                                at /rustc/dfb0accb7f508ae8be965d8629557221c889dd98/library/alloc/src/boxed.rs:2334:9
[INFO] [stdout]   12:     0x5ca34c779950 - test[9d35eded1c95d3be]::test_main_inner::<test[9d35eded1c95d3be]::test_main_static::{closure#0}>::{closure#0}
[INFO] [stdout]                                at /rustc/dfb0accb7f508ae8be965d8629557221c889dd98/library/test/src/lib.rs:155:21
[INFO] [stdout]   13:     0x5ca34dc13ff2 - <alloc[2182bb758b4b3781]::boxed::Box<dyn for<'a, 'b> core[df12db4294e9bfd3]::ops::function::Fn<(&'a std[70759c8f55707aa4]::panic::PanicHookInfo<'b>,), Output = ()> + core[df12db4294e9bfd3]::marker::Send + core[df12db4294e9bfd3]::marker::Sync> as core[df12db4294e9bfd3]::ops::function::Fn<(&std[70759c8f55707aa4]::panic::PanicHookInfo,)>>::call
[INFO] [stdout]                                at /rustc/dfb0accb7f508ae8be965d8629557221c889dd98/library/alloc/src/boxed.rs:2334:9
[INFO] [stdout]   14:     0x5ca34dc13ff2 - std[70759c8f55707aa4]::panicking::panic_with_hook
[INFO] [stdout]                                at /rustc/dfb0accb7f508ae8be965d8629557221c889dd98/library/std/src/panicking.rs:823:13
[INFO] [stdout]   15:     0x5ca34dbf4ad2 - std[70759c8f55707aa4]::panicking::panic_handler::{closure#0}
[INFO] [stdout]                                at /rustc/dfb0accb7f508ae8be965d8629557221c889dd98/library/std/src/panicking.rs:688:13
[INFO] [stdout]   16:     0x5ca34dbed409 - std[70759c8f55707aa4]::sys::backtrace::__rust_end_short_backtrace::<std[70759c8f55707aa4]::panicking::panic_handler::{closure#0}, !>
[INFO] [stdout]                                at /rustc/dfb0accb7f508ae8be965d8629557221c889dd98/library/std/src/sys/backtrace.rs:182:18
[INFO] [stdout]   17:     0x5ca34dbf596d - __rustc[8fa7c3cbc660c2b3]::rust_begin_unwind
[INFO] [stdout]                                at /rustc/dfb0accb7f508ae8be965d8629557221c889dd98/library/std/src/panicking.rs:679:5
[INFO] [stdout]   18:     0x5ca34dc3728c - core[df12db4294e9bfd3]::panicking::panic_fmt
[INFO] [stdout]                                at /rustc/dfb0accb7f508ae8be965d8629557221c889dd98/library/core/src/panicking.rs:80:14
[INFO] [stdout]   19:     0x5ca34dc36fb2 - core[df12db4294e9bfd3]::result::unwrap_failed
[INFO] [stdout]                                at /rustc/dfb0accb7f508ae8be965d8629557221c889dd98/library/core/src/result.rs:1871:5
[INFO] [stdout]   20:     0x5ca34c755bde - <core[df12db4294e9bfd3]::result::Result<std[70759c8f55707aa4]::process::ExitStatus, core[df12db4294e9bfd3]::io::error::Error>>::expect
[INFO] [stdout]                                at /rustc/dfb0accb7f508ae8be965d8629557221c889dd98/library/core/src/result.rs:1184:23
[INFO] [stdout]   21:     0x5ca34c76bded - vcs_starship[9ea9f349bd34d877]::jj::tests::collect_matches_jj_shortest_change_id
[INFO] [stdout]                                at /opt/rustwide/workdir/src/jj.rs:325:14
[INFO] [stdout]   22:     0x5ca34c768397 - vcs_starship[9ea9f349bd34d877]::jj::tests::collect_matches_jj_shortest_change_id::{closure#0}
[INFO] [stdout]                                at /opt/rustwide/workdir/src/jj.rs:317:47
[INFO] [stdout]   23:     0x5ca34c761696 - <vcs_starship[9ea9f349bd34d877]::jj::tests::collect_matches_jj_shortest_change_id::{closure#0} as core[df12db4294e9bfd3]::ops::function::FnOnce<()>>::call_once
[INFO] [stdout]                                at /rustc/dfb0accb7f508ae8be965d8629557221c889dd98/library/core/src/ops/function.rs:250:5
[INFO] [stdout]   24:     0x5ca34c76cc3b - <fn() -> core[df12db4294e9bfd3]::result::Result<(), alloc[2182bb758b4b3781]::string::String> as core[df12db4294e9bfd3]::ops::function::FnOnce<()>>::call_once
[INFO] [stdout]                                at /rustc/dfb0accb7f508ae8be965d8629557221c889dd98/library/core/src/ops/function.rs:250:5
[INFO] [stdout]   25:     0x5ca34c76cc3b - test[9d35eded1c95d3be]::__rust_begin_short_backtrace::<core[df12db4294e9bfd3]::result::Result<(), alloc[2182bb758b4b3781]::string::String>, fn() -> core[df12db4294e9bfd3]::result::Result<(), alloc[2182bb758b4b3781]::string::String>>
[INFO] [stdout]                                at /rustc/dfb0accb7f508ae8be965d8629557221c889dd98/library/test/src/lib.rs:733:18
[INFO] [stdout]   26:     0x5ca34c77a2a5 - test[9d35eded1c95d3be]::run_test_in_process::{closure#0}
[INFO] [stdout]                                at /rustc/dfb0accb7f508ae8be965d8629557221c889dd98/library/test/src/lib.rs:756:74
[INFO] [stdout]   27:     0x5ca34c77a2a5 - <core[df12db4294e9bfd3]::panic::unwind_safe::AssertUnwindSafe<test[9d35eded1c95d3be]::run_test_in_process::{closure#0}> as core[df12db4294e9bfd3]::ops::function::FnOnce<()>>::call_once
[INFO] [stdout]                                at /rustc/dfb0accb7f508ae8be965d8629557221c889dd98/library/core/src/panic/unwind_safe.rs:275:9
[INFO] [stdout]   28:     0x5ca34c77a2a5 - std[70759c8f55707aa4]::panicking::catch_unwind::do_call::<core[df12db4294e9bfd3]::panic::unwind_safe::AssertUnwindSafe<test[9d35eded1c95d3be]::run_test_in_process::{closure#0}>, core[df12db4294e9bfd3]::result::Result<(), alloc[2182bb758b4b3781]::string::String>>
[INFO] [stdout]                                at /rustc/dfb0accb7f508ae8be965d8629557221c889dd98/library/std/src/panicking.rs:576:43
[INFO] [stdout]   29:     0x5ca34c77a2a5 - std[70759c8f55707aa4]::panicking::catch_unwind::<core[df12db4294e9bfd3]::result::Result<(), alloc[2182bb758b4b3781]::string::String>, core[df12db4294e9bfd3]::panic::unwind_safe::AssertUnwindSafe<test[9d35eded1c95d3be]::run_test_in_process::{closure#0}>>
[INFO] [stdout]                                at /rustc/dfb0accb7f508ae8be965d8629557221c889dd98/library/std/src/panicking.rs:544:19
[INFO] [stdout]   30:     0x5ca34c77a2a5 - std[70759c8f55707aa4]::panic::catch_unwind::<core[df12db4294e9bfd3]::panic::unwind_safe::AssertUnwindSafe<test[9d35eded1c95d3be]::run_test_in_process::{closure#0}>, core[df12db4294e9bfd3]::result::Result<(), alloc[2182bb758b4b3781]::string::String>>
[INFO] [stdout]                                at /rustc/dfb0accb7f508ae8be965d8629557221c889dd98/library/std/src/panic.rs:359:14
[INFO] [stdout]   31:     0x5ca34c77a2a5 - test[9d35eded1c95d3be]::run_test_in_process
[INFO] [stdout]                                at /rustc/dfb0accb7f508ae8be965d8629557221c889dd98/library/test/src/lib.rs:756:27
[INFO] [stdout]   32:     0x5ca34c77a2a5 - test[9d35eded1c95d3be]::run_test::{closure#0}
[INFO] [stdout]                                at /rustc/dfb0accb7f508ae8be965d8629557221c889dd98/library/test/src/lib.rs:677:43
[INFO] [stdout]   33:     0x5ca34c773b64 - test[9d35eded1c95d3be]::run_test::{closure#1}
[INFO] [stdout]                                at /rustc/dfb0accb7f508ae8be965d8629557221c889dd98/library/test/src/lib.rs:707:41
[INFO] [stdout]   34:     0x5ca34c773b64 - std[70759c8f55707aa4]::sys::backtrace::__rust_begin_short_backtrace::<test[9d35eded1c95d3be]::run_test::{closure#1}, ()>
[INFO] [stdout]                                at /rustc/dfb0accb7f508ae8be965d8629557221c889dd98/library/std/src/sys/backtrace.rs:166:18
[INFO] [stdout]   35:     0x5ca34c77d402 - std[70759c8f55707aa4]::thread::lifecycle::spawn_unchecked::<test[9d35eded1c95d3be]::run_test::{closure#1}, ()>::{closure#1}::{closure#0}
[INFO] [stdout]                                at /rustc/dfb0accb7f508ae8be965d8629557221c889dd98/library/std/src/thread/lifecycle.rs:70:13
[INFO] [stdout]   36:     0x5ca34c77d402 - <core[df12db4294e9bfd3]::panic::unwind_safe::AssertUnwindSafe<std[70759c8f55707aa4]::thread::lifecycle::spawn_unchecked<test[9d35eded1c95d3be]::run_test::{closure#1}, ()>::{closure#1}::{closure#0}> as core[df12db4294e9bfd3]::ops::function::FnOnce<()>>::call_once
[INFO] [stdout]                                at /rustc/dfb0accb7f508ae8be965d8629557221c889dd98/library/core/src/panic/unwind_safe.rs:275:9
[INFO] [stdout]   37:     0x5ca34c77d402 - std[70759c8f55707aa4]::panicking::catch_unwind::do_call::<core[df12db4294e9bfd3]::panic::unwind_safe::AssertUnwindSafe<std[70759c8f55707aa4]::thread::lifecycle::spawn_unchecked<test[9d35eded1c95d3be]::run_test::{closure#1}, ()>::{closure#1}::{closure#0}>, ()>
[INFO] [stdout]                                at /rustc/dfb0accb7f508ae8be965d8629557221c889dd98/library/std/src/panicking.rs:576:43
[INFO] [stdout]   38:     0x5ca34c77d402 - std[70759c8f55707aa4]::panicking::catch_unwind::<(), core[df12db4294e9bfd3]::panic::unwind_safe::AssertUnwindSafe<std[70759c8f55707aa4]::thread::lifecycle::spawn_unchecked<test[9d35eded1c95d3be]::run_test::{closure#1}, ()>::{closure#1}::{closure#0}>>
[INFO] [stdout]                                at /rustc/dfb0accb7f508ae8be965d8629557221c889dd98/library/std/src/panicking.rs:544:19
[INFO] [stdout]   39:     0x5ca34c77d402 - std[70759c8f55707aa4]::panic::catch_unwind::<core[df12db4294e9bfd3]::panic::unwind_safe::AssertUnwindSafe<std[70759c8f55707aa4]::thread::lifecycle::spawn_unchecked<test[9d35eded1c95d3be]::run_test::{closure#1}, ()>::{closure#1}::{closure#0}>, ()>
[INFO] [stdout]                                at /rustc/dfb0accb7f508ae8be965d8629557221c889dd98/library/std/src/panic.rs:359:14
[INFO] [stdout]   40:     0x5ca34c77d402 - std[70759c8f55707aa4]::thread::lifecycle::spawn_unchecked::<test[9d35eded1c95d3be]::run_test::{closure#1}, ()>::{closure#1}
[INFO] [stdout]                                at /rustc/dfb0accb7f508ae8be965d8629557221c889dd98/library/std/src/thread/lifecycle.rs:68:26
[INFO] [stdout]   41:     0x5ca34c77d402 - <std[70759c8f55707aa4]::thread::lifecycle::spawn_unchecked<test[9d35eded1c95d3be]::run_test::{closure#1}, ()>::{closure#1} as core[df12db4294e9bfd3]::ops::function::FnOnce<()>>::call_once::{shim:vtable#0}
[INFO] [stdout]                                at /rustc/dfb0accb7f508ae8be965d8629557221c889dd98/library/core/src/ops/function.rs:250:5
[INFO] [stdout]   42:     0x5ca34dc1c4a9 - <alloc[2182bb758b4b3781]::boxed::Box<dyn core[df12db4294e9bfd3]::ops::function::FnOnce<(), Output = ()> + core[df12db4294e9bfd3]::marker::Send> as core[df12db4294e9bfd3]::ops::function::FnOnce<()>>::call_once
[INFO] [stdout]                                at /rustc/dfb0accb7f508ae8be965d8629557221c889dd98/library/alloc/src/boxed.rs:2320:9
[INFO] [stdout]   43:     0x5ca34dc1c4a9 - <std[70759c8f55707aa4]::sys::thread::unix::Thread>::new::thread_start
[INFO] [stdout]                                at /rustc/dfb0accb7f508ae8be965d8629557221c889dd98/library/std/src/sys/thread/unix.rs:123:17
[INFO] [stdout]   44:     0x7f7e0a949dfa - <unknown>
[INFO] [stdout]   45:     0x7f7e0a9dd3d4 - clone
[INFO] [stdout]   46:                0x0 - <unknown>
[INFO] [stdout] 
[INFO] [stdout] 
[INFO] [stdout] failures:
[INFO] [stdout]     jj::tests::collect_matches_jj_shortest_change_id
[INFO] [stdout] 
[INFO] [stdout] test result: FAILED. 37 passed; 1 failed; 0 ignored; 0 measured; 0 filtered out; finished in 0.33s
[INFO] [stdout] 
[INFO] [stderr] error: test failed, to rerun pass `--bin vcs-starship`
[INFO] running `Command { std: "docker" "inspect" "04b538ae6fcce7934b809f880c5b882bf9008868b93a4d685036d9becd64ab7f", kill_on_drop: false }`
[INFO] running `Command { std: "docker" "rm" "-f" "04b538ae6fcce7934b809f880c5b882bf9008868b93a4d685036d9becd64ab7f", kill_on_drop: false }`
[INFO] [stdout] 04b538ae6fcce7934b809f880c5b882bf9008868b93a4d685036d9becd64ab7f
